{"id":56246,"date":"2026-04-15T10:12:37","date_gmt":"2026-04-15T08:12:37","guid":{"rendered":"https:\/\/ironsky.pl\/sklep\/produkt\/statyw-puluz-pu3096b-z-glowica-3d-i-uchwytem-telefonu-czarny\/"},"modified":"2026-04-15T10:48:29","modified_gmt":"2026-04-15T08:48:29","slug":"statyw-puluz-pu3096b-z-glowica-3d-i-uchwytem-telefonu-czarny","status":"publish","type":"product","link":"https:\/\/ironsky.pl\/sklep\/produkt\/statyw-puluz-pu3096b-z-glowica-3d-i-uchwytem-telefonu-czarny\/","title":{"rendered":"Statyw PULUZ PU3096B z g\u0142owic\u0105 3D i uchwytem telefonu (czarny)"},"content":{"rendered":"<h3>PULUZ Aluminiowy statyw do Selfie Live z tr\u00f3jwymiarow\u0105 g\u0142owic\u0105 i uchwytem na telefon (czarny)<\/h3>\n<p>Przeznaczony do selfie i nagrywania na \u017cywo, statyw marki Puluz jest niezwykle lekki i kompaktowy oraz zapewnia solidno\u015b\u0107 i wytrzyma\u0142o\u015b\u0107. Obs\u0142uguje zdj\u0119cia panoramiczne 360 stopni i zdj\u0119cia pionowe 90 stopni. Za spraw\u0105 zdejmowanej p\u0142ytki szybkoz\u0142\u0105czki mo\u017cesz go szybko i wygodnie przymocowa\u0107 do aparatu lub kamery, a regulowana kolumna centralna pomo\u017ce Ci uzyska\u0107 po\u017c\u0105dan\u0105 wysoko\u015b\u0107 podczas fotografowania lub filmowania.<\/p>\n<p><img decoding=\"async\" src=\"https:\/\/b2b.innpro.pl\/data\/include\/cms\/02Puluz\/PU3096B\/9.jpg\"><\/p>\n<h3>Solidna konstrukcja<\/h3>\n<p>Statyw zosta\u0142 wykonany ze stopu aluminium, jest wyj\u0105tkowo lekki i kompaktowy, dlatego doskonale sprawdzi si\u0119 w podr\u00f3\u017cy i nie b\u0119dzie du\u017cym obci\u0105\u017ceniem podczas wycieczek. W sk\u0142ad zestawu wchodzi torba, kt\u00f3ra u\u0142atwi transport. Jego budowa jest solidna i wytrzyma\u0142a, odpowiadaj\u0105 za to 3 sekcje aluminiowych n\u00f3g z szybkoz\u0142\u0105czkami i antypo\u015blizgowymi gumowymi stopkami \u2014 kt\u00f3re sprawiaj\u0105, \u017ce Twoje zdj\u0119cia b\u0119d\u0105 ostre i wyra\u017ane bez wzgl\u0119du na warunki. Dla jeszcze wi\u0119kszej stabilno\u015bci skorzystaj ze spr\u0119\u017cynowego haka do zawieszania ci\u0119\u017ckich przedmiot\u00f3w (do 3 kg) i zapewnij sprz\u0119tom jeszcze wi\u0119ksze bezpiecze\u0144stwo.<\/p>\n<p><img decoding=\"async\" src=\"https:\/\/b2b.innpro.pl\/data\/include\/cms\/02Puluz\/PU3096B\/3.jpg\"><\/p>\n<h3>Dodatkowe udogodnienia<\/h3>\n<p>Teraz nic Ci\u0119 nie ogranicza! Urz\u0105dzenie obs\u0142uguje zdj\u0119cia panoramiczne 360 stopni i zdj\u0119cia pionowe 90 stopni, co zapewni Ci niezr\u00f3wnan\u0105 wygod\u0119 podczas nagrywania. Zdejmowana p\u0142ytka szybkoz\u0142\u0105czki pozwoli Ci szybko pod\u0142\u0105czy\u0107 statyw do kamery lub aparatu, a regulowana kolumna centralna, umo\u017cliwi uzyskanie po\u017c\u0105danej wysoko\u015bci podczas fotografowania. Postaw na Puluz i ciesz si\u0119 komfortem u\u017cytkowania!<\/p>\n<p><img decoding=\"async\" src=\"https:\/\/b2b.innpro.pl\/data\/include\/cms\/02Puluz\/PU3096B\/4.jpg \"><\/p>\n<h3>W zestawie:<\/h3>\n<ul>\n<li>Statyw tr\u00f3jwymiarowy<\/li>\n<li>Torba na statyw z zamkiem b\u0142yskawicznym<\/li>\n<li>Uchwyt do telefonu<\/li>\n<\/ul>\n<div class=\"table-wrapper\">\n<table>\n<tbody>\n<tr>\n<th>Marka<\/th>\n<td>Puluz<\/td>\n<\/tr>\n<tr>\n<th>D\u0142ugo\u015b\u0107 przechowywania<\/th>\n<td>57 cm<\/td>\n<\/tr>\n<tr>\n<th>Wysoko\u015b\u0107 robocza<\/th>\n<td>55-139 cm<\/td>\n<\/tr>\n<tr>\n<th>Waga<\/th>\n<td>950 g<\/td>\n<\/tr>\n<tr>\n<th>Ci\u0119\u017car no\u015bny<\/th>\n<td>3 kg<\/td>\n<\/tr>\n<tr>\n<th>Wymiary<\/th>\n<td>56.5 x 11 x 11 cm<\/td>\n<\/tr>\n<tr>\n<th>Materia\u0142<\/th>\n<td>Stop alumiunium + ABS<\/td>\n<\/tr>\n<tr>\n<th><strong>Zakres zacisku telefonu <\/strong><\/th>\n<td>5.8 cm do 8.5 cm<\/td>\n<\/tr>\n<\/tbody>\n<\/table>\n<\/div>\n","protected":false},"excerpt":{"rendered":"<p>PULUZ Aluminiowy statyw do Selfie Live z tr\u00f3jwymiarow\u0105 g\u0142owic\u0105 i uchwytem na telefon (czarny) Przeznaczony do selfie i nagrywania na<\/p>\n","protected":false},"featured_media":56247,"comment_status":"closed","ping_status":"open","template":"","meta":{"_acf_changed":false},"product_brand":[],"product_cat":[1128,6178,6176,6177,1138,6179],"product_tag":[],"class_list":{"0":"post-56246","1":"product","2":"type-product","3":"status-publish","4":"has-post-thumbnail","6":"product_cat-foto-wideo","7":"product_cat-mocowania","8":"product_cat-selfie-stiki","9":"product_cat-statywy-selfie-stiki","10":"product_cat-wysiegniki","11":"product_cat-wysiegniki-i-uchwyty-selfie","12":"pa_okres-gwarancji-5768","13":"pa_producent-puluz","15":"first","16":"outofstock","17":"taxable","18":"shipping-taxable","19":"purchasable","20":"product-type-simple"},"acf":[],"yoast_head":"<!-- This site is optimized with the Yoast SEO plugin v27.2 - https:\/\/yoast.com\/product\/yoast-seo-wordpress\/ -->\n<title>Statyw PULUZ PU3096B z g\u0142owic\u0105 3D i uchwytem telefonu (czarny) - IRONSKY.PL Sklep z Dronami<\/title>\n<meta name=\"description\" content=\"Statyw PULUZ PU3096B z g\u0142owic\u0105 3D i uchwytem telefonu (czarny) - \u2705 sklep z dronami i fachowym doradztwem. \u2705 Tutaj kupisz produkty DJI, Yuneec, Parrot, Syma i wiele innych, a tak\u017ce kursy i licencje na operatora drona.\" \/>\n<meta name=\"robots\" content=\"index, follow, max-snippet:-1, max-image-preview:large, max-video-preview:-1\" \/>\n<link rel=\"canonical\" href=\"https:\/\/ironsky.pl\/sklep\/produkt\/statyw-puluz-pu3096b-z-glowica-3d-i-uchwytem-telefonu-czarny\/\" \/>\n<meta property=\"og:locale\" content=\"pl_PL\" \/>\n<meta property=\"og:type\" content=\"article\" \/>\n<meta property=\"og:title\" content=\"Statyw PULUZ PU3096B z g\u0142owic\u0105 3D i uchwytem telefonu (czarny) - IRONSKY.PL Sklep z Dronami\" \/>\n<meta property=\"og:description\" content=\"Statyw PULUZ PU3096B z g\u0142owic\u0105 3D i uchwytem telefonu (czarny) - \u2705 sklep z dronami i fachowym doradztwem. \u2705 Tutaj kupisz produkty DJI, Yuneec, Parrot, Syma i wiele innych, a tak\u017ce kursy i licencje na operatora drona.\" \/>\n<meta property=\"og:url\" content=\"https:\/\/ironsky.pl\/sklep\/produkt\/statyw-puluz-pu3096b-z-glowica-3d-i-uchwytem-telefonu-czarny\/\" \/>\n<meta property=\"og:site_name\" content=\"IRONSKY.PL Sklep z Dronami\" \/>\n<meta property=\"article:modified_time\" content=\"2026-04-15T08:48:29+00:00\" \/>\n<meta property=\"og:image\" content=\"https:\/\/ironsky.pl\/sklep\/wp-content\/uploads\/2026\/04\/24926_2.jpg\" \/>\n\t<meta property=\"og:image:width\" content=\"800\" \/>\n\t<meta property=\"og:image:height\" content=\"799\" \/>\n\t<meta property=\"og:image:type\" content=\"image\/jpeg\" \/>\n<meta name=\"twitter:card\" content=\"summary_large_image\" \/>\n<meta name=\"twitter:label1\" content=\"Szacowany czas czytania\" \/>\n\t<meta name=\"twitter:data1\" content=\"2 minuty\" \/>\n<script type=\"application\/ld+json\" class=\"yoast-schema-graph\">{\"@context\":\"https:\/\/schema.org\",\"@graph\":[{\"@type\":\"WebPage\",\"@id\":\"https:\/\/ironsky.pl\/sklep\/produkt\/statyw-puluz-pu3096b-z-glowica-3d-i-uchwytem-telefonu-czarny\/\",\"url\":\"https:\/\/ironsky.pl\/sklep\/produkt\/statyw-puluz-pu3096b-z-glowica-3d-i-uchwytem-telefonu-czarny\/\",\"name\":\"Statyw PULUZ PU3096B z g\u0142owic\u0105 3D i uchwytem telefonu (czarny) - IRONSKY.PL Sklep z Dronami\",\"isPartOf\":{\"@id\":\"https:\/\/ironsky.pl\/sklep\/#website\"},\"primaryImageOfPage\":{\"@id\":\"https:\/\/ironsky.pl\/sklep\/produkt\/statyw-puluz-pu3096b-z-glowica-3d-i-uchwytem-telefonu-czarny\/#primaryimage\"},\"image\":{\"@id\":\"https:\/\/ironsky.pl\/sklep\/produkt\/statyw-puluz-pu3096b-z-glowica-3d-i-uchwytem-telefonu-czarny\/#primaryimage\"},\"thumbnailUrl\":\"https:\/\/ironsky.pl\/sklep\/wp-content\/uploads\/2026\/04\/24926_2.jpg\",\"datePublished\":\"2026-04-15T08:12:37+00:00\",\"dateModified\":\"2026-04-15T08:48:29+00:00\",\"description\":\"Statyw PULUZ PU3096B z g\u0142owic\u0105 3D i uchwytem telefonu (czarny) - \u2705 sklep z dronami i fachowym doradztwem. \u2705 Tutaj kupisz produkty DJI, Yuneec, Parrot, Syma i wiele innych, a tak\u017ce kursy i licencje na operatora drona.\",\"breadcrumb\":{\"@id\":\"https:\/\/ironsky.pl\/sklep\/produkt\/statyw-puluz-pu3096b-z-glowica-3d-i-uchwytem-telefonu-czarny\/#breadcrumb\"},\"inLanguage\":\"pl-PL\",\"potentialAction\":[{\"@type\":\"ReadAction\",\"target\":[\"https:\/\/ironsky.pl\/sklep\/produkt\/statyw-puluz-pu3096b-z-glowica-3d-i-uchwytem-telefonu-czarny\/\"]}]},{\"@type\":\"ImageObject\",\"inLanguage\":\"pl-PL\",\"@id\":\"https:\/\/ironsky.pl\/sklep\/produkt\/statyw-puluz-pu3096b-z-glowica-3d-i-uchwytem-telefonu-czarny\/#primaryimage\",\"url\":\"https:\/\/ironsky.pl\/sklep\/wp-content\/uploads\/2026\/04\/24926_2.jpg\",\"contentUrl\":\"https:\/\/ironsky.pl\/sklep\/wp-content\/uploads\/2026\/04\/24926_2.jpg\",\"width\":800,\"height\":799},{\"@type\":\"BreadcrumbList\",\"@id\":\"https:\/\/ironsky.pl\/sklep\/produkt\/statyw-puluz-pu3096b-z-glowica-3d-i-uchwytem-telefonu-czarny\/#breadcrumb\",\"itemListElement\":[{\"@type\":\"ListItem\",\"position\":1,\"name\":\"Strona g\u0142\u00f3wna\",\"item\":\"https:\/\/ironsky.pl\/sklep\/\"},{\"@type\":\"ListItem\",\"position\":2,\"name\":\"Wszystkie produkty\",\"item\":\"https:\/\/ironsky.pl\/sklep\/produkty\/\"},{\"@type\":\"ListItem\",\"position\":3,\"name\":\"Statyw PULUZ PU3096B z g\u0142owic\u0105 3D i uchwytem telefonu (czarny)\"}]},{\"@type\":\"WebSite\",\"@id\":\"https:\/\/ironsky.pl\/sklep\/#website\",\"url\":\"https:\/\/ironsky.pl\/sklep\/\",\"name\":\"IRONSKY.PL Sklep z Dronami\",\"description\":\"IRONSKY.PL Sklep z Dronami\",\"potentialAction\":[{\"@type\":\"SearchAction\",\"target\":{\"@type\":\"EntryPoint\",\"urlTemplate\":\"https:\/\/ironsky.pl\/sklep\/?s={search_term_string}\"},\"query-input\":{\"@type\":\"PropertyValueSpecification\",\"valueRequired\":true,\"valueName\":\"search_term_string\"}}],\"inLanguage\":\"pl-PL\"}]}<\/script>\n<!-- \/ Yoast SEO plugin. -->","yoast_head_json":{"title":"Statyw PULUZ PU3096B z g\u0142owic\u0105 3D i uchwytem telefonu (czarny) - IRONSKY.PL Sklep z Dronami","description":"Statyw PULUZ PU3096B z g\u0142owic\u0105 3D i uchwytem telefonu (czarny) - \u2705 sklep z dronami i fachowym doradztwem. \u2705 Tutaj kupisz produkty DJI, Yuneec, Parrot, Syma i wiele innych, a tak\u017ce kursy i licencje na operatora drona.","robots":{"index":"index","follow":"follow","max-snippet":"max-snippet:-1","max-image-preview":"max-image-preview:large","max-video-preview":"max-video-preview:-1"},"canonical":"https:\/\/ironsky.pl\/sklep\/produkt\/statyw-puluz-pu3096b-z-glowica-3d-i-uchwytem-telefonu-czarny\/","og_locale":"pl_PL","og_type":"article","og_title":"Statyw PULUZ PU3096B z g\u0142owic\u0105 3D i uchwytem telefonu (czarny) - IRONSKY.PL Sklep z Dronami","og_description":"Statyw PULUZ PU3096B z g\u0142owic\u0105 3D i uchwytem telefonu (czarny) - \u2705 sklep z dronami i fachowym doradztwem. \u2705 Tutaj kupisz produkty DJI, Yuneec, Parrot, Syma i wiele innych, a tak\u017ce kursy i licencje na operatora drona.","og_url":"https:\/\/ironsky.pl\/sklep\/produkt\/statyw-puluz-pu3096b-z-glowica-3d-i-uchwytem-telefonu-czarny\/","og_site_name":"IRONSKY.PL Sklep z Dronami","article_modified_time":"2026-04-15T08:48:29+00:00","og_image":[{"width":800,"height":799,"url":"https:\/\/ironsky.pl\/sklep\/wp-content\/uploads\/2026\/04\/24926_2.jpg","type":"image\/jpeg"}],"twitter_card":"summary_large_image","twitter_misc":{"Szacowany czas czytania":"2 minuty"},"schema":{"@context":"https:\/\/schema.org","@graph":[{"@type":"WebPage","@id":"https:\/\/ironsky.pl\/sklep\/produkt\/statyw-puluz-pu3096b-z-glowica-3d-i-uchwytem-telefonu-czarny\/","url":"https:\/\/ironsky.pl\/sklep\/produkt\/statyw-puluz-pu3096b-z-glowica-3d-i-uchwytem-telefonu-czarny\/","name":"Statyw PULUZ PU3096B z g\u0142owic\u0105 3D i uchwytem telefonu (czarny) - IRONSKY.PL Sklep z Dronami","isPartOf":{"@id":"https:\/\/ironsky.pl\/sklep\/#website"},"primaryImageOfPage":{"@id":"https:\/\/ironsky.pl\/sklep\/produkt\/statyw-puluz-pu3096b-z-glowica-3d-i-uchwytem-telefonu-czarny\/#primaryimage"},"image":{"@id":"https:\/\/ironsky.pl\/sklep\/produkt\/statyw-puluz-pu3096b-z-glowica-3d-i-uchwytem-telefonu-czarny\/#primaryimage"},"thumbnailUrl":"https:\/\/ironsky.pl\/sklep\/wp-content\/uploads\/2026\/04\/24926_2.jpg","datePublished":"2026-04-15T08:12:37+00:00","dateModified":"2026-04-15T08:48:29+00:00","description":"Statyw PULUZ PU3096B z g\u0142owic\u0105 3D i uchwytem telefonu (czarny) - \u2705 sklep z dronami i fachowym doradztwem. \u2705 Tutaj kupisz produkty DJI, Yuneec, Parrot, Syma i wiele innych, a tak\u017ce kursy i licencje na operatora drona.","breadcrumb":{"@id":"https:\/\/ironsky.pl\/sklep\/produkt\/statyw-puluz-pu3096b-z-glowica-3d-i-uchwytem-telefonu-czarny\/#breadcrumb"},"inLanguage":"pl-PL","potentialAction":[{"@type":"ReadAction","target":["https:\/\/ironsky.pl\/sklep\/produkt\/statyw-puluz-pu3096b-z-glowica-3d-i-uchwytem-telefonu-czarny\/"]}]},{"@type":"ImageObject","inLanguage":"pl-PL","@id":"https:\/\/ironsky.pl\/sklep\/produkt\/statyw-puluz-pu3096b-z-glowica-3d-i-uchwytem-telefonu-czarny\/#primaryimage","url":"https:\/\/ironsky.pl\/sklep\/wp-content\/uploads\/2026\/04\/24926_2.jpg","contentUrl":"https:\/\/ironsky.pl\/sklep\/wp-content\/uploads\/2026\/04\/24926_2.jpg","width":800,"height":799},{"@type":"BreadcrumbList","@id":"https:\/\/ironsky.pl\/sklep\/produkt\/statyw-puluz-pu3096b-z-glowica-3d-i-uchwytem-telefonu-czarny\/#breadcrumb","itemListElement":[{"@type":"ListItem","position":1,"name":"Strona g\u0142\u00f3wna","item":"https:\/\/ironsky.pl\/sklep\/"},{"@type":"ListItem","position":2,"name":"Wszystkie produkty","item":"https:\/\/ironsky.pl\/sklep\/produkty\/"},{"@type":"ListItem","position":3,"name":"Statyw PULUZ PU3096B z g\u0142owic\u0105 3D i uchwytem telefonu (czarny)"}]},{"@type":"WebSite","@id":"https:\/\/ironsky.pl\/sklep\/#website","url":"https:\/\/ironsky.pl\/sklep\/","name":"IRONSKY.PL Sklep z Dronami","description":"IRONSKY.PL Sklep z Dronami","potentialAction":[{"@type":"SearchAction","target":{"@type":"EntryPoint","urlTemplate":"https:\/\/ironsky.pl\/sklep\/?s={search_term_string}"},"query-input":{"@type":"PropertyValueSpecification","valueRequired":true,"valueName":"search_term_string"}}],"inLanguage":"pl-PL"}]}},"_links":{"self":[{"href":"https:\/\/ironsky.pl\/sklep\/wp-json\/wp\/v2\/product\/56246","targetHints":{"allow":["GET"]}}],"collection":[{"href":"https:\/\/ironsky.pl\/sklep\/wp-json\/wp\/v2\/product"}],"about":[{"href":"https:\/\/ironsky.pl\/sklep\/wp-json\/wp\/v2\/types\/product"}],"replies":[{"embeddable":true,"href":"https:\/\/ironsky.pl\/sklep\/wp-json\/wp\/v2\/comments?post=56246"}],"wp:featuredmedia":[{"embeddable":true,"href":"https:\/\/ironsky.pl\/sklep\/wp-json\/wp\/v2\/media\/56247"}],"wp:attachment":[{"href":"https:\/\/ironsky.pl\/sklep\/wp-json\/wp\/v2\/media?parent=56246"}],"wp:term":[{"taxonomy":"product_brand","embeddable":true,"href":"https:\/\/ironsky.pl\/sklep\/wp-json\/wp\/v2\/product_brand?post=56246"},{"taxonomy":"product_cat","embeddable":true,"href":"https:\/\/ironsky.pl\/sklep\/wp-json\/wp\/v2\/product_cat?post=56246"},{"taxonomy":"product_tag","embeddable":true,"href":"https:\/\/ironsky.pl\/sklep\/wp-json\/wp\/v2\/product_tag?post=56246"}],"curies":[{"name":"wp","href":"https:\/\/api.w.org\/{rel}","templated":true}]}}