{"id":56127,"date":"2026-04-15T10:11:25","date_gmt":"2026-04-15T08:11:25","guid":{"rendered":"https:\/\/ironsky.pl\/sklep\/produkt\/uchwyt-wypornosciowy-telesin-gumowy-gp-mnp-300-zolty\/"},"modified":"2026-04-15T10:48:09","modified_gmt":"2026-04-15T08:48:09","slug":"uchwyt-wypornosciowy-telesin-gumowy-gp-mnp-300-zolty","status":"publish","type":"product","link":"https:\/\/ironsky.pl\/sklep\/produkt\/uchwyt-wypornosciowy-telesin-gumowy-gp-mnp-300-zolty\/","title":{"rendered":"Uchwyt wyporno\u015bciowy TELESIN gumowy GP-MNP-300 (\u017c\u00f3\u0142ty)"},"content":{"rendered":"<h3>Gumowy uchwyt wyporno\u015bciowy Telesin do kamer sportowych <\/h3>\n<p>Zadbaj o bezpiecze\u0144stwo swojej kamery podczas ekstremalnych sport\u00f3w w wodzie. Gumowy uchwyt wyporno\u015bciowy Telesin sprawdza si\u0119 zar\u00f3wno jako urz\u0105dzenie p\u0142ywaj\u0105ce, jak i por\u0119czny uchwyt do stabilnego trzymania kamery. Dzi\u0119ki niemu Tw\u00f3j sprz\u0119t nie zatonie nawet wtedy, gdy upu\u015bcisz go do wody. Uchwyt jest kompatybilny m.in. z kamerami GoPro Hero CAMS, Xiao Yi oraz SJCAM.\u00a0 Jaskrawy kolor u\u0142atwia zlokalizowanie sprz\u0119tu w wodzie.<\/p>\n<p><img decoding=\"async\" src=\"https:\/\/b2b.innpro.pl\/data\/include\/cms\/Telesin\/GP-MNP-300-YL\/7.jpg?v=1649164426960\"><\/p>\n<h3>W trosce o Tw\u00f3j sprz\u0119t<\/h3>\n<p>Wybierz gumowy uchwyt wyporno\u015bciowy Telesin i nie martw si\u0119 o bezpiecze\u0144stwo swojej kamery sportowej podczas surfowania czy nurkowania. Por\u0119czny uchwyt i regulowana opaska zapewniaj\u0105 wygodny chwyt oraz stabilno\u015b\u0107 kamery. Je\u015bli jednak sprz\u0119t wyl\u0105duje w wodzie, uchwyt wyporno\u015bciowy zapobiegnie zatoni\u0119ciu, a jasny, rzucaj\u0105cy si\u0119 w oczy kolor u\u0142atwi zlokalizowanie kamery na powierzchni wody.<\/p>\n<p><img decoding=\"async\" src=\"https:\/\/b2b.innpro.pl\/data\/include\/cms\/Telesin\/GP-MNP-300-YL\/11.jpg?v=1649164426960\"><\/p>\n<h3>W zestawie<\/h3>\n<ul>\n<li>Uchwyt wyporno\u015bciowy<\/li>\n<li>Opaska na r\u0119k\u0119<\/li>\n<li>\u015aruba kciukowa<\/li>\n<\/ul>\n<div class=\"table-wrapper\">\n<table>\n<tbody>\n<tr>\n<th>Producent<\/th>\n<td>Telesin<\/td>\n<\/tr>\n<tr>\n<th>Nazwa<\/th>\n<td>Gumowy uchwyt wyporno\u015bciowy Telesin do kamer sportowych<\/td>\n<\/tr>\n<tr>\n<th>Model<\/th>\n<td>GP-MNP-300-YL<\/td>\n<\/tr>\n<tr>\n<th>Kompatybilno\u015b\u0107<\/th>\n<td>GoPro, Xiao Yi, SJCAM<\/td>\n<\/tr>\n<tr>\n<th>Rozmiar<\/th>\n<td>15 x 4 x 4 cm<\/td>\n<\/tr>\n<tr>\n<th>Kolor<\/th>\n<td>\u017b\u00f3\u0142ty<\/td>\n<\/tr>\n<tr>\n<th>Materia\u0142<\/th>\n<td>Plastik + guma<\/td>\n<\/tr>\n<tr>\n<th>Waga<\/th>\n<td>80 g<\/td>\n<\/tr>\n<\/tbody>\n<\/table>\n<\/div>\n","protected":false},"excerpt":{"rendered":"<p>Gumowy uchwyt wyporno\u015bciowy Telesin do kamer sportowych Zadbaj o bezpiecze\u0144stwo swojej kamery podczas ekstremalnych sport\u00f3w w wodzie. Gumowy uchwyt wyporno\u015bciowy<\/p>\n","protected":false},"featured_media":56128,"comment_status":"closed","ping_status":"open","template":"","meta":{"_acf_changed":false},"product_brand":[],"product_cat":[1128,6178,6176,6177,1138,6179],"product_tag":[],"class_list":{"0":"post-56127","1":"product","2":"type-product","3":"status-publish","4":"has-post-thumbnail","6":"product_cat-foto-wideo","7":"product_cat-mocowania","8":"product_cat-selfie-stiki","9":"product_cat-statywy-selfie-stiki","10":"product_cat-wysiegniki","11":"product_cat-wysiegniki-i-uchwyty-selfie","12":"pa_okres-gwarancji-5754","13":"pa_producent-telesin","15":"first","16":"outofstock","17":"taxable","18":"shipping-taxable","19":"purchasable","20":"product-type-simple"},"acf":[],"yoast_head":"<!-- This site is optimized with the Yoast SEO plugin v27.2 - https:\/\/yoast.com\/product\/yoast-seo-wordpress\/ -->\n<title>Uchwyt wyporno\u015bciowy TELESIN gumowy GP-MNP-300 (\u017c\u00f3\u0142ty) - IRONSKY.PL Sklep z Dronami<\/title>\n<meta name=\"description\" content=\"Uchwyt wyporno\u015bciowy TELESIN gumowy GP-MNP-300 (\u017c\u00f3\u0142ty) - \u2705 sklep z dronami i fachowym doradztwem. \u2705 Tutaj kupisz produkty DJI, Yuneec, Parrot, Syma i wiele innych, a tak\u017ce kursy i licencje na operatora drona.\" \/>\n<meta name=\"robots\" content=\"index, follow, max-snippet:-1, max-image-preview:large, max-video-preview:-1\" \/>\n<link rel=\"canonical\" href=\"https:\/\/ironsky.pl\/sklep\/produkt\/uchwyt-wypornosciowy-telesin-gumowy-gp-mnp-300-zolty\/\" \/>\n<meta property=\"og:locale\" content=\"pl_PL\" \/>\n<meta property=\"og:type\" content=\"article\" \/>\n<meta property=\"og:title\" content=\"Uchwyt wyporno\u015bciowy TELESIN gumowy GP-MNP-300 (\u017c\u00f3\u0142ty) - IRONSKY.PL Sklep z Dronami\" \/>\n<meta property=\"og:description\" content=\"Uchwyt wyporno\u015bciowy TELESIN gumowy GP-MNP-300 (\u017c\u00f3\u0142ty) - \u2705 sklep z dronami i fachowym doradztwem. \u2705 Tutaj kupisz produkty DJI, Yuneec, Parrot, Syma i wiele innych, a tak\u017ce kursy i licencje na operatora drona.\" \/>\n<meta property=\"og:url\" content=\"https:\/\/ironsky.pl\/sklep\/produkt\/uchwyt-wypornosciowy-telesin-gumowy-gp-mnp-300-zolty\/\" \/>\n<meta property=\"og:site_name\" content=\"IRONSKY.PL Sklep z Dronami\" \/>\n<meta property=\"article:modified_time\" content=\"2026-04-15T08:48:09+00:00\" \/>\n<meta property=\"og:image\" content=\"https:\/\/ironsky.pl\/sklep\/wp-content\/uploads\/2026\/04\/23850_3.jpg\" \/>\n\t<meta property=\"og:image:width\" content=\"800\" \/>\n\t<meta property=\"og:image:height\" content=\"800\" \/>\n\t<meta property=\"og:image:type\" content=\"image\/jpeg\" \/>\n<meta name=\"twitter:card\" content=\"summary_large_image\" \/>\n<meta name=\"twitter:label1\" content=\"Szacowany czas czytania\" \/>\n\t<meta name=\"twitter:data1\" content=\"1 minuta\" \/>\n<script type=\"application\/ld+json\" class=\"yoast-schema-graph\">{\"@context\":\"https:\/\/schema.org\",\"@graph\":[{\"@type\":\"WebPage\",\"@id\":\"https:\/\/ironsky.pl\/sklep\/produkt\/uchwyt-wypornosciowy-telesin-gumowy-gp-mnp-300-zolty\/\",\"url\":\"https:\/\/ironsky.pl\/sklep\/produkt\/uchwyt-wypornosciowy-telesin-gumowy-gp-mnp-300-zolty\/\",\"name\":\"Uchwyt wyporno\u015bciowy TELESIN gumowy GP-MNP-300 (\u017c\u00f3\u0142ty) - IRONSKY.PL Sklep z Dronami\",\"isPartOf\":{\"@id\":\"https:\/\/ironsky.pl\/sklep\/#website\"},\"primaryImageOfPage\":{\"@id\":\"https:\/\/ironsky.pl\/sklep\/produkt\/uchwyt-wypornosciowy-telesin-gumowy-gp-mnp-300-zolty\/#primaryimage\"},\"image\":{\"@id\":\"https:\/\/ironsky.pl\/sklep\/produkt\/uchwyt-wypornosciowy-telesin-gumowy-gp-mnp-300-zolty\/#primaryimage\"},\"thumbnailUrl\":\"https:\/\/ironsky.pl\/sklep\/wp-content\/uploads\/2026\/04\/23850_3.jpg\",\"datePublished\":\"2026-04-15T08:11:25+00:00\",\"dateModified\":\"2026-04-15T08:48:09+00:00\",\"description\":\"Uchwyt wyporno\u015bciowy TELESIN gumowy GP-MNP-300 (\u017c\u00f3\u0142ty) - \u2705 sklep z dronami i fachowym doradztwem. \u2705 Tutaj kupisz produkty DJI, Yuneec, Parrot, Syma i wiele innych, a tak\u017ce kursy i licencje na operatora drona.\",\"breadcrumb\":{\"@id\":\"https:\/\/ironsky.pl\/sklep\/produkt\/uchwyt-wypornosciowy-telesin-gumowy-gp-mnp-300-zolty\/#breadcrumb\"},\"inLanguage\":\"pl-PL\",\"potentialAction\":[{\"@type\":\"ReadAction\",\"target\":[\"https:\/\/ironsky.pl\/sklep\/produkt\/uchwyt-wypornosciowy-telesin-gumowy-gp-mnp-300-zolty\/\"]}]},{\"@type\":\"ImageObject\",\"inLanguage\":\"pl-PL\",\"@id\":\"https:\/\/ironsky.pl\/sklep\/produkt\/uchwyt-wypornosciowy-telesin-gumowy-gp-mnp-300-zolty\/#primaryimage\",\"url\":\"https:\/\/ironsky.pl\/sklep\/wp-content\/uploads\/2026\/04\/23850_3.jpg\",\"contentUrl\":\"https:\/\/ironsky.pl\/sklep\/wp-content\/uploads\/2026\/04\/23850_3.jpg\",\"width\":800,\"height\":800},{\"@type\":\"BreadcrumbList\",\"@id\":\"https:\/\/ironsky.pl\/sklep\/produkt\/uchwyt-wypornosciowy-telesin-gumowy-gp-mnp-300-zolty\/#breadcrumb\",\"itemListElement\":[{\"@type\":\"ListItem\",\"position\":1,\"name\":\"Strona g\u0142\u00f3wna\",\"item\":\"https:\/\/ironsky.pl\/sklep\/\"},{\"@type\":\"ListItem\",\"position\":2,\"name\":\"Wszystkie produkty\",\"item\":\"https:\/\/ironsky.pl\/sklep\/produkty\/\"},{\"@type\":\"ListItem\",\"position\":3,\"name\":\"Uchwyt wyporno\u015bciowy TELESIN gumowy GP-MNP-300 (\u017c\u00f3\u0142ty)\"}]},{\"@type\":\"WebSite\",\"@id\":\"https:\/\/ironsky.pl\/sklep\/#website\",\"url\":\"https:\/\/ironsky.pl\/sklep\/\",\"name\":\"IRONSKY.PL Sklep z Dronami\",\"description\":\"IRONSKY.PL Sklep z Dronami\",\"potentialAction\":[{\"@type\":\"SearchAction\",\"target\":{\"@type\":\"EntryPoint\",\"urlTemplate\":\"https:\/\/ironsky.pl\/sklep\/?s={search_term_string}\"},\"query-input\":{\"@type\":\"PropertyValueSpecification\",\"valueRequired\":true,\"valueName\":\"search_term_string\"}}],\"inLanguage\":\"pl-PL\"}]}<\/script>\n<!-- \/ Yoast SEO plugin. -->","yoast_head_json":{"title":"Uchwyt wyporno\u015bciowy TELESIN gumowy GP-MNP-300 (\u017c\u00f3\u0142ty) - IRONSKY.PL Sklep z Dronami","description":"Uchwyt wyporno\u015bciowy TELESIN gumowy GP-MNP-300 (\u017c\u00f3\u0142ty) - \u2705 sklep z dronami i fachowym doradztwem. \u2705 Tutaj kupisz produkty DJI, Yuneec, Parrot, Syma i wiele innych, a tak\u017ce kursy i licencje na operatora drona.","robots":{"index":"index","follow":"follow","max-snippet":"max-snippet:-1","max-image-preview":"max-image-preview:large","max-video-preview":"max-video-preview:-1"},"canonical":"https:\/\/ironsky.pl\/sklep\/produkt\/uchwyt-wypornosciowy-telesin-gumowy-gp-mnp-300-zolty\/","og_locale":"pl_PL","og_type":"article","og_title":"Uchwyt wyporno\u015bciowy TELESIN gumowy GP-MNP-300 (\u017c\u00f3\u0142ty) - IRONSKY.PL Sklep z Dronami","og_description":"Uchwyt wyporno\u015bciowy TELESIN gumowy GP-MNP-300 (\u017c\u00f3\u0142ty) - \u2705 sklep z dronami i fachowym doradztwem. \u2705 Tutaj kupisz produkty DJI, Yuneec, Parrot, Syma i wiele innych, a tak\u017ce kursy i licencje na operatora drona.","og_url":"https:\/\/ironsky.pl\/sklep\/produkt\/uchwyt-wypornosciowy-telesin-gumowy-gp-mnp-300-zolty\/","og_site_name":"IRONSKY.PL Sklep z Dronami","article_modified_time":"2026-04-15T08:48:09+00:00","og_image":[{"width":800,"height":800,"url":"https:\/\/ironsky.pl\/sklep\/wp-content\/uploads\/2026\/04\/23850_3.jpg","type":"image\/jpeg"}],"twitter_card":"summary_large_image","twitter_misc":{"Szacowany czas czytania":"1 minuta"},"schema":{"@context":"https:\/\/schema.org","@graph":[{"@type":"WebPage","@id":"https:\/\/ironsky.pl\/sklep\/produkt\/uchwyt-wypornosciowy-telesin-gumowy-gp-mnp-300-zolty\/","url":"https:\/\/ironsky.pl\/sklep\/produkt\/uchwyt-wypornosciowy-telesin-gumowy-gp-mnp-300-zolty\/","name":"Uchwyt wyporno\u015bciowy TELESIN gumowy GP-MNP-300 (\u017c\u00f3\u0142ty) - IRONSKY.PL Sklep z Dronami","isPartOf":{"@id":"https:\/\/ironsky.pl\/sklep\/#website"},"primaryImageOfPage":{"@id":"https:\/\/ironsky.pl\/sklep\/produkt\/uchwyt-wypornosciowy-telesin-gumowy-gp-mnp-300-zolty\/#primaryimage"},"image":{"@id":"https:\/\/ironsky.pl\/sklep\/produkt\/uchwyt-wypornosciowy-telesin-gumowy-gp-mnp-300-zolty\/#primaryimage"},"thumbnailUrl":"https:\/\/ironsky.pl\/sklep\/wp-content\/uploads\/2026\/04\/23850_3.jpg","datePublished":"2026-04-15T08:11:25+00:00","dateModified":"2026-04-15T08:48:09+00:00","description":"Uchwyt wyporno\u015bciowy TELESIN gumowy GP-MNP-300 (\u017c\u00f3\u0142ty) - \u2705 sklep z dronami i fachowym doradztwem. \u2705 Tutaj kupisz produkty DJI, Yuneec, Parrot, Syma i wiele innych, a tak\u017ce kursy i licencje na operatora drona.","breadcrumb":{"@id":"https:\/\/ironsky.pl\/sklep\/produkt\/uchwyt-wypornosciowy-telesin-gumowy-gp-mnp-300-zolty\/#breadcrumb"},"inLanguage":"pl-PL","potentialAction":[{"@type":"ReadAction","target":["https:\/\/ironsky.pl\/sklep\/produkt\/uchwyt-wypornosciowy-telesin-gumowy-gp-mnp-300-zolty\/"]}]},{"@type":"ImageObject","inLanguage":"pl-PL","@id":"https:\/\/ironsky.pl\/sklep\/produkt\/uchwyt-wypornosciowy-telesin-gumowy-gp-mnp-300-zolty\/#primaryimage","url":"https:\/\/ironsky.pl\/sklep\/wp-content\/uploads\/2026\/04\/23850_3.jpg","contentUrl":"https:\/\/ironsky.pl\/sklep\/wp-content\/uploads\/2026\/04\/23850_3.jpg","width":800,"height":800},{"@type":"BreadcrumbList","@id":"https:\/\/ironsky.pl\/sklep\/produkt\/uchwyt-wypornosciowy-telesin-gumowy-gp-mnp-300-zolty\/#breadcrumb","itemListElement":[{"@type":"ListItem","position":1,"name":"Strona g\u0142\u00f3wna","item":"https:\/\/ironsky.pl\/sklep\/"},{"@type":"ListItem","position":2,"name":"Wszystkie produkty","item":"https:\/\/ironsky.pl\/sklep\/produkty\/"},{"@type":"ListItem","position":3,"name":"Uchwyt wyporno\u015bciowy TELESIN gumowy GP-MNP-300 (\u017c\u00f3\u0142ty)"}]},{"@type":"WebSite","@id":"https:\/\/ironsky.pl\/sklep\/#website","url":"https:\/\/ironsky.pl\/sklep\/","name":"IRONSKY.PL Sklep z Dronami","description":"IRONSKY.PL Sklep z Dronami","potentialAction":[{"@type":"SearchAction","target":{"@type":"EntryPoint","urlTemplate":"https:\/\/ironsky.pl\/sklep\/?s={search_term_string}"},"query-input":{"@type":"PropertyValueSpecification","valueRequired":true,"valueName":"search_term_string"}}],"inLanguage":"pl-PL"}]}},"_links":{"self":[{"href":"https:\/\/ironsky.pl\/sklep\/wp-json\/wp\/v2\/product\/56127","targetHints":{"allow":["GET"]}}],"collection":[{"href":"https:\/\/ironsky.pl\/sklep\/wp-json\/wp\/v2\/product"}],"about":[{"href":"https:\/\/ironsky.pl\/sklep\/wp-json\/wp\/v2\/types\/product"}],"replies":[{"embeddable":true,"href":"https:\/\/ironsky.pl\/sklep\/wp-json\/wp\/v2\/comments?post=56127"}],"wp:featuredmedia":[{"embeddable":true,"href":"https:\/\/ironsky.pl\/sklep\/wp-json\/wp\/v2\/media\/56128"}],"wp:attachment":[{"href":"https:\/\/ironsky.pl\/sklep\/wp-json\/wp\/v2\/media?parent=56127"}],"wp:term":[{"taxonomy":"product_brand","embeddable":true,"href":"https:\/\/ironsky.pl\/sklep\/wp-json\/wp\/v2\/product_brand?post=56127"},{"taxonomy":"product_cat","embeddable":true,"href":"https:\/\/ironsky.pl\/sklep\/wp-json\/wp\/v2\/product_cat?post=56127"},{"taxonomy":"product_tag","embeddable":true,"href":"https:\/\/ironsky.pl\/sklep\/wp-json\/wp\/v2\/product_tag?post=56127"}],"curies":[{"name":"wp","href":"https:\/\/api.w.org\/{rel}","templated":true}]}}