{"id":56109,"date":"2026-04-15T10:11:25","date_gmt":"2026-04-15T08:11:25","guid":{"rendered":"https:\/\/ironsky.pl\/sklep\/produkt\/hub-ugreen-cm481-7-portowy-czarny\/"},"modified":"2026-04-15T10:48:07","modified_gmt":"2026-04-15T08:48:07","slug":"hub-ugreen-cm481-7-portowy-czarny","status":"publish","type":"product","link":"https:\/\/ironsky.pl\/sklep\/produkt\/hub-ugreen-cm481-7-portowy-czarny\/","title":{"rendered":"Hub UGREEN CM481 7-portowy (czarny)"},"content":{"rendered":"<h3>Hub 7w1 USB 3.0 UGREEN CM481<\/h3>\n<p>Chcesz zwi\u0119kszy\u0107 mo\u017cliwo\u015bci swojego komputera? Teraz to mo\u017cliwe! Hub UGREEN CM481 zapewnia 7 port\u00f3w USB 3.0, z czego 4 umo\u017cliwiaj\u0105 szybkie \u0142adowanie BC 1.2. Za jego pomoc\u0105 mo\u017cesz te\u017c przesy\u0142a\u0107 pliki z pr\u0119dko\u015bci\u0105 do 5 Gbps. Produkt jest przyjazny u\u017cytkownikom, wydajny, lekki i \u0142atwy w transporcie. W sk\u0142ad zestawu wchodzi te\u017c zasilacz z kablem USB-C.<\/p>\n<p><img decoding=\"async\" src=\"https:\/\/b2b.innpro.pl\/data\/include\/cms\/012UGREEN\/CM481\/6.jpg\"><\/p>\n<h3>Przesy\u0142aj pliki w mgnieniu oka<\/h3>\n<p>Nie tra\u0107 czasu na przed\u0142u\u017caj\u0105ce si\u0119 oczekiwanie, a\u017c potrzebne Ci zdj\u0119cia, dokumenty czy filmy zostan\u0105 przes\u0142ane mi\u0119dzy wybranymi urz\u0105dzeniami. Hub CM481 umo\u017cliwia transfer danych z pr\u0119dko\u015bci\u0105 si\u0119gaj\u0105c\u0105 5 Gbps. To oznacza, \u017ce 1 GB plik\u00f3w mo\u017cna przenie\u015b\u0107 ju\u017c w oko\u0142o 3 sekundy! Po prostu pod\u0142\u0105cz dysk USB do wybranego portu i w kilka chwil skopiuj wszystko, czego potrzebujesz!<\/p>\n<p><img decoding=\"async\" src=\"https:\/\/b2b.innpro.pl\/data\/include\/cms\/012UGREEN\/CM481\/1.jpg\"><\/p>\n<h3>4 porty do \u0142adowania<\/h3>\n<p>Hub umo\u017cliwia nie tylko szybkie przesy\u0142anie plik\u00f3w, ale te\u017c szybkie \u0142adowanie BC 1.2 &#8211; pozwalaj\u0105 na to a\u017c 4 z 7 dost\u0119pnych port\u00f3w. Zestaw zawiera zasilacz sieciowy DC 12 V \/ 2 A, kt\u00f3ry mo\u017ce stanowi\u0107 stabilne \u017ar\u00f3d\u0142o energii dla pod\u0142\u0105czonych urz\u0105dze\u0144. Dzi\u0119ki temu bez przeszk\u00f3d na\u0142adujesz nawet 4 sprz\u0119ty jednocze\u015bnie!<\/p>\n<p><img decoding=\"async\" src=\"https:\/\/b2b.innpro.pl\/data\/include\/cms\/012UGREEN\/CM481\/7.jpg\"><\/p>\n<h3>Szeroka kompatybilno\u015b\u0107<\/h3>\n<p>U\u0142atw sobie prac\u0119 z komputerem. Hub UGREEN CM481 wyr\u00f3\u017cnia si\u0119 szerok\u0105 kompatybilno\u015bci\u0105. Umo\u017cliwia wygodne korzystanie z takich sprz\u0119t\u00f3w jak na przyk\u0142ad mysz, pami\u0119\u0107 USB, klawiatura czy drukarka. Mo\u017cesz te\u017c pod\u0142\u0105czy\u0107 do niego konsol\u0119 PlayStation 4 lub PlayStation 5! Urz\u0105dzenie jest r\u00f3wnie\u017c kompatybilne z popularnymi systemami operacyjnymi takimi jak Windows, Mac OS oraz Linux.<\/p>\n<p><img decoding=\"async\" src=\"https:\/\/b2b.innpro.pl\/data\/include\/cms\/012UGREEN\/CM481\/3.jpg\"><\/p>\n<h3>Niezawodne dzia\u0142anie<\/h3>\n<p>Porty USB hubu CM481 pracuj\u0105 niezale\u017cnie, a za jego wydajne dzia\u0142anie odpowiada chip GL3510. Mo\u017cesz wi\u0119c wygodnie korzysta\u0107 z r\u00f3\u017cnych urz\u0105dze\u0144, nie obawiaj\u0105c si\u0119 zak\u0142\u00f3ce\u0144 lub innych problem\u00f3w. Co wi\u0119cej, ka\u017cdy port zosta\u0142 wyposa\u017cony w niezale\u017cny prze\u0142\u0105cznik oraz niebieski wska\u017anik LED, kt\u00f3ry dostarczy Ci informacji dotycz\u0105cych jego statusu. Produkt jest te\u017c zabezpieczony mi\u0119dzy innymi przed zwarciem i przegrzaniem.<\/p>\n<p><img decoding=\"async\" src=\"https:\/\/b2b.innpro.pl\/data\/include\/cms\/012UGREEN\/CM481\/8.jpg\"><\/p>\n<h3>Kompaktowy i przeno\u015bny<\/h3>\n<p>Mo\u017cesz bez problemu zabra\u0107 ze sob\u0105 adapter do pracy, na uczelni\u0119 lub na wakacje i korzysta\u0107 z niego, gdy b\u0119dzie Ci potrzebny. Urz\u0105dzenie jest wyj\u0105tkowo kompaktowe i lekkie &#8211; wa\u017cy tylko 260 g. Z \u0142atwo\u015bci\u0105 znajdziesz dla niego miejsce w plecaku, w torebce lub w torbie na laptopa.<\/p>\n<p><img decoding=\"async\" src=\"https:\/\/b2b.innpro.pl\/data\/include\/cms\/012UGREEN\/CM481\/11.jpg\"><\/p>\n<h3>W zestawie<\/h3>\n<ul>\n<li>Hub USB 3.0<\/li>\n<li>Kabel USB-C (1 m)<\/li>\n<li>Adapter zasilania<\/li>\n<li>Instrukcja obs\u0142ugi<\/li>\n<\/ul>\n<div class=\"table-wrapper\">\n<table>\n<tbody>\n<tr>\n<th>Producent<\/th>\n<td>UGREEN<\/td>\n<\/tr>\n<tr>\n<th>Model<\/th>\n<td>CM481<\/td>\n<\/tr>\n<tr>\n<th>Wej\u015bcie<\/th>\n<td>USB-C<\/td>\n<\/tr>\n<tr>\n<th>Wyj\u015bcie<\/th>\n<td>7x USB 3.0<\/td>\n<\/tr>\n<tr>\n<th>\u0179r\u00f3d\u0142o zasilania<\/th>\n<td>1x DC 5,5 mm, 12 V \u00b15%<\/td>\n<\/tr>\n<tr>\n<th>Standard zasilania<\/th>\n<td>DC 12 V 2 A<\/td>\n<\/tr>\n<tr>\n<th>Pr\u0119dko\u015b\u0107 transmisji<\/th>\n<td>Do 5 Gbps<\/td>\n<\/tr>\n<tr>\n<th>Szybkie \u0142adowanie<\/th>\n<td>BC 1.2 (dost\u0119pne tylko dla port\u00f3w USB 3.0 od nr 4 do nr 7)<\/td>\n<\/tr>\n<tr>\n<th>Wymiary<\/th>\n<td>11,4 x 4,8 x 2,3 cm<\/td>\n<\/tr>\n<tr>\n<th>D\u0142ugo\u015b\u0107 kabla<\/th>\n<td>1 m<\/td>\n<\/tr>\n<tr>\n<th>Waga<\/th>\n<td>260 g<\/td>\n<\/tr>\n<\/tbody>\n<\/table>\n<\/div>\n","protected":false},"excerpt":{"rendered":"<p>Hub 7w1 USB 3.0 UGREEN CM481 Chcesz zwi\u0119kszy\u0107 mo\u017cliwo\u015bci swojego komputera? Teraz to mo\u017cliwe! Hub UGREEN CM481 zapewnia 7 port\u00f3w<\/p>\n","protected":false},"featured_media":41731,"comment_status":"closed","ping_status":"open","template":"","meta":{"_acf_changed":false},"product_brand":[],"product_cat":[5929,5934],"product_tag":[],"class_list":{"0":"post-56109","1":"product","2":"type-product","3":"status-publish","4":"has-post-thumbnail","6":"product_cat-akcesoria-it","7":"product_cat-huby","8":"pa_okres-gwarancji-5757","9":"pa_producent-ugreen","11":"first","12":"outofstock","13":"taxable","14":"shipping-taxable","15":"purchasable","16":"product-type-simple"},"acf":[],"yoast_head":"<!-- This site is optimized with the Yoast SEO plugin v27.2 - https:\/\/yoast.com\/product\/yoast-seo-wordpress\/ -->\n<title>Hub UGREEN CM481 7-portowy (czarny) - IRONSKY.PL Sklep z Dronami<\/title>\n<meta name=\"description\" content=\"Hub UGREEN CM481 7-portowy (czarny) - \u2705 sklep z dronami i fachowym doradztwem. \u2705 Tutaj kupisz produkty DJI, Yuneec, Parrot, Syma i wiele innych, a tak\u017ce kursy i licencje na operatora drona.\" \/>\n<meta name=\"robots\" content=\"index, follow, max-snippet:-1, max-image-preview:large, max-video-preview:-1\" \/>\n<link rel=\"canonical\" href=\"https:\/\/ironsky.pl\/sklep\/produkt\/hub-ugreen-cm481-7-portowy-czarny\/\" \/>\n<meta property=\"og:locale\" content=\"pl_PL\" \/>\n<meta property=\"og:type\" content=\"article\" \/>\n<meta property=\"og:title\" content=\"Hub UGREEN CM481 7-portowy (czarny) - IRONSKY.PL Sklep z Dronami\" \/>\n<meta property=\"og:description\" content=\"Hub UGREEN CM481 7-portowy (czarny) - \u2705 sklep z dronami i fachowym doradztwem. \u2705 Tutaj kupisz produkty DJI, Yuneec, Parrot, Syma i wiele innych, a tak\u017ce kursy i licencje na operatora drona.\" \/>\n<meta property=\"og:url\" content=\"https:\/\/ironsky.pl\/sklep\/produkt\/hub-ugreen-cm481-7-portowy-czarny\/\" \/>\n<meta property=\"og:site_name\" content=\"IRONSKY.PL Sklep z Dronami\" \/>\n<meta property=\"article:modified_time\" content=\"2026-04-15T08:48:07+00:00\" \/>\n<meta property=\"og:image\" content=\"https:\/\/ironsky.pl\/sklep\/wp-content\/uploads\/2025\/06\/23739_1.jpg\" \/>\n\t<meta property=\"og:image:width\" content=\"800\" \/>\n\t<meta property=\"og:image:height\" content=\"800\" \/>\n\t<meta property=\"og:image:type\" content=\"image\/jpeg\" \/>\n<meta name=\"twitter:card\" content=\"summary_large_image\" \/>\n<meta name=\"twitter:label1\" content=\"Szacowany czas czytania\" \/>\n\t<meta name=\"twitter:data1\" content=\"2 minuty\" \/>\n<script type=\"application\/ld+json\" class=\"yoast-schema-graph\">{\"@context\":\"https:\/\/schema.org\",\"@graph\":[{\"@type\":\"WebPage\",\"@id\":\"https:\/\/ironsky.pl\/sklep\/produkt\/hub-ugreen-cm481-7-portowy-czarny\/\",\"url\":\"https:\/\/ironsky.pl\/sklep\/produkt\/hub-ugreen-cm481-7-portowy-czarny\/\",\"name\":\"Hub UGREEN CM481 7-portowy (czarny) - IRONSKY.PL Sklep z Dronami\",\"isPartOf\":{\"@id\":\"https:\/\/ironsky.pl\/sklep\/#website\"},\"primaryImageOfPage\":{\"@id\":\"https:\/\/ironsky.pl\/sklep\/produkt\/hub-ugreen-cm481-7-portowy-czarny\/#primaryimage\"},\"image\":{\"@id\":\"https:\/\/ironsky.pl\/sklep\/produkt\/hub-ugreen-cm481-7-portowy-czarny\/#primaryimage\"},\"thumbnailUrl\":\"https:\/\/ironsky.pl\/sklep\/wp-content\/uploads\/2025\/06\/23739_1.jpg\",\"datePublished\":\"2026-04-15T08:11:25+00:00\",\"dateModified\":\"2026-04-15T08:48:07+00:00\",\"description\":\"Hub UGREEN CM481 7-portowy (czarny) - \u2705 sklep z dronami i fachowym doradztwem. \u2705 Tutaj kupisz produkty DJI, Yuneec, Parrot, Syma i wiele innych, a tak\u017ce kursy i licencje na operatora drona.\",\"breadcrumb\":{\"@id\":\"https:\/\/ironsky.pl\/sklep\/produkt\/hub-ugreen-cm481-7-portowy-czarny\/#breadcrumb\"},\"inLanguage\":\"pl-PL\",\"potentialAction\":[{\"@type\":\"ReadAction\",\"target\":[\"https:\/\/ironsky.pl\/sklep\/produkt\/hub-ugreen-cm481-7-portowy-czarny\/\"]}]},{\"@type\":\"ImageObject\",\"inLanguage\":\"pl-PL\",\"@id\":\"https:\/\/ironsky.pl\/sklep\/produkt\/hub-ugreen-cm481-7-portowy-czarny\/#primaryimage\",\"url\":\"https:\/\/ironsky.pl\/sklep\/wp-content\/uploads\/2025\/06\/23739_1.jpg\",\"contentUrl\":\"https:\/\/ironsky.pl\/sklep\/wp-content\/uploads\/2025\/06\/23739_1.jpg\",\"width\":800,\"height\":800},{\"@type\":\"BreadcrumbList\",\"@id\":\"https:\/\/ironsky.pl\/sklep\/produkt\/hub-ugreen-cm481-7-portowy-czarny\/#breadcrumb\",\"itemListElement\":[{\"@type\":\"ListItem\",\"position\":1,\"name\":\"Strona g\u0142\u00f3wna\",\"item\":\"https:\/\/ironsky.pl\/sklep\/\"},{\"@type\":\"ListItem\",\"position\":2,\"name\":\"Wszystkie produkty\",\"item\":\"https:\/\/ironsky.pl\/sklep\/produkty\/\"},{\"@type\":\"ListItem\",\"position\":3,\"name\":\"Hub UGREEN CM481 7-portowy (czarny)\"}]},{\"@type\":\"WebSite\",\"@id\":\"https:\/\/ironsky.pl\/sklep\/#website\",\"url\":\"https:\/\/ironsky.pl\/sklep\/\",\"name\":\"IRONSKY.PL Sklep z Dronami\",\"description\":\"IRONSKY.PL Sklep z Dronami\",\"potentialAction\":[{\"@type\":\"SearchAction\",\"target\":{\"@type\":\"EntryPoint\",\"urlTemplate\":\"https:\/\/ironsky.pl\/sklep\/?s={search_term_string}\"},\"query-input\":{\"@type\":\"PropertyValueSpecification\",\"valueRequired\":true,\"valueName\":\"search_term_string\"}}],\"inLanguage\":\"pl-PL\"}]}<\/script>\n<!-- \/ Yoast SEO plugin. -->","yoast_head_json":{"title":"Hub UGREEN CM481 7-portowy (czarny) - IRONSKY.PL Sklep z Dronami","description":"Hub UGREEN CM481 7-portowy (czarny) - \u2705 sklep z dronami i fachowym doradztwem. \u2705 Tutaj kupisz produkty DJI, Yuneec, Parrot, Syma i wiele innych, a tak\u017ce kursy i licencje na operatora drona.","robots":{"index":"index","follow":"follow","max-snippet":"max-snippet:-1","max-image-preview":"max-image-preview:large","max-video-preview":"max-video-preview:-1"},"canonical":"https:\/\/ironsky.pl\/sklep\/produkt\/hub-ugreen-cm481-7-portowy-czarny\/","og_locale":"pl_PL","og_type":"article","og_title":"Hub UGREEN CM481 7-portowy (czarny) - IRONSKY.PL Sklep z Dronami","og_description":"Hub UGREEN CM481 7-portowy (czarny) - \u2705 sklep z dronami i fachowym doradztwem. \u2705 Tutaj kupisz produkty DJI, Yuneec, Parrot, Syma i wiele innych, a tak\u017ce kursy i licencje na operatora drona.","og_url":"https:\/\/ironsky.pl\/sklep\/produkt\/hub-ugreen-cm481-7-portowy-czarny\/","og_site_name":"IRONSKY.PL Sklep z Dronami","article_modified_time":"2026-04-15T08:48:07+00:00","og_image":[{"width":800,"height":800,"url":"https:\/\/ironsky.pl\/sklep\/wp-content\/uploads\/2025\/06\/23739_1.jpg","type":"image\/jpeg"}],"twitter_card":"summary_large_image","twitter_misc":{"Szacowany czas czytania":"2 minuty"},"schema":{"@context":"https:\/\/schema.org","@graph":[{"@type":"WebPage","@id":"https:\/\/ironsky.pl\/sklep\/produkt\/hub-ugreen-cm481-7-portowy-czarny\/","url":"https:\/\/ironsky.pl\/sklep\/produkt\/hub-ugreen-cm481-7-portowy-czarny\/","name":"Hub UGREEN CM481 7-portowy (czarny) - IRONSKY.PL Sklep z Dronami","isPartOf":{"@id":"https:\/\/ironsky.pl\/sklep\/#website"},"primaryImageOfPage":{"@id":"https:\/\/ironsky.pl\/sklep\/produkt\/hub-ugreen-cm481-7-portowy-czarny\/#primaryimage"},"image":{"@id":"https:\/\/ironsky.pl\/sklep\/produkt\/hub-ugreen-cm481-7-portowy-czarny\/#primaryimage"},"thumbnailUrl":"https:\/\/ironsky.pl\/sklep\/wp-content\/uploads\/2025\/06\/23739_1.jpg","datePublished":"2026-04-15T08:11:25+00:00","dateModified":"2026-04-15T08:48:07+00:00","description":"Hub UGREEN CM481 7-portowy (czarny) - \u2705 sklep z dronami i fachowym doradztwem. \u2705 Tutaj kupisz produkty DJI, Yuneec, Parrot, Syma i wiele innych, a tak\u017ce kursy i licencje na operatora drona.","breadcrumb":{"@id":"https:\/\/ironsky.pl\/sklep\/produkt\/hub-ugreen-cm481-7-portowy-czarny\/#breadcrumb"},"inLanguage":"pl-PL","potentialAction":[{"@type":"ReadAction","target":["https:\/\/ironsky.pl\/sklep\/produkt\/hub-ugreen-cm481-7-portowy-czarny\/"]}]},{"@type":"ImageObject","inLanguage":"pl-PL","@id":"https:\/\/ironsky.pl\/sklep\/produkt\/hub-ugreen-cm481-7-portowy-czarny\/#primaryimage","url":"https:\/\/ironsky.pl\/sklep\/wp-content\/uploads\/2025\/06\/23739_1.jpg","contentUrl":"https:\/\/ironsky.pl\/sklep\/wp-content\/uploads\/2025\/06\/23739_1.jpg","width":800,"height":800},{"@type":"BreadcrumbList","@id":"https:\/\/ironsky.pl\/sklep\/produkt\/hub-ugreen-cm481-7-portowy-czarny\/#breadcrumb","itemListElement":[{"@type":"ListItem","position":1,"name":"Strona g\u0142\u00f3wna","item":"https:\/\/ironsky.pl\/sklep\/"},{"@type":"ListItem","position":2,"name":"Wszystkie produkty","item":"https:\/\/ironsky.pl\/sklep\/produkty\/"},{"@type":"ListItem","position":3,"name":"Hub UGREEN CM481 7-portowy (czarny)"}]},{"@type":"WebSite","@id":"https:\/\/ironsky.pl\/sklep\/#website","url":"https:\/\/ironsky.pl\/sklep\/","name":"IRONSKY.PL Sklep z Dronami","description":"IRONSKY.PL Sklep z Dronami","potentialAction":[{"@type":"SearchAction","target":{"@type":"EntryPoint","urlTemplate":"https:\/\/ironsky.pl\/sklep\/?s={search_term_string}"},"query-input":{"@type":"PropertyValueSpecification","valueRequired":true,"valueName":"search_term_string"}}],"inLanguage":"pl-PL"}]}},"_links":{"self":[{"href":"https:\/\/ironsky.pl\/sklep\/wp-json\/wp\/v2\/product\/56109","targetHints":{"allow":["GET"]}}],"collection":[{"href":"https:\/\/ironsky.pl\/sklep\/wp-json\/wp\/v2\/product"}],"about":[{"href":"https:\/\/ironsky.pl\/sklep\/wp-json\/wp\/v2\/types\/product"}],"replies":[{"embeddable":true,"href":"https:\/\/ironsky.pl\/sklep\/wp-json\/wp\/v2\/comments?post=56109"}],"wp:featuredmedia":[{"embeddable":true,"href":"https:\/\/ironsky.pl\/sklep\/wp-json\/wp\/v2\/media\/41731"}],"wp:attachment":[{"href":"https:\/\/ironsky.pl\/sklep\/wp-json\/wp\/v2\/media?parent=56109"}],"wp:term":[{"taxonomy":"product_brand","embeddable":true,"href":"https:\/\/ironsky.pl\/sklep\/wp-json\/wp\/v2\/product_brand?post=56109"},{"taxonomy":"product_cat","embeddable":true,"href":"https:\/\/ironsky.pl\/sklep\/wp-json\/wp\/v2\/product_cat?post=56109"},{"taxonomy":"product_tag","embeddable":true,"href":"https:\/\/ironsky.pl\/sklep\/wp-json\/wp\/v2\/product_tag?post=56109"}],"curies":[{"name":"wp","href":"https:\/\/api.w.org\/{rel}","templated":true}]}}