{"id":56098,"date":"2026-04-15T10:11:25","date_gmt":"2026-04-15T08:11:25","guid":{"rendered":"https:\/\/ironsky.pl\/sklep\/produkt\/lampa-fotograficzna-puluz-pu3550r-60w-ipx8\/"},"modified":"2026-04-15T10:11:28","modified_gmt":"2026-04-15T08:11:28","slug":"lampa-fotograficzna-puluz-pu3550r-60w-ipx8","status":"publish","type":"product","link":"https:\/\/ironsky.pl\/sklep\/produkt\/lampa-fotograficzna-puluz-pu3550r-60w-ipx8\/","title":{"rendered":"Lampa fotograficzna PULUZ PU3550R 60W IPX8"},"content":{"rendered":"<h3>Wodoodporna r\u0119czna lampa fotograficzna z pilotem Puluz PU3550R<\/h3>\n<p>U\u0142atw sobie tworzenie fantastycznych zdj\u0119\u0107. R\u0119czna lampa fotograficzna marki Puluz oferuje kilka tryb\u00f3w \u015bwiecenia do wyboru i zosta\u0142a wyposa\u017cona w wy\u015bwietlacz OLED, kt\u00f3ry znacznie u\u0142atwia jej obs\u0142ug\u0119. Otwory gwintowane 1\/4&#8243; umo\u017cliwiaj\u0105 monta\u017c akcesorium na przyk\u0142ad na statywie, a wytrzyma\u0142y akumulator zapewnia czas pracy do 90 minut. Produkt jest te\u017c wodoodporny na poziomie IPX8. W sk\u0142ad zestawu wchodzi r\u00f3wnie\u017c niewielki pilot, kt\u00f3ry pozwala wygodnie obs\u0142ugiwa\u0107 lamp\u0119 na odleg\u0142o\u015b\u0107.<\/p>\n<p><img decoding=\"async\" src=\"https:\/\/b2b.innpro.pl\/data\/include\/cms\/02Puluz\/PU3550R\/5.jpg?v=1646127393363\"><\/p>\n<h3>5 tryb\u00f3w pracy &#8211; wiele mo\u017cliwo\u015bci<\/h3>\n<p>Dostosuj o\u015bwietlenie do swoich oczekiwa\u0144 i wykonaj perfekcyjne uj\u0119cie. Lampa r\u0119czna Puluz PU3550R pozwala wybiera\u0107 spo\u015br\u00f3d wielu tryb\u00f3w i ustawie\u0144. Tryb M1 zapewnia kilka efekt\u00f3w \u015bwietlnych dopasowanych do r\u00f3\u017cnych okazji, a M2 oferuje 7-kolorowe efekty RGB. M3 umo\u017cliwia mieszanie barw RGB, a M4 daje jeszcze wi\u0119cej efekt\u00f3w \u015bwietlnych, kt\u00f3re u\u0142atwi\u0105 symulowanie wybranych scenariuszy. Tryb M5 pozwala regulowa\u0107 temperatur\u0119 barwow\u0105 w zakresie 3000-6000K.<\/p>\n<p><img decoding=\"async\" src=\"https:\/\/b2b.innpro.pl\/data\/include\/cms\/02Puluz\/PU3550R\/4.jpg?v=1646127393363\"><\/p>\n<h3>Prosta obs\u0142uga<\/h3>\n<p>Lampa PU3550R jest niezwykle przyjazna u\u017cytkownikom. Zosta\u0142a wyposa\u017cona w 5 przycisk\u00f3w ze stali nierdzewnej, kt\u00f3re zapewniaj\u0105 prosty dost\u0119p do jej funkcji. Za ich pomoc\u0105 mo\u017cesz na przyk\u0142ad nie tylko w\u0142\u0105czy\u0107 lub wy\u0142\u0105czy\u0107 urz\u0105dzenie, ale te\u017c zmieni\u0107 tryb pracy. Produkt ma tak\u017ce wbudowany ekran OLED, na kt\u00f3rym wy\u015bwietlane s\u0105 najwa\u017cniejsze informacje. Dzi\u0119ki niemu mo\u017cna mi\u0119dzy innymi sprawdzi\u0107 poziom na\u0142adowania akumulatora lub wybrany tryb.<\/p>\n<p><img decoding=\"async\" src=\"https:\/\/b2b.innpro.pl\/data\/include\/cms\/02Puluz\/PU3550R\/7.jpg?v=1646127393363\"><\/p>\n<h3>D\u0142ugi czas pracy<\/h3>\n<p>Nie obawiaj si\u0119, \u017ce lampa roz\u0142aduje si\u0119 zbyt szybko i konieczna b\u0119dzie niepo\u017c\u0105dana przerwa na \u0142adowanie. Urz\u0105dzenie zosta\u0142o wyposa\u017cone w wytrzyma\u0142y akumulator o pojemno\u015bci 2000 mAh, dzi\u0119ki kt\u00f3remu w pe\u0142ni na\u0142adowane mo\u017ce pracowa\u0107 do 90 minut. Jego wygodne \u0142adowanie umo\u017cliwia port USB-C, kt\u00f3ry jest dodatkowo chroniony przed kurzem i innymi zanieczyszczeniami za pomoc\u0105 specjalnej os\u0142ony.<\/p>\n<p><img decoding=\"async\" src=\"https:\/\/b2b.innpro.pl\/data\/include\/cms\/02Puluz\/PU3550R\/3.jpg?v=1646127393363\"><\/p>\n<h3>Wodoodporna i wytrzyma\u0142a<\/h3>\n<p>Teraz mo\u017cesz tworzy\u0107 zachwycaj\u0105ce uj\u0119cia r\u00f3wnie\u017c pod wod\u0105 lub w deszczu. Lampa PU3550R charakteryzuje si\u0119 wodoodporno\u015bci\u0105 IPX8, co oznacza, \u017ce mo\u017cna bezpiecznie zanurzy\u0107 j\u0105 na g\u0142\u0119boko\u015b\u0107 do 30 m. Urz\u0105dzenie jest te\u017c wyj\u0105tkowo wytrzyma\u0142e. Zosta\u0142o wykonane z trwa\u0142ych materia\u0142\u00f3w takich jak ABS, dzi\u0119ki czemu wyr\u00f3\u017cnia si\u0119 odporno\u015bci\u0105 na uszkodzenia. Wszystko to sprawia, \u017ce doskonale nadaje si\u0119 do stosowania zar\u00f3wno w studiu, jak i w plenerze.<\/p>\n<p><img decoding=\"async\" src=\"https:\/\/b2b.innpro.pl\/data\/include\/cms\/02Puluz\/PU3550R\/2.jpg?v=1646127393363\"><\/p>\n<h3>Pilot zdalnego sterowania w zestawie<\/h3>\n<p>W zestawie znajdziesz niewielkiego pilota, za pomoc\u0105 kt\u00f3rego mo\u017cesz wygodnie obs\u0142ugiwa\u0107 lamp\u0119 zdalnie. Umo\u017cliwia on mi\u0119dzy innymi zmian\u0119 tryb\u00f3w i kolor\u00f3w RGB. Co wi\u0119cej, otwory gwintowane 1\/4&#8243; pozwalaj\u0105 bez problemu zamontowa\u0107 produkt na statywie. Wszystko to daje Ci mn\u00f3stwo dodatkowych mo\u017cliwo\u015bci. Ustaw lamp\u0119 na tripodzie, daj j\u0105 modelce lub umie\u015b\u0107 pod wod\u0105. Nie musisz za ka\u017cdym razem podchodzi\u0107 do urz\u0105dzenia i naciska\u0107 przycisk\u00f3w &#8211; wystarczy kilka klikni\u0119\u0107 na pilocie!<\/p>\n<p><img decoding=\"async\" src=\"https:\/\/b2b.innpro.pl\/data\/include\/cms\/02Puluz\/PU3550R\/1.jpg?v=1646127393363\"><\/p>\n<div class=\"table-wrapper\">\n<table>\n<tbody>\n<tr>\n<th>Producent<\/th>\n<td>Puluz<\/td>\n<\/tr>\n<tr>\n<th>Model<\/th>\n<td>PU3550R<\/td>\n<\/tr>\n<tr>\n<th>Tryby \u015bwiecenia<\/th>\n<td>M1 \/ M2 \/ M3 \/ M4 \/ M5<\/td>\n<\/tr>\n<tr>\n<th>Jasno\u015b\u0107<\/th>\n<td>2000 lm<\/td>\n<\/tr>\n<tr>\n<th>Liczba koralik\u00f3w LED<\/th>\n<td>114 (\u015bwiat\u0142o bia\u0142e + \u015bwiat\u0142o \u017c\u00f3\u0142te + \u015bwiat\u0142o RGB)<\/td>\n<\/tr>\n<tr>\n<th>K\u0105t rozsy\u0142u \u015bwiat\u0142a<\/th>\n<td>180\u00b0<\/td>\n<\/tr>\n<tr>\n<th>Temperatura barwowa<\/th>\n<td>3000-6000 K<\/td>\n<\/tr>\n<tr>\n<th>Wodoodporno\u015b\u0107<\/th>\n<td>IPX8 (zanurzenie do 30 m)<\/td>\n<\/tr>\n<tr>\n<th>Akumulator<\/th>\n<td>Litowy 18650, 3,7 V<\/td>\n<\/tr>\n<tr>\n<th>Pojemno\u015b\u0107 akumulatora<\/th>\n<td>2000 mAh<\/td>\n<\/tr>\n<tr>\n<th>Port \u0142adowania<\/th>\n<td>USB-C<\/td>\n<\/tr>\n<tr>\n<th>Wej\u015bcie<\/th>\n<td>DC 5 V<\/td>\n<\/tr>\n<tr>\n<th>Czas pracy<\/th>\n<td>Do 90 minut<\/td>\n<\/tr>\n<tr>\n<th>Materia\u0142<\/th>\n<td>AbS + PC<\/td>\n<\/tr>\n<tr>\n<th>Wymiary<\/th>\n<td>50,5 x 4,2 cm<\/td>\n<\/tr>\n<tr>\n<th>Waga<\/th>\n<td>263,4 g<\/td>\n<\/tr>\n<\/tbody>\n<\/table>\n<\/div>\n","protected":false},"excerpt":{"rendered":"<p>Wodoodporna r\u0119czna lampa fotograficzna z pilotem Puluz PU3550R U\u0142atw sobie tworzenie fantastycznych zdj\u0119\u0107. R\u0119czna lampa fotograficzna marki Puluz oferuje kilka<\/p>\n","protected":false},"featured_media":56099,"comment_status":"closed","ping_status":"open","template":"","meta":{"_acf_changed":false},"product_brand":[],"product_cat":[1128,6186,6182],"product_tag":[],"class_list":{"0":"post-56098","1":"product","2":"type-product","3":"status-publish","4":"has-post-thumbnail","6":"product_cat-foto-wideo","7":"product_cat-lampy","8":"product_cat-studio-fotograficzne","9":"pa_okres-gwarancji-5754","10":"pa_producent-puluz","12":"first","13":"outofstock","14":"taxable","15":"shipping-taxable","16":"purchasable","17":"product-type-simple"},"acf":[],"yoast_head":"<!-- This site is optimized with the Yoast SEO plugin v27.2 - https:\/\/yoast.com\/product\/yoast-seo-wordpress\/ -->\n<title>Lampa fotograficzna PULUZ PU3550R 60W IPX8 - IRONSKY.PL Sklep z Dronami<\/title>\n<meta name=\"description\" content=\"Lampa fotograficzna PULUZ PU3550R 60W IPX8 - \u2705 sklep z dronami i fachowym doradztwem. \u2705 Tutaj kupisz produkty DJI, Yuneec, Parrot, Syma i wiele innych, a tak\u017ce kursy i licencje na operatora drona.\" \/>\n<meta name=\"robots\" content=\"index, follow, max-snippet:-1, max-image-preview:large, max-video-preview:-1\" \/>\n<link rel=\"canonical\" href=\"https:\/\/ironsky.pl\/sklep\/produkt\/lampa-fotograficzna-puluz-pu3550r-60w-ipx8\/\" \/>\n<meta property=\"og:locale\" content=\"pl_PL\" \/>\n<meta property=\"og:type\" content=\"article\" \/>\n<meta property=\"og:title\" content=\"Lampa fotograficzna PULUZ PU3550R 60W IPX8 - IRONSKY.PL Sklep z Dronami\" \/>\n<meta property=\"og:description\" content=\"Lampa fotograficzna PULUZ PU3550R 60W IPX8 - \u2705 sklep z dronami i fachowym doradztwem. \u2705 Tutaj kupisz produkty DJI, Yuneec, Parrot, Syma i wiele innych, a tak\u017ce kursy i licencje na operatora drona.\" \/>\n<meta property=\"og:url\" content=\"https:\/\/ironsky.pl\/sklep\/produkt\/lampa-fotograficzna-puluz-pu3550r-60w-ipx8\/\" \/>\n<meta property=\"og:site_name\" content=\"IRONSKY.PL Sklep z Dronami\" \/>\n<meta property=\"article:modified_time\" content=\"2026-04-15T08:11:28+00:00\" \/>\n<meta property=\"og:image\" content=\"https:\/\/ironsky.pl\/sklep\/wp-content\/uploads\/2026\/04\/23461_1.jpg\" \/>\n\t<meta property=\"og:image:width\" content=\"800\" \/>\n\t<meta property=\"og:image:height\" content=\"800\" \/>\n\t<meta property=\"og:image:type\" content=\"image\/jpeg\" \/>\n<meta name=\"twitter:card\" content=\"summary_large_image\" \/>\n<meta name=\"twitter:label1\" content=\"Szacowany czas czytania\" \/>\n\t<meta name=\"twitter:data1\" content=\"3 minuty\" \/>\n<script type=\"application\/ld+json\" class=\"yoast-schema-graph\">{\"@context\":\"https:\/\/schema.org\",\"@graph\":[{\"@type\":\"WebPage\",\"@id\":\"https:\/\/ironsky.pl\/sklep\/produkt\/lampa-fotograficzna-puluz-pu3550r-60w-ipx8\/\",\"url\":\"https:\/\/ironsky.pl\/sklep\/produkt\/lampa-fotograficzna-puluz-pu3550r-60w-ipx8\/\",\"name\":\"Lampa fotograficzna PULUZ PU3550R 60W IPX8 - IRONSKY.PL Sklep z Dronami\",\"isPartOf\":{\"@id\":\"https:\/\/ironsky.pl\/sklep\/#website\"},\"primaryImageOfPage\":{\"@id\":\"https:\/\/ironsky.pl\/sklep\/produkt\/lampa-fotograficzna-puluz-pu3550r-60w-ipx8\/#primaryimage\"},\"image\":{\"@id\":\"https:\/\/ironsky.pl\/sklep\/produkt\/lampa-fotograficzna-puluz-pu3550r-60w-ipx8\/#primaryimage\"},\"thumbnailUrl\":\"https:\/\/ironsky.pl\/sklep\/wp-content\/uploads\/2026\/04\/23461_1.jpg\",\"datePublished\":\"2026-04-15T08:11:25+00:00\",\"dateModified\":\"2026-04-15T08:11:28+00:00\",\"description\":\"Lampa fotograficzna PULUZ PU3550R 60W IPX8 - \u2705 sklep z dronami i fachowym doradztwem. \u2705 Tutaj kupisz produkty DJI, Yuneec, Parrot, Syma i wiele innych, a tak\u017ce kursy i licencje na operatora drona.\",\"breadcrumb\":{\"@id\":\"https:\/\/ironsky.pl\/sklep\/produkt\/lampa-fotograficzna-puluz-pu3550r-60w-ipx8\/#breadcrumb\"},\"inLanguage\":\"pl-PL\",\"potentialAction\":[{\"@type\":\"ReadAction\",\"target\":[\"https:\/\/ironsky.pl\/sklep\/produkt\/lampa-fotograficzna-puluz-pu3550r-60w-ipx8\/\"]}]},{\"@type\":\"ImageObject\",\"inLanguage\":\"pl-PL\",\"@id\":\"https:\/\/ironsky.pl\/sklep\/produkt\/lampa-fotograficzna-puluz-pu3550r-60w-ipx8\/#primaryimage\",\"url\":\"https:\/\/ironsky.pl\/sklep\/wp-content\/uploads\/2026\/04\/23461_1.jpg\",\"contentUrl\":\"https:\/\/ironsky.pl\/sklep\/wp-content\/uploads\/2026\/04\/23461_1.jpg\",\"width\":800,\"height\":800},{\"@type\":\"BreadcrumbList\",\"@id\":\"https:\/\/ironsky.pl\/sklep\/produkt\/lampa-fotograficzna-puluz-pu3550r-60w-ipx8\/#breadcrumb\",\"itemListElement\":[{\"@type\":\"ListItem\",\"position\":1,\"name\":\"Strona g\u0142\u00f3wna\",\"item\":\"https:\/\/ironsky.pl\/sklep\/\"},{\"@type\":\"ListItem\",\"position\":2,\"name\":\"Wszystkie produkty\",\"item\":\"https:\/\/ironsky.pl\/sklep\/produkty\/\"},{\"@type\":\"ListItem\",\"position\":3,\"name\":\"Lampa fotograficzna PULUZ PU3550R 60W IPX8\"}]},{\"@type\":\"WebSite\",\"@id\":\"https:\/\/ironsky.pl\/sklep\/#website\",\"url\":\"https:\/\/ironsky.pl\/sklep\/\",\"name\":\"IRONSKY.PL Sklep z Dronami\",\"description\":\"IRONSKY.PL Sklep z Dronami\",\"potentialAction\":[{\"@type\":\"SearchAction\",\"target\":{\"@type\":\"EntryPoint\",\"urlTemplate\":\"https:\/\/ironsky.pl\/sklep\/?s={search_term_string}\"},\"query-input\":{\"@type\":\"PropertyValueSpecification\",\"valueRequired\":true,\"valueName\":\"search_term_string\"}}],\"inLanguage\":\"pl-PL\"}]}<\/script>\n<!-- \/ Yoast SEO plugin. -->","yoast_head_json":{"title":"Lampa fotograficzna PULUZ PU3550R 60W IPX8 - IRONSKY.PL Sklep z Dronami","description":"Lampa fotograficzna PULUZ PU3550R 60W IPX8 - \u2705 sklep z dronami i fachowym doradztwem. \u2705 Tutaj kupisz produkty DJI, Yuneec, Parrot, Syma i wiele innych, a tak\u017ce kursy i licencje na operatora drona.","robots":{"index":"index","follow":"follow","max-snippet":"max-snippet:-1","max-image-preview":"max-image-preview:large","max-video-preview":"max-video-preview:-1"},"canonical":"https:\/\/ironsky.pl\/sklep\/produkt\/lampa-fotograficzna-puluz-pu3550r-60w-ipx8\/","og_locale":"pl_PL","og_type":"article","og_title":"Lampa fotograficzna PULUZ PU3550R 60W IPX8 - IRONSKY.PL Sklep z Dronami","og_description":"Lampa fotograficzna PULUZ PU3550R 60W IPX8 - \u2705 sklep z dronami i fachowym doradztwem. \u2705 Tutaj kupisz produkty DJI, Yuneec, Parrot, Syma i wiele innych, a tak\u017ce kursy i licencje na operatora drona.","og_url":"https:\/\/ironsky.pl\/sklep\/produkt\/lampa-fotograficzna-puluz-pu3550r-60w-ipx8\/","og_site_name":"IRONSKY.PL Sklep z Dronami","article_modified_time":"2026-04-15T08:11:28+00:00","og_image":[{"width":800,"height":800,"url":"https:\/\/ironsky.pl\/sklep\/wp-content\/uploads\/2026\/04\/23461_1.jpg","type":"image\/jpeg"}],"twitter_card":"summary_large_image","twitter_misc":{"Szacowany czas czytania":"3 minuty"},"schema":{"@context":"https:\/\/schema.org","@graph":[{"@type":"WebPage","@id":"https:\/\/ironsky.pl\/sklep\/produkt\/lampa-fotograficzna-puluz-pu3550r-60w-ipx8\/","url":"https:\/\/ironsky.pl\/sklep\/produkt\/lampa-fotograficzna-puluz-pu3550r-60w-ipx8\/","name":"Lampa fotograficzna PULUZ PU3550R 60W IPX8 - IRONSKY.PL Sklep z Dronami","isPartOf":{"@id":"https:\/\/ironsky.pl\/sklep\/#website"},"primaryImageOfPage":{"@id":"https:\/\/ironsky.pl\/sklep\/produkt\/lampa-fotograficzna-puluz-pu3550r-60w-ipx8\/#primaryimage"},"image":{"@id":"https:\/\/ironsky.pl\/sklep\/produkt\/lampa-fotograficzna-puluz-pu3550r-60w-ipx8\/#primaryimage"},"thumbnailUrl":"https:\/\/ironsky.pl\/sklep\/wp-content\/uploads\/2026\/04\/23461_1.jpg","datePublished":"2026-04-15T08:11:25+00:00","dateModified":"2026-04-15T08:11:28+00:00","description":"Lampa fotograficzna PULUZ PU3550R 60W IPX8 - \u2705 sklep z dronami i fachowym doradztwem. \u2705 Tutaj kupisz produkty DJI, Yuneec, Parrot, Syma i wiele innych, a tak\u017ce kursy i licencje na operatora drona.","breadcrumb":{"@id":"https:\/\/ironsky.pl\/sklep\/produkt\/lampa-fotograficzna-puluz-pu3550r-60w-ipx8\/#breadcrumb"},"inLanguage":"pl-PL","potentialAction":[{"@type":"ReadAction","target":["https:\/\/ironsky.pl\/sklep\/produkt\/lampa-fotograficzna-puluz-pu3550r-60w-ipx8\/"]}]},{"@type":"ImageObject","inLanguage":"pl-PL","@id":"https:\/\/ironsky.pl\/sklep\/produkt\/lampa-fotograficzna-puluz-pu3550r-60w-ipx8\/#primaryimage","url":"https:\/\/ironsky.pl\/sklep\/wp-content\/uploads\/2026\/04\/23461_1.jpg","contentUrl":"https:\/\/ironsky.pl\/sklep\/wp-content\/uploads\/2026\/04\/23461_1.jpg","width":800,"height":800},{"@type":"BreadcrumbList","@id":"https:\/\/ironsky.pl\/sklep\/produkt\/lampa-fotograficzna-puluz-pu3550r-60w-ipx8\/#breadcrumb","itemListElement":[{"@type":"ListItem","position":1,"name":"Strona g\u0142\u00f3wna","item":"https:\/\/ironsky.pl\/sklep\/"},{"@type":"ListItem","position":2,"name":"Wszystkie produkty","item":"https:\/\/ironsky.pl\/sklep\/produkty\/"},{"@type":"ListItem","position":3,"name":"Lampa fotograficzna PULUZ PU3550R 60W IPX8"}]},{"@type":"WebSite","@id":"https:\/\/ironsky.pl\/sklep\/#website","url":"https:\/\/ironsky.pl\/sklep\/","name":"IRONSKY.PL Sklep z Dronami","description":"IRONSKY.PL Sklep z Dronami","potentialAction":[{"@type":"SearchAction","target":{"@type":"EntryPoint","urlTemplate":"https:\/\/ironsky.pl\/sklep\/?s={search_term_string}"},"query-input":{"@type":"PropertyValueSpecification","valueRequired":true,"valueName":"search_term_string"}}],"inLanguage":"pl-PL"}]}},"_links":{"self":[{"href":"https:\/\/ironsky.pl\/sklep\/wp-json\/wp\/v2\/product\/56098","targetHints":{"allow":["GET"]}}],"collection":[{"href":"https:\/\/ironsky.pl\/sklep\/wp-json\/wp\/v2\/product"}],"about":[{"href":"https:\/\/ironsky.pl\/sklep\/wp-json\/wp\/v2\/types\/product"}],"replies":[{"embeddable":true,"href":"https:\/\/ironsky.pl\/sklep\/wp-json\/wp\/v2\/comments?post=56098"}],"wp:featuredmedia":[{"embeddable":true,"href":"https:\/\/ironsky.pl\/sklep\/wp-json\/wp\/v2\/media\/56099"}],"wp:attachment":[{"href":"https:\/\/ironsky.pl\/sklep\/wp-json\/wp\/v2\/media?parent=56098"}],"wp:term":[{"taxonomy":"product_brand","embeddable":true,"href":"https:\/\/ironsky.pl\/sklep\/wp-json\/wp\/v2\/product_brand?post=56098"},{"taxonomy":"product_cat","embeddable":true,"href":"https:\/\/ironsky.pl\/sklep\/wp-json\/wp\/v2\/product_cat?post=56098"},{"taxonomy":"product_tag","embeddable":true,"href":"https:\/\/ironsky.pl\/sklep\/wp-json\/wp\/v2\/product_tag?post=56098"}],"curies":[{"name":"wp","href":"https:\/\/api.w.org\/{rel}","templated":true}]}}