{"id":56032,"date":"2026-04-15T10:10:40","date_gmt":"2026-04-15T08:10:40","guid":{"rendered":"https:\/\/ironsky.pl\/sklep\/produkt\/mata-ladowisko-pgytech-pro-50cm\/"},"modified":"2026-04-15T10:10:49","modified_gmt":"2026-04-15T08:10:49","slug":"mata-ladowisko-pgytech-pro-50cm","status":"publish","type":"product","link":"https:\/\/ironsky.pl\/sklep\/produkt\/mata-ladowisko-pgytech-pro-50cm\/","title":{"rendered":"Mata l\u0105dowisko PGYTECH Pro 50cm"},"content":{"rendered":"<h3>Mata l\u0105dowisko PGYTECH Pro do dron\u00f3w 50cm (P-GM-143)<\/h3>\n<p>Mata l\u0105dowisko to doskona\u0142e akcesorium dla entuzjast\u00f3w dron\u00f3w, kt\u00f3rzy szukaj\u0105 bezpiecznego i wygodnego miejsca do l\u0105dowania swoich urz\u0105dze\u0144. Wykonana z wysokiej jako\u015bci materia\u0142u PU, o wymiarach 50 x 50 cm, zapewnia stabiln\u0105 i widoczn\u0105 powierzchni\u0119 do l\u0105dowania. Wodoodporne i odporne na promienie UV w\u0142a\u015bciwo\u015bci maty gwarantuj\u0105 jej trwa\u0142o\u015b\u0107 i ochron\u0119 przed negatywnymi warunkami atmosferycznymi. Dwustronna konstrukcja pozwala na elastyczne korzystanie z maty, a jej \u0142atwe sk\u0142adanie sprawia, \u017ce jest przeno\u015bna i nie zajmuje du\u017co miejsca.<\/p>\n<p><img decoding=\"async\" src=\"https:\/\/b2b.innpro.pl\/data\/include\/cms\/PGYTECH\/P-GM-143\/1.jpg\" alt=\"PGYTECH\/P-GM-143\/1\"><\/p>\n<h3>Bezpieczne l\u0105dowanie w wietrzne dni<\/h3>\n<p>Dodatkowo, mata PGYTECH Pro wyposa\u017cona jest w 4 dziurki na rogach, kt\u00f3re pozwalaj\u0105 na mocowanie jej do pod\u0142o\u017ca, zapewniaj\u0105c stabilno\u015b\u0107 nawet podczas wietrznej pogody. Wa\u017c\u0105c jedynie 353 g, mata jest lekka i \u0142atwa do przenoszenia, co czyni j\u0105 idealnym dodatkiem do Twojego zestawu dronowego.<\/p>\n<p><img decoding=\"async\" src=\"https:\/\/b2b.innpro.pl\/data\/include\/cms\/PGYTECH\/P-GM-143\/2.jpg\" alt=\"PGYTECH\/P-GM-143\/2\"><\/p>\n<div class=\"table-wrapper\">\n<table>\n<tbody>\n<tr>\n<th>Producent<\/th>\n<td>PGY Tech<\/td>\n<\/tr>\n<tr>\n<th>Nazwa<\/th>\n<td>Mata l\u0105dowisko PGYTECH Pro do dron\u00f3w<\/td>\n<\/tr>\n<tr>\n<th>Model<\/th>\n<td>P-GM-143<\/td>\n<\/tr>\n<tr>\n<th>Materia\u0142<\/th>\n<td>PU<\/td>\n<\/tr>\n<tr>\n<th>Wymiary<\/th>\n<td>50 x 50 cm<\/td>\n<\/tr>\n<tr>\n<th>Waga<\/th>\n<td>353 g<\/td>\n<\/tr>\n<\/tbody>\n<\/table>\n<\/div>\n","protected":false},"excerpt":{"rendered":"<p>Mata l\u0105dowisko PGYTECH Pro do dron\u00f3w 50cm (P-GM-143) Mata l\u0105dowisko to doskona\u0142e akcesorium dla entuzjast\u00f3w dron\u00f3w, kt\u00f3rzy szukaj\u0105 bezpiecznego i<\/p>\n","protected":false},"featured_media":56033,"comment_status":"closed","ping_status":"open","template":"","meta":{"_acf_changed":false},"product_brand":[],"product_cat":[6167,1088,6168],"product_tag":[],"class_list":{"0":"post-56032","1":"product","2":"type-product","3":"status-publish","4":"has-post-thumbnail","6":"product_cat-akcesoria-do-dronow","7":"product_cat-drony","8":"product_cat-ladowiska","9":"pa_okres-gwarancji-5754","10":"pa_producent-pgytech","12":"first","13":"instock","14":"taxable","15":"shipping-taxable","16":"purchasable","17":"product-type-simple"},"acf":[],"yoast_head":"<!-- This site is optimized with the Yoast SEO plugin v27.2 - https:\/\/yoast.com\/product\/yoast-seo-wordpress\/ -->\n<title>Mata l\u0105dowisko PGYTECH Pro 50cm - IRONSKY.PL Sklep z Dronami<\/title>\n<meta name=\"description\" content=\"Mata l\u0105dowisko PGYTECH Pro 50cm - \u2705 sklep z dronami i fachowym doradztwem. \u2705 Tutaj kupisz produkty DJI, Yuneec, Parrot, Syma i wiele innych, a tak\u017ce kursy i licencje na operatora drona.\" \/>\n<meta name=\"robots\" content=\"index, follow, max-snippet:-1, max-image-preview:large, max-video-preview:-1\" \/>\n<link rel=\"canonical\" href=\"https:\/\/ironsky.pl\/sklep\/produkt\/mata-ladowisko-pgytech-pro-50cm\/\" \/>\n<meta property=\"og:locale\" content=\"pl_PL\" \/>\n<meta property=\"og:type\" content=\"article\" \/>\n<meta property=\"og:title\" content=\"Mata l\u0105dowisko PGYTECH Pro 50cm - IRONSKY.PL Sklep z Dronami\" \/>\n<meta property=\"og:description\" content=\"Mata l\u0105dowisko PGYTECH Pro 50cm - \u2705 sklep z dronami i fachowym doradztwem. \u2705 Tutaj kupisz produkty DJI, Yuneec, Parrot, Syma i wiele innych, a tak\u017ce kursy i licencje na operatora drona.\" \/>\n<meta property=\"og:url\" content=\"https:\/\/ironsky.pl\/sklep\/produkt\/mata-ladowisko-pgytech-pro-50cm\/\" \/>\n<meta property=\"og:site_name\" content=\"IRONSKY.PL Sklep z Dronami\" \/>\n<meta property=\"article:modified_time\" content=\"2026-04-15T08:10:49+00:00\" \/>\n<meta property=\"og:image\" content=\"https:\/\/ironsky.pl\/sklep\/wp-content\/uploads\/2026\/04\/23287_1.jpg\" \/>\n\t<meta property=\"og:image:width\" content=\"800\" \/>\n\t<meta property=\"og:image:height\" content=\"799\" \/>\n\t<meta property=\"og:image:type\" content=\"image\/jpeg\" \/>\n<meta name=\"twitter:card\" content=\"summary_large_image\" \/>\n<meta name=\"twitter:label1\" content=\"Szacowany czas czytania\" \/>\n\t<meta name=\"twitter:data1\" content=\"1 minuta\" \/>\n<script type=\"application\/ld+json\" class=\"yoast-schema-graph\">{\"@context\":\"https:\/\/schema.org\",\"@graph\":[{\"@type\":\"WebPage\",\"@id\":\"https:\/\/ironsky.pl\/sklep\/produkt\/mata-ladowisko-pgytech-pro-50cm\/\",\"url\":\"https:\/\/ironsky.pl\/sklep\/produkt\/mata-ladowisko-pgytech-pro-50cm\/\",\"name\":\"Mata l\u0105dowisko PGYTECH Pro 50cm - IRONSKY.PL Sklep z Dronami\",\"isPartOf\":{\"@id\":\"https:\/\/ironsky.pl\/sklep\/#website\"},\"primaryImageOfPage\":{\"@id\":\"https:\/\/ironsky.pl\/sklep\/produkt\/mata-ladowisko-pgytech-pro-50cm\/#primaryimage\"},\"image\":{\"@id\":\"https:\/\/ironsky.pl\/sklep\/produkt\/mata-ladowisko-pgytech-pro-50cm\/#primaryimage\"},\"thumbnailUrl\":\"https:\/\/ironsky.pl\/sklep\/wp-content\/uploads\/2026\/04\/23287_1.jpg\",\"datePublished\":\"2026-04-15T08:10:40+00:00\",\"dateModified\":\"2026-04-15T08:10:49+00:00\",\"description\":\"Mata l\u0105dowisko PGYTECH Pro 50cm - \u2705 sklep z dronami i fachowym doradztwem. \u2705 Tutaj kupisz produkty DJI, Yuneec, Parrot, Syma i wiele innych, a tak\u017ce kursy i licencje na operatora drona.\",\"breadcrumb\":{\"@id\":\"https:\/\/ironsky.pl\/sklep\/produkt\/mata-ladowisko-pgytech-pro-50cm\/#breadcrumb\"},\"inLanguage\":\"pl-PL\",\"potentialAction\":[{\"@type\":\"ReadAction\",\"target\":[\"https:\/\/ironsky.pl\/sklep\/produkt\/mata-ladowisko-pgytech-pro-50cm\/\"]}]},{\"@type\":\"ImageObject\",\"inLanguage\":\"pl-PL\",\"@id\":\"https:\/\/ironsky.pl\/sklep\/produkt\/mata-ladowisko-pgytech-pro-50cm\/#primaryimage\",\"url\":\"https:\/\/ironsky.pl\/sklep\/wp-content\/uploads\/2026\/04\/23287_1.jpg\",\"contentUrl\":\"https:\/\/ironsky.pl\/sklep\/wp-content\/uploads\/2026\/04\/23287_1.jpg\",\"width\":800,\"height\":799},{\"@type\":\"BreadcrumbList\",\"@id\":\"https:\/\/ironsky.pl\/sklep\/produkt\/mata-ladowisko-pgytech-pro-50cm\/#breadcrumb\",\"itemListElement\":[{\"@type\":\"ListItem\",\"position\":1,\"name\":\"Strona g\u0142\u00f3wna\",\"item\":\"https:\/\/ironsky.pl\/sklep\/\"},{\"@type\":\"ListItem\",\"position\":2,\"name\":\"Wszystkie produkty\",\"item\":\"https:\/\/ironsky.pl\/sklep\/produkty\/\"},{\"@type\":\"ListItem\",\"position\":3,\"name\":\"Mata l\u0105dowisko PGYTECH Pro 50cm\"}]},{\"@type\":\"WebSite\",\"@id\":\"https:\/\/ironsky.pl\/sklep\/#website\",\"url\":\"https:\/\/ironsky.pl\/sklep\/\",\"name\":\"IRONSKY.PL Sklep z Dronami\",\"description\":\"IRONSKY.PL Sklep z Dronami\",\"potentialAction\":[{\"@type\":\"SearchAction\",\"target\":{\"@type\":\"EntryPoint\",\"urlTemplate\":\"https:\/\/ironsky.pl\/sklep\/?s={search_term_string}\"},\"query-input\":{\"@type\":\"PropertyValueSpecification\",\"valueRequired\":true,\"valueName\":\"search_term_string\"}}],\"inLanguage\":\"pl-PL\"}]}<\/script>\n<!-- \/ Yoast SEO plugin. -->","yoast_head_json":{"title":"Mata l\u0105dowisko PGYTECH Pro 50cm - IRONSKY.PL Sklep z Dronami","description":"Mata l\u0105dowisko PGYTECH Pro 50cm - \u2705 sklep z dronami i fachowym doradztwem. \u2705 Tutaj kupisz produkty DJI, Yuneec, Parrot, Syma i wiele innych, a tak\u017ce kursy i licencje na operatora drona.","robots":{"index":"index","follow":"follow","max-snippet":"max-snippet:-1","max-image-preview":"max-image-preview:large","max-video-preview":"max-video-preview:-1"},"canonical":"https:\/\/ironsky.pl\/sklep\/produkt\/mata-ladowisko-pgytech-pro-50cm\/","og_locale":"pl_PL","og_type":"article","og_title":"Mata l\u0105dowisko PGYTECH Pro 50cm - IRONSKY.PL Sklep z Dronami","og_description":"Mata l\u0105dowisko PGYTECH Pro 50cm - \u2705 sklep z dronami i fachowym doradztwem. \u2705 Tutaj kupisz produkty DJI, Yuneec, Parrot, Syma i wiele innych, a tak\u017ce kursy i licencje na operatora drona.","og_url":"https:\/\/ironsky.pl\/sklep\/produkt\/mata-ladowisko-pgytech-pro-50cm\/","og_site_name":"IRONSKY.PL Sklep z Dronami","article_modified_time":"2026-04-15T08:10:49+00:00","og_image":[{"width":800,"height":799,"url":"https:\/\/ironsky.pl\/sklep\/wp-content\/uploads\/2026\/04\/23287_1.jpg","type":"image\/jpeg"}],"twitter_card":"summary_large_image","twitter_misc":{"Szacowany czas czytania":"1 minuta"},"schema":{"@context":"https:\/\/schema.org","@graph":[{"@type":"WebPage","@id":"https:\/\/ironsky.pl\/sklep\/produkt\/mata-ladowisko-pgytech-pro-50cm\/","url":"https:\/\/ironsky.pl\/sklep\/produkt\/mata-ladowisko-pgytech-pro-50cm\/","name":"Mata l\u0105dowisko PGYTECH Pro 50cm - IRONSKY.PL Sklep z Dronami","isPartOf":{"@id":"https:\/\/ironsky.pl\/sklep\/#website"},"primaryImageOfPage":{"@id":"https:\/\/ironsky.pl\/sklep\/produkt\/mata-ladowisko-pgytech-pro-50cm\/#primaryimage"},"image":{"@id":"https:\/\/ironsky.pl\/sklep\/produkt\/mata-ladowisko-pgytech-pro-50cm\/#primaryimage"},"thumbnailUrl":"https:\/\/ironsky.pl\/sklep\/wp-content\/uploads\/2026\/04\/23287_1.jpg","datePublished":"2026-04-15T08:10:40+00:00","dateModified":"2026-04-15T08:10:49+00:00","description":"Mata l\u0105dowisko PGYTECH Pro 50cm - \u2705 sklep z dronami i fachowym doradztwem. \u2705 Tutaj kupisz produkty DJI, Yuneec, Parrot, Syma i wiele innych, a tak\u017ce kursy i licencje na operatora drona.","breadcrumb":{"@id":"https:\/\/ironsky.pl\/sklep\/produkt\/mata-ladowisko-pgytech-pro-50cm\/#breadcrumb"},"inLanguage":"pl-PL","potentialAction":[{"@type":"ReadAction","target":["https:\/\/ironsky.pl\/sklep\/produkt\/mata-ladowisko-pgytech-pro-50cm\/"]}]},{"@type":"ImageObject","inLanguage":"pl-PL","@id":"https:\/\/ironsky.pl\/sklep\/produkt\/mata-ladowisko-pgytech-pro-50cm\/#primaryimage","url":"https:\/\/ironsky.pl\/sklep\/wp-content\/uploads\/2026\/04\/23287_1.jpg","contentUrl":"https:\/\/ironsky.pl\/sklep\/wp-content\/uploads\/2026\/04\/23287_1.jpg","width":800,"height":799},{"@type":"BreadcrumbList","@id":"https:\/\/ironsky.pl\/sklep\/produkt\/mata-ladowisko-pgytech-pro-50cm\/#breadcrumb","itemListElement":[{"@type":"ListItem","position":1,"name":"Strona g\u0142\u00f3wna","item":"https:\/\/ironsky.pl\/sklep\/"},{"@type":"ListItem","position":2,"name":"Wszystkie produkty","item":"https:\/\/ironsky.pl\/sklep\/produkty\/"},{"@type":"ListItem","position":3,"name":"Mata l\u0105dowisko PGYTECH Pro 50cm"}]},{"@type":"WebSite","@id":"https:\/\/ironsky.pl\/sklep\/#website","url":"https:\/\/ironsky.pl\/sklep\/","name":"IRONSKY.PL Sklep z Dronami","description":"IRONSKY.PL Sklep z Dronami","potentialAction":[{"@type":"SearchAction","target":{"@type":"EntryPoint","urlTemplate":"https:\/\/ironsky.pl\/sklep\/?s={search_term_string}"},"query-input":{"@type":"PropertyValueSpecification","valueRequired":true,"valueName":"search_term_string"}}],"inLanguage":"pl-PL"}]}},"_links":{"self":[{"href":"https:\/\/ironsky.pl\/sklep\/wp-json\/wp\/v2\/product\/56032","targetHints":{"allow":["GET"]}}],"collection":[{"href":"https:\/\/ironsky.pl\/sklep\/wp-json\/wp\/v2\/product"}],"about":[{"href":"https:\/\/ironsky.pl\/sklep\/wp-json\/wp\/v2\/types\/product"}],"replies":[{"embeddable":true,"href":"https:\/\/ironsky.pl\/sklep\/wp-json\/wp\/v2\/comments?post=56032"}],"wp:featuredmedia":[{"embeddable":true,"href":"https:\/\/ironsky.pl\/sklep\/wp-json\/wp\/v2\/media\/56033"}],"wp:attachment":[{"href":"https:\/\/ironsky.pl\/sklep\/wp-json\/wp\/v2\/media?parent=56032"}],"wp:term":[{"taxonomy":"product_brand","embeddable":true,"href":"https:\/\/ironsky.pl\/sklep\/wp-json\/wp\/v2\/product_brand?post=56032"},{"taxonomy":"product_cat","embeddable":true,"href":"https:\/\/ironsky.pl\/sklep\/wp-json\/wp\/v2\/product_cat?post=56032"},{"taxonomy":"product_tag","embeddable":true,"href":"https:\/\/ironsky.pl\/sklep\/wp-json\/wp\/v2\/product_tag?post=56032"}],"curies":[{"name":"wp","href":"https:\/\/api.w.org\/{rel}","templated":true}]}}