{"id":56028,"date":"2026-04-15T10:10:40","date_gmt":"2026-04-15T08:10:40","guid":{"rendered":"https:\/\/ironsky.pl\/sklep\/produkt\/latarka-superfire-r3-p90-2000lm-usb-2\/"},"modified":"2026-04-15T10:46:53","modified_gmt":"2026-04-15T08:46:53","slug":"latarka-superfire-r3-p90-2000lm-usb-2","status":"publish","type":"product","link":"https:\/\/ironsky.pl\/sklep\/produkt\/latarka-superfire-r3-p90-2000lm-usb-2\/","title":{"rendered":"Latarka SUPERFIRE R3 P90 2000lm USB"},"content":{"rendered":"<h3>Latarka Superfire R3 P90, 2000 lm, USB, 36 W, 5 tryb\u00f3w, 350 m<\/h3>\n<p>Zapewnij sobie niezawodne \u017ar\u00f3d\u0142o \u015bwiat\u0142a w ka\u017cdej sytuacji. Latarka Superfire R3 P90 \u015bwieci z moc\u0105 36 W i wykorzystuje ulepszone koraliki \u015bwietlne P90. Mo\u017ce pracowa\u0107 w 5 trybach, sprawdzi si\u0119 te\u017c w roli powerbanku. Jest wodoodporna na poziomie IP44 i gwarantuje efektywne odprowadzanie ciep\u0142a. Jej czas pracy wynosi do 3,5 godziny na jednym \u0142adowaniu.<\/p>\n<p>\n<img decoding=\"async\" src=\"https:\/\/assets.innpro.pl\/14037\/17526\/3.jpg\" border=\"0\" alt=\"Zbli\u017cenie na g\u0142owic\u0119 latarki Superfire R3 P90, kt\u00f3ra jest zanurzona w wodzie.\" \/>\n<\/p>\n<h3>Wysoka moc<\/h3>\n<p>Moc latarki wynosi 36 W, a jej zasi\u0119g \u015bwiecenia to nawet 350 m. Produkt zosta\u0142 wyposa\u017cony w udoskonalone koraliki \u015bwietlne P90, dzi\u0119ki kt\u00f3rym nie tylko \u015bwieci niezwykle jasno, ale te\u017c generuje mniej ciep\u0142a i mo\u017ce pracowa\u0107 d\u0142u\u017cej. Co wi\u0119cej, dzi\u0119ki starannie przemy\u015blanej konstrukcji latarka optymalnie o\u015bwietli niemal ka\u017cdy obszar &#8211; idealnie sprawdzi si\u0119 w domu, pod namiotem lub w trakcie g\u00f3rskiej wyprawy.<\/p>\n<p>\n<img decoding=\"async\" src=\"https:\/\/assets.innpro.pl\/14037\/17526\/5.jpg\" border=\"0\" alt=\"Latarka Superfire R3 P90 stoj\u0105ca na czarnej ska\u0142ce na granatowym tle.\" \/>\n<\/p>\n<h3>5 tryb\u00f3w \u015bwiecenia<\/h3>\n<p>Co jeszcze sprawia, \u017ce latarka R3 P90 doskonale nadaje si\u0119 do r\u00f3\u017cnych zastosowa\u0144? Urz\u0105dzenie pozwala wybiera\u0107 spo\u015br\u00f3d 5 tryb\u00f3w pracy. Mo\u017ce \u015bwieci\u0107 s\u0142abym, \u015brednim lub mocnym \u015bwiat\u0142em, dost\u0119pny jest r\u00f3wnie\u017c tryb SOS oraz Flash. Dzi\u0119ki temu z powodzeniem wykorzystasz latark\u0119 w r\u00f3\u017cnych sytuacjach, a je\u015bli b\u0119dziesz potrzebowa\u0107 pomocy, u\u017cyjesz jej do nadania sygna\u0142u alarmowego.<\/p>\n<p>\n<img decoding=\"async\" src=\"https:\/\/assets.innpro.pl\/14037\/17526\/2.jpg\" border=\"0\" alt=\"G\u0142owica latarki Superfire R3 P90 emituj\u0105ca bia\u0142ym \u015bwiat\u0142em.\" \/>\n<\/p>\n<h3>Wbudowany akumulator i funkcja powerbanku<\/h3>\n<p>Niespodziewana awaria pr\u0105du? W pe\u0142ni na\u0142adowana latarka dzia\u0142a na tyle d\u0142ugo, aby u\u0142atwi\u0107 Ci jej przeczekanie lub znalezienie innego rozwi\u0105zania. R3 P90 ma wbudowany akumulator o pojemno\u015bci 3400 mAh, kt\u00f3ry zapewnia czas pracy do 3,5 godziny. Urz\u0105dzenie mo\u017ce te\u017c pe\u0142ni\u0107 rol\u0119 powerbanku &#8211; w razie potrzeby za jego pomoc\u0105 bez problemu na\u0142adujesz sw\u00f3j telefon lub tablet.<\/p>\n<p>\n<img decoding=\"async\" src=\"https:\/\/assets.innpro.pl\/14037\/17526\/6.jpg\" border=\"0\" alt=\"Latarka Superfire R3 P90 pod\u0142\u0105czona do smartfona kablem USB.\" \/>\n<\/p>\n<h3>Efektywne odprowadzanie ciep\u0142a<\/h3>\n<p>Nie obawiaj si\u0119, \u017ce d\u0142ugotrwa\u0142e u\u017cytkowanie latarki mo\u017ce skutkowa\u0107 jej przegrzaniem. R3 P90 zosta\u0142a wyposa\u017cona w inteligentny system ch\u0142odzenia i zapewnia efektywne odprowadzanie ciep\u0142a. Dzi\u0119ki temu jej temperatura jest utrzymywana na optymalnym poziomie, co przek\u0142ada si\u0119 na jej niezawodne dzia\u0142anie, a jednocze\u015bnie chroni u\u017cytkownika przed oparzeniem.<\/p>\n<p>\n<img decoding=\"async\" src=\"https:\/\/assets.innpro.pl\/14037\/17526\/1.jpg\" border=\"0\" alt=\"Latarka Superfire R3 P90 na pomara\u0144czowym tle otoczona jasno-pomara\u0144czow\u0105 grafik\u0105 przypominaj\u0105c\u0105 okr\u0119gi.\" \/>\n<\/p>\n<h3>Niezwykle trwa\u0142a i wodoodporna<\/h3>\n<p>Latarka zosta\u0142a wykonana z doskona\u0142ej jako\u015bci stopu aluminium, dzi\u0119ki czemu jest niezwykle wytrzyma\u0142a i odporna na uszkodzenia, a zarazem lekka. R3 P90 wyr\u00f3\u017cnia si\u0119 tak\u017ce wodoodporno\u015bci\u0105 IP44, mo\u017cesz wi\u0119c obaw u\u017cywa\u0107 jej nawet w trudnych warunkach &#8211; przypadkowe zachlapanie czy opady deszczu nie stanowi\u0105 dla niej wi\u0119kszego zagro\u017cenia. To oznacza, \u017ce doskonale sprawdzi si\u0119 na przyk\u0142ad podczas wyprawy w teren.<\/p>\n<p>\n<img decoding=\"async\" src=\"https:\/\/assets.innpro.pl\/14037\/17526\/4.jpg\" border=\"0\" alt=\"Latarka Superfire R3 P90 o\u015bwietlaj\u0105ca ro\u015blinno\u015b\u0107 w nocy.\" \/>\n<\/p>\n<div class=\"table-wrapper\">\n<p>\u00a0<\/p>\n<h3><\/h3>\n<table>\n<tbody>\n<tr>\n<th>Producent <\/th>\n<td>Superfire<\/td>\n<\/tr>\n<tr>\n<th>Model <\/th>\n<td>R3 P90<\/td>\n<\/tr>\n<tr>\n<th>Tryby \u015bwiecenia <\/th>\n<td>Low light \/ Medium Light \/ Strong Light \/ Burst Flash \/ SOS<\/td>\n<\/tr>\n<tr>\n<th>Moc <\/th>\n<td>36 W<\/td>\n<\/tr>\n<tr>\n<th>Zasi\u0119g <\/th>\n<td>Do 350 m<\/td>\n<\/tr>\n<tr>\n<th>Waga <\/th>\n<td>320 g<\/td>\n<\/tr>\n<tr>\n<th>Wodoodporno\u015b\u0107 <\/th>\n<td>IP44<\/td>\n<\/tr>\n<tr>\n<th>Odporno\u015b\u0107 na upadek <\/th>\n<td>Do 1 m<\/td>\n<\/tr>\n<tr>\n<th>Akumulator <\/th>\n<td>3400 mAh<\/td>\n<\/tr>\n<tr>\n<th>Materia\u0142 <\/th>\n<td>Stop aluminium<\/td>\n<\/tr>\n<tr>\n<th>Czas pracy <\/th>\n<td>Ok. 3,5 h<\/td>\n<\/tr>\n<tr>\n<th>Lumeny <\/th>\n<td>2000<\/td>\n<\/tr>\n<tr>\n<th>Wymiary <\/th>\n<td>179 x 61 x 36 mm<\/td>\n<\/tr>\n<\/tbody>\n<\/table>\n<\/div>\n","protected":false},"excerpt":{"rendered":"<p>Latarka Superfire R3 P90, 2000 lm, USB, 36 W, 5 tryb\u00f3w, 350 m Zapewnij sobie niezawodne \u017ar\u00f3d\u0142o \u015bwiat\u0142a w ka\u017cdej<\/p>\n","protected":false},"featured_media":41654,"comment_status":"closed","ping_status":"open","template":"","meta":{"_acf_changed":false},"product_brand":[],"product_cat":[5938,5937,5939],"product_tag":[],"class_list":{"0":"post-56028","1":"product","2":"type-product","3":"status-publish","4":"has-post-thumbnail","6":"product_cat-latarki","7":"product_cat-outdoor","8":"product_cat-pozostale-latarki","9":"pa_okres-gwarancji-5754","10":"pa_producent-superfire","12":"first","13":"outofstock","14":"taxable","15":"shipping-taxable","16":"purchasable","17":"product-type-simple"},"acf":[],"yoast_head":"<!-- This site is optimized with the Yoast SEO plugin v27.2 - https:\/\/yoast.com\/product\/yoast-seo-wordpress\/ -->\n<title>Latarka SUPERFIRE R3 P90 2000lm USB - IRONSKY.PL Sklep z Dronami<\/title>\n<meta name=\"description\" content=\"Latarka SUPERFIRE R3 P90 2000lm USB - \u2705 sklep z dronami i fachowym doradztwem. \u2705 Tutaj kupisz produkty DJI, Yuneec, Parrot, Syma i wiele innych, a tak\u017ce kursy i licencje na operatora drona.\" \/>\n<meta name=\"robots\" content=\"index, follow, max-snippet:-1, max-image-preview:large, max-video-preview:-1\" \/>\n<link rel=\"canonical\" href=\"https:\/\/ironsky.pl\/sklep\/produkt\/latarka-superfire-r3-p90-2000lm-usb-2\/\" \/>\n<meta property=\"og:locale\" content=\"pl_PL\" \/>\n<meta property=\"og:type\" content=\"article\" \/>\n<meta property=\"og:title\" content=\"Latarka SUPERFIRE R3 P90 2000lm USB - IRONSKY.PL Sklep z Dronami\" \/>\n<meta property=\"og:description\" content=\"Latarka SUPERFIRE R3 P90 2000lm USB - \u2705 sklep z dronami i fachowym doradztwem. \u2705 Tutaj kupisz produkty DJI, Yuneec, Parrot, Syma i wiele innych, a tak\u017ce kursy i licencje na operatora drona.\" \/>\n<meta property=\"og:url\" content=\"https:\/\/ironsky.pl\/sklep\/produkt\/latarka-superfire-r3-p90-2000lm-usb-2\/\" \/>\n<meta property=\"og:site_name\" content=\"IRONSKY.PL Sklep z Dronami\" \/>\n<meta property=\"article:modified_time\" content=\"2026-04-15T08:46:53+00:00\" \/>\n<meta property=\"og:image\" content=\"https:\/\/ironsky.pl\/sklep\/wp-content\/uploads\/2025\/06\/23036_3.jpg\" \/>\n\t<meta property=\"og:image:width\" content=\"800\" \/>\n\t<meta property=\"og:image:height\" content=\"800\" \/>\n\t<meta property=\"og:image:type\" content=\"image\/jpeg\" \/>\n<meta name=\"twitter:card\" content=\"summary_large_image\" \/>\n<meta name=\"twitter:label1\" content=\"Szacowany czas czytania\" \/>\n\t<meta name=\"twitter:data1\" content=\"2 minuty\" \/>\n<script type=\"application\/ld+json\" class=\"yoast-schema-graph\">{\"@context\":\"https:\/\/schema.org\",\"@graph\":[{\"@type\":\"WebPage\",\"@id\":\"https:\/\/ironsky.pl\/sklep\/produkt\/latarka-superfire-r3-p90-2000lm-usb-2\/\",\"url\":\"https:\/\/ironsky.pl\/sklep\/produkt\/latarka-superfire-r3-p90-2000lm-usb-2\/\",\"name\":\"Latarka SUPERFIRE R3 P90 2000lm USB - IRONSKY.PL Sklep z Dronami\",\"isPartOf\":{\"@id\":\"https:\/\/ironsky.pl\/sklep\/#website\"},\"primaryImageOfPage\":{\"@id\":\"https:\/\/ironsky.pl\/sklep\/produkt\/latarka-superfire-r3-p90-2000lm-usb-2\/#primaryimage\"},\"image\":{\"@id\":\"https:\/\/ironsky.pl\/sklep\/produkt\/latarka-superfire-r3-p90-2000lm-usb-2\/#primaryimage\"},\"thumbnailUrl\":\"https:\/\/ironsky.pl\/sklep\/wp-content\/uploads\/2025\/06\/23036_3.jpg\",\"datePublished\":\"2026-04-15T08:10:40+00:00\",\"dateModified\":\"2026-04-15T08:46:53+00:00\",\"description\":\"Latarka SUPERFIRE R3 P90 2000lm USB - \u2705 sklep z dronami i fachowym doradztwem. \u2705 Tutaj kupisz produkty DJI, Yuneec, Parrot, Syma i wiele innych, a tak\u017ce kursy i licencje na operatora drona.\",\"breadcrumb\":{\"@id\":\"https:\/\/ironsky.pl\/sklep\/produkt\/latarka-superfire-r3-p90-2000lm-usb-2\/#breadcrumb\"},\"inLanguage\":\"pl-PL\",\"potentialAction\":[{\"@type\":\"ReadAction\",\"target\":[\"https:\/\/ironsky.pl\/sklep\/produkt\/latarka-superfire-r3-p90-2000lm-usb-2\/\"]}]},{\"@type\":\"ImageObject\",\"inLanguage\":\"pl-PL\",\"@id\":\"https:\/\/ironsky.pl\/sklep\/produkt\/latarka-superfire-r3-p90-2000lm-usb-2\/#primaryimage\",\"url\":\"https:\/\/ironsky.pl\/sklep\/wp-content\/uploads\/2025\/06\/23036_3.jpg\",\"contentUrl\":\"https:\/\/ironsky.pl\/sklep\/wp-content\/uploads\/2025\/06\/23036_3.jpg\",\"width\":800,\"height\":800},{\"@type\":\"BreadcrumbList\",\"@id\":\"https:\/\/ironsky.pl\/sklep\/produkt\/latarka-superfire-r3-p90-2000lm-usb-2\/#breadcrumb\",\"itemListElement\":[{\"@type\":\"ListItem\",\"position\":1,\"name\":\"Strona g\u0142\u00f3wna\",\"item\":\"https:\/\/ironsky.pl\/sklep\/\"},{\"@type\":\"ListItem\",\"position\":2,\"name\":\"Wszystkie produkty\",\"item\":\"https:\/\/ironsky.pl\/sklep\/produkty\/\"},{\"@type\":\"ListItem\",\"position\":3,\"name\":\"Latarka SUPERFIRE R3 P90 2000lm USB\"}]},{\"@type\":\"WebSite\",\"@id\":\"https:\/\/ironsky.pl\/sklep\/#website\",\"url\":\"https:\/\/ironsky.pl\/sklep\/\",\"name\":\"IRONSKY.PL Sklep z Dronami\",\"description\":\"IRONSKY.PL Sklep z Dronami\",\"potentialAction\":[{\"@type\":\"SearchAction\",\"target\":{\"@type\":\"EntryPoint\",\"urlTemplate\":\"https:\/\/ironsky.pl\/sklep\/?s={search_term_string}\"},\"query-input\":{\"@type\":\"PropertyValueSpecification\",\"valueRequired\":true,\"valueName\":\"search_term_string\"}}],\"inLanguage\":\"pl-PL\"}]}<\/script>\n<!-- \/ Yoast SEO plugin. -->","yoast_head_json":{"title":"Latarka SUPERFIRE R3 P90 2000lm USB - IRONSKY.PL Sklep z Dronami","description":"Latarka SUPERFIRE R3 P90 2000lm USB - \u2705 sklep z dronami i fachowym doradztwem. \u2705 Tutaj kupisz produkty DJI, Yuneec, Parrot, Syma i wiele innych, a tak\u017ce kursy i licencje na operatora drona.","robots":{"index":"index","follow":"follow","max-snippet":"max-snippet:-1","max-image-preview":"max-image-preview:large","max-video-preview":"max-video-preview:-1"},"canonical":"https:\/\/ironsky.pl\/sklep\/produkt\/latarka-superfire-r3-p90-2000lm-usb-2\/","og_locale":"pl_PL","og_type":"article","og_title":"Latarka SUPERFIRE R3 P90 2000lm USB - IRONSKY.PL Sklep z Dronami","og_description":"Latarka SUPERFIRE R3 P90 2000lm USB - \u2705 sklep z dronami i fachowym doradztwem. \u2705 Tutaj kupisz produkty DJI, Yuneec, Parrot, Syma i wiele innych, a tak\u017ce kursy i licencje na operatora drona.","og_url":"https:\/\/ironsky.pl\/sklep\/produkt\/latarka-superfire-r3-p90-2000lm-usb-2\/","og_site_name":"IRONSKY.PL Sklep z Dronami","article_modified_time":"2026-04-15T08:46:53+00:00","og_image":[{"width":800,"height":800,"url":"https:\/\/ironsky.pl\/sklep\/wp-content\/uploads\/2025\/06\/23036_3.jpg","type":"image\/jpeg"}],"twitter_card":"summary_large_image","twitter_misc":{"Szacowany czas czytania":"2 minuty"},"schema":{"@context":"https:\/\/schema.org","@graph":[{"@type":"WebPage","@id":"https:\/\/ironsky.pl\/sklep\/produkt\/latarka-superfire-r3-p90-2000lm-usb-2\/","url":"https:\/\/ironsky.pl\/sklep\/produkt\/latarka-superfire-r3-p90-2000lm-usb-2\/","name":"Latarka SUPERFIRE R3 P90 2000lm USB - IRONSKY.PL Sklep z Dronami","isPartOf":{"@id":"https:\/\/ironsky.pl\/sklep\/#website"},"primaryImageOfPage":{"@id":"https:\/\/ironsky.pl\/sklep\/produkt\/latarka-superfire-r3-p90-2000lm-usb-2\/#primaryimage"},"image":{"@id":"https:\/\/ironsky.pl\/sklep\/produkt\/latarka-superfire-r3-p90-2000lm-usb-2\/#primaryimage"},"thumbnailUrl":"https:\/\/ironsky.pl\/sklep\/wp-content\/uploads\/2025\/06\/23036_3.jpg","datePublished":"2026-04-15T08:10:40+00:00","dateModified":"2026-04-15T08:46:53+00:00","description":"Latarka SUPERFIRE R3 P90 2000lm USB - \u2705 sklep z dronami i fachowym doradztwem. \u2705 Tutaj kupisz produkty DJI, Yuneec, Parrot, Syma i wiele innych, a tak\u017ce kursy i licencje na operatora drona.","breadcrumb":{"@id":"https:\/\/ironsky.pl\/sklep\/produkt\/latarka-superfire-r3-p90-2000lm-usb-2\/#breadcrumb"},"inLanguage":"pl-PL","potentialAction":[{"@type":"ReadAction","target":["https:\/\/ironsky.pl\/sklep\/produkt\/latarka-superfire-r3-p90-2000lm-usb-2\/"]}]},{"@type":"ImageObject","inLanguage":"pl-PL","@id":"https:\/\/ironsky.pl\/sklep\/produkt\/latarka-superfire-r3-p90-2000lm-usb-2\/#primaryimage","url":"https:\/\/ironsky.pl\/sklep\/wp-content\/uploads\/2025\/06\/23036_3.jpg","contentUrl":"https:\/\/ironsky.pl\/sklep\/wp-content\/uploads\/2025\/06\/23036_3.jpg","width":800,"height":800},{"@type":"BreadcrumbList","@id":"https:\/\/ironsky.pl\/sklep\/produkt\/latarka-superfire-r3-p90-2000lm-usb-2\/#breadcrumb","itemListElement":[{"@type":"ListItem","position":1,"name":"Strona g\u0142\u00f3wna","item":"https:\/\/ironsky.pl\/sklep\/"},{"@type":"ListItem","position":2,"name":"Wszystkie produkty","item":"https:\/\/ironsky.pl\/sklep\/produkty\/"},{"@type":"ListItem","position":3,"name":"Latarka SUPERFIRE R3 P90 2000lm USB"}]},{"@type":"WebSite","@id":"https:\/\/ironsky.pl\/sklep\/#website","url":"https:\/\/ironsky.pl\/sklep\/","name":"IRONSKY.PL Sklep z Dronami","description":"IRONSKY.PL Sklep z Dronami","potentialAction":[{"@type":"SearchAction","target":{"@type":"EntryPoint","urlTemplate":"https:\/\/ironsky.pl\/sklep\/?s={search_term_string}"},"query-input":{"@type":"PropertyValueSpecification","valueRequired":true,"valueName":"search_term_string"}}],"inLanguage":"pl-PL"}]}},"_links":{"self":[{"href":"https:\/\/ironsky.pl\/sklep\/wp-json\/wp\/v2\/product\/56028","targetHints":{"allow":["GET"]}}],"collection":[{"href":"https:\/\/ironsky.pl\/sklep\/wp-json\/wp\/v2\/product"}],"about":[{"href":"https:\/\/ironsky.pl\/sklep\/wp-json\/wp\/v2\/types\/product"}],"replies":[{"embeddable":true,"href":"https:\/\/ironsky.pl\/sklep\/wp-json\/wp\/v2\/comments?post=56028"}],"wp:featuredmedia":[{"embeddable":true,"href":"https:\/\/ironsky.pl\/sklep\/wp-json\/wp\/v2\/media\/41654"}],"wp:attachment":[{"href":"https:\/\/ironsky.pl\/sklep\/wp-json\/wp\/v2\/media?parent=56028"}],"wp:term":[{"taxonomy":"product_brand","embeddable":true,"href":"https:\/\/ironsky.pl\/sklep\/wp-json\/wp\/v2\/product_brand?post=56028"},{"taxonomy":"product_cat","embeddable":true,"href":"https:\/\/ironsky.pl\/sklep\/wp-json\/wp\/v2\/product_cat?post=56028"},{"taxonomy":"product_tag","embeddable":true,"href":"https:\/\/ironsky.pl\/sklep\/wp-json\/wp\/v2\/product_tag?post=56028"}],"curies":[{"name":"wp","href":"https:\/\/api.w.org\/{rel}","templated":true}]}}