{"id":56027,"date":"2026-04-15T10:10:40","date_gmt":"2026-04-15T08:10:40","guid":{"rendered":"https:\/\/ironsky.pl\/sklep\/produkt\/latarka-superfire-l6-h-strumien-swietlny-750lm-usb-c\/"},"modified":"2026-04-15T10:10:43","modified_gmt":"2026-04-15T08:10:43","slug":"latarka-superfire-l6-h-strumien-swietlny-750lm-usb-c","status":"publish","type":"product","link":"https:\/\/ironsky.pl\/sklep\/produkt\/latarka-superfire-l6-h-strumien-swietlny-750lm-usb-c\/","title":{"rendered":"Latarka SUPERFIRE L6-H strumie\u0144 \u015bwietlny 750lm USB-C"},"content":{"rendered":"<h3>Latarka Superfire L6-H, 900 lm, 15W, USB-C, 5 tryb\u00f3w<\/h3>\n<p>Latarka Superfire L6-H wyr\u00f3\u017cnia si\u0119 du\u017c\u0105 moc\u0105 15 W, jej jasno\u015b\u0107 wynosi 900 lm, a zasi\u0119g to oko\u0142o 250 m. Urz\u0105dzenie oferuje 5 tryb\u00f3w \u015bwiecenia do wyboru, dzi\u0119ki czemu doskonale sprawdzi si\u0119 w r\u00f3\u017cnych scenariuszach. Zapewnia tak\u017ce d\u0142ugi czas pracy, a wodoodporno\u015b\u0107 IP46 (International Protection Marking, klasa odporno\u015bci na py\u0142 i zachlapania) pozwala bez obaw korzysta\u0107 z niego niemal w ka\u017cdych warunkach. Produkt jest przy tym niezwykle por\u0119czny, wytrzyma\u0142y i prosty w obs\u0142udze.<\/p>\n<p>\n<img decoding=\"async\" src=\"https:\/\/assets.innpro.pl\/14045\/17534\/3.jpg\" border=\"0\" alt=\"czarna latarka na ciemnym tle\" \/>\n<\/p>\n<h3>Wysoka moc<\/h3>\n<p>Moc 15 W, jasno\u015b\u0107 900 lm i zasi\u0119g \u015bwiecenia do 250 m \u2013 wszystko to sprawia, \u017ce latarka L6-H mo\u017ce zapewni\u0107 optymalne o\u015bwietlenie niemal w ka\u017cdym otoczeniu i znajdzie zastosowanie w wielu sytuacjach. Z powodzeniem wykorzystasz j\u0105 w domu, gdy na przyk\u0142ad zabraknie pr\u0105du. Przyda Ci si\u0119 r\u00f3wnie\u017c w g\u00f3rach lub podczas wyprawy na ryby. U\u0142atwi Ci tak\u017ce przeprowadzanie drobnych napraw.<\/p>\n<p>\n<img decoding=\"async\" src=\"https:\/\/assets.innpro.pl\/14045\/17534\/1.jpg\" border=\"0\" alt=\"m\u0119\u017cczyzna w bia\u0142ej koszulce o\u015bwietlaj\u0105cy drog\u0119 mi\u0119dzy drzewami latark\u0105\" \/>\n<\/p>\n<h3>5 tryb\u00f3w \u015bwiecenia<\/h3>\n<p>Dostosuj dzia\u0142anie latarki do swoich potrzeb lub do aktualnej sytuacji. L6-H pozwala wybiera\u0107 spo\u015br\u00f3d 5 tryb\u00f3w \u015bwiecenia, takich jak High, Middle, Low, Strobe i SOS. Dzi\u0119ki temu idealnie sprawdzi si\u0119 w r\u00f3\u017cnych scenariuszach &#8211; zapewni Ci optymalne o\u015bwietlenie niemal w ka\u017cdych warunkach, a je\u015bli zajdzie taka potrzeba, pozwoli nada\u0107 sygna\u0142 alarmowy. Aby zmieni\u0107 tryb, wystarczy nacisn\u0105\u0107 przycisk.<\/p>\n<p>\n<img decoding=\"async\" src=\"https:\/\/assets.innpro.pl\/14045\/17534\/4.jpg\" border=\"0\" alt=\"zbli\u017cenie na czarn\u0105 latark\u0119 z czerwonym przyciskiem\" \/>\n<\/p>\n<h3>D\u0142ugi czas pracy<\/h3>\n<p>Zapewnij sobie niezawodne \u017ar\u00f3d\u0142o \u015bwiat\u0142a niemal w ka\u017cdej sytuacji. Dzi\u0119ki wytrzyma\u0142emu akumulatorowi i systemowi oszcz\u0119dzania energii latarka mo\u017ce generowa\u0107 intensywne o\u015bwietlenie nawet przez 3 godziny na jednym \u0142adowaniu. Idealnie sprawdzi si\u0119 zatem podczas awarii pr\u0105du lub nocnej wyprawy w teren. Aby na\u0142adowa\u0107 urz\u0105dzenie, pod\u0142\u0105cz je do wybranego \u017ar\u00f3d\u0142a zasilania za pomoc\u0105 kabla USB-C (Universal Serial Bus typu C, uniwersalne z\u0142\u0105cze do przesy\u0142ania danych i zasilania).<\/p>\n<p>\n<img decoding=\"async\" src=\"https:\/\/assets.innpro.pl\/14045\/17534\/7.jpg\" border=\"0\" alt=\"czarna latarka pod\u0142\u0105czona kablem do \u0142adowania na czarnym tle\" \/>\n<\/p>\n<h3>Wodoodporna i wytrzyma\u0142a<\/h3>\n<p>Bez obaw u\u017cywaj latarki nawet w wymagaj\u0105cych warunkach. Urz\u0105dzenie zosta\u0142o wykonane z wysokiej klasy aluminium lotniczego, dzi\u0119ki czemu jest niezwykle wytrzyma\u0142e &#8211; niestraszne mu nawet upadki z wysoko\u015bci do 1 m. L6-H wyr\u00f3\u017cnia si\u0119 tak\u017ce wodoodporno\u015bci\u0105 IP46. To oznacza, \u017ce deszcz czy przypadkowe zachlapanie nie stanowi\u0105 dla niej wi\u0119kszego zagro\u017cenia. Dodatkowo latarka oferuje r\u00f3\u017cnego rodzaju zabezpieczenia \u2013 w tym ochron\u0119 przed prze\u0142adowaniem, nadmiernym roz\u0142adowaniem i odwrotnym pod\u0142\u0105czeniem.<\/p>\n<p>\n<img decoding=\"async\" src=\"https:\/\/assets.innpro.pl\/14045\/17534\/6.jpg\" border=\"0\" alt=\"czarna latarka trzymana w d\u0142oni w ciemnej r\u0119kawicy\" \/>\n<\/p>\n<div class=\"table-wrapper\">\n<p>\u00a0<\/p>\n<h3><\/h3>\n<table>\n<tbody>\n<tr>\n<th>Producent <\/th>\n<td>Superfire<\/td>\n<\/tr>\n<tr>\n<th>Model <\/th>\n<td>L6-H<\/td>\n<\/tr>\n<tr>\n<th>\u0179r\u00f3d\u0142o \u015bwiat\u0142a <\/th>\n<td>P50<\/td>\n<\/tr>\n<tr>\n<th>Jasno\u015b\u0107 <\/th>\n<td>Do 900 lm<\/td>\n<\/tr>\n<tr>\n<th>Zasi\u0119g<\/th>\n<td>Do 250 m<\/td>\n<\/tr>\n<tr>\n<th>Moc <\/th>\n<td>15 W<\/td>\n<\/tr>\n<tr>\n<th>Tryby \u015bwiecenia <\/th>\n<td>Low \/ Middle \/ High \/ Strobe \/ SOS<\/td>\n<\/tr>\n<tr>\n<th>\u0179r\u00f3d\u0142o zasilania <\/th>\n<td>Akumulator Li-ion 18650<\/td>\n<\/tr>\n<tr>\n<th>Materia\u0142 <\/th>\n<td>Aluminium lotnicze 6061-T6<\/td>\n<\/tr>\n<tr>\n<th>Odporno\u015b\u0107 na upadek <\/th>\n<td>Do 1 m<\/td>\n<\/tr>\n<tr>\n<th>Czas pracy <\/th>\n<td>Do 3 h intensywnego \u015bwiecenia<\/td>\n<\/tr>\n<tr>\n<th>Port \u0142adowania <\/th>\n<td>USB-C<\/td>\n<\/tr>\n<tr>\n<th>Wodoodporno\u015b\u0107 <\/th>\n<td>IP46<\/td>\n<\/tr>\n<tr>\n<th>Wymiary <\/th>\n<td>167 x 45 x 35 mm<\/td>\n<\/tr>\n<tr>\n<th>Waga <\/th>\n<td>190 g<\/td>\n<\/tr>\n<\/tbody>\n<\/table>\n<\/div>\n","protected":false},"excerpt":{"rendered":"<p>Latarka Superfire L6-H, 900 lm, 15W, USB-C, 5 tryb\u00f3w Latarka Superfire L6-H wyr\u00f3\u017cnia si\u0119 du\u017c\u0105 moc\u0105 15 W, jej jasno\u015b\u0107<\/p>\n","protected":false},"featured_media":41647,"comment_status":"closed","ping_status":"open","template":"","meta":{"_acf_changed":false},"product_brand":[],"product_cat":[5938,5937,5939],"product_tag":[],"class_list":{"0":"post-56027","1":"product","2":"type-product","3":"status-publish","4":"has-post-thumbnail","6":"product_cat-latarki","7":"product_cat-outdoor","8":"product_cat-pozostale-latarki","9":"pa_okres-gwarancji-5754","10":"pa_producent-superfire","12":"first","13":"outofstock","14":"taxable","15":"shipping-taxable","16":"purchasable","17":"product-type-simple"},"acf":[],"yoast_head":"<!-- This site is optimized with the Yoast SEO plugin v27.2 - https:\/\/yoast.com\/product\/yoast-seo-wordpress\/ -->\n<title>Latarka SUPERFIRE L6-H strumie\u0144 \u015bwietlny 750lm USB-C - IRONSKY.PL Sklep z Dronami<\/title>\n<meta name=\"description\" content=\"Latarka SUPERFIRE L6-H strumie\u0144 \u015bwietlny 750lm USB-C - \u2705 sklep z dronami i fachowym doradztwem. \u2705 Tutaj kupisz produkty DJI, Yuneec, Parrot, Syma i wiele innych, a tak\u017ce kursy i licencje na operatora drona.\" \/>\n<meta name=\"robots\" content=\"index, follow, max-snippet:-1, max-image-preview:large, max-video-preview:-1\" \/>\n<link rel=\"canonical\" href=\"https:\/\/ironsky.pl\/sklep\/produkt\/latarka-superfire-l6-h-strumien-swietlny-750lm-usb-c\/\" \/>\n<meta property=\"og:locale\" content=\"pl_PL\" \/>\n<meta property=\"og:type\" content=\"article\" \/>\n<meta property=\"og:title\" content=\"Latarka SUPERFIRE L6-H strumie\u0144 \u015bwietlny 750lm USB-C - IRONSKY.PL Sklep z Dronami\" \/>\n<meta property=\"og:description\" content=\"Latarka SUPERFIRE L6-H strumie\u0144 \u015bwietlny 750lm USB-C - \u2705 sklep z dronami i fachowym doradztwem. \u2705 Tutaj kupisz produkty DJI, Yuneec, Parrot, Syma i wiele innych, a tak\u017ce kursy i licencje na operatora drona.\" \/>\n<meta property=\"og:url\" content=\"https:\/\/ironsky.pl\/sklep\/produkt\/latarka-superfire-l6-h-strumien-swietlny-750lm-usb-c\/\" \/>\n<meta property=\"og:site_name\" content=\"IRONSKY.PL Sklep z Dronami\" \/>\n<meta property=\"article:modified_time\" content=\"2026-04-15T08:10:43+00:00\" \/>\n<meta property=\"og:image\" content=\"https:\/\/ironsky.pl\/sklep\/wp-content\/uploads\/2025\/06\/23035_4.jpg\" \/>\n\t<meta property=\"og:image:width\" content=\"800\" \/>\n\t<meta property=\"og:image:height\" content=\"800\" \/>\n\t<meta property=\"og:image:type\" content=\"image\/jpeg\" \/>\n<meta name=\"twitter:card\" content=\"summary_large_image\" \/>\n<meta name=\"twitter:label1\" content=\"Szacowany czas czytania\" \/>\n\t<meta name=\"twitter:data1\" content=\"2 minuty\" \/>\n<script type=\"application\/ld+json\" class=\"yoast-schema-graph\">{\"@context\":\"https:\/\/schema.org\",\"@graph\":[{\"@type\":\"WebPage\",\"@id\":\"https:\/\/ironsky.pl\/sklep\/produkt\/latarka-superfire-l6-h-strumien-swietlny-750lm-usb-c\/\",\"url\":\"https:\/\/ironsky.pl\/sklep\/produkt\/latarka-superfire-l6-h-strumien-swietlny-750lm-usb-c\/\",\"name\":\"Latarka SUPERFIRE L6-H strumie\u0144 \u015bwietlny 750lm USB-C - IRONSKY.PL Sklep z Dronami\",\"isPartOf\":{\"@id\":\"https:\/\/ironsky.pl\/sklep\/#website\"},\"primaryImageOfPage\":{\"@id\":\"https:\/\/ironsky.pl\/sklep\/produkt\/latarka-superfire-l6-h-strumien-swietlny-750lm-usb-c\/#primaryimage\"},\"image\":{\"@id\":\"https:\/\/ironsky.pl\/sklep\/produkt\/latarka-superfire-l6-h-strumien-swietlny-750lm-usb-c\/#primaryimage\"},\"thumbnailUrl\":\"https:\/\/ironsky.pl\/sklep\/wp-content\/uploads\/2025\/06\/23035_4.jpg\",\"datePublished\":\"2026-04-15T08:10:40+00:00\",\"dateModified\":\"2026-04-15T08:10:43+00:00\",\"description\":\"Latarka SUPERFIRE L6-H strumie\u0144 \u015bwietlny 750lm USB-C - \u2705 sklep z dronami i fachowym doradztwem. \u2705 Tutaj kupisz produkty DJI, Yuneec, Parrot, Syma i wiele innych, a tak\u017ce kursy i licencje na operatora drona.\",\"breadcrumb\":{\"@id\":\"https:\/\/ironsky.pl\/sklep\/produkt\/latarka-superfire-l6-h-strumien-swietlny-750lm-usb-c\/#breadcrumb\"},\"inLanguage\":\"pl-PL\",\"potentialAction\":[{\"@type\":\"ReadAction\",\"target\":[\"https:\/\/ironsky.pl\/sklep\/produkt\/latarka-superfire-l6-h-strumien-swietlny-750lm-usb-c\/\"]}]},{\"@type\":\"ImageObject\",\"inLanguage\":\"pl-PL\",\"@id\":\"https:\/\/ironsky.pl\/sklep\/produkt\/latarka-superfire-l6-h-strumien-swietlny-750lm-usb-c\/#primaryimage\",\"url\":\"https:\/\/ironsky.pl\/sklep\/wp-content\/uploads\/2025\/06\/23035_4.jpg\",\"contentUrl\":\"https:\/\/ironsky.pl\/sklep\/wp-content\/uploads\/2025\/06\/23035_4.jpg\",\"width\":800,\"height\":800},{\"@type\":\"BreadcrumbList\",\"@id\":\"https:\/\/ironsky.pl\/sklep\/produkt\/latarka-superfire-l6-h-strumien-swietlny-750lm-usb-c\/#breadcrumb\",\"itemListElement\":[{\"@type\":\"ListItem\",\"position\":1,\"name\":\"Strona g\u0142\u00f3wna\",\"item\":\"https:\/\/ironsky.pl\/sklep\/\"},{\"@type\":\"ListItem\",\"position\":2,\"name\":\"Wszystkie produkty\",\"item\":\"https:\/\/ironsky.pl\/sklep\/produkty\/\"},{\"@type\":\"ListItem\",\"position\":3,\"name\":\"Latarka SUPERFIRE L6-H strumie\u0144 \u015bwietlny 750lm USB-C\"}]},{\"@type\":\"WebSite\",\"@id\":\"https:\/\/ironsky.pl\/sklep\/#website\",\"url\":\"https:\/\/ironsky.pl\/sklep\/\",\"name\":\"IRONSKY.PL Sklep z Dronami\",\"description\":\"IRONSKY.PL Sklep z Dronami\",\"potentialAction\":[{\"@type\":\"SearchAction\",\"target\":{\"@type\":\"EntryPoint\",\"urlTemplate\":\"https:\/\/ironsky.pl\/sklep\/?s={search_term_string}\"},\"query-input\":{\"@type\":\"PropertyValueSpecification\",\"valueRequired\":true,\"valueName\":\"search_term_string\"}}],\"inLanguage\":\"pl-PL\"}]}<\/script>\n<!-- \/ Yoast SEO plugin. -->","yoast_head_json":{"title":"Latarka SUPERFIRE L6-H strumie\u0144 \u015bwietlny 750lm USB-C - IRONSKY.PL Sklep z Dronami","description":"Latarka SUPERFIRE L6-H strumie\u0144 \u015bwietlny 750lm USB-C - \u2705 sklep z dronami i fachowym doradztwem. \u2705 Tutaj kupisz produkty DJI, Yuneec, Parrot, Syma i wiele innych, a tak\u017ce kursy i licencje na operatora drona.","robots":{"index":"index","follow":"follow","max-snippet":"max-snippet:-1","max-image-preview":"max-image-preview:large","max-video-preview":"max-video-preview:-1"},"canonical":"https:\/\/ironsky.pl\/sklep\/produkt\/latarka-superfire-l6-h-strumien-swietlny-750lm-usb-c\/","og_locale":"pl_PL","og_type":"article","og_title":"Latarka SUPERFIRE L6-H strumie\u0144 \u015bwietlny 750lm USB-C - IRONSKY.PL Sklep z Dronami","og_description":"Latarka SUPERFIRE L6-H strumie\u0144 \u015bwietlny 750lm USB-C - \u2705 sklep z dronami i fachowym doradztwem. \u2705 Tutaj kupisz produkty DJI, Yuneec, Parrot, Syma i wiele innych, a tak\u017ce kursy i licencje na operatora drona.","og_url":"https:\/\/ironsky.pl\/sklep\/produkt\/latarka-superfire-l6-h-strumien-swietlny-750lm-usb-c\/","og_site_name":"IRONSKY.PL Sklep z Dronami","article_modified_time":"2026-04-15T08:10:43+00:00","og_image":[{"width":800,"height":800,"url":"https:\/\/ironsky.pl\/sklep\/wp-content\/uploads\/2025\/06\/23035_4.jpg","type":"image\/jpeg"}],"twitter_card":"summary_large_image","twitter_misc":{"Szacowany czas czytania":"2 minuty"},"schema":{"@context":"https:\/\/schema.org","@graph":[{"@type":"WebPage","@id":"https:\/\/ironsky.pl\/sklep\/produkt\/latarka-superfire-l6-h-strumien-swietlny-750lm-usb-c\/","url":"https:\/\/ironsky.pl\/sklep\/produkt\/latarka-superfire-l6-h-strumien-swietlny-750lm-usb-c\/","name":"Latarka SUPERFIRE L6-H strumie\u0144 \u015bwietlny 750lm USB-C - IRONSKY.PL Sklep z Dronami","isPartOf":{"@id":"https:\/\/ironsky.pl\/sklep\/#website"},"primaryImageOfPage":{"@id":"https:\/\/ironsky.pl\/sklep\/produkt\/latarka-superfire-l6-h-strumien-swietlny-750lm-usb-c\/#primaryimage"},"image":{"@id":"https:\/\/ironsky.pl\/sklep\/produkt\/latarka-superfire-l6-h-strumien-swietlny-750lm-usb-c\/#primaryimage"},"thumbnailUrl":"https:\/\/ironsky.pl\/sklep\/wp-content\/uploads\/2025\/06\/23035_4.jpg","datePublished":"2026-04-15T08:10:40+00:00","dateModified":"2026-04-15T08:10:43+00:00","description":"Latarka SUPERFIRE L6-H strumie\u0144 \u015bwietlny 750lm USB-C - \u2705 sklep z dronami i fachowym doradztwem. \u2705 Tutaj kupisz produkty DJI, Yuneec, Parrot, Syma i wiele innych, a tak\u017ce kursy i licencje na operatora drona.","breadcrumb":{"@id":"https:\/\/ironsky.pl\/sklep\/produkt\/latarka-superfire-l6-h-strumien-swietlny-750lm-usb-c\/#breadcrumb"},"inLanguage":"pl-PL","potentialAction":[{"@type":"ReadAction","target":["https:\/\/ironsky.pl\/sklep\/produkt\/latarka-superfire-l6-h-strumien-swietlny-750lm-usb-c\/"]}]},{"@type":"ImageObject","inLanguage":"pl-PL","@id":"https:\/\/ironsky.pl\/sklep\/produkt\/latarka-superfire-l6-h-strumien-swietlny-750lm-usb-c\/#primaryimage","url":"https:\/\/ironsky.pl\/sklep\/wp-content\/uploads\/2025\/06\/23035_4.jpg","contentUrl":"https:\/\/ironsky.pl\/sklep\/wp-content\/uploads\/2025\/06\/23035_4.jpg","width":800,"height":800},{"@type":"BreadcrumbList","@id":"https:\/\/ironsky.pl\/sklep\/produkt\/latarka-superfire-l6-h-strumien-swietlny-750lm-usb-c\/#breadcrumb","itemListElement":[{"@type":"ListItem","position":1,"name":"Strona g\u0142\u00f3wna","item":"https:\/\/ironsky.pl\/sklep\/"},{"@type":"ListItem","position":2,"name":"Wszystkie produkty","item":"https:\/\/ironsky.pl\/sklep\/produkty\/"},{"@type":"ListItem","position":3,"name":"Latarka SUPERFIRE L6-H strumie\u0144 \u015bwietlny 750lm USB-C"}]},{"@type":"WebSite","@id":"https:\/\/ironsky.pl\/sklep\/#website","url":"https:\/\/ironsky.pl\/sklep\/","name":"IRONSKY.PL Sklep z Dronami","description":"IRONSKY.PL Sklep z Dronami","potentialAction":[{"@type":"SearchAction","target":{"@type":"EntryPoint","urlTemplate":"https:\/\/ironsky.pl\/sklep\/?s={search_term_string}"},"query-input":{"@type":"PropertyValueSpecification","valueRequired":true,"valueName":"search_term_string"}}],"inLanguage":"pl-PL"}]}},"_links":{"self":[{"href":"https:\/\/ironsky.pl\/sklep\/wp-json\/wp\/v2\/product\/56027","targetHints":{"allow":["GET"]}}],"collection":[{"href":"https:\/\/ironsky.pl\/sklep\/wp-json\/wp\/v2\/product"}],"about":[{"href":"https:\/\/ironsky.pl\/sklep\/wp-json\/wp\/v2\/types\/product"}],"replies":[{"embeddable":true,"href":"https:\/\/ironsky.pl\/sklep\/wp-json\/wp\/v2\/comments?post=56027"}],"wp:featuredmedia":[{"embeddable":true,"href":"https:\/\/ironsky.pl\/sklep\/wp-json\/wp\/v2\/media\/41647"}],"wp:attachment":[{"href":"https:\/\/ironsky.pl\/sklep\/wp-json\/wp\/v2\/media?parent=56027"}],"wp:term":[{"taxonomy":"product_brand","embeddable":true,"href":"https:\/\/ironsky.pl\/sklep\/wp-json\/wp\/v2\/product_brand?post=56027"},{"taxonomy":"product_cat","embeddable":true,"href":"https:\/\/ironsky.pl\/sklep\/wp-json\/wp\/v2\/product_cat?post=56027"},{"taxonomy":"product_tag","embeddable":true,"href":"https:\/\/ironsky.pl\/sklep\/wp-json\/wp\/v2\/product_tag?post=56027"}],"curies":[{"name":"wp","href":"https:\/\/api.w.org\/{rel}","templated":true}]}}