{"id":56021,"date":"2026-04-15T10:10:40","date_gmt":"2026-04-15T08:10:40","guid":{"rendered":"https:\/\/ironsky.pl\/sklep\/produkt\/ladowarka-skyrc-en18-nimh-1-2a\/"},"modified":"2026-04-15T10:46:51","modified_gmt":"2026-04-15T08:46:51","slug":"ladowarka-skyrc-en18-nimh-1-2a","status":"publish","type":"product","link":"https:\/\/ironsky.pl\/sklep\/produkt\/ladowarka-skyrc-en18-nimh-1-2a\/","title":{"rendered":"\u0141adowarka SKYRC eN18 NiMH 1.2A"},"content":{"rendered":"<h3>\u0141adowarka SkyRC eN18 NiMH<\/h3>\n<p>SkyRC eN18 to wydajna \u0142adowarka akumulator\u00f3w NiMH, kt\u00f3ra zosta\u0142a zaprojektowana z my\u015bl\u0105 o prostocie i wydajno\u015bci u\u017cytkowania. Korzysta z metody \u0142adowania impulsowego o nat\u0119\u017ceniu 1.2 A, co zapewnia niezawodno\u015b\u0107 procesu. Co wi\u0119cej, urz\u0105dzenie jest wyposa\u017cone w szereg zabezpiecze\u0144 obwodu oraz zosta\u0142o wykonane w 100% z przyjaznych\u015brodowisku materia\u0142\u00f3w.<\/p>\n<p><img decoding=\"async\" src=\"https:\/\/b2b.innpro.pl\/data\/include\/cms\/SkyRC\/EN18\/1.jpg\"><\/p>\n<h3>Wydajne \u0142adowanie NiMH<\/h3>\n<p>\u0141adowarka stawia na funkcjonalne rozwi\u0105zania w celu optymalizacji procesu \u0142adowania akumulator\u00f3w NiMH. Dzi\u0119ki korzystaniu z nat\u0119\u017cenia 1.2 A ca\u0142y cykl jest wysoce wydajny oraz bezpieczny. Co wi\u0119cej, dzi\u0119ki systemowi plug &#038; charge uzupe\u0142nianie energii zacznie odbywa\u0107 si\u0119 ju\u017c od samego pod\u0142\u0105czenia zasilania.<\/p>\n<p><img decoding=\"async\" src=\"https:\/\/b2b.innpro.pl\/data\/include\/cms\/SkyRC\/EN18\/5.jpg\"><\/p>\n<h3>\u0141adowanie zachowawcze<\/h3>\n<p>Akumulatory NiMH potrafi\u0105 samoczynnie roz\u0142adowywa\u0107 si\u0119 z pr\u0119dko\u015bci\u0105 oko\u0142o 1% na dzie\u0144. Jednak funkcja \u0142adowania zachowawczego potrafi zahamowa\u0107 ten proces &#8211; wydatnie pomagaj\u0105c Ci utrzyma\u0107 Twoje \u017ar\u00f3d\u0142o zasilania w optymalnej kondycji. Postaw na sprawdzone rozwi\u0105zania ze SkyRC eN18!<\/p>\n<p><img decoding=\"async\" src=\"https:\/\/b2b.innpro.pl\/data\/include\/cms\/SkyRC\/EN18\/4.jpg\"><\/p>\n<h3>Bezpiecze\u0144stwo przyjazne \u015brodowisku<\/h3>\n<p>Urz\u0105dzenie zosta\u0142o wykonane z dba\u0142o\u015bci\u0105 o zagadnienia zwi\u0105zane z bezpiecze\u0144stwem u\u017cytkowania. \u0141adowarka posiada wysokiej klasy izolacj\u0119 oraz wytrzyma\u0142\u0105, ognioodporn\u0105 obudow\u0119. Co wi\u0119cej, zosta\u0142a wyprodukowana w 100% z przyjaznych \u015brodowisku materia\u0142\u00f3w &#8211; bez u\u017cycia substancji toksycznych.<\/p>\n<p><img decoding=\"async\" src=\"https:\/\/b2b.innpro.pl\/data\/include\/cms\/SkyRC\/EN18\/6.jpg\"><\/p>\n<h3>Czytelny interfejs<\/h3>\n<p>\u0141adowarka posiada przejrzysty interfejs, kt\u00f3ry zosta\u0142 wyposa\u017cony w diod\u0119 LED. Informuje ona o statusie procesu \u0142adowania, korzystaj\u0105c z 4 rodzaj\u00f3w komunikatu &#8211; Standby, \u0141adowanie trwa, \u0141adowanie zako\u0144czone oraz B\u0142\u0105d \u0142adowania.<\/p>\n<p><img decoding=\"async\" src=\"https:\/\/b2b.innpro.pl\/data\/include\/cms\/SkyRC\/EN18\/2.jpg\"><\/p>\n<h3>Szeroka kompatybilno\u015b\u0107<\/h3>\n<p>W zestawie z \u0142adowark\u0105 otrzymasz r\u00f3wnie\u017c zdejmowany adapter do innych rodzaj\u00f3w gniazdek elektrycznych. Co wi\u0119cej, praca przy napi\u0119ciu wej\u015bciowym w uniwersalnym zakresie 100 &#8211; 240 V AC sprawia, \u017ce nie musisz zastanawia\u0107 si\u0119 czy urz\u0105dzenie jest kompatybilne ze standardem zasilania &#8211; niezale\u017cnie od miejsca pobytu.<\/p>\n<p><img decoding=\"async\" src=\"https:\/\/b2b.innpro.pl\/data\/include\/cms\/SkyRC\/EN18\/7.jpg\"><\/p>\n<h3>Zestaw zawiera<\/h3>\n<ul>\n<li>\u0141adowark\u0119<\/li>\n<li>Adapter gniazda zasilania<\/li>\n<li>Instrukcj\u0119 obs\u0142ugi<\/li>\n<\/ul>\n<div class=\"table-wrapper\">\n<table>\n<tbody>\n<tr>\n<th>Producent<\/th>\n<td>SkyRC<\/td>\n<\/tr>\n<tr>\n<th>Model<\/th>\n<td>eN18<\/td>\n<\/tr>\n<tr>\n<th>Obs\u0142ugiwany typ akumulatora<\/th>\n<td>NiMH<\/td>\n<\/tr>\n<tr>\n<th>Napi\u0119cie wyj\u015bciowe<\/th>\n<td>4.8 V &#8211; 14.4 V<\/td>\n<\/tr>\n<tr>\n<th>Nat\u0119\u017cenie wyj\u015bciowe<\/th>\n<td>1.2 A<\/td>\n<\/tr>\n<tr>\n<th>Moc wyj\u015bciowa<\/th>\n<td>18 W Max.<\/td>\n<\/tr>\n<tr>\n<th>Ogniwo baterii<\/th>\n<td>4 &#8211; 8 S<\/td>\n<\/tr>\n<tr>\n<th>D\u0142ugo\u015b\u0107 kabla<\/th>\n<td>70 cm<\/td>\n<\/tr>\n<tr>\n<th>Temperatura operacyjna<\/th>\n<td>0\u2103 &#8211; 40\u2103<\/td>\n<\/tr>\n<tr>\n<th>Dopuszczalna wilgotno\u015b\u0107<\/th>\n<td>5%-75%<\/td>\n<\/tr>\n<tr>\n<th>Temperatura przechowywania<\/th>\n<td>-10\u2103 &#8211; 70\u2103<\/td>\n<\/tr>\n<tr>\n<th>Waga<\/th>\n<td>120 g<\/td>\n<\/tr>\n<tr>\n<th>Wymiary<\/th>\n<td>85 x 50 x 54 mm<\/td>\n<\/tr>\n<\/tbody>\n<\/table>\n<\/div>\n","protected":false},"excerpt":{"rendered":"<p>\u0141adowarka SkyRC eN18 NiMH SkyRC eN18 to wydajna \u0142adowarka akumulator\u00f3w NiMH, kt\u00f3ra zosta\u0142a zaprojektowana z my\u015bl\u0105 o prostocie i wydajno\u015bci<\/p>\n","protected":false},"featured_media":56022,"comment_status":"closed","ping_status":"open","template":"","meta":{"_acf_changed":false},"product_brand":[],"product_cat":[1173,1174,1169],"product_tag":[],"class_list":{"0":"post-56021","1":"product","2":"type-product","3":"status-publish","4":"has-post-thumbnail","6":"product_cat-ladowanie","7":"product_cat-ladowarki","8":"product_cat-modele-rc","9":"pa_okres-gwarancji-5754","10":"pa_producent-skyrc","12":"first","13":"outofstock","14":"taxable","15":"shipping-taxable","16":"purchasable","17":"product-type-simple"},"acf":[],"yoast_head":"<!-- This site is optimized with the Yoast SEO plugin v27.2 - https:\/\/yoast.com\/product\/yoast-seo-wordpress\/ -->\n<title>\u0141adowarka SKYRC eN18 NiMH 1.2A - IRONSKY.PL Sklep z Dronami<\/title>\n<meta name=\"description\" content=\"\u0141adowarka SKYRC eN18 NiMH 1.2A - \u2705 sklep z dronami i fachowym doradztwem. \u2705 Tutaj kupisz produkty DJI, Yuneec, Parrot, Syma i wiele innych, a tak\u017ce kursy i licencje na operatora drona.\" \/>\n<meta name=\"robots\" content=\"index, follow, max-snippet:-1, max-image-preview:large, max-video-preview:-1\" \/>\n<link rel=\"canonical\" href=\"https:\/\/ironsky.pl\/sklep\/produkt\/ladowarka-skyrc-en18-nimh-1-2a\/\" \/>\n<meta property=\"og:locale\" content=\"pl_PL\" \/>\n<meta property=\"og:type\" content=\"article\" \/>\n<meta property=\"og:title\" content=\"\u0141adowarka SKYRC eN18 NiMH 1.2A - IRONSKY.PL Sklep z Dronami\" \/>\n<meta property=\"og:description\" content=\"\u0141adowarka SKYRC eN18 NiMH 1.2A - \u2705 sklep z dronami i fachowym doradztwem. \u2705 Tutaj kupisz produkty DJI, Yuneec, Parrot, Syma i wiele innych, a tak\u017ce kursy i licencje na operatora drona.\" \/>\n<meta property=\"og:url\" content=\"https:\/\/ironsky.pl\/sklep\/produkt\/ladowarka-skyrc-en18-nimh-1-2a\/\" \/>\n<meta property=\"og:site_name\" content=\"IRONSKY.PL Sklep z Dronami\" \/>\n<meta property=\"article:modified_time\" content=\"2026-04-15T08:46:51+00:00\" \/>\n<meta property=\"og:image\" content=\"https:\/\/ironsky.pl\/sklep\/wp-content\/uploads\/2026\/04\/22859_5.jpg\" \/>\n\t<meta property=\"og:image:width\" content=\"800\" \/>\n\t<meta property=\"og:image:height\" content=\"800\" \/>\n\t<meta property=\"og:image:type\" content=\"image\/jpeg\" \/>\n<meta name=\"twitter:card\" content=\"summary_large_image\" \/>\n<meta name=\"twitter:label1\" content=\"Szacowany czas czytania\" \/>\n\t<meta name=\"twitter:data1\" content=\"2 minuty\" \/>\n<script type=\"application\/ld+json\" class=\"yoast-schema-graph\">{\"@context\":\"https:\/\/schema.org\",\"@graph\":[{\"@type\":\"WebPage\",\"@id\":\"https:\/\/ironsky.pl\/sklep\/produkt\/ladowarka-skyrc-en18-nimh-1-2a\/\",\"url\":\"https:\/\/ironsky.pl\/sklep\/produkt\/ladowarka-skyrc-en18-nimh-1-2a\/\",\"name\":\"\u0141adowarka SKYRC eN18 NiMH 1.2A - IRONSKY.PL Sklep z Dronami\",\"isPartOf\":{\"@id\":\"https:\/\/ironsky.pl\/sklep\/#website\"},\"primaryImageOfPage\":{\"@id\":\"https:\/\/ironsky.pl\/sklep\/produkt\/ladowarka-skyrc-en18-nimh-1-2a\/#primaryimage\"},\"image\":{\"@id\":\"https:\/\/ironsky.pl\/sklep\/produkt\/ladowarka-skyrc-en18-nimh-1-2a\/#primaryimage\"},\"thumbnailUrl\":\"https:\/\/ironsky.pl\/sklep\/wp-content\/uploads\/2026\/04\/22859_5.jpg\",\"datePublished\":\"2026-04-15T08:10:40+00:00\",\"dateModified\":\"2026-04-15T08:46:51+00:00\",\"description\":\"\u0141adowarka SKYRC eN18 NiMH 1.2A - \u2705 sklep z dronami i fachowym doradztwem. \u2705 Tutaj kupisz produkty DJI, Yuneec, Parrot, Syma i wiele innych, a tak\u017ce kursy i licencje na operatora drona.\",\"breadcrumb\":{\"@id\":\"https:\/\/ironsky.pl\/sklep\/produkt\/ladowarka-skyrc-en18-nimh-1-2a\/#breadcrumb\"},\"inLanguage\":\"pl-PL\",\"potentialAction\":[{\"@type\":\"ReadAction\",\"target\":[\"https:\/\/ironsky.pl\/sklep\/produkt\/ladowarka-skyrc-en18-nimh-1-2a\/\"]}]},{\"@type\":\"ImageObject\",\"inLanguage\":\"pl-PL\",\"@id\":\"https:\/\/ironsky.pl\/sklep\/produkt\/ladowarka-skyrc-en18-nimh-1-2a\/#primaryimage\",\"url\":\"https:\/\/ironsky.pl\/sklep\/wp-content\/uploads\/2026\/04\/22859_5.jpg\",\"contentUrl\":\"https:\/\/ironsky.pl\/sklep\/wp-content\/uploads\/2026\/04\/22859_5.jpg\",\"width\":800,\"height\":800},{\"@type\":\"BreadcrumbList\",\"@id\":\"https:\/\/ironsky.pl\/sklep\/produkt\/ladowarka-skyrc-en18-nimh-1-2a\/#breadcrumb\",\"itemListElement\":[{\"@type\":\"ListItem\",\"position\":1,\"name\":\"Strona g\u0142\u00f3wna\",\"item\":\"https:\/\/ironsky.pl\/sklep\/\"},{\"@type\":\"ListItem\",\"position\":2,\"name\":\"Wszystkie produkty\",\"item\":\"https:\/\/ironsky.pl\/sklep\/produkty\/\"},{\"@type\":\"ListItem\",\"position\":3,\"name\":\"\u0141adowarka SKYRC eN18 NiMH 1.2A\"}]},{\"@type\":\"WebSite\",\"@id\":\"https:\/\/ironsky.pl\/sklep\/#website\",\"url\":\"https:\/\/ironsky.pl\/sklep\/\",\"name\":\"IRONSKY.PL Sklep z Dronami\",\"description\":\"IRONSKY.PL Sklep z Dronami\",\"potentialAction\":[{\"@type\":\"SearchAction\",\"target\":{\"@type\":\"EntryPoint\",\"urlTemplate\":\"https:\/\/ironsky.pl\/sklep\/?s={search_term_string}\"},\"query-input\":{\"@type\":\"PropertyValueSpecification\",\"valueRequired\":true,\"valueName\":\"search_term_string\"}}],\"inLanguage\":\"pl-PL\"}]}<\/script>\n<!-- \/ Yoast SEO plugin. -->","yoast_head_json":{"title":"\u0141adowarka SKYRC eN18 NiMH 1.2A - IRONSKY.PL Sklep z Dronami","description":"\u0141adowarka SKYRC eN18 NiMH 1.2A - \u2705 sklep z dronami i fachowym doradztwem. \u2705 Tutaj kupisz produkty DJI, Yuneec, Parrot, Syma i wiele innych, a tak\u017ce kursy i licencje na operatora drona.","robots":{"index":"index","follow":"follow","max-snippet":"max-snippet:-1","max-image-preview":"max-image-preview:large","max-video-preview":"max-video-preview:-1"},"canonical":"https:\/\/ironsky.pl\/sklep\/produkt\/ladowarka-skyrc-en18-nimh-1-2a\/","og_locale":"pl_PL","og_type":"article","og_title":"\u0141adowarka SKYRC eN18 NiMH 1.2A - IRONSKY.PL Sklep z Dronami","og_description":"\u0141adowarka SKYRC eN18 NiMH 1.2A - \u2705 sklep z dronami i fachowym doradztwem. \u2705 Tutaj kupisz produkty DJI, Yuneec, Parrot, Syma i wiele innych, a tak\u017ce kursy i licencje na operatora drona.","og_url":"https:\/\/ironsky.pl\/sklep\/produkt\/ladowarka-skyrc-en18-nimh-1-2a\/","og_site_name":"IRONSKY.PL Sklep z Dronami","article_modified_time":"2026-04-15T08:46:51+00:00","og_image":[{"width":800,"height":800,"url":"https:\/\/ironsky.pl\/sklep\/wp-content\/uploads\/2026\/04\/22859_5.jpg","type":"image\/jpeg"}],"twitter_card":"summary_large_image","twitter_misc":{"Szacowany czas czytania":"2 minuty"},"schema":{"@context":"https:\/\/schema.org","@graph":[{"@type":"WebPage","@id":"https:\/\/ironsky.pl\/sklep\/produkt\/ladowarka-skyrc-en18-nimh-1-2a\/","url":"https:\/\/ironsky.pl\/sklep\/produkt\/ladowarka-skyrc-en18-nimh-1-2a\/","name":"\u0141adowarka SKYRC eN18 NiMH 1.2A - IRONSKY.PL Sklep z Dronami","isPartOf":{"@id":"https:\/\/ironsky.pl\/sklep\/#website"},"primaryImageOfPage":{"@id":"https:\/\/ironsky.pl\/sklep\/produkt\/ladowarka-skyrc-en18-nimh-1-2a\/#primaryimage"},"image":{"@id":"https:\/\/ironsky.pl\/sklep\/produkt\/ladowarka-skyrc-en18-nimh-1-2a\/#primaryimage"},"thumbnailUrl":"https:\/\/ironsky.pl\/sklep\/wp-content\/uploads\/2026\/04\/22859_5.jpg","datePublished":"2026-04-15T08:10:40+00:00","dateModified":"2026-04-15T08:46:51+00:00","description":"\u0141adowarka SKYRC eN18 NiMH 1.2A - \u2705 sklep z dronami i fachowym doradztwem. \u2705 Tutaj kupisz produkty DJI, Yuneec, Parrot, Syma i wiele innych, a tak\u017ce kursy i licencje na operatora drona.","breadcrumb":{"@id":"https:\/\/ironsky.pl\/sklep\/produkt\/ladowarka-skyrc-en18-nimh-1-2a\/#breadcrumb"},"inLanguage":"pl-PL","potentialAction":[{"@type":"ReadAction","target":["https:\/\/ironsky.pl\/sklep\/produkt\/ladowarka-skyrc-en18-nimh-1-2a\/"]}]},{"@type":"ImageObject","inLanguage":"pl-PL","@id":"https:\/\/ironsky.pl\/sklep\/produkt\/ladowarka-skyrc-en18-nimh-1-2a\/#primaryimage","url":"https:\/\/ironsky.pl\/sklep\/wp-content\/uploads\/2026\/04\/22859_5.jpg","contentUrl":"https:\/\/ironsky.pl\/sklep\/wp-content\/uploads\/2026\/04\/22859_5.jpg","width":800,"height":800},{"@type":"BreadcrumbList","@id":"https:\/\/ironsky.pl\/sklep\/produkt\/ladowarka-skyrc-en18-nimh-1-2a\/#breadcrumb","itemListElement":[{"@type":"ListItem","position":1,"name":"Strona g\u0142\u00f3wna","item":"https:\/\/ironsky.pl\/sklep\/"},{"@type":"ListItem","position":2,"name":"Wszystkie produkty","item":"https:\/\/ironsky.pl\/sklep\/produkty\/"},{"@type":"ListItem","position":3,"name":"\u0141adowarka SKYRC eN18 NiMH 1.2A"}]},{"@type":"WebSite","@id":"https:\/\/ironsky.pl\/sklep\/#website","url":"https:\/\/ironsky.pl\/sklep\/","name":"IRONSKY.PL Sklep z Dronami","description":"IRONSKY.PL Sklep z Dronami","potentialAction":[{"@type":"SearchAction","target":{"@type":"EntryPoint","urlTemplate":"https:\/\/ironsky.pl\/sklep\/?s={search_term_string}"},"query-input":{"@type":"PropertyValueSpecification","valueRequired":true,"valueName":"search_term_string"}}],"inLanguage":"pl-PL"}]}},"_links":{"self":[{"href":"https:\/\/ironsky.pl\/sklep\/wp-json\/wp\/v2\/product\/56021","targetHints":{"allow":["GET"]}}],"collection":[{"href":"https:\/\/ironsky.pl\/sklep\/wp-json\/wp\/v2\/product"}],"about":[{"href":"https:\/\/ironsky.pl\/sklep\/wp-json\/wp\/v2\/types\/product"}],"replies":[{"embeddable":true,"href":"https:\/\/ironsky.pl\/sklep\/wp-json\/wp\/v2\/comments?post=56021"}],"wp:featuredmedia":[{"embeddable":true,"href":"https:\/\/ironsky.pl\/sklep\/wp-json\/wp\/v2\/media\/56022"}],"wp:attachment":[{"href":"https:\/\/ironsky.pl\/sklep\/wp-json\/wp\/v2\/media?parent=56021"}],"wp:term":[{"taxonomy":"product_brand","embeddable":true,"href":"https:\/\/ironsky.pl\/sklep\/wp-json\/wp\/v2\/product_brand?post=56021"},{"taxonomy":"product_cat","embeddable":true,"href":"https:\/\/ironsky.pl\/sklep\/wp-json\/wp\/v2\/product_cat?post=56021"},{"taxonomy":"product_tag","embeddable":true,"href":"https:\/\/ironsky.pl\/sklep\/wp-json\/wp\/v2\/product_tag?post=56021"}],"curies":[{"name":"wp","href":"https:\/\/api.w.org\/{rel}","templated":true}]}}