{"id":55943,"date":"2026-04-15T10:09:43","date_gmt":"2026-04-15T08:09:43","guid":{"rendered":"https:\/\/ironsky.pl\/sklep\/produkt\/latarka-superfire-s33-a-usb-czarna-2\/"},"modified":"2026-04-15T10:46:29","modified_gmt":"2026-04-15T08:46:29","slug":"latarka-superfire-s33-a-usb-czarna-2","status":"publish","type":"product","link":"https:\/\/ironsky.pl\/sklep\/produkt\/latarka-superfire-s33-a-usb-czarna-2\/","title":{"rendered":"Latarka SUPERFIRE S33-A USB (czarna)"},"content":{"rendered":"<h3>Latarka Superfire S33-A, USB, czarna, 4 tryby <\/h3>\n<p>Latarka marki Superfire jest kompaktowa i lekka, dzi\u0119ki czemu mo\u017cesz schowa\u0107 j\u0105 nawet w kieszeni. Jej niewielkie wymiary i niska waga sprawiaj\u0105, \u017ce jest wyj\u0105tkowo por\u0119czna i wygodna w przenoszeniu \u2013 idealna do codziennego u\u017cytku i w podr\u00f3\u017cy. B\u0119dzie niezast\u0105piona w r\u00f3\u017cnych sytuacjach. Doskonale sprawdzi si\u0119 na campingu, w warsztacie, podczas w\u0119dr\u00f3wek, itp. Posiada 4 tryby pracy oraz odporno\u015b\u0107 na wod\u0119 na poziomie IP43 (Ingress Protection 43, ochrona przed cia\u0142ami obcymi \u22651 mm i spryskiwaniem wod\u0105). Jest te\u017c wytrzyma\u0142a na zu\u017cycie i upadki z 1 m. \u0141adowanie odbywa si\u0119 przez ma\u0142y port USB (Universal Serial Bus, uniwersalne z\u0142\u0105cze do przesy\u0142ania danych i zasilania), kt\u00f3ry pasuje do wi\u0119kszo\u015bci popularnych przewod\u00f3w i \u0142adowarek, co czyni ca\u0142y proces wyj\u0105tkowo wygodnym. Wska\u017anik poinformuje Ci\u0119 o w pe\u0142ni na\u0142adowanym akumulatorze.<\/p>\n<p>\n<img decoding=\"async\" src=\"https:\/\/assets.innpro.pl\/14136\/17633\/3.jpg\" border=\"0\" alt=\"Metalowa latarka Superfire S33-A na czarnym tle z pomara\u0144czowymi siatkami graficznymi\" \/>\n<\/p>\n<h3>Inteligentny wska\u017anik \u0142adowania<\/h3>\n<p>Superfire S33-A zosta\u0142a wyposa\u017cona w akumulator o pojemno\u015bci 800 mAh, kt\u00f3ry zapewnia oko\u0142o 2 godziny pracy przy pe\u0142nej mocy. W trybie oszcz\u0119dnym czas dzia\u0142ania mo\u017ce jednak si\u0119ga\u0107 nawet 3,5 godziny, co czyni latark\u0119 niezawodnym \u017ar\u00f3d\u0142em \u015bwiat\u0142a tak\u017ce podczas d\u0142u\u017cszych wypraw. Dzi\u0119ki inteligentnemu wska\u017anikowi \u0142adowania, w ka\u017cdym momencie mo\u017cesz sprawdzi\u0107 stan na\u0142adowania urz\u0105dzenia. Kolor czerwony\u00a0sygnalizuje \u0142adowanie akcesorium, a niebieski &#8211; na\u0142adowany akumulator. W ten spos\u00f3b na czas dowiesz si\u0119, kiedy latarka b\u0119dzie zn\u00f3w gotowa do pracy i unikniesz jej prze\u0142adowania.<\/p>\n<p>\n<img decoding=\"async\" src=\"https:\/\/assets.innpro.pl\/14136\/17633\/5.jpg\" border=\"0\" alt=\"Latarka Superfire S33-A pod\u0142\u0105czona do \u0142adowania przez kabel\" \/>\n<\/p>\n<h3>4 tryby pracy<\/h3>\n<p>Latarka posiada 4 tryby pracy, z kt\u00f3rych mo\u017cesz korzysta\u0107 w zale\u017cno\u015bci od potrzeb. Wybieraj mi\u0119dzy s\u0142abym \u015bwiat\u0142em, SOS, 100% jasno\u015bci lub stroboskopem. Obs\u0142uga jest prosta \u2013 tryby prze\u0142\u0105cza si\u0119 przyciskiem umieszczonym w tylnej cz\u0119\u015bci latarki. Kolejne naci\u015bni\u0119cia pozwalaj\u0105 cyklicznie zmienia\u0107 tryby (mocne \u015bwiat\u0142o \u2013 s\u0142abe \u015bwiat\u0142o \u2013 stroboskop \u2013 wy\u0142\u0105czenie). Przytrzymanie przycisku przez oko\u0142o 3 sekundy aktywuje tryb SOS, a ponowne przytrzymanie wy\u0142\u0105cza latark\u0119. Dzi\u0119ki zastosowanej specjalnej soczewce optycznej strumie\u0144 \u015bwiat\u0142a jest lepiej skupiony, co zapewnia zasi\u0119g a\u017c do 219 metr\u00f3w.<\/p>\n<p>\n<img decoding=\"async\" src=\"https:\/\/assets.innpro.pl\/14136\/17633\/4.jpg\" border=\"0\" alt=\"Latarka Superfire S33-A \u015bwiec\u0105ca jasnym \u015bwiat\u0142em na za\u015bnie\u017con\u0105 le\u015bn\u0105 drog\u0119 z sylwetk\u0105 osoby w oddali\" \/>\n<\/p>\n<h3>Minimalistyczna i wytrzyma\u0142a<\/h3>\n<p>Urz\u0105dzenie zosta\u0142o wykonane z wysokiej jako\u015bci materia\u0142u ABS (Acrylonitrile Butadiene Styrene, wytrzyma\u0142e tworzywo sztuczne), a dodatkowo wzmocnione w\u0142\u00f3knem szklanym. Oryginalny, prosty design sprawia, \u017ce latarka prezentuje si\u0119 elegancko i nowocze\u015bnie, zachowuj\u0105c przy tym pe\u0142n\u0105 funkcjonalno\u015b\u0107. Jest odporna na drobne uszkodzenia mechaniczne i wykonana w zgodzie ze \u015brodowiskiem. Jest lekka i kompaktowa, dzi\u0119ki czemu mo\u017cesz mie\u0107 j\u0105 zawsze przy sobie. Dodatkowo latarka posiada otw\u00f3r na smycz (brak w zestawie), kt\u00f3r\u0105 mo\u017cesz doczepi\u0107 dla ochrony akcesorium.<\/p>\n<p>\n<img decoding=\"async\" src=\"https:\/\/assets.innpro.pl\/14136\/17633\/6.jpg\" border=\"0\" alt=\"Osoba wk\u0142adaj\u0105ca latark\u0119 do kieszeni spodni\" \/>\n<\/p>\n<div class=\"table-wrapper\">\n<p>\u00a0<\/p>\n<h3><\/h3>\n<table>\n<tbody>\n<tr>\n<th>Producent <\/th>\n<td>Superfire<\/td>\n<\/tr>\n<tr>\n<th>Model <\/th>\n<td>S33-A<\/td>\n<\/tr>\n<tr>\n<th>Wymiary <\/th>\n<td>131 x 36 x 29 mm<\/td>\n<\/tr>\n<tr>\n<th>Waga <\/th>\n<td>85 g<\/td>\n<\/tr>\n<tr>\n<th>Moc <\/th>\n<td>2.5 W<\/td>\n<\/tr>\n<tr>\n<th>Napi\u0119cie <\/th>\n<td>3.7 V<\/td>\n<\/tr>\n<tr>\n<th>Pojemno\u015b\u0107 akumulatora <\/th>\n<td>800 mAh<\/td>\n<\/tr>\n<tr>\n<th>Materia\u0142 <\/th>\n<td>ABS<\/td>\n<\/tr>\n<tr>\n<th>Kolor <\/th>\n<td>czarny<\/td>\n<\/tr>\n<tr>\n<th>Odporno\u015b\u0107 na upadki <\/th>\n<td>do 1 m<\/td>\n<\/tr>\n<tr>\n<th>Zasi\u0119g \u015bwiecenia <\/th>\n<td>219 m<\/td>\n<\/tr>\n<tr>\n<th>Port \u0142adowania <\/th>\n<td>USB<\/td>\n<\/tr>\n<tr>\n<th>Czas \u0142adowania <\/th>\n<td>oko\u0142o 2 h<\/td>\n<\/tr>\n<tr>\n<th>Czas pracy <\/th>\n<td>oko\u0142o 2 h<\/td>\n<\/tr>\n<tr>\n<th>Wodoodporno\u015b\u0107 na wod\u0119 <\/th>\n<td>IP43<\/td>\n<\/tr>\n<tr>\n<th>Jasno\u015b\u0107 (ilo\u015b\u0107 lumen\u00f3w) <\/th>\n<td>124 lm<\/td>\n<\/tr>\n<tr>\n<th>Tryby <\/th>\n<td>100%, s\u0142abe \u015bwiat\u0142o, SOS, stroboskop<\/td>\n<\/tr>\n<\/tbody>\n<\/table>\n<\/div>\n","protected":false},"excerpt":{"rendered":"<p>Latarka Superfire S33-A, USB, czarna, 4 tryby Latarka marki Superfire jest kompaktowa i lekka, dzi\u0119ki czemu mo\u017cesz schowa\u0107 j\u0105 nawet<\/p>\n","protected":false},"featured_media":41554,"comment_status":"closed","ping_status":"open","template":"","meta":{"_acf_changed":false},"product_brand":[],"product_cat":[5938,5937,5939],"product_tag":[],"class_list":{"0":"post-55943","1":"product","2":"type-product","3":"status-publish","4":"has-post-thumbnail","6":"product_cat-latarki","7":"product_cat-outdoor","8":"product_cat-pozostale-latarki","9":"pa_okres-gwarancji-5754","10":"pa_producent-superfire","12":"first","13":"outofstock","14":"taxable","15":"shipping-taxable","16":"purchasable","17":"product-type-simple"},"acf":[],"yoast_head":"<!-- This site is optimized with the Yoast SEO plugin v27.2 - https:\/\/yoast.com\/product\/yoast-seo-wordpress\/ -->\n<title>Latarka SUPERFIRE S33-A USB (czarna) - IRONSKY.PL Sklep z Dronami<\/title>\n<meta name=\"description\" content=\"Latarka SUPERFIRE S33-A USB (czarna) - \u2705 sklep z dronami i fachowym doradztwem. \u2705 Tutaj kupisz produkty DJI, Yuneec, Parrot, Syma i wiele innych, a tak\u017ce kursy i licencje na operatora drona.\" \/>\n<meta name=\"robots\" content=\"index, follow, max-snippet:-1, max-image-preview:large, max-video-preview:-1\" \/>\n<link rel=\"canonical\" href=\"https:\/\/ironsky.pl\/sklep\/produkt\/latarka-superfire-s33-a-usb-czarna-2\/\" \/>\n<meta property=\"og:locale\" content=\"pl_PL\" \/>\n<meta property=\"og:type\" content=\"article\" \/>\n<meta property=\"og:title\" content=\"Latarka SUPERFIRE S33-A USB (czarna) - IRONSKY.PL Sklep z Dronami\" \/>\n<meta property=\"og:description\" content=\"Latarka SUPERFIRE S33-A USB (czarna) - \u2705 sklep z dronami i fachowym doradztwem. \u2705 Tutaj kupisz produkty DJI, Yuneec, Parrot, Syma i wiele innych, a tak\u017ce kursy i licencje na operatora drona.\" \/>\n<meta property=\"og:url\" content=\"https:\/\/ironsky.pl\/sklep\/produkt\/latarka-superfire-s33-a-usb-czarna-2\/\" \/>\n<meta property=\"og:site_name\" content=\"IRONSKY.PL Sklep z Dronami\" \/>\n<meta property=\"article:modified_time\" content=\"2026-04-15T08:46:29+00:00\" \/>\n<meta property=\"og:image\" content=\"https:\/\/ironsky.pl\/sklep\/wp-content\/uploads\/2025\/06\/22340_1.jpg\" \/>\n\t<meta property=\"og:image:width\" content=\"800\" \/>\n\t<meta property=\"og:image:height\" content=\"800\" \/>\n\t<meta property=\"og:image:type\" content=\"image\/jpeg\" \/>\n<meta name=\"twitter:card\" content=\"summary_large_image\" \/>\n<meta name=\"twitter:label1\" content=\"Szacowany czas czytania\" \/>\n\t<meta name=\"twitter:data1\" content=\"2 minuty\" \/>\n<script type=\"application\/ld+json\" class=\"yoast-schema-graph\">{\"@context\":\"https:\/\/schema.org\",\"@graph\":[{\"@type\":\"WebPage\",\"@id\":\"https:\/\/ironsky.pl\/sklep\/produkt\/latarka-superfire-s33-a-usb-czarna-2\/\",\"url\":\"https:\/\/ironsky.pl\/sklep\/produkt\/latarka-superfire-s33-a-usb-czarna-2\/\",\"name\":\"Latarka SUPERFIRE S33-A USB (czarna) - IRONSKY.PL Sklep z Dronami\",\"isPartOf\":{\"@id\":\"https:\/\/ironsky.pl\/sklep\/#website\"},\"primaryImageOfPage\":{\"@id\":\"https:\/\/ironsky.pl\/sklep\/produkt\/latarka-superfire-s33-a-usb-czarna-2\/#primaryimage\"},\"image\":{\"@id\":\"https:\/\/ironsky.pl\/sklep\/produkt\/latarka-superfire-s33-a-usb-czarna-2\/#primaryimage\"},\"thumbnailUrl\":\"https:\/\/ironsky.pl\/sklep\/wp-content\/uploads\/2025\/06\/22340_1.jpg\",\"datePublished\":\"2026-04-15T08:09:43+00:00\",\"dateModified\":\"2026-04-15T08:46:29+00:00\",\"description\":\"Latarka SUPERFIRE S33-A USB (czarna) - \u2705 sklep z dronami i fachowym doradztwem. \u2705 Tutaj kupisz produkty DJI, Yuneec, Parrot, Syma i wiele innych, a tak\u017ce kursy i licencje na operatora drona.\",\"breadcrumb\":{\"@id\":\"https:\/\/ironsky.pl\/sklep\/produkt\/latarka-superfire-s33-a-usb-czarna-2\/#breadcrumb\"},\"inLanguage\":\"pl-PL\",\"potentialAction\":[{\"@type\":\"ReadAction\",\"target\":[\"https:\/\/ironsky.pl\/sklep\/produkt\/latarka-superfire-s33-a-usb-czarna-2\/\"]}]},{\"@type\":\"ImageObject\",\"inLanguage\":\"pl-PL\",\"@id\":\"https:\/\/ironsky.pl\/sklep\/produkt\/latarka-superfire-s33-a-usb-czarna-2\/#primaryimage\",\"url\":\"https:\/\/ironsky.pl\/sklep\/wp-content\/uploads\/2025\/06\/22340_1.jpg\",\"contentUrl\":\"https:\/\/ironsky.pl\/sklep\/wp-content\/uploads\/2025\/06\/22340_1.jpg\",\"width\":800,\"height\":800},{\"@type\":\"BreadcrumbList\",\"@id\":\"https:\/\/ironsky.pl\/sklep\/produkt\/latarka-superfire-s33-a-usb-czarna-2\/#breadcrumb\",\"itemListElement\":[{\"@type\":\"ListItem\",\"position\":1,\"name\":\"Strona g\u0142\u00f3wna\",\"item\":\"https:\/\/ironsky.pl\/sklep\/\"},{\"@type\":\"ListItem\",\"position\":2,\"name\":\"Wszystkie produkty\",\"item\":\"https:\/\/ironsky.pl\/sklep\/produkty\/\"},{\"@type\":\"ListItem\",\"position\":3,\"name\":\"Latarka SUPERFIRE S33-A USB (czarna)\"}]},{\"@type\":\"WebSite\",\"@id\":\"https:\/\/ironsky.pl\/sklep\/#website\",\"url\":\"https:\/\/ironsky.pl\/sklep\/\",\"name\":\"IRONSKY.PL Sklep z Dronami\",\"description\":\"IRONSKY.PL Sklep z Dronami\",\"potentialAction\":[{\"@type\":\"SearchAction\",\"target\":{\"@type\":\"EntryPoint\",\"urlTemplate\":\"https:\/\/ironsky.pl\/sklep\/?s={search_term_string}\"},\"query-input\":{\"@type\":\"PropertyValueSpecification\",\"valueRequired\":true,\"valueName\":\"search_term_string\"}}],\"inLanguage\":\"pl-PL\"}]}<\/script>\n<!-- \/ Yoast SEO plugin. -->","yoast_head_json":{"title":"Latarka SUPERFIRE S33-A USB (czarna) - IRONSKY.PL Sklep z Dronami","description":"Latarka SUPERFIRE S33-A USB (czarna) - \u2705 sklep z dronami i fachowym doradztwem. \u2705 Tutaj kupisz produkty DJI, Yuneec, Parrot, Syma i wiele innych, a tak\u017ce kursy i licencje na operatora drona.","robots":{"index":"index","follow":"follow","max-snippet":"max-snippet:-1","max-image-preview":"max-image-preview:large","max-video-preview":"max-video-preview:-1"},"canonical":"https:\/\/ironsky.pl\/sklep\/produkt\/latarka-superfire-s33-a-usb-czarna-2\/","og_locale":"pl_PL","og_type":"article","og_title":"Latarka SUPERFIRE S33-A USB (czarna) - IRONSKY.PL Sklep z Dronami","og_description":"Latarka SUPERFIRE S33-A USB (czarna) - \u2705 sklep z dronami i fachowym doradztwem. \u2705 Tutaj kupisz produkty DJI, Yuneec, Parrot, Syma i wiele innych, a tak\u017ce kursy i licencje na operatora drona.","og_url":"https:\/\/ironsky.pl\/sklep\/produkt\/latarka-superfire-s33-a-usb-czarna-2\/","og_site_name":"IRONSKY.PL Sklep z Dronami","article_modified_time":"2026-04-15T08:46:29+00:00","og_image":[{"width":800,"height":800,"url":"https:\/\/ironsky.pl\/sklep\/wp-content\/uploads\/2025\/06\/22340_1.jpg","type":"image\/jpeg"}],"twitter_card":"summary_large_image","twitter_misc":{"Szacowany czas czytania":"2 minuty"},"schema":{"@context":"https:\/\/schema.org","@graph":[{"@type":"WebPage","@id":"https:\/\/ironsky.pl\/sklep\/produkt\/latarka-superfire-s33-a-usb-czarna-2\/","url":"https:\/\/ironsky.pl\/sklep\/produkt\/latarka-superfire-s33-a-usb-czarna-2\/","name":"Latarka SUPERFIRE S33-A USB (czarna) - IRONSKY.PL Sklep z Dronami","isPartOf":{"@id":"https:\/\/ironsky.pl\/sklep\/#website"},"primaryImageOfPage":{"@id":"https:\/\/ironsky.pl\/sklep\/produkt\/latarka-superfire-s33-a-usb-czarna-2\/#primaryimage"},"image":{"@id":"https:\/\/ironsky.pl\/sklep\/produkt\/latarka-superfire-s33-a-usb-czarna-2\/#primaryimage"},"thumbnailUrl":"https:\/\/ironsky.pl\/sklep\/wp-content\/uploads\/2025\/06\/22340_1.jpg","datePublished":"2026-04-15T08:09:43+00:00","dateModified":"2026-04-15T08:46:29+00:00","description":"Latarka SUPERFIRE S33-A USB (czarna) - \u2705 sklep z dronami i fachowym doradztwem. \u2705 Tutaj kupisz produkty DJI, Yuneec, Parrot, Syma i wiele innych, a tak\u017ce kursy i licencje na operatora drona.","breadcrumb":{"@id":"https:\/\/ironsky.pl\/sklep\/produkt\/latarka-superfire-s33-a-usb-czarna-2\/#breadcrumb"},"inLanguage":"pl-PL","potentialAction":[{"@type":"ReadAction","target":["https:\/\/ironsky.pl\/sklep\/produkt\/latarka-superfire-s33-a-usb-czarna-2\/"]}]},{"@type":"ImageObject","inLanguage":"pl-PL","@id":"https:\/\/ironsky.pl\/sklep\/produkt\/latarka-superfire-s33-a-usb-czarna-2\/#primaryimage","url":"https:\/\/ironsky.pl\/sklep\/wp-content\/uploads\/2025\/06\/22340_1.jpg","contentUrl":"https:\/\/ironsky.pl\/sklep\/wp-content\/uploads\/2025\/06\/22340_1.jpg","width":800,"height":800},{"@type":"BreadcrumbList","@id":"https:\/\/ironsky.pl\/sklep\/produkt\/latarka-superfire-s33-a-usb-czarna-2\/#breadcrumb","itemListElement":[{"@type":"ListItem","position":1,"name":"Strona g\u0142\u00f3wna","item":"https:\/\/ironsky.pl\/sklep\/"},{"@type":"ListItem","position":2,"name":"Wszystkie produkty","item":"https:\/\/ironsky.pl\/sklep\/produkty\/"},{"@type":"ListItem","position":3,"name":"Latarka SUPERFIRE S33-A USB (czarna)"}]},{"@type":"WebSite","@id":"https:\/\/ironsky.pl\/sklep\/#website","url":"https:\/\/ironsky.pl\/sklep\/","name":"IRONSKY.PL Sklep z Dronami","description":"IRONSKY.PL Sklep z Dronami","potentialAction":[{"@type":"SearchAction","target":{"@type":"EntryPoint","urlTemplate":"https:\/\/ironsky.pl\/sklep\/?s={search_term_string}"},"query-input":{"@type":"PropertyValueSpecification","valueRequired":true,"valueName":"search_term_string"}}],"inLanguage":"pl-PL"}]}},"_links":{"self":[{"href":"https:\/\/ironsky.pl\/sklep\/wp-json\/wp\/v2\/product\/55943","targetHints":{"allow":["GET"]}}],"collection":[{"href":"https:\/\/ironsky.pl\/sklep\/wp-json\/wp\/v2\/product"}],"about":[{"href":"https:\/\/ironsky.pl\/sklep\/wp-json\/wp\/v2\/types\/product"}],"replies":[{"embeddable":true,"href":"https:\/\/ironsky.pl\/sklep\/wp-json\/wp\/v2\/comments?post=55943"}],"wp:featuredmedia":[{"embeddable":true,"href":"https:\/\/ironsky.pl\/sklep\/wp-json\/wp\/v2\/media\/41554"}],"wp:attachment":[{"href":"https:\/\/ironsky.pl\/sklep\/wp-json\/wp\/v2\/media?parent=55943"}],"wp:term":[{"taxonomy":"product_brand","embeddable":true,"href":"https:\/\/ironsky.pl\/sklep\/wp-json\/wp\/v2\/product_brand?post=55943"},{"taxonomy":"product_cat","embeddable":true,"href":"https:\/\/ironsky.pl\/sklep\/wp-json\/wp\/v2\/product_cat?post=55943"},{"taxonomy":"product_tag","embeddable":true,"href":"https:\/\/ironsky.pl\/sklep\/wp-json\/wp\/v2\/product_tag?post=55943"}],"curies":[{"name":"wp","href":"https:\/\/api.w.org\/{rel}","templated":true}]}}