{"id":55873,"date":"2026-04-15T10:08:58","date_gmt":"2026-04-15T08:08:58","guid":{"rendered":"https:\/\/ironsky.pl\/sklep\/produkt\/lampa-kempingowa-superfire-t25-400lm-usb-2\/"},"modified":"2026-04-15T10:09:01","modified_gmt":"2026-04-15T08:09:01","slug":"lampa-kempingowa-superfire-t25-400lm-usb-2","status":"publish","type":"product","link":"https:\/\/ironsky.pl\/sklep\/produkt\/lampa-kempingowa-superfire-t25-400lm-usb-2\/","title":{"rendered":"Lampa kempingowa SUPERFIRE T25 400lm USB"},"content":{"rendered":"<h3>Lampa kempingowa Superfire T25, 400 lm, USB, 3 tryby <\/h3>\n<p>Kompaktowa lampka campingowa marki Superfire doskonale sprawdzi si\u0119 podczas ka\u017cdego wyjazdu na camping i nie tylko. Wykorzystasz j\u0105 te\u017c w przypadku przerwy w dostawie pr\u0105du, naprawy samochodu, itp. W \u0142atwy spos\u00f3b zawiesisz j\u0105 w namiocie za pomoc\u0105 przymocowanego do niej haczyka. Generowane\u00a0przez ni\u0105 \u015bwiat\u0142o nie podra\u017cnia oczu. Akcesorium zu\u017cywa te\u017c ma\u0142o energii i jest wodoodporne. Wska\u017anik powiadomi Ci\u0119 o poziomie akumulatora, a jej energi\u0119 odnowisz za pomoc\u0105 \u0142adowarki sieciowej, powerbanku, itp. Przycisk zasilania i port \u0142adowania USB (Universal Serial Bus, interfejs s\u0142u\u017c\u0105cy do zasilania i \u0142adowania urz\u0105dze\u0144 elektronicznych, a tak\u017ce do przesy\u0142ania danych) zas\u0142oni\u0119to transparentn\u0105 pokryw\u0105 w celu ochrony przed wilgoci\u0105.\u00a0<\/p>\n<p>\n<img decoding=\"async\" src=\"https:\/\/assets.innpro.pl\/14128\/17619\/1.jpg\" border=\"0\" alt=\"Lampa kempingowa Superfire T25 w bia\u0142ym kolorze stoj\u0105ca na ciemnym stoliku.\" \/>\n<\/p>\n<h3>3 tryby pracy<\/h3>\n<p>Lampka posiada 3 tryby pracy, a tak\u017ce mo\u017cliwo\u015b\u0107 regulacji jasno\u015bci.\u00a0Akcesorium pracuje na najwy\u017cszym, \u015brednim oraz niskim poziomie jasno\u015bci. Wybierz ten, kt\u00f3ry najbardziej Ci odpowiada w danej sytuacji. Zrobisz to w \u0142atwy spos\u00f3b za pomoc\u0105 jednego przycisku.<\/p>\n<p>\n<img decoding=\"async\" src=\"https:\/\/assets.innpro.pl\/14128\/17619\/8.jpg\" border=\"0\" alt=\"Lampa kempingowa Superfire T25 przedstawiona w czterech scenariuszach - na straganie, w budce z jedzeniem, u mechanika, pod namiotem.\" \/>\n<\/p>\n<h3>Inteligentne wska\u017aniki \u0142adowania<\/h3>\n<p>Monitoruj proces \u0142adowania latarki! Dzi\u0119ki inteligentnym wska\u017anikom w ka\u017cdej chwili mo\u017cesz sprawdzi\u0107 poziom na\u0142adowania swojej lampki. Zosta\u0142y one umieszczone nad przyciskiem zasilania, dzi\u0119ki czemu masz do nich \u0142atwy i wygodny dost\u0119p.<\/p>\n<p>\n<img decoding=\"async\" src=\"https:\/\/assets.innpro.pl\/14128\/17619\/4.jpg\" border=\"0\" alt=\"Lampa kempingowa Superfire T25 z wizualizacj\u0105 pracy wska\u017anik\u00f3w \u0142adowania.\" \/>\n<\/p>\n<h3>\u0141aduj jak chcesz<\/h3>\n<p>Energi\u0119 latarki odnowisz za pomoc\u0105 r\u00f3\u017cnego rodzaju urz\u0105dze\u0144. Mo\u017cesz u\u017cy\u0107 do tego komputera, powerbanku, \u0142adowarki i wielu innych. Wystarczy, \u017ce u\u017cyjesz kabla mini USB; czas \u0142adowania wynosi oko\u0142o 4 godziny.\u00a0Istnieje te\u017c mo\u017cliwo\u015b\u0107 korzystania z akcesorium podczas \u0142adowania.<\/p>\n<p>\n<img decoding=\"async\" src=\"https:\/\/assets.innpro.pl\/14128\/17619\/5.jpg\" border=\"0\" alt=\"Lampa kempingowa Superfire T25 w bia\u0142ym kolorze pod\u0142\u0105czona do zasilania kablem USB.\" \/>\n<\/p>\n<h3>W zestawie<\/h3>\n<ul class=\"list-disc pl-5\">\n<li>lampa<\/li>\n<li>bateria 18650 x2<\/li>\n<li>Kabel USB<\/li>\n<\/ul>\n<div class=\"table-wrapper\">\n<p>\u00a0<\/p>\n<h3><\/h3>\n<table>\n<tbody>\n<tr>\n<th>Producent <\/th>\n<td>Superfire<\/td>\n<\/tr>\n<tr>\n<th>Model <\/th>\n<td>T25<\/td>\n<\/tr>\n<tr>\n<th>Wymiary <\/th>\n<td>162 x 28 mm<\/td>\n<\/tr>\n<tr>\n<th>Waga <\/th>\n<td>280 g<\/td>\n<\/tr>\n<tr>\n<th>Moc <\/th>\n<td>7 W<\/td>\n<\/tr>\n<tr>\n<th>Napi\u0119cie <\/th>\n<td>3.7 V<\/td>\n<\/tr>\n<tr>\n<th>Pojemno\u015b\u0107 akumulatora <\/th>\n<td>2400 mAh<\/td>\n<\/tr>\n<tr>\n<th>\u0179r\u00f3d\u0142o \u015bwiat\u0142a <\/th>\n<td>LED<\/td>\n<\/tr>\n<tr>\n<th>Materia\u0142 <\/th>\n<td>PC<\/td>\n<\/tr>\n<tr>\n<th>Odporno\u015b\u0107 na upadki <\/th>\n<td>do 1 m<\/td>\n<\/tr>\n<tr>\n<th>Zasi\u0119g <\/th>\n<td>do 12 m<\/td>\n<\/tr>\n<tr>\n<th>Port \u0142adowania <\/th>\n<td>USB<\/td>\n<\/tr>\n<tr>\n<th>Wodoodporno\u015b\u0107 <\/th>\n<td>IP42<\/td>\n<\/tr>\n<tr>\n<th>Czas czuwania <\/th>\n<td>oko\u0142o 4 h<\/td>\n<\/tr>\n<tr>\n<th>Czas \u0142adowania <\/th>\n<td>oko\u0142o 4 h<\/td>\n<\/tr>\n<tr>\n<th>Tryby <\/th>\n<td>3 (wysoki \/ \u015bredni \/ niski poziom jasno\u015bci)<\/td>\n<\/tr>\n<tr>\n<th>Zasilanie <\/th>\n<td>2 baterie 18650<\/td>\n<\/tr>\n<tr>\n<th>Jasno\u015b\u0107 <\/th>\n<td>400 lm<\/td>\n<\/tr>\n<\/tbody>\n<\/table>\n<\/div>\n","protected":false},"excerpt":{"rendered":"<p>Lampa kempingowa Superfire T25, 400 lm, USB, 3 tryby Kompaktowa lampka campingowa marki Superfire doskonale sprawdzi si\u0119 podczas ka\u017cdego wyjazdu<\/p>\n","protected":false},"featured_media":41544,"comment_status":"closed","ping_status":"open","template":"","meta":{"_acf_changed":false},"product_brand":[],"product_cat":[5947,5946,5937],"product_tag":[],"class_list":{"0":"post-55873","1":"product","2":"type-product","3":"status-publish","4":"has-post-thumbnail","6":"product_cat-lampy-kempingowe","7":"product_cat-oswietlenie","8":"product_cat-outdoor","9":"pa_okres-gwarancji-5754","10":"pa_producent-superfire","12":"first","13":"outofstock","14":"taxable","15":"shipping-taxable","16":"purchasable","17":"product-type-simple"},"acf":[],"yoast_head":"<!-- This site is optimized with the Yoast SEO plugin v27.2 - https:\/\/yoast.com\/product\/yoast-seo-wordpress\/ -->\n<title>Lampa kempingowa SUPERFIRE T25 400lm USB - IRONSKY.PL Sklep z Dronami<\/title>\n<meta name=\"description\" content=\"Lampa kempingowa SUPERFIRE T25 400lm USB - \u2705 sklep z dronami i fachowym doradztwem. \u2705 Tutaj kupisz produkty DJI, Yuneec, Parrot, Syma i wiele innych, a tak\u017ce kursy i licencje na operatora drona.\" \/>\n<meta name=\"robots\" content=\"index, follow, max-snippet:-1, max-image-preview:large, max-video-preview:-1\" \/>\n<link rel=\"canonical\" href=\"https:\/\/ironsky.pl\/sklep\/produkt\/lampa-kempingowa-superfire-t25-400lm-usb-2\/\" \/>\n<meta property=\"og:locale\" content=\"pl_PL\" \/>\n<meta property=\"og:type\" content=\"article\" \/>\n<meta property=\"og:title\" content=\"Lampa kempingowa SUPERFIRE T25 400lm USB - IRONSKY.PL Sklep z Dronami\" \/>\n<meta property=\"og:description\" content=\"Lampa kempingowa SUPERFIRE T25 400lm USB - \u2705 sklep z dronami i fachowym doradztwem. \u2705 Tutaj kupisz produkty DJI, Yuneec, Parrot, Syma i wiele innych, a tak\u017ce kursy i licencje na operatora drona.\" \/>\n<meta property=\"og:url\" content=\"https:\/\/ironsky.pl\/sklep\/produkt\/lampa-kempingowa-superfire-t25-400lm-usb-2\/\" \/>\n<meta property=\"og:site_name\" content=\"IRONSKY.PL Sklep z Dronami\" \/>\n<meta property=\"article:modified_time\" content=\"2026-04-15T08:09:01+00:00\" \/>\n<meta property=\"og:image\" content=\"https:\/\/ironsky.pl\/sklep\/wp-content\/uploads\/2025\/06\/21938_2.jpg\" \/>\n\t<meta property=\"og:image:width\" content=\"800\" \/>\n\t<meta property=\"og:image:height\" content=\"800\" \/>\n\t<meta property=\"og:image:type\" content=\"image\/jpeg\" \/>\n<meta name=\"twitter:card\" content=\"summary_large_image\" \/>\n<meta name=\"twitter:label1\" content=\"Szacowany czas czytania\" \/>\n\t<meta name=\"twitter:data1\" content=\"2 minuty\" \/>\n<script type=\"application\/ld+json\" class=\"yoast-schema-graph\">{\"@context\":\"https:\/\/schema.org\",\"@graph\":[{\"@type\":\"WebPage\",\"@id\":\"https:\/\/ironsky.pl\/sklep\/produkt\/lampa-kempingowa-superfire-t25-400lm-usb-2\/\",\"url\":\"https:\/\/ironsky.pl\/sklep\/produkt\/lampa-kempingowa-superfire-t25-400lm-usb-2\/\",\"name\":\"Lampa kempingowa SUPERFIRE T25 400lm USB - IRONSKY.PL Sklep z Dronami\",\"isPartOf\":{\"@id\":\"https:\/\/ironsky.pl\/sklep\/#website\"},\"primaryImageOfPage\":{\"@id\":\"https:\/\/ironsky.pl\/sklep\/produkt\/lampa-kempingowa-superfire-t25-400lm-usb-2\/#primaryimage\"},\"image\":{\"@id\":\"https:\/\/ironsky.pl\/sklep\/produkt\/lampa-kempingowa-superfire-t25-400lm-usb-2\/#primaryimage\"},\"thumbnailUrl\":\"https:\/\/ironsky.pl\/sklep\/wp-content\/uploads\/2025\/06\/21938_2.jpg\",\"datePublished\":\"2026-04-15T08:08:58+00:00\",\"dateModified\":\"2026-04-15T08:09:01+00:00\",\"description\":\"Lampa kempingowa SUPERFIRE T25 400lm USB - \u2705 sklep z dronami i fachowym doradztwem. \u2705 Tutaj kupisz produkty DJI, Yuneec, Parrot, Syma i wiele innych, a tak\u017ce kursy i licencje na operatora drona.\",\"breadcrumb\":{\"@id\":\"https:\/\/ironsky.pl\/sklep\/produkt\/lampa-kempingowa-superfire-t25-400lm-usb-2\/#breadcrumb\"},\"inLanguage\":\"pl-PL\",\"potentialAction\":[{\"@type\":\"ReadAction\",\"target\":[\"https:\/\/ironsky.pl\/sklep\/produkt\/lampa-kempingowa-superfire-t25-400lm-usb-2\/\"]}]},{\"@type\":\"ImageObject\",\"inLanguage\":\"pl-PL\",\"@id\":\"https:\/\/ironsky.pl\/sklep\/produkt\/lampa-kempingowa-superfire-t25-400lm-usb-2\/#primaryimage\",\"url\":\"https:\/\/ironsky.pl\/sklep\/wp-content\/uploads\/2025\/06\/21938_2.jpg\",\"contentUrl\":\"https:\/\/ironsky.pl\/sklep\/wp-content\/uploads\/2025\/06\/21938_2.jpg\",\"width\":800,\"height\":800},{\"@type\":\"BreadcrumbList\",\"@id\":\"https:\/\/ironsky.pl\/sklep\/produkt\/lampa-kempingowa-superfire-t25-400lm-usb-2\/#breadcrumb\",\"itemListElement\":[{\"@type\":\"ListItem\",\"position\":1,\"name\":\"Strona g\u0142\u00f3wna\",\"item\":\"https:\/\/ironsky.pl\/sklep\/\"},{\"@type\":\"ListItem\",\"position\":2,\"name\":\"Wszystkie produkty\",\"item\":\"https:\/\/ironsky.pl\/sklep\/produkty\/\"},{\"@type\":\"ListItem\",\"position\":3,\"name\":\"Lampa kempingowa SUPERFIRE T25 400lm USB\"}]},{\"@type\":\"WebSite\",\"@id\":\"https:\/\/ironsky.pl\/sklep\/#website\",\"url\":\"https:\/\/ironsky.pl\/sklep\/\",\"name\":\"IRONSKY.PL Sklep z Dronami\",\"description\":\"IRONSKY.PL Sklep z Dronami\",\"potentialAction\":[{\"@type\":\"SearchAction\",\"target\":{\"@type\":\"EntryPoint\",\"urlTemplate\":\"https:\/\/ironsky.pl\/sklep\/?s={search_term_string}\"},\"query-input\":{\"@type\":\"PropertyValueSpecification\",\"valueRequired\":true,\"valueName\":\"search_term_string\"}}],\"inLanguage\":\"pl-PL\"}]}<\/script>\n<!-- \/ Yoast SEO plugin. -->","yoast_head_json":{"title":"Lampa kempingowa SUPERFIRE T25 400lm USB - IRONSKY.PL Sklep z Dronami","description":"Lampa kempingowa SUPERFIRE T25 400lm USB - \u2705 sklep z dronami i fachowym doradztwem. \u2705 Tutaj kupisz produkty DJI, Yuneec, Parrot, Syma i wiele innych, a tak\u017ce kursy i licencje na operatora drona.","robots":{"index":"index","follow":"follow","max-snippet":"max-snippet:-1","max-image-preview":"max-image-preview:large","max-video-preview":"max-video-preview:-1"},"canonical":"https:\/\/ironsky.pl\/sklep\/produkt\/lampa-kempingowa-superfire-t25-400lm-usb-2\/","og_locale":"pl_PL","og_type":"article","og_title":"Lampa kempingowa SUPERFIRE T25 400lm USB - IRONSKY.PL Sklep z Dronami","og_description":"Lampa kempingowa SUPERFIRE T25 400lm USB - \u2705 sklep z dronami i fachowym doradztwem. \u2705 Tutaj kupisz produkty DJI, Yuneec, Parrot, Syma i wiele innych, a tak\u017ce kursy i licencje na operatora drona.","og_url":"https:\/\/ironsky.pl\/sklep\/produkt\/lampa-kempingowa-superfire-t25-400lm-usb-2\/","og_site_name":"IRONSKY.PL Sklep z Dronami","article_modified_time":"2026-04-15T08:09:01+00:00","og_image":[{"width":800,"height":800,"url":"https:\/\/ironsky.pl\/sklep\/wp-content\/uploads\/2025\/06\/21938_2.jpg","type":"image\/jpeg"}],"twitter_card":"summary_large_image","twitter_misc":{"Szacowany czas czytania":"2 minuty"},"schema":{"@context":"https:\/\/schema.org","@graph":[{"@type":"WebPage","@id":"https:\/\/ironsky.pl\/sklep\/produkt\/lampa-kempingowa-superfire-t25-400lm-usb-2\/","url":"https:\/\/ironsky.pl\/sklep\/produkt\/lampa-kempingowa-superfire-t25-400lm-usb-2\/","name":"Lampa kempingowa SUPERFIRE T25 400lm USB - IRONSKY.PL Sklep z Dronami","isPartOf":{"@id":"https:\/\/ironsky.pl\/sklep\/#website"},"primaryImageOfPage":{"@id":"https:\/\/ironsky.pl\/sklep\/produkt\/lampa-kempingowa-superfire-t25-400lm-usb-2\/#primaryimage"},"image":{"@id":"https:\/\/ironsky.pl\/sklep\/produkt\/lampa-kempingowa-superfire-t25-400lm-usb-2\/#primaryimage"},"thumbnailUrl":"https:\/\/ironsky.pl\/sklep\/wp-content\/uploads\/2025\/06\/21938_2.jpg","datePublished":"2026-04-15T08:08:58+00:00","dateModified":"2026-04-15T08:09:01+00:00","description":"Lampa kempingowa SUPERFIRE T25 400lm USB - \u2705 sklep z dronami i fachowym doradztwem. \u2705 Tutaj kupisz produkty DJI, Yuneec, Parrot, Syma i wiele innych, a tak\u017ce kursy i licencje na operatora drona.","breadcrumb":{"@id":"https:\/\/ironsky.pl\/sklep\/produkt\/lampa-kempingowa-superfire-t25-400lm-usb-2\/#breadcrumb"},"inLanguage":"pl-PL","potentialAction":[{"@type":"ReadAction","target":["https:\/\/ironsky.pl\/sklep\/produkt\/lampa-kempingowa-superfire-t25-400lm-usb-2\/"]}]},{"@type":"ImageObject","inLanguage":"pl-PL","@id":"https:\/\/ironsky.pl\/sklep\/produkt\/lampa-kempingowa-superfire-t25-400lm-usb-2\/#primaryimage","url":"https:\/\/ironsky.pl\/sklep\/wp-content\/uploads\/2025\/06\/21938_2.jpg","contentUrl":"https:\/\/ironsky.pl\/sklep\/wp-content\/uploads\/2025\/06\/21938_2.jpg","width":800,"height":800},{"@type":"BreadcrumbList","@id":"https:\/\/ironsky.pl\/sklep\/produkt\/lampa-kempingowa-superfire-t25-400lm-usb-2\/#breadcrumb","itemListElement":[{"@type":"ListItem","position":1,"name":"Strona g\u0142\u00f3wna","item":"https:\/\/ironsky.pl\/sklep\/"},{"@type":"ListItem","position":2,"name":"Wszystkie produkty","item":"https:\/\/ironsky.pl\/sklep\/produkty\/"},{"@type":"ListItem","position":3,"name":"Lampa kempingowa SUPERFIRE T25 400lm USB"}]},{"@type":"WebSite","@id":"https:\/\/ironsky.pl\/sklep\/#website","url":"https:\/\/ironsky.pl\/sklep\/","name":"IRONSKY.PL Sklep z Dronami","description":"IRONSKY.PL Sklep z Dronami","potentialAction":[{"@type":"SearchAction","target":{"@type":"EntryPoint","urlTemplate":"https:\/\/ironsky.pl\/sklep\/?s={search_term_string}"},"query-input":{"@type":"PropertyValueSpecification","valueRequired":true,"valueName":"search_term_string"}}],"inLanguage":"pl-PL"}]}},"_links":{"self":[{"href":"https:\/\/ironsky.pl\/sklep\/wp-json\/wp\/v2\/product\/55873","targetHints":{"allow":["GET"]}}],"collection":[{"href":"https:\/\/ironsky.pl\/sklep\/wp-json\/wp\/v2\/product"}],"about":[{"href":"https:\/\/ironsky.pl\/sklep\/wp-json\/wp\/v2\/types\/product"}],"replies":[{"embeddable":true,"href":"https:\/\/ironsky.pl\/sklep\/wp-json\/wp\/v2\/comments?post=55873"}],"wp:featuredmedia":[{"embeddable":true,"href":"https:\/\/ironsky.pl\/sklep\/wp-json\/wp\/v2\/media\/41544"}],"wp:attachment":[{"href":"https:\/\/ironsky.pl\/sklep\/wp-json\/wp\/v2\/media?parent=55873"}],"wp:term":[{"taxonomy":"product_brand","embeddable":true,"href":"https:\/\/ironsky.pl\/sklep\/wp-json\/wp\/v2\/product_brand?post=55873"},{"taxonomy":"product_cat","embeddable":true,"href":"https:\/\/ironsky.pl\/sklep\/wp-json\/wp\/v2\/product_cat?post=55873"},{"taxonomy":"product_tag","embeddable":true,"href":"https:\/\/ironsky.pl\/sklep\/wp-json\/wp\/v2\/product_tag?post=55873"}],"curies":[{"name":"wp","href":"https:\/\/api.w.org\/{rel}","templated":true}]}}