{"id":55866,"date":"2026-04-15T10:08:27","date_gmt":"2026-04-15T08:08:27","guid":{"rendered":"https:\/\/ironsky.pl\/sklep\/produkt\/adapter-ugreen-us249-usb-a-otg-mini-usb-czarny\/"},"modified":"2026-04-15T10:46:15","modified_gmt":"2026-04-15T08:46:15","slug":"adapter-ugreen-us249-usb-a-otg-mini-usb-czarny","status":"publish","type":"product","link":"https:\/\/ironsky.pl\/sklep\/produkt\/adapter-ugreen-us249-usb-a-otg-mini-usb-czarny\/","title":{"rendered":"Adapter UGREEN US249 USB-A OTG-mini USB (czarny)"},"content":{"rendered":"<h3>Adapter OTG mini USB Ugreen<\/h3>\n<p>Adapter USB marki Ugreen to \u015bwietny dodatek przeznaczony do u\u017cytku w samochodzie. Wyr\u00f3\u017cnia si\u0119 wysok\u0105 trwa\u0142o\u015bci\u0105, praktycznym designem i przede wszystkim b\u0142yskawiczn\u0105 transmisj\u0105 danych. Zapewnia ca\u0142kowicie bezstratny d\u017awi\u0119k bez jakichkolwiek zniekszta\u0142ce\u0144, a pr\u0119dko\u015b\u0107 transmisji osi\u0105ga nawet 480 Mbps. Ciesz si\u0119 swoj\u0105 ulubion\u0105 muzyk\u0105 podczas dalekich podr\u00f3\u017cy. Obs\u0142uga adaptera jest bezproblemowa, wystarczy go jedynie pod\u0142\u0105czy\u0107 do \u017ar\u00f3d\u0142a d\u017awi\u0119ku.<\/p>\n<p><img decoding=\"async\" src=\"https:\/\/b2b.innpro.pl\/data\/include\/cms\/012UGREEN\/US249\/7.jpg?v=1635407772112\"><\/p>\n<h3>Wiele mo\u017cliwo\u015bci<\/h3>\n<p>Produkt jest kompatybilny z szerokim zakresem mobilnych akcesori\u00f3w. Dzi\u0119ki z\u0142\u0105czu USB Mini-B zyskasz dost\u0119p do powszechnie u\u017cywanych sprz\u0119t\u00f3w, kt\u00f3re towarzysz\u0105 Ci na co dzie\u0144. Adapter z pewno\u015bci\u0105 sprawdzi si\u0119 tak\u017ce w czasie pracy lub w domu. Przeno\u015bne akcesorium pozwoli wype\u0142ni\u0107 Tw\u00f3j dzie\u0144 pozytywnymi d\u017awi\u0119kami i sprawi, \u017ce szybko zapomnisz o swoich zmartwieniach.<\/p>\n<p><img decoding=\"async\" src=\"https:\/\/b2b.innpro.pl\/data\/include\/cms\/012UGREEN\/US249\/5.jpg?v=1635407772112\"><\/p>\n<h3>D\u017awi\u0119k najlepszej jako\u015bci<\/h3>\n<p>Ws\u0142uchaj si\u0119 w nastrojowe utwory i odkryj d\u017awi\u0119k na wysokim poziomie. US249 gwarantuje krystalicznie czyste brzmienia prosto z Twojego samochodu. Nie musisz ju\u017c obawia\u0107 si\u0119 o szumi\u0105cy pog\u0142os i ci\u0105g\u0142e przerywanie transferu. Adapter Ugreen oferuje niesamowicie stabilny przesy\u0142 sygna\u0142u z maksymaln\u0105 pr\u0119dko\u015bci\u0105 a\u017c 480 Mbps. Wykorzystaj sprawdzone \u017ar\u00f3d\u0142o audio takie jak pendrive i bez problemu pod\u0142\u0105cz je w wyznaczonym miejscu.<\/p>\n<p><img decoding=\"async\" src=\"https:\/\/b2b.innpro.pl\/data\/include\/cms\/012UGREEN\/US249\/4.jpg?v=1635407772112\"><\/p>\n<h3>Niezawodna konstrukcja<\/h3>\n<p>Przemy\u015blana budowa adaptera sprawdza si\u0119 pod ka\u017cdym wzgl\u0119dem. Doskona\u0142a odporno\u015b\u0107 na zaginanie, przypadkowe uderzenia, czy drobne uszkodzenia pojawiaj\u0105ce si\u0119 z up\u0142ywem czasu, korzystnie wp\u0142ywa na d\u0142ug\u0105 \u017cywotno\u015b\u0107 produktu. Obudowa z trwa\u0142ego materia\u0142u PVC prezentuje si\u0119 stylowo i nie sprawia komfortu w trakcie u\u017cytkowania. Ca\u0142o\u015b\u0107 jest niezwykle lekka i praktyczna, co oznacza, \u017ce nie powoduje zb\u0119dnych komplikacji w transporcie.<\/p>\n<p><img decoding=\"async\" src=\"https:\/\/b2b.innpro.pl\/data\/include\/cms\/012UGREEN\/US249\/6.jpg?v=1635407772112\"><\/p>\n<div class=\"table-wrapper\">\n<table>\n<tbody>\n<tr>\n<th>Producent<\/th>\n<td>Ugreen<\/td>\n<\/tr>\n<tr>\n<th>Model<\/th>\n<td>US249<\/td>\n<\/tr>\n<tr>\n<th>Porty<\/th>\n<td>Mini USB, USB<\/td>\n<\/tr>\n<tr>\n<th>Materia\u0142<\/th>\n<td>Ekologiczny PVC<\/td>\n<\/tr>\n<tr>\n<th>Przew\u00f3d<\/th>\n<td>Mied\u017a cynowana<\/td>\n<\/tr>\n<\/tbody>\n<\/table>\n<\/div>\n","protected":false},"excerpt":{"rendered":"<p>Adapter OTG mini USB Ugreen Adapter USB marki Ugreen to \u015bwietny dodatek przeznaczony do u\u017cytku w samochodzie. Wyr\u00f3\u017cnia si\u0119 wysok\u0105<\/p>\n","protected":false},"featured_media":41523,"comment_status":"closed","ping_status":"open","template":"","meta":{"_acf_changed":false},"product_brand":[],"product_cat":[5930,5929],"product_tag":[],"class_list":{"0":"post-55866","1":"product","2":"type-product","3":"status-publish","4":"has-post-thumbnail","6":"product_cat-adaptery-przejsciowki-konwertery","7":"product_cat-akcesoria-it","8":"pa_okres-gwarancji-5757","9":"pa_producent-ugreen","11":"first","12":"outofstock","13":"taxable","14":"shipping-taxable","15":"purchasable","16":"product-type-simple"},"acf":[],"yoast_head":"<!-- This site is optimized with the Yoast SEO plugin v27.2 - https:\/\/yoast.com\/product\/yoast-seo-wordpress\/ -->\n<title>Adapter UGREEN US249 USB-A OTG-mini USB (czarny) - IRONSKY.PL Sklep z Dronami<\/title>\n<meta name=\"description\" content=\"Adapter UGREEN US249 USB-A OTG-mini USB (czarny) - \u2705 sklep z dronami i fachowym doradztwem. \u2705 Tutaj kupisz produkty DJI, Yuneec, Parrot, Syma i wiele innych, a tak\u017ce kursy i licencje na operatora drona.\" \/>\n<meta name=\"robots\" content=\"index, follow, max-snippet:-1, max-image-preview:large, max-video-preview:-1\" \/>\n<link rel=\"canonical\" href=\"https:\/\/ironsky.pl\/sklep\/produkt\/adapter-ugreen-us249-usb-a-otg-mini-usb-czarny\/\" \/>\n<meta property=\"og:locale\" content=\"pl_PL\" \/>\n<meta property=\"og:type\" content=\"article\" \/>\n<meta property=\"og:title\" content=\"Adapter UGREEN US249 USB-A OTG-mini USB (czarny) - IRONSKY.PL Sklep z Dronami\" \/>\n<meta property=\"og:description\" content=\"Adapter UGREEN US249 USB-A OTG-mini USB (czarny) - \u2705 sklep z dronami i fachowym doradztwem. \u2705 Tutaj kupisz produkty DJI, Yuneec, Parrot, Syma i wiele innych, a tak\u017ce kursy i licencje na operatora drona.\" \/>\n<meta property=\"og:url\" content=\"https:\/\/ironsky.pl\/sklep\/produkt\/adapter-ugreen-us249-usb-a-otg-mini-usb-czarny\/\" \/>\n<meta property=\"og:site_name\" content=\"IRONSKY.PL Sklep z Dronami\" \/>\n<meta property=\"article:modified_time\" content=\"2026-04-15T08:46:15+00:00\" \/>\n<meta property=\"og:image\" content=\"https:\/\/ironsky.pl\/sklep\/wp-content\/uploads\/2025\/06\/21843_1.jpg\" \/>\n\t<meta property=\"og:image:width\" content=\"800\" \/>\n\t<meta property=\"og:image:height\" content=\"800\" \/>\n\t<meta property=\"og:image:type\" content=\"image\/jpeg\" \/>\n<meta name=\"twitter:card\" content=\"summary_large_image\" \/>\n<meta name=\"twitter:label1\" content=\"Szacowany czas czytania\" \/>\n\t<meta name=\"twitter:data1\" content=\"2 minuty\" \/>\n<script type=\"application\/ld+json\" class=\"yoast-schema-graph\">{\"@context\":\"https:\/\/schema.org\",\"@graph\":[{\"@type\":\"WebPage\",\"@id\":\"https:\/\/ironsky.pl\/sklep\/produkt\/adapter-ugreen-us249-usb-a-otg-mini-usb-czarny\/\",\"url\":\"https:\/\/ironsky.pl\/sklep\/produkt\/adapter-ugreen-us249-usb-a-otg-mini-usb-czarny\/\",\"name\":\"Adapter UGREEN US249 USB-A OTG-mini USB (czarny) - IRONSKY.PL Sklep z Dronami\",\"isPartOf\":{\"@id\":\"https:\/\/ironsky.pl\/sklep\/#website\"},\"primaryImageOfPage\":{\"@id\":\"https:\/\/ironsky.pl\/sklep\/produkt\/adapter-ugreen-us249-usb-a-otg-mini-usb-czarny\/#primaryimage\"},\"image\":{\"@id\":\"https:\/\/ironsky.pl\/sklep\/produkt\/adapter-ugreen-us249-usb-a-otg-mini-usb-czarny\/#primaryimage\"},\"thumbnailUrl\":\"https:\/\/ironsky.pl\/sklep\/wp-content\/uploads\/2025\/06\/21843_1.jpg\",\"datePublished\":\"2026-04-15T08:08:27+00:00\",\"dateModified\":\"2026-04-15T08:46:15+00:00\",\"description\":\"Adapter UGREEN US249 USB-A OTG-mini USB (czarny) - \u2705 sklep z dronami i fachowym doradztwem. \u2705 Tutaj kupisz produkty DJI, Yuneec, Parrot, Syma i wiele innych, a tak\u017ce kursy i licencje na operatora drona.\",\"breadcrumb\":{\"@id\":\"https:\/\/ironsky.pl\/sklep\/produkt\/adapter-ugreen-us249-usb-a-otg-mini-usb-czarny\/#breadcrumb\"},\"inLanguage\":\"pl-PL\",\"potentialAction\":[{\"@type\":\"ReadAction\",\"target\":[\"https:\/\/ironsky.pl\/sklep\/produkt\/adapter-ugreen-us249-usb-a-otg-mini-usb-czarny\/\"]}]},{\"@type\":\"ImageObject\",\"inLanguage\":\"pl-PL\",\"@id\":\"https:\/\/ironsky.pl\/sklep\/produkt\/adapter-ugreen-us249-usb-a-otg-mini-usb-czarny\/#primaryimage\",\"url\":\"https:\/\/ironsky.pl\/sklep\/wp-content\/uploads\/2025\/06\/21843_1.jpg\",\"contentUrl\":\"https:\/\/ironsky.pl\/sklep\/wp-content\/uploads\/2025\/06\/21843_1.jpg\",\"width\":800,\"height\":800},{\"@type\":\"BreadcrumbList\",\"@id\":\"https:\/\/ironsky.pl\/sklep\/produkt\/adapter-ugreen-us249-usb-a-otg-mini-usb-czarny\/#breadcrumb\",\"itemListElement\":[{\"@type\":\"ListItem\",\"position\":1,\"name\":\"Strona g\u0142\u00f3wna\",\"item\":\"https:\/\/ironsky.pl\/sklep\/\"},{\"@type\":\"ListItem\",\"position\":2,\"name\":\"Wszystkie produkty\",\"item\":\"https:\/\/ironsky.pl\/sklep\/produkty\/\"},{\"@type\":\"ListItem\",\"position\":3,\"name\":\"Adapter UGREEN US249 USB-A OTG-mini USB (czarny)\"}]},{\"@type\":\"WebSite\",\"@id\":\"https:\/\/ironsky.pl\/sklep\/#website\",\"url\":\"https:\/\/ironsky.pl\/sklep\/\",\"name\":\"IRONSKY.PL Sklep z Dronami\",\"description\":\"IRONSKY.PL Sklep z Dronami\",\"potentialAction\":[{\"@type\":\"SearchAction\",\"target\":{\"@type\":\"EntryPoint\",\"urlTemplate\":\"https:\/\/ironsky.pl\/sklep\/?s={search_term_string}\"},\"query-input\":{\"@type\":\"PropertyValueSpecification\",\"valueRequired\":true,\"valueName\":\"search_term_string\"}}],\"inLanguage\":\"pl-PL\"}]}<\/script>\n<!-- \/ Yoast SEO plugin. -->","yoast_head_json":{"title":"Adapter UGREEN US249 USB-A OTG-mini USB (czarny) - IRONSKY.PL Sklep z Dronami","description":"Adapter UGREEN US249 USB-A OTG-mini USB (czarny) - \u2705 sklep z dronami i fachowym doradztwem. \u2705 Tutaj kupisz produkty DJI, Yuneec, Parrot, Syma i wiele innych, a tak\u017ce kursy i licencje na operatora drona.","robots":{"index":"index","follow":"follow","max-snippet":"max-snippet:-1","max-image-preview":"max-image-preview:large","max-video-preview":"max-video-preview:-1"},"canonical":"https:\/\/ironsky.pl\/sklep\/produkt\/adapter-ugreen-us249-usb-a-otg-mini-usb-czarny\/","og_locale":"pl_PL","og_type":"article","og_title":"Adapter UGREEN US249 USB-A OTG-mini USB (czarny) - IRONSKY.PL Sklep z Dronami","og_description":"Adapter UGREEN US249 USB-A OTG-mini USB (czarny) - \u2705 sklep z dronami i fachowym doradztwem. \u2705 Tutaj kupisz produkty DJI, Yuneec, Parrot, Syma i wiele innych, a tak\u017ce kursy i licencje na operatora drona.","og_url":"https:\/\/ironsky.pl\/sklep\/produkt\/adapter-ugreen-us249-usb-a-otg-mini-usb-czarny\/","og_site_name":"IRONSKY.PL Sklep z Dronami","article_modified_time":"2026-04-15T08:46:15+00:00","og_image":[{"width":800,"height":800,"url":"https:\/\/ironsky.pl\/sklep\/wp-content\/uploads\/2025\/06\/21843_1.jpg","type":"image\/jpeg"}],"twitter_card":"summary_large_image","twitter_misc":{"Szacowany czas czytania":"2 minuty"},"schema":{"@context":"https:\/\/schema.org","@graph":[{"@type":"WebPage","@id":"https:\/\/ironsky.pl\/sklep\/produkt\/adapter-ugreen-us249-usb-a-otg-mini-usb-czarny\/","url":"https:\/\/ironsky.pl\/sklep\/produkt\/adapter-ugreen-us249-usb-a-otg-mini-usb-czarny\/","name":"Adapter UGREEN US249 USB-A OTG-mini USB (czarny) - IRONSKY.PL Sklep z Dronami","isPartOf":{"@id":"https:\/\/ironsky.pl\/sklep\/#website"},"primaryImageOfPage":{"@id":"https:\/\/ironsky.pl\/sklep\/produkt\/adapter-ugreen-us249-usb-a-otg-mini-usb-czarny\/#primaryimage"},"image":{"@id":"https:\/\/ironsky.pl\/sklep\/produkt\/adapter-ugreen-us249-usb-a-otg-mini-usb-czarny\/#primaryimage"},"thumbnailUrl":"https:\/\/ironsky.pl\/sklep\/wp-content\/uploads\/2025\/06\/21843_1.jpg","datePublished":"2026-04-15T08:08:27+00:00","dateModified":"2026-04-15T08:46:15+00:00","description":"Adapter UGREEN US249 USB-A OTG-mini USB (czarny) - \u2705 sklep z dronami i fachowym doradztwem. \u2705 Tutaj kupisz produkty DJI, Yuneec, Parrot, Syma i wiele innych, a tak\u017ce kursy i licencje na operatora drona.","breadcrumb":{"@id":"https:\/\/ironsky.pl\/sklep\/produkt\/adapter-ugreen-us249-usb-a-otg-mini-usb-czarny\/#breadcrumb"},"inLanguage":"pl-PL","potentialAction":[{"@type":"ReadAction","target":["https:\/\/ironsky.pl\/sklep\/produkt\/adapter-ugreen-us249-usb-a-otg-mini-usb-czarny\/"]}]},{"@type":"ImageObject","inLanguage":"pl-PL","@id":"https:\/\/ironsky.pl\/sklep\/produkt\/adapter-ugreen-us249-usb-a-otg-mini-usb-czarny\/#primaryimage","url":"https:\/\/ironsky.pl\/sklep\/wp-content\/uploads\/2025\/06\/21843_1.jpg","contentUrl":"https:\/\/ironsky.pl\/sklep\/wp-content\/uploads\/2025\/06\/21843_1.jpg","width":800,"height":800},{"@type":"BreadcrumbList","@id":"https:\/\/ironsky.pl\/sklep\/produkt\/adapter-ugreen-us249-usb-a-otg-mini-usb-czarny\/#breadcrumb","itemListElement":[{"@type":"ListItem","position":1,"name":"Strona g\u0142\u00f3wna","item":"https:\/\/ironsky.pl\/sklep\/"},{"@type":"ListItem","position":2,"name":"Wszystkie produkty","item":"https:\/\/ironsky.pl\/sklep\/produkty\/"},{"@type":"ListItem","position":3,"name":"Adapter UGREEN US249 USB-A OTG-mini USB (czarny)"}]},{"@type":"WebSite","@id":"https:\/\/ironsky.pl\/sklep\/#website","url":"https:\/\/ironsky.pl\/sklep\/","name":"IRONSKY.PL Sklep z Dronami","description":"IRONSKY.PL Sklep z Dronami","potentialAction":[{"@type":"SearchAction","target":{"@type":"EntryPoint","urlTemplate":"https:\/\/ironsky.pl\/sklep\/?s={search_term_string}"},"query-input":{"@type":"PropertyValueSpecification","valueRequired":true,"valueName":"search_term_string"}}],"inLanguage":"pl-PL"}]}},"_links":{"self":[{"href":"https:\/\/ironsky.pl\/sklep\/wp-json\/wp\/v2\/product\/55866","targetHints":{"allow":["GET"]}}],"collection":[{"href":"https:\/\/ironsky.pl\/sklep\/wp-json\/wp\/v2\/product"}],"about":[{"href":"https:\/\/ironsky.pl\/sklep\/wp-json\/wp\/v2\/types\/product"}],"replies":[{"embeddable":true,"href":"https:\/\/ironsky.pl\/sklep\/wp-json\/wp\/v2\/comments?post=55866"}],"wp:featuredmedia":[{"embeddable":true,"href":"https:\/\/ironsky.pl\/sklep\/wp-json\/wp\/v2\/media\/41523"}],"wp:attachment":[{"href":"https:\/\/ironsky.pl\/sklep\/wp-json\/wp\/v2\/media?parent=55866"}],"wp:term":[{"taxonomy":"product_brand","embeddable":true,"href":"https:\/\/ironsky.pl\/sklep\/wp-json\/wp\/v2\/product_brand?post=55866"},{"taxonomy":"product_cat","embeddable":true,"href":"https:\/\/ironsky.pl\/sklep\/wp-json\/wp\/v2\/product_cat?post=55866"},{"taxonomy":"product_tag","embeddable":true,"href":"https:\/\/ironsky.pl\/sklep\/wp-json\/wp\/v2\/product_tag?post=55866"}],"curies":[{"name":"wp","href":"https:\/\/api.w.org\/{rel}","templated":true}]}}