{"id":55824,"date":"2026-04-15T10:07:54","date_gmt":"2026-04-15T08:07:54","guid":{"rendered":"https:\/\/ironsky.pl\/sklep\/produkt\/kabel-ugreen-hd119-hdmi-2m-czarny\/"},"modified":"2026-04-15T10:46:08","modified_gmt":"2026-04-15T08:46:08","slug":"kabel-ugreen-hd119-hdmi-2m-czarny","status":"publish","type":"product","link":"https:\/\/ironsky.pl\/sklep\/produkt\/kabel-ugreen-hd119-hdmi-2m-czarny\/","title":{"rendered":"Kabel UGREEN HD119 HDMI 2m (czarny)"},"content":{"rendered":"<h3>Ugreen HD119<\/h3>\n<p>Kabel HDMI zapewnia niezawodne, a zarazem szybkie po\u0142\u0105czenie. Doskona\u0142a jako\u015b\u0107 obrazu si\u0119ga a\u017c do 4K. Pr\u0119dko\u015b\u0107 transmisji 18 GB\/s i szeroka kompatybilno\u015b\u0107 sprawiaj\u0105, \u017ce korzystanie z niego jest wyj\u0105tkowo przyjemne. System HDR dostarczy Ci niezapomnianych wra\u017ce\u0144 wzrokowych. Natomiast wysokiej klasy materia\u0142y zastosowane do wykonania produktu znacznie przed\u0142u\u017caj\u0105 jego \u017cywotno\u015b\u0107.<\/p>\n<p><img decoding=\"async\" src=\"https:\/\/b2b.innpro.pl\/data\/include\/cms\/UGREEN\/14.07.21\/HD119\/6.jpg?v=1628853764197\"><\/p>\n<h3>Ulubione filmy w 4K<\/h3>\n<p>Rozdzielczo\u015b\u0107 do 4K gwarantuje rewelacyjn\u0105 jako\u015b\u0107 obrazu. To sprawi, \u017ce zachwycisz si\u0119 bogactwem detali oraz intensywno\u015bci\u0105 barw. Bez problemu dostrze\u017cesz ka\u017cdy, nawet najmniejszy szczeg\u00f3\u0142. Wy\u015bwietlane na du\u017cym ekranie obrazy jeszcze nigdy nie by\u0142y tak zachwycaj\u0105co realistyczne!<\/p>\n<p><img decoding=\"async\" src=\"https:\/\/b2b.innpro.pl\/data\/include\/cms\/UGREEN\/14.07.21\/HD119\/7.jpg?v=1628853764197\"><\/p>\n<h3>R\u00f3\u017cnorodno\u015b\u0107 tryb\u00f3w<\/h3>\n<p>Produkt posiada kilka zastosowa\u0144, co z pewno\u015bci\u0105 przyda si\u0119 w trakcie pracy czy odpoczynku w domu. Dzi\u0119ki praktycznym trybom, kt\u00f3re umo\u017cliwiaj\u0105 dzia\u0142anie na dw\u00f3ch monitorach, mo\u017cesz rozszerzy\u0107 obraz lub wy\u015bwietla\u0107 kilka rzeczy w tym samym momencie.<\/p>\n<p><img decoding=\"async\" src=\"https:\/\/b2b.innpro.pl\/data\/include\/cms\/UGREEN\/14.07.21\/HD119\/4.jpg?v=1628853764197\"><\/p>\n<h3>Innowacyjne technologie<\/h3>\n<p>Zobacz wspania\u0142e widoki w ca\u0142ej okaza\u0142o\u015bci. \u017bywe barwy i bogactwo szczeg\u00f3\u0142\u00f3w s\u0105 bli\u017cej, ni\u017c my\u015blisz &#8211; wypr\u00f3buj ten praktyczny kabel HDMI i przekonaj si\u0119, jak dobrze mog\u0105 wygl\u0105da\u0107 filmy, seriale czy zdj\u0119cia. HD119 pozwala r\u00f3wnie\u017c odtwarza\u0107 d\u017awi\u0119k stereo 3D, dostarczaj\u0105c jedynych w swoim rodzaju, niepowtarzalnych wra\u017ce\u0144 s\u0142uchowych.<\/p>\n<p><img decoding=\"async\" src=\"https:\/\/b2b.innpro.pl\/data\/include\/cms\/UGREEN\/14.07.21\/HD119\/8.jpg?v=1628853764197\"><\/p>\n<h3>Optymalny i uniwersalny<\/h3>\n<p>Produkt posiada szerok\u0105 kompatybilno\u015b\u0107 z wieloma r\u00f3\u017cnymi urz\u0105dzeniami. Z jego pomoc\u0105 pod\u0142\u0105czysz mi\u0119dzy innymi konsol\u0119 do gier lub laptopa do telewizora czy projektora. Niezale\u017cnie od tego, z jakiego sprz\u0119tu korzystasz, mo\u017cesz cieszy\u0107 si\u0119 \u015bwietnym, stabilnym obrazem wy\u015bwietlanym na du\u017cym ekranie.<\/p>\n<p><img decoding=\"async\" src=\"https:\/\/b2b.innpro.pl\/data\/include\/cms\/UGREEN\/14.07.21\/HD119\/9.jpg?v=1628853764197\"><\/p>\n<h3>Zaskakuj\u0105co wytrzyma\u0142y<\/h3>\n<p>Z\u0142\u0105cza pokryte izolacyjnym materia\u0142em PE s\u0105 odporne na korozj\u0119, a tak\u017ce wyr\u00f3\u017cniaj\u0105 si\u0119 d\u0142ug\u0105 \u017cywotno\u015bci\u0105. Pod\u0142\u0105czone do urz\u0105dzenia, trwale pozostaj\u0105 na w\u0142a\u015bciwym miejscu, nie luzuj\u0105c si\u0119 ani nie wypadaj\u0105c. Pleciona pow\u0142oka sprawia, \u017ce kabel jest wyj\u0105tkowo odporny na wyginanie. Wykorzystane w procesie produkcji tworzywa pozwalaj\u0105 cieszy\u0107 si\u0119 jego funkcjonalno\u015bci\u0105 przez d\u0142ugi czas.<\/p>\n<p><img decoding=\"async\" src=\"https:\/\/b2b.innpro.pl\/data\/include\/cms\/UGREEN\/14.07.21\/HD119\/3.jpg?v=1628853764197\"><\/p>\n<div class=\"table-wrapper\">\n<table>\n<tbody>\n<tr>\n<th>Producent<\/th>\n<td>Ugreen<\/td>\n<\/tr>\n<tr>\n<th>Nazwa produktu<\/th>\n<td>HDMI 2.0 Cable<\/td>\n<\/tr>\n<tr>\n<th>Model<\/th>\n<td>HD119<\/td>\n<\/tr>\n<tr>\n<th>Wersja<\/th>\n<td>HDMI 2.0<\/td>\n<\/tr>\n<tr>\n<th>Rozdzielczo\u015b\u0107<\/th>\n<td>4K\/60Hz<\/td>\n<\/tr>\n<tr>\n<th>Ca\u0142kowita przepustowo\u015b\u0107<\/th>\n<td>18GB\/s<\/td>\n<\/tr>\n<tr>\n<th>Rdze\u0144 przewodu<\/th>\n<td>Mied\u017a cynowana<\/td>\n<\/tr>\n<tr>\n<th>Materia\u0142<\/th>\n<td>PVC<\/td>\n<\/tr>\n<tr>\n<th>Certyfikat HDMI<\/th>\n<td>Tak<\/td>\n<\/tr>\n<tr>\n<th>D\u0142ugo\u015b\u0107<\/th>\n<td>2 m<\/td>\n<\/tr>\n<\/tbody>\n<\/table>\n<\/div>\n","protected":false},"excerpt":{"rendered":"<p>Ugreen HD119 Kabel HDMI zapewnia niezawodne, a zarazem szybkie po\u0142\u0105czenie. Doskona\u0142a jako\u015b\u0107 obrazu si\u0119ga a\u017c do 4K. Pr\u0119dko\u015b\u0107 transmisji 18<\/p>\n","protected":false},"featured_media":41515,"comment_status":"closed","ping_status":"open","template":"","meta":{"_acf_changed":false},"product_brand":[],"product_cat":[5929,5931,5933],"product_tag":[],"class_list":{"0":"post-55824","1":"product","2":"type-product","3":"status-publish","4":"has-post-thumbnail","6":"product_cat-akcesoria-it","7":"product_cat-kable","8":"product_cat-wideo","9":"pa_okres-gwarancji-5757","10":"pa_producent-ugreen","12":"first","13":"outofstock","14":"taxable","15":"shipping-taxable","16":"purchasable","17":"product-type-simple"},"acf":[],"yoast_head":"<!-- This site is optimized with the Yoast SEO plugin v27.2 - https:\/\/yoast.com\/product\/yoast-seo-wordpress\/ -->\n<title>Kabel UGREEN HD119 HDMI 2m (czarny) - IRONSKY.PL Sklep z Dronami<\/title>\n<meta name=\"description\" content=\"Kabel UGREEN HD119 HDMI 2m (czarny) - \u2705 sklep z dronami i fachowym doradztwem. \u2705 Tutaj kupisz produkty DJI, Yuneec, Parrot, Syma i wiele innych, a tak\u017ce kursy i licencje na operatora drona.\" \/>\n<meta name=\"robots\" content=\"index, follow, max-snippet:-1, max-image-preview:large, max-video-preview:-1\" \/>\n<link rel=\"canonical\" href=\"https:\/\/ironsky.pl\/sklep\/produkt\/kabel-ugreen-hd119-hdmi-2m-czarny\/\" \/>\n<meta property=\"og:locale\" content=\"pl_PL\" \/>\n<meta property=\"og:type\" content=\"article\" \/>\n<meta property=\"og:title\" content=\"Kabel UGREEN HD119 HDMI 2m (czarny) - IRONSKY.PL Sklep z Dronami\" \/>\n<meta property=\"og:description\" content=\"Kabel UGREEN HD119 HDMI 2m (czarny) - \u2705 sklep z dronami i fachowym doradztwem. \u2705 Tutaj kupisz produkty DJI, Yuneec, Parrot, Syma i wiele innych, a tak\u017ce kursy i licencje na operatora drona.\" \/>\n<meta property=\"og:url\" content=\"https:\/\/ironsky.pl\/sklep\/produkt\/kabel-ugreen-hd119-hdmi-2m-czarny\/\" \/>\n<meta property=\"og:site_name\" content=\"IRONSKY.PL Sklep z Dronami\" \/>\n<meta property=\"article:modified_time\" content=\"2026-04-15T08:46:08+00:00\" \/>\n<meta property=\"og:image\" content=\"https:\/\/ironsky.pl\/sklep\/wp-content\/uploads\/2025\/06\/21641_2.jpg\" \/>\n\t<meta property=\"og:image:width\" content=\"800\" \/>\n\t<meta property=\"og:image:height\" content=\"800\" \/>\n\t<meta property=\"og:image:type\" content=\"image\/jpeg\" \/>\n<meta name=\"twitter:card\" content=\"summary_large_image\" \/>\n<meta name=\"twitter:label1\" content=\"Szacowany czas czytania\" \/>\n\t<meta name=\"twitter:data1\" content=\"2 minuty\" \/>\n<script type=\"application\/ld+json\" class=\"yoast-schema-graph\">{\"@context\":\"https:\/\/schema.org\",\"@graph\":[{\"@type\":\"WebPage\",\"@id\":\"https:\/\/ironsky.pl\/sklep\/produkt\/kabel-ugreen-hd119-hdmi-2m-czarny\/\",\"url\":\"https:\/\/ironsky.pl\/sklep\/produkt\/kabel-ugreen-hd119-hdmi-2m-czarny\/\",\"name\":\"Kabel UGREEN HD119 HDMI 2m (czarny) - IRONSKY.PL Sklep z Dronami\",\"isPartOf\":{\"@id\":\"https:\/\/ironsky.pl\/sklep\/#website\"},\"primaryImageOfPage\":{\"@id\":\"https:\/\/ironsky.pl\/sklep\/produkt\/kabel-ugreen-hd119-hdmi-2m-czarny\/#primaryimage\"},\"image\":{\"@id\":\"https:\/\/ironsky.pl\/sklep\/produkt\/kabel-ugreen-hd119-hdmi-2m-czarny\/#primaryimage\"},\"thumbnailUrl\":\"https:\/\/ironsky.pl\/sklep\/wp-content\/uploads\/2025\/06\/21641_2.jpg\",\"datePublished\":\"2026-04-15T08:07:54+00:00\",\"dateModified\":\"2026-04-15T08:46:08+00:00\",\"description\":\"Kabel UGREEN HD119 HDMI 2m (czarny) - \u2705 sklep z dronami i fachowym doradztwem. \u2705 Tutaj kupisz produkty DJI, Yuneec, Parrot, Syma i wiele innych, a tak\u017ce kursy i licencje na operatora drona.\",\"breadcrumb\":{\"@id\":\"https:\/\/ironsky.pl\/sklep\/produkt\/kabel-ugreen-hd119-hdmi-2m-czarny\/#breadcrumb\"},\"inLanguage\":\"pl-PL\",\"potentialAction\":[{\"@type\":\"ReadAction\",\"target\":[\"https:\/\/ironsky.pl\/sklep\/produkt\/kabel-ugreen-hd119-hdmi-2m-czarny\/\"]}]},{\"@type\":\"ImageObject\",\"inLanguage\":\"pl-PL\",\"@id\":\"https:\/\/ironsky.pl\/sklep\/produkt\/kabel-ugreen-hd119-hdmi-2m-czarny\/#primaryimage\",\"url\":\"https:\/\/ironsky.pl\/sklep\/wp-content\/uploads\/2025\/06\/21641_2.jpg\",\"contentUrl\":\"https:\/\/ironsky.pl\/sklep\/wp-content\/uploads\/2025\/06\/21641_2.jpg\",\"width\":800,\"height\":800},{\"@type\":\"BreadcrumbList\",\"@id\":\"https:\/\/ironsky.pl\/sklep\/produkt\/kabel-ugreen-hd119-hdmi-2m-czarny\/#breadcrumb\",\"itemListElement\":[{\"@type\":\"ListItem\",\"position\":1,\"name\":\"Strona g\u0142\u00f3wna\",\"item\":\"https:\/\/ironsky.pl\/sklep\/\"},{\"@type\":\"ListItem\",\"position\":2,\"name\":\"Wszystkie produkty\",\"item\":\"https:\/\/ironsky.pl\/sklep\/produkty\/\"},{\"@type\":\"ListItem\",\"position\":3,\"name\":\"Kabel UGREEN HD119 HDMI 2m (czarny)\"}]},{\"@type\":\"WebSite\",\"@id\":\"https:\/\/ironsky.pl\/sklep\/#website\",\"url\":\"https:\/\/ironsky.pl\/sklep\/\",\"name\":\"IRONSKY.PL Sklep z Dronami\",\"description\":\"IRONSKY.PL Sklep z Dronami\",\"potentialAction\":[{\"@type\":\"SearchAction\",\"target\":{\"@type\":\"EntryPoint\",\"urlTemplate\":\"https:\/\/ironsky.pl\/sklep\/?s={search_term_string}\"},\"query-input\":{\"@type\":\"PropertyValueSpecification\",\"valueRequired\":true,\"valueName\":\"search_term_string\"}}],\"inLanguage\":\"pl-PL\"}]}<\/script>\n<!-- \/ Yoast SEO plugin. -->","yoast_head_json":{"title":"Kabel UGREEN HD119 HDMI 2m (czarny) - IRONSKY.PL Sklep z Dronami","description":"Kabel UGREEN HD119 HDMI 2m (czarny) - \u2705 sklep z dronami i fachowym doradztwem. \u2705 Tutaj kupisz produkty DJI, Yuneec, Parrot, Syma i wiele innych, a tak\u017ce kursy i licencje na operatora drona.","robots":{"index":"index","follow":"follow","max-snippet":"max-snippet:-1","max-image-preview":"max-image-preview:large","max-video-preview":"max-video-preview:-1"},"canonical":"https:\/\/ironsky.pl\/sklep\/produkt\/kabel-ugreen-hd119-hdmi-2m-czarny\/","og_locale":"pl_PL","og_type":"article","og_title":"Kabel UGREEN HD119 HDMI 2m (czarny) - IRONSKY.PL Sklep z Dronami","og_description":"Kabel UGREEN HD119 HDMI 2m (czarny) - \u2705 sklep z dronami i fachowym doradztwem. \u2705 Tutaj kupisz produkty DJI, Yuneec, Parrot, Syma i wiele innych, a tak\u017ce kursy i licencje na operatora drona.","og_url":"https:\/\/ironsky.pl\/sklep\/produkt\/kabel-ugreen-hd119-hdmi-2m-czarny\/","og_site_name":"IRONSKY.PL Sklep z Dronami","article_modified_time":"2026-04-15T08:46:08+00:00","og_image":[{"width":800,"height":800,"url":"https:\/\/ironsky.pl\/sklep\/wp-content\/uploads\/2025\/06\/21641_2.jpg","type":"image\/jpeg"}],"twitter_card":"summary_large_image","twitter_misc":{"Szacowany czas czytania":"2 minuty"},"schema":{"@context":"https:\/\/schema.org","@graph":[{"@type":"WebPage","@id":"https:\/\/ironsky.pl\/sklep\/produkt\/kabel-ugreen-hd119-hdmi-2m-czarny\/","url":"https:\/\/ironsky.pl\/sklep\/produkt\/kabel-ugreen-hd119-hdmi-2m-czarny\/","name":"Kabel UGREEN HD119 HDMI 2m (czarny) - IRONSKY.PL Sklep z Dronami","isPartOf":{"@id":"https:\/\/ironsky.pl\/sklep\/#website"},"primaryImageOfPage":{"@id":"https:\/\/ironsky.pl\/sklep\/produkt\/kabel-ugreen-hd119-hdmi-2m-czarny\/#primaryimage"},"image":{"@id":"https:\/\/ironsky.pl\/sklep\/produkt\/kabel-ugreen-hd119-hdmi-2m-czarny\/#primaryimage"},"thumbnailUrl":"https:\/\/ironsky.pl\/sklep\/wp-content\/uploads\/2025\/06\/21641_2.jpg","datePublished":"2026-04-15T08:07:54+00:00","dateModified":"2026-04-15T08:46:08+00:00","description":"Kabel UGREEN HD119 HDMI 2m (czarny) - \u2705 sklep z dronami i fachowym doradztwem. \u2705 Tutaj kupisz produkty DJI, Yuneec, Parrot, Syma i wiele innych, a tak\u017ce kursy i licencje na operatora drona.","breadcrumb":{"@id":"https:\/\/ironsky.pl\/sklep\/produkt\/kabel-ugreen-hd119-hdmi-2m-czarny\/#breadcrumb"},"inLanguage":"pl-PL","potentialAction":[{"@type":"ReadAction","target":["https:\/\/ironsky.pl\/sklep\/produkt\/kabel-ugreen-hd119-hdmi-2m-czarny\/"]}]},{"@type":"ImageObject","inLanguage":"pl-PL","@id":"https:\/\/ironsky.pl\/sklep\/produkt\/kabel-ugreen-hd119-hdmi-2m-czarny\/#primaryimage","url":"https:\/\/ironsky.pl\/sklep\/wp-content\/uploads\/2025\/06\/21641_2.jpg","contentUrl":"https:\/\/ironsky.pl\/sklep\/wp-content\/uploads\/2025\/06\/21641_2.jpg","width":800,"height":800},{"@type":"BreadcrumbList","@id":"https:\/\/ironsky.pl\/sklep\/produkt\/kabel-ugreen-hd119-hdmi-2m-czarny\/#breadcrumb","itemListElement":[{"@type":"ListItem","position":1,"name":"Strona g\u0142\u00f3wna","item":"https:\/\/ironsky.pl\/sklep\/"},{"@type":"ListItem","position":2,"name":"Wszystkie produkty","item":"https:\/\/ironsky.pl\/sklep\/produkty\/"},{"@type":"ListItem","position":3,"name":"Kabel UGREEN HD119 HDMI 2m (czarny)"}]},{"@type":"WebSite","@id":"https:\/\/ironsky.pl\/sklep\/#website","url":"https:\/\/ironsky.pl\/sklep\/","name":"IRONSKY.PL Sklep z Dronami","description":"IRONSKY.PL Sklep z Dronami","potentialAction":[{"@type":"SearchAction","target":{"@type":"EntryPoint","urlTemplate":"https:\/\/ironsky.pl\/sklep\/?s={search_term_string}"},"query-input":{"@type":"PropertyValueSpecification","valueRequired":true,"valueName":"search_term_string"}}],"inLanguage":"pl-PL"}]}},"_links":{"self":[{"href":"https:\/\/ironsky.pl\/sklep\/wp-json\/wp\/v2\/product\/55824","targetHints":{"allow":["GET"]}}],"collection":[{"href":"https:\/\/ironsky.pl\/sklep\/wp-json\/wp\/v2\/product"}],"about":[{"href":"https:\/\/ironsky.pl\/sklep\/wp-json\/wp\/v2\/types\/product"}],"replies":[{"embeddable":true,"href":"https:\/\/ironsky.pl\/sklep\/wp-json\/wp\/v2\/comments?post=55824"}],"wp:featuredmedia":[{"embeddable":true,"href":"https:\/\/ironsky.pl\/sklep\/wp-json\/wp\/v2\/media\/41515"}],"wp:attachment":[{"href":"https:\/\/ironsky.pl\/sklep\/wp-json\/wp\/v2\/media?parent=55824"}],"wp:term":[{"taxonomy":"product_brand","embeddable":true,"href":"https:\/\/ironsky.pl\/sklep\/wp-json\/wp\/v2\/product_brand?post=55824"},{"taxonomy":"product_cat","embeddable":true,"href":"https:\/\/ironsky.pl\/sklep\/wp-json\/wp\/v2\/product_cat?post=55824"},{"taxonomy":"product_tag","embeddable":true,"href":"https:\/\/ironsky.pl\/sklep\/wp-json\/wp\/v2\/product_tag?post=55824"}],"curies":[{"name":"wp","href":"https:\/\/api.w.org\/{rel}","templated":true}]}}