{"id":55763,"date":"2026-04-15T10:07:16","date_gmt":"2026-04-15T08:07:16","guid":{"rendered":"https:\/\/ironsky.pl\/sklep\/produkt\/zestaw-statyw-do-mocowania-tla-fotograficznego-puluz-2x3m-tla-fotograficzne-3-szt-pkt5205-2\/"},"modified":"2026-04-15T10:44:54","modified_gmt":"2026-04-15T08:44:54","slug":"zestaw-statyw-do-mocowania-tla-fotograficznego-puluz-2x3m-tla-fotograficzne-3-szt-pkt5205-2","status":"publish","type":"product","link":"https:\/\/ironsky.pl\/sklep\/produkt\/zestaw-statyw-do-mocowania-tla-fotograficznego-puluz-2x3m-tla-fotograficzne-3-szt-pkt5205-2\/","title":{"rendered":"Zestaw\/Statyw do mocowania t\u0142a fotograficznego Puluz  2x3m + t\u0142a fotograficzne 3 szt PKT5205"},"content":{"rendered":"<h3>Zestaw\/Statyw do mocowania t\u0142a fotograficznego Puluz 2x3m + t\u0142a fotograficzne 3 szt PKT5205<\/h3>\n<p>PKT5205 to idealne rozwi\u0105zanie zar\u00f3wno dla profesjonalist\u00f3w jak i amator\u00f3w. Zestaw sprawdzi si\u0119 podczas wielu okazji, zar\u00f3wno jako t\u0142o do transmisji na \u017cywo, jak i nagrywania film\u00f3w wideo. Produkt od Puluz wykorzystasz r\u00f3wnie\u017c podczas sesji fotograficznych, na przyk\u0142ad, na weselach, imprezach typu baby shower, itp. Mo\u017cliwo\u015bci s\u0105 niemal nieograniczone!<\/p>\n<p>\n<img decoding=\"async\" src=\"https:\/\/assets.innpro.pl\/14579\/18283\/2.jpg\" border=\"0\" alt=\"Kobieta w stroju sportowym skacze na skakance na tle niebieskiego ekranu fotograficznego, otoczona lampami typu softbox i lamp\u0105 pier\u015bcieniow\u0105 z telefonem\" \/>\n<\/p>\n<h3>Przeno\u015bna i wytrzyma\u0142a konstrukcja<\/h3>\n<p>Producent zadba\u0142 o to, aby statyw pos\u0142u\u017cy\u0142 Ci jak najd\u0142u\u017cej. Metalowa konstrukcja gwarantuje trwa\u0142o\u015b\u0107 i wytrzyma\u0142o\u015b\u0107. Aby wyregulowa\u0107 wysoko\u015b\u0107 statywu, wystarczy, \u017ce przekr\u0119cisz pokr\u0119t\u0142em na statywie, a nast\u0119pnie j\u0105 zablokujesz. Kwestia monta\u017cu to kilka minut, bez dodatkowych narz\u0119dzi. Sk\u0142adana, lekka konstrukcja u\u0142atwia przenoszenie, dzi\u0119ki czemu, PKT5205 mo\u017cesz zabra\u0107 ze sob\u0105 gdziekolwiek chcesz.<\/p>\n<p>\n<img decoding=\"async\" src=\"https:\/\/assets.innpro.pl\/14579\/18283\/4.jpg\" border=\"0\" alt=\"Dwie dziewczynki w kolorowych sukienkach pozuj\u0105 na tle zielonego ekranu, a na monitorze poni\u017cej wida\u0107 efekt ko\u0144cowy z na\u0142o\u017conym t\u0142em krajobrazu\" \/>\n<\/p>\n<h3>3 kolory do wyboru<\/h3>\n<p>W zestawie znajduj\u0105 si\u0119 3 t\u0142a z tkaniny w kolorach zielonym, czerwonym i niebieskim, dzi\u0119ki czemu ka\u017cdy wybierze co\u015b dla siebie. T\u0142a posiadaj\u0105 wymiary 2 x 2,9 m, co zwi\u0119ksza swobod\u0119 u\u017cytkowania. W zale\u017cno\u015bci od upodoba\u0144, t\u0142a mo\u017cesz wykorzysta\u0107 do sesji fotograficznych, nagrywania vlog\u00f3w, itp.<\/p>\n<p>\n<img decoding=\"async\" src=\"https:\/\/assets.innpro.pl\/14579\/18283\/5.jpg\" border=\"0\" alt=\"Zestawienie pr\u00f3bek tekstur materia\u0142u w kolorach zielonym, niebieskim i czerwonym wraz z przyk\u0142adami ich wykorzystania w fotografii portretowej i sylwetkowej\" \/>\n<\/p>\n<h3>W zestawie<\/h3>\n<ul class=\"list-disc pl-5\">\n<li>Poprzeczki x4<\/li>\n<li>T\u0142a x3<\/li>\n<li>Klipsy do t\u0142a x4<\/li>\n<li>Statyw do mocowania t\u0142a x2<\/li>\n<li>Klipsy zabezpieczaj\u0105ce do t\u0142a x6<\/li>\n<li>Torba transportowa<\/li>\n<\/ul>\n<div class=\"table-wrapper\">\n<p>\u00a0<\/p>\n<h3><\/h3>\n<table>\n<tbody>\n<tr>\n<th>Producent <\/th>\n<td>Puluz<\/td>\n<\/tr>\n<tr>\n<th>Model <\/th>\n<td>PKT5205<\/td>\n<\/tr>\n<tr>\n<th>Wymiary t\u0142a <\/th>\n<td>2 x 2,9 m<\/td>\n<\/tr>\n<tr>\n<th>Wymiary statywu <\/th>\n<td>3 x 2 m<\/td>\n<\/tr>\n<tr>\n<th>Kolory t\u0142a <\/th>\n<td>czerwony, zielony, niebieski<\/td>\n<\/tr>\n<tr>\n<th>Maksymalna wysoko\u015b\u0107 statywu <\/th>\n<td>200 cm<\/td>\n<\/tr>\n<tr>\n<th>Minimalna wysoko\u015b\u0107 statywu <\/th>\n<td>136.5 cm<\/td>\n<\/tr>\n<tr>\n<th>Materia\u0142 <\/th>\n<td>metal, tkanina (t\u0142o)<\/td>\n<\/tr>\n<\/tbody>\n<\/table>\n<\/div>\n","protected":false},"excerpt":{"rendered":"<p>Zestaw\/Statyw do mocowania t\u0142a fotograficznego Puluz 2x3m + t\u0142a fotograficzne 3 szt PKT5205 PKT5205 to idealne rozwi\u0105zanie zar\u00f3wno dla profesjonalist\u00f3w<\/p>\n","protected":false},"featured_media":55764,"comment_status":"closed","ping_status":"open","template":"","meta":{"_acf_changed":false},"product_brand":[],"product_cat":[1128,6182,6197],"product_tag":[],"class_list":{"0":"post-55763","1":"product","2":"type-product","3":"status-publish","4":"has-post-thumbnail","6":"product_cat-foto-wideo","7":"product_cat-studio-fotograficzne","8":"product_cat-tla-fotograficzne-studio-fotograficzne","9":"pa_okres-gwarancji-5754","10":"pa_producent-puluz","12":"first","13":"outofstock","14":"taxable","15":"shipping-taxable","16":"purchasable","17":"product-type-simple"},"acf":[],"yoast_head":"<!-- This site is optimized with the Yoast SEO plugin v27.2 - https:\/\/yoast.com\/product\/yoast-seo-wordpress\/ -->\n<title>Zestaw\/Statyw do mocowania t\u0142a fotograficznego Puluz 2x3m + t\u0142a fotograficzne 3 szt PKT5205 - IRONSKY.PL Sklep z Dronami<\/title>\n<meta name=\"description\" content=\"Zestaw\/Statyw do mocowania t\u0142a fotograficznego Puluz 2x3m + t\u0142a fotograficzne 3 szt PKT5205 - \u2705 sklep z dronami i fachowym doradztwem. \u2705 Tutaj kupisz produkty DJI, Yuneec, Parrot, Syma i wiele innych, a tak\u017ce kursy i licencje na operatora drona.\" \/>\n<meta name=\"robots\" content=\"index, follow, max-snippet:-1, max-image-preview:large, max-video-preview:-1\" \/>\n<link rel=\"canonical\" href=\"https:\/\/ironsky.pl\/sklep\/produkt\/zestaw-statyw-do-mocowania-tla-fotograficznego-puluz-2x3m-tla-fotograficzne-3-szt-pkt5205-2\/\" \/>\n<meta property=\"og:locale\" content=\"pl_PL\" \/>\n<meta property=\"og:type\" content=\"article\" \/>\n<meta property=\"og:title\" content=\"Zestaw\/Statyw do mocowania t\u0142a fotograficznego Puluz 2x3m + t\u0142a fotograficzne 3 szt PKT5205 - IRONSKY.PL Sklep z Dronami\" \/>\n<meta property=\"og:description\" content=\"Zestaw\/Statyw do mocowania t\u0142a fotograficznego Puluz 2x3m + t\u0142a fotograficzne 3 szt PKT5205 - \u2705 sklep z dronami i fachowym doradztwem. \u2705 Tutaj kupisz produkty DJI, Yuneec, Parrot, Syma i wiele innych, a tak\u017ce kursy i licencje na operatora drona.\" \/>\n<meta property=\"og:url\" content=\"https:\/\/ironsky.pl\/sklep\/produkt\/zestaw-statyw-do-mocowania-tla-fotograficznego-puluz-2x3m-tla-fotograficzne-3-szt-pkt5205-2\/\" \/>\n<meta property=\"og:site_name\" content=\"IRONSKY.PL Sklep z Dronami\" \/>\n<meta property=\"article:modified_time\" content=\"2026-04-15T08:44:54+00:00\" \/>\n<meta property=\"og:image\" content=\"https:\/\/ironsky.pl\/sklep\/wp-content\/uploads\/2026\/04\/20842_3.jpg\" \/>\n\t<meta property=\"og:image:width\" content=\"800\" \/>\n\t<meta property=\"og:image:height\" content=\"800\" \/>\n\t<meta property=\"og:image:type\" content=\"image\/jpeg\" \/>\n<meta name=\"twitter:card\" content=\"summary_large_image\" \/>\n<meta name=\"twitter:label1\" content=\"Szacowany czas czytania\" \/>\n\t<meta name=\"twitter:data1\" content=\"1 minuta\" \/>\n<script type=\"application\/ld+json\" class=\"yoast-schema-graph\">{\"@context\":\"https:\/\/schema.org\",\"@graph\":[{\"@type\":\"WebPage\",\"@id\":\"https:\/\/ironsky.pl\/sklep\/produkt\/zestaw-statyw-do-mocowania-tla-fotograficznego-puluz-2x3m-tla-fotograficzne-3-szt-pkt5205-2\/\",\"url\":\"https:\/\/ironsky.pl\/sklep\/produkt\/zestaw-statyw-do-mocowania-tla-fotograficznego-puluz-2x3m-tla-fotograficzne-3-szt-pkt5205-2\/\",\"name\":\"Zestaw\/Statyw do mocowania t\u0142a fotograficznego Puluz 2x3m + t\u0142a fotograficzne 3 szt PKT5205 - IRONSKY.PL Sklep z Dronami\",\"isPartOf\":{\"@id\":\"https:\/\/ironsky.pl\/sklep\/#website\"},\"primaryImageOfPage\":{\"@id\":\"https:\/\/ironsky.pl\/sklep\/produkt\/zestaw-statyw-do-mocowania-tla-fotograficznego-puluz-2x3m-tla-fotograficzne-3-szt-pkt5205-2\/#primaryimage\"},\"image\":{\"@id\":\"https:\/\/ironsky.pl\/sklep\/produkt\/zestaw-statyw-do-mocowania-tla-fotograficznego-puluz-2x3m-tla-fotograficzne-3-szt-pkt5205-2\/#primaryimage\"},\"thumbnailUrl\":\"https:\/\/ironsky.pl\/sklep\/wp-content\/uploads\/2026\/04\/20842_3.jpg\",\"datePublished\":\"2026-04-15T08:07:16+00:00\",\"dateModified\":\"2026-04-15T08:44:54+00:00\",\"description\":\"Zestaw\/Statyw do mocowania t\u0142a fotograficznego Puluz 2x3m + t\u0142a fotograficzne 3 szt PKT5205 - \u2705 sklep z dronami i fachowym doradztwem. \u2705 Tutaj kupisz produkty DJI, Yuneec, Parrot, Syma i wiele innych, a tak\u017ce kursy i licencje na operatora drona.\",\"breadcrumb\":{\"@id\":\"https:\/\/ironsky.pl\/sklep\/produkt\/zestaw-statyw-do-mocowania-tla-fotograficznego-puluz-2x3m-tla-fotograficzne-3-szt-pkt5205-2\/#breadcrumb\"},\"inLanguage\":\"pl-PL\",\"potentialAction\":[{\"@type\":\"ReadAction\",\"target\":[\"https:\/\/ironsky.pl\/sklep\/produkt\/zestaw-statyw-do-mocowania-tla-fotograficznego-puluz-2x3m-tla-fotograficzne-3-szt-pkt5205-2\/\"]}]},{\"@type\":\"ImageObject\",\"inLanguage\":\"pl-PL\",\"@id\":\"https:\/\/ironsky.pl\/sklep\/produkt\/zestaw-statyw-do-mocowania-tla-fotograficznego-puluz-2x3m-tla-fotograficzne-3-szt-pkt5205-2\/#primaryimage\",\"url\":\"https:\/\/ironsky.pl\/sklep\/wp-content\/uploads\/2026\/04\/20842_3.jpg\",\"contentUrl\":\"https:\/\/ironsky.pl\/sklep\/wp-content\/uploads\/2026\/04\/20842_3.jpg\",\"width\":800,\"height\":800},{\"@type\":\"BreadcrumbList\",\"@id\":\"https:\/\/ironsky.pl\/sklep\/produkt\/zestaw-statyw-do-mocowania-tla-fotograficznego-puluz-2x3m-tla-fotograficzne-3-szt-pkt5205-2\/#breadcrumb\",\"itemListElement\":[{\"@type\":\"ListItem\",\"position\":1,\"name\":\"Strona g\u0142\u00f3wna\",\"item\":\"https:\/\/ironsky.pl\/sklep\/\"},{\"@type\":\"ListItem\",\"position\":2,\"name\":\"Wszystkie produkty\",\"item\":\"https:\/\/ironsky.pl\/sklep\/produkty\/\"},{\"@type\":\"ListItem\",\"position\":3,\"name\":\"Zestaw\/Statyw do mocowania t\u0142a fotograficznego Puluz 2x3m + t\u0142a fotograficzne 3 szt PKT5205\"}]},{\"@type\":\"WebSite\",\"@id\":\"https:\/\/ironsky.pl\/sklep\/#website\",\"url\":\"https:\/\/ironsky.pl\/sklep\/\",\"name\":\"IRONSKY.PL Sklep z Dronami\",\"description\":\"IRONSKY.PL Sklep z Dronami\",\"potentialAction\":[{\"@type\":\"SearchAction\",\"target\":{\"@type\":\"EntryPoint\",\"urlTemplate\":\"https:\/\/ironsky.pl\/sklep\/?s={search_term_string}\"},\"query-input\":{\"@type\":\"PropertyValueSpecification\",\"valueRequired\":true,\"valueName\":\"search_term_string\"}}],\"inLanguage\":\"pl-PL\"}]}<\/script>\n<!-- \/ Yoast SEO plugin. -->","yoast_head_json":{"title":"Zestaw\/Statyw do mocowania t\u0142a fotograficznego Puluz 2x3m + t\u0142a fotograficzne 3 szt PKT5205 - IRONSKY.PL Sklep z Dronami","description":"Zestaw\/Statyw do mocowania t\u0142a fotograficznego Puluz 2x3m + t\u0142a fotograficzne 3 szt PKT5205 - \u2705 sklep z dronami i fachowym doradztwem. \u2705 Tutaj kupisz produkty DJI, Yuneec, Parrot, Syma i wiele innych, a tak\u017ce kursy i licencje na operatora drona.","robots":{"index":"index","follow":"follow","max-snippet":"max-snippet:-1","max-image-preview":"max-image-preview:large","max-video-preview":"max-video-preview:-1"},"canonical":"https:\/\/ironsky.pl\/sklep\/produkt\/zestaw-statyw-do-mocowania-tla-fotograficznego-puluz-2x3m-tla-fotograficzne-3-szt-pkt5205-2\/","og_locale":"pl_PL","og_type":"article","og_title":"Zestaw\/Statyw do mocowania t\u0142a fotograficznego Puluz 2x3m + t\u0142a fotograficzne 3 szt PKT5205 - IRONSKY.PL Sklep z Dronami","og_description":"Zestaw\/Statyw do mocowania t\u0142a fotograficznego Puluz 2x3m + t\u0142a fotograficzne 3 szt PKT5205 - \u2705 sklep z dronami i fachowym doradztwem. \u2705 Tutaj kupisz produkty DJI, Yuneec, Parrot, Syma i wiele innych, a tak\u017ce kursy i licencje na operatora drona.","og_url":"https:\/\/ironsky.pl\/sklep\/produkt\/zestaw-statyw-do-mocowania-tla-fotograficznego-puluz-2x3m-tla-fotograficzne-3-szt-pkt5205-2\/","og_site_name":"IRONSKY.PL Sklep z Dronami","article_modified_time":"2026-04-15T08:44:54+00:00","og_image":[{"width":800,"height":800,"url":"https:\/\/ironsky.pl\/sklep\/wp-content\/uploads\/2026\/04\/20842_3.jpg","type":"image\/jpeg"}],"twitter_card":"summary_large_image","twitter_misc":{"Szacowany czas czytania":"1 minuta"},"schema":{"@context":"https:\/\/schema.org","@graph":[{"@type":"WebPage","@id":"https:\/\/ironsky.pl\/sklep\/produkt\/zestaw-statyw-do-mocowania-tla-fotograficznego-puluz-2x3m-tla-fotograficzne-3-szt-pkt5205-2\/","url":"https:\/\/ironsky.pl\/sklep\/produkt\/zestaw-statyw-do-mocowania-tla-fotograficznego-puluz-2x3m-tla-fotograficzne-3-szt-pkt5205-2\/","name":"Zestaw\/Statyw do mocowania t\u0142a fotograficznego Puluz 2x3m + t\u0142a fotograficzne 3 szt PKT5205 - IRONSKY.PL Sklep z Dronami","isPartOf":{"@id":"https:\/\/ironsky.pl\/sklep\/#website"},"primaryImageOfPage":{"@id":"https:\/\/ironsky.pl\/sklep\/produkt\/zestaw-statyw-do-mocowania-tla-fotograficznego-puluz-2x3m-tla-fotograficzne-3-szt-pkt5205-2\/#primaryimage"},"image":{"@id":"https:\/\/ironsky.pl\/sklep\/produkt\/zestaw-statyw-do-mocowania-tla-fotograficznego-puluz-2x3m-tla-fotograficzne-3-szt-pkt5205-2\/#primaryimage"},"thumbnailUrl":"https:\/\/ironsky.pl\/sklep\/wp-content\/uploads\/2026\/04\/20842_3.jpg","datePublished":"2026-04-15T08:07:16+00:00","dateModified":"2026-04-15T08:44:54+00:00","description":"Zestaw\/Statyw do mocowania t\u0142a fotograficznego Puluz 2x3m + t\u0142a fotograficzne 3 szt PKT5205 - \u2705 sklep z dronami i fachowym doradztwem. \u2705 Tutaj kupisz produkty DJI, Yuneec, Parrot, Syma i wiele innych, a tak\u017ce kursy i licencje na operatora drona.","breadcrumb":{"@id":"https:\/\/ironsky.pl\/sklep\/produkt\/zestaw-statyw-do-mocowania-tla-fotograficznego-puluz-2x3m-tla-fotograficzne-3-szt-pkt5205-2\/#breadcrumb"},"inLanguage":"pl-PL","potentialAction":[{"@type":"ReadAction","target":["https:\/\/ironsky.pl\/sklep\/produkt\/zestaw-statyw-do-mocowania-tla-fotograficznego-puluz-2x3m-tla-fotograficzne-3-szt-pkt5205-2\/"]}]},{"@type":"ImageObject","inLanguage":"pl-PL","@id":"https:\/\/ironsky.pl\/sklep\/produkt\/zestaw-statyw-do-mocowania-tla-fotograficznego-puluz-2x3m-tla-fotograficzne-3-szt-pkt5205-2\/#primaryimage","url":"https:\/\/ironsky.pl\/sklep\/wp-content\/uploads\/2026\/04\/20842_3.jpg","contentUrl":"https:\/\/ironsky.pl\/sklep\/wp-content\/uploads\/2026\/04\/20842_3.jpg","width":800,"height":800},{"@type":"BreadcrumbList","@id":"https:\/\/ironsky.pl\/sklep\/produkt\/zestaw-statyw-do-mocowania-tla-fotograficznego-puluz-2x3m-tla-fotograficzne-3-szt-pkt5205-2\/#breadcrumb","itemListElement":[{"@type":"ListItem","position":1,"name":"Strona g\u0142\u00f3wna","item":"https:\/\/ironsky.pl\/sklep\/"},{"@type":"ListItem","position":2,"name":"Wszystkie produkty","item":"https:\/\/ironsky.pl\/sklep\/produkty\/"},{"@type":"ListItem","position":3,"name":"Zestaw\/Statyw do mocowania t\u0142a fotograficznego Puluz 2x3m + t\u0142a fotograficzne 3 szt PKT5205"}]},{"@type":"WebSite","@id":"https:\/\/ironsky.pl\/sklep\/#website","url":"https:\/\/ironsky.pl\/sklep\/","name":"IRONSKY.PL Sklep z Dronami","description":"IRONSKY.PL Sklep z Dronami","potentialAction":[{"@type":"SearchAction","target":{"@type":"EntryPoint","urlTemplate":"https:\/\/ironsky.pl\/sklep\/?s={search_term_string}"},"query-input":{"@type":"PropertyValueSpecification","valueRequired":true,"valueName":"search_term_string"}}],"inLanguage":"pl-PL"}]}},"_links":{"self":[{"href":"https:\/\/ironsky.pl\/sklep\/wp-json\/wp\/v2\/product\/55763","targetHints":{"allow":["GET"]}}],"collection":[{"href":"https:\/\/ironsky.pl\/sklep\/wp-json\/wp\/v2\/product"}],"about":[{"href":"https:\/\/ironsky.pl\/sklep\/wp-json\/wp\/v2\/types\/product"}],"replies":[{"embeddable":true,"href":"https:\/\/ironsky.pl\/sklep\/wp-json\/wp\/v2\/comments?post=55763"}],"wp:featuredmedia":[{"embeddable":true,"href":"https:\/\/ironsky.pl\/sklep\/wp-json\/wp\/v2\/media\/55764"}],"wp:attachment":[{"href":"https:\/\/ironsky.pl\/sklep\/wp-json\/wp\/v2\/media?parent=55763"}],"wp:term":[{"taxonomy":"product_brand","embeddable":true,"href":"https:\/\/ironsky.pl\/sklep\/wp-json\/wp\/v2\/product_brand?post=55763"},{"taxonomy":"product_cat","embeddable":true,"href":"https:\/\/ironsky.pl\/sklep\/wp-json\/wp\/v2\/product_cat?post=55763"},{"taxonomy":"product_tag","embeddable":true,"href":"https:\/\/ironsky.pl\/sklep\/wp-json\/wp\/v2\/product_tag?post=55763"}],"curies":[{"name":"wp","href":"https:\/\/api.w.org\/{rel}","templated":true}]}}