{"id":55652,"date":"2026-04-15T10:06:32","date_gmt":"2026-04-15T08:06:32","guid":{"rendered":"https:\/\/ironsky.pl\/sklep\/produkt\/obudowa-podwodna-telesin-dome-port-gopro-hero-9-13\/"},"modified":"2026-04-15T10:44:41","modified_gmt":"2026-04-15T08:44:41","slug":"obudowa-podwodna-telesin-dome-port-gopro-hero-9-13","status":"publish","type":"product","link":"https:\/\/ironsky.pl\/sklep\/produkt\/obudowa-podwodna-telesin-dome-port-gopro-hero-9-13\/","title":{"rendered":"Obudowa podwodna TELESIN Dome Port GoPro Hero 9-13"},"content":{"rendered":"<h3>Obudowa podwodna Telesin Dome Port dla GoPro Hero 13 \/ 12 \/ 11 \/ 10 \/ 9 (GP-DMP-T09)<\/h3>\n<p>Praktyczna obudowa marki Telesin przeznaczona dla kamery GoPro Hero 13 \/ 12 \/ 11 \/ 10 \/ 9 pozwoli Ci wykonywa\u0107 oryginalne uj\u0119cia nad i pod wod\u0105. Mo\u017ce nie tylko unosi\u0107 si\u0119 nad wod\u0105, ale te\u017c jest wodoodporna na g\u0142\u0119boko\u015bci do 30 m. Zapewnia szerokie pole widzenia i transmitancj\u0119 \u015bwiat\u0142a na poziomie 93%. Wewn\u0105trz jej antypo\u015blizgowego uchwytu znajduje si\u0119 r\u00f3wnie\u017c schowek, w kt\u00f3rym mo\u017cesz przechowywa\u0107 niewielkie przedmioty.<\/p>\n<p>\n<img decoding=\"async\" src=\"https:\/\/assets.innpro.pl\/16005\/20191\/1.jpg\" border=\"0\" alt=\"\" \/>\n<\/p>\n<h3>Tw\u00f3rz zapieraj\u0105ce dech w piersiach podwodne uj\u0119cia<\/h3>\n<p>Kopu\u0142a obudowy zosta\u0142a wykonana z niemieckiego szk\u0142a akrylowego, kt\u00f3re wyr\u00f3\u017cnia si\u0119 du\u017c\u0105 wytrzyma\u0142o\u015bci\u0105, doskonale chroni urz\u0105dzenie, a tak\u017ce zapewnia wyra\u017any, czysty obraz. Odleg\u0142o\u015b\u0107 mi\u0119dzy obiektywem a jej wierzcho\u0142kiem wynosi 70 mm, co zapewnia optymalny widok. Akcesorium zosta\u0142o wyposa\u017cone w specjalne elementy, kt\u00f3re zapobiegaj\u0105 jego parowaniu. Korzystaj\u0105c z niego, nie musisz te\u017c obawia\u0107 si\u0119 zaburzaj\u0105cych jako\u015b\u0107 zdj\u0119\u0107 i film\u00f3w refleks\u00f3w. Co wi\u0119cej, pole widzenia 180\u00b0 umo\u017cliwia tworzenie wspania\u0142ych uj\u0119\u0107.<\/p>\n<p>\n<img decoding=\"async\" src=\"https:\/\/assets.innpro.pl\/16005\/20191\/10a.jpg\" border=\"0\" alt=\"\" \/>\n<\/p>\n<h3>Niezawodny i wielofunkcyjny<\/h3>\n<p>Obudow\u0119 mo\u017cesz wykorzysta\u0107 na kilka r\u00f3\u017cnych sposob\u00f3w. Za t\u0119 wielofunkcyjno\u015b\u0107 akcesorium odpowiadaj\u0105 jego uchwyt wyporno\u015bciowy oraz wodoodporno\u015b\u0107 na g\u0142\u0119boko\u015bci si\u0119gaj\u0105cej 30 m. Produkt umo\u017cliwia nagrywanie unikalnych materia\u0142\u00f3w na l\u0105dzie, a tak\u017ce tu\u017c nad powierzchni\u0105 wody. Za jego pomoc\u0105 wykonasz te\u017c niesamowite podwodne uj\u0119cia.<\/p>\n<p>\n<img decoding=\"async\" src=\"https:\/\/assets.innpro.pl\/16005\/20191\/2.jpg\" border=\"0\" alt=\"\" \/>\n<\/p>\n<h3>Praktyczny uchwyt<\/h3>\n<p>Antypo\u015blizgowy uchwyt obudowy zosta\u0142 wykonany z przyjemnego w dotyku tworzywa TPE. Umo\u017cliwia on pewne i wygodne korzystanie z akcesorium zar\u00f3wno na l\u0105dzie, jak i pod wod\u0105. W jego wn\u0119trzu znajduje si\u0119 niewielki schowek, w kt\u00f3rym przechowasz na przyk\u0142ad klucze lub monety. Mo\u017cesz te\u017c nape\u0142ni\u0107 go wod\u0105, aby zachowa\u0142 optymaln\u0105 wyporno\u015b\u0107 w ka\u017cdej sytuacji.<\/p>\n<p>\n<img decoding=\"async\" src=\"https:\/\/assets.innpro.pl\/16005\/20191\/8.jpg\" border=\"0\" alt=\"\" \/>\n<\/p>\n<h3>Starannie przemy\u015blana konstrukcja<\/h3>\n<p>Monta\u017c obudowy jest bajecznie prosty, podobnie jak jej u\u017cytkowanie. Akcesorium zosta\u0142o wyposa\u017cone w przycisk migawki, dzi\u0119ki kt\u00f3remu b\u0142yskawicznie wykonasz zachwycaj\u0105ce uj\u0119cia. Elementy wykonane ze stali nierdzewnej s\u0105 wytrzyma\u0142e i odporne na zu\u017cycie. Ponadto, uchwyt na nadgarstek o regulowanej d\u0142ugo\u015bci zwi\u0119ksza bezpiecze\u0144stwo u\u017cytkowania obudowy i pozwala zapobiega\u0107 jej zgubieniu.<\/p>\n<p>\n<img decoding=\"async\" src=\"https:\/\/assets.innpro.pl\/16005\/20191\/5.jpg\" border=\"0\" alt=\"\" \/>\n<\/p>\n<h3>Zawarto\u015b\u0107 zestawu<\/h3>\n<ul class=\"list-disc pl-5\">\n<li>dr\u0105\u017cek wyporno\u015bciowy<\/li>\n<li>kopu\u0142a<\/li>\n<li>p\u0142aski klucz<\/li>\n<li>\u015bciereczka do czyszczenia<\/li>\n<li>filtr przeciw parowaniu<\/li>\n<li>pokrowiec<\/li>\n<li>smycz<\/li>\n<li>\u015bruba<\/li>\n<\/ul>\n<div class=\"table-wrapper\">\n<p>\u00a0<\/p>\n<h3><\/h3>\n<table>\n<tbody>\n<tr>\n<th>Producent<\/th>\n<td>Telesin<\/td>\n<\/tr>\n<tr>\n<th>Waga<\/th>\n<td>420g<\/td>\n<\/tr>\n<tr>\n<th>Wymiary<\/th>\n<td>185 x185 x 102mm<\/td>\n<\/tr>\n<tr>\n<th>Materia\u0142<\/th>\n<td>stal nierdzewna + PC<\/td>\n<\/tr>\n<tr>\n<th>Kompatybilno\u015b\u0107<\/th>\n<td>GoPro Hero 13 \/ 12 \/ 11 \/ 10 \/ 9<\/td>\n<\/tr>\n<tr>\n<th>Kolor<\/th>\n<td>czarno-\u017c\u00f3\u0142ty<\/td>\n<\/tr>\n<\/tbody>\n<\/table>\n<\/div>\n","protected":false},"excerpt":{"rendered":"<p>Obudowa podwodna Telesin Dome Port dla GoPro Hero 13 \/ 12 \/ 11 \/ 10 \/ 9 (GP-DMP-T09) Praktyczna obudowa<\/p>\n","protected":false},"featured_media":55653,"comment_status":"closed","ping_status":"open","template":"","meta":{"_acf_changed":false},"product_brand":[],"product_cat":[1128,6178,6176,6177,1138,6179],"product_tag":[],"class_list":{"0":"post-55652","1":"product","2":"type-product","3":"status-publish","4":"has-post-thumbnail","6":"product_cat-foto-wideo","7":"product_cat-mocowania","8":"product_cat-selfie-stiki","9":"product_cat-statywy-selfie-stiki","10":"product_cat-wysiegniki","11":"product_cat-wysiegniki-i-uchwyty-selfie","12":"pa_okres-gwarancji-5754","13":"pa_producent-telesin","15":"first","16":"outofstock","17":"taxable","18":"shipping-taxable","19":"purchasable","20":"product-type-simple"},"acf":[],"yoast_head":"<!-- This site is optimized with the Yoast SEO plugin v27.2 - https:\/\/yoast.com\/product\/yoast-seo-wordpress\/ -->\n<title>Obudowa podwodna TELESIN Dome Port GoPro Hero 9-13 - IRONSKY.PL Sklep z Dronami<\/title>\n<meta name=\"description\" content=\"Obudowa podwodna TELESIN Dome Port GoPro Hero 9-13 - \u2705 sklep z dronami i fachowym doradztwem. \u2705 Tutaj kupisz produkty DJI, Yuneec, Parrot, Syma i wiele innych, a tak\u017ce kursy i licencje na operatora drona.\" \/>\n<meta name=\"robots\" content=\"index, follow, max-snippet:-1, max-image-preview:large, max-video-preview:-1\" \/>\n<link rel=\"canonical\" href=\"https:\/\/ironsky.pl\/sklep\/produkt\/obudowa-podwodna-telesin-dome-port-gopro-hero-9-13\/\" \/>\n<meta property=\"og:locale\" content=\"pl_PL\" \/>\n<meta property=\"og:type\" content=\"article\" \/>\n<meta property=\"og:title\" content=\"Obudowa podwodna TELESIN Dome Port GoPro Hero 9-13 - IRONSKY.PL Sklep z Dronami\" \/>\n<meta property=\"og:description\" content=\"Obudowa podwodna TELESIN Dome Port GoPro Hero 9-13 - \u2705 sklep z dronami i fachowym doradztwem. \u2705 Tutaj kupisz produkty DJI, Yuneec, Parrot, Syma i wiele innych, a tak\u017ce kursy i licencje na operatora drona.\" \/>\n<meta property=\"og:url\" content=\"https:\/\/ironsky.pl\/sklep\/produkt\/obudowa-podwodna-telesin-dome-port-gopro-hero-9-13\/\" \/>\n<meta property=\"og:site_name\" content=\"IRONSKY.PL Sklep z Dronami\" \/>\n<meta property=\"article:modified_time\" content=\"2026-04-15T08:44:41+00:00\" \/>\n<meta property=\"og:image\" content=\"https:\/\/ironsky.pl\/sklep\/wp-content\/uploads\/2026\/04\/20271_1.png\" \/>\n\t<meta property=\"og:image:width\" content=\"887\" \/>\n\t<meta property=\"og:image:height\" content=\"887\" \/>\n\t<meta property=\"og:image:type\" content=\"image\/png\" \/>\n<meta name=\"twitter:card\" content=\"summary_large_image\" \/>\n<meta name=\"twitter:label1\" content=\"Szacowany czas czytania\" \/>\n\t<meta name=\"twitter:data1\" content=\"2 minuty\" \/>\n<script type=\"application\/ld+json\" class=\"yoast-schema-graph\">{\"@context\":\"https:\/\/schema.org\",\"@graph\":[{\"@type\":\"WebPage\",\"@id\":\"https:\/\/ironsky.pl\/sklep\/produkt\/obudowa-podwodna-telesin-dome-port-gopro-hero-9-13\/\",\"url\":\"https:\/\/ironsky.pl\/sklep\/produkt\/obudowa-podwodna-telesin-dome-port-gopro-hero-9-13\/\",\"name\":\"Obudowa podwodna TELESIN Dome Port GoPro Hero 9-13 - IRONSKY.PL Sklep z Dronami\",\"isPartOf\":{\"@id\":\"https:\/\/ironsky.pl\/sklep\/#website\"},\"primaryImageOfPage\":{\"@id\":\"https:\/\/ironsky.pl\/sklep\/produkt\/obudowa-podwodna-telesin-dome-port-gopro-hero-9-13\/#primaryimage\"},\"image\":{\"@id\":\"https:\/\/ironsky.pl\/sklep\/produkt\/obudowa-podwodna-telesin-dome-port-gopro-hero-9-13\/#primaryimage\"},\"thumbnailUrl\":\"https:\/\/ironsky.pl\/sklep\/wp-content\/uploads\/2026\/04\/20271_1.png\",\"datePublished\":\"2026-04-15T08:06:32+00:00\",\"dateModified\":\"2026-04-15T08:44:41+00:00\",\"description\":\"Obudowa podwodna TELESIN Dome Port GoPro Hero 9-13 - \u2705 sklep z dronami i fachowym doradztwem. \u2705 Tutaj kupisz produkty DJI, Yuneec, Parrot, Syma i wiele innych, a tak\u017ce kursy i licencje na operatora drona.\",\"breadcrumb\":{\"@id\":\"https:\/\/ironsky.pl\/sklep\/produkt\/obudowa-podwodna-telesin-dome-port-gopro-hero-9-13\/#breadcrumb\"},\"inLanguage\":\"pl-PL\",\"potentialAction\":[{\"@type\":\"ReadAction\",\"target\":[\"https:\/\/ironsky.pl\/sklep\/produkt\/obudowa-podwodna-telesin-dome-port-gopro-hero-9-13\/\"]}]},{\"@type\":\"ImageObject\",\"inLanguage\":\"pl-PL\",\"@id\":\"https:\/\/ironsky.pl\/sklep\/produkt\/obudowa-podwodna-telesin-dome-port-gopro-hero-9-13\/#primaryimage\",\"url\":\"https:\/\/ironsky.pl\/sklep\/wp-content\/uploads\/2026\/04\/20271_1.png\",\"contentUrl\":\"https:\/\/ironsky.pl\/sklep\/wp-content\/uploads\/2026\/04\/20271_1.png\",\"width\":887,\"height\":887},{\"@type\":\"BreadcrumbList\",\"@id\":\"https:\/\/ironsky.pl\/sklep\/produkt\/obudowa-podwodna-telesin-dome-port-gopro-hero-9-13\/#breadcrumb\",\"itemListElement\":[{\"@type\":\"ListItem\",\"position\":1,\"name\":\"Strona g\u0142\u00f3wna\",\"item\":\"https:\/\/ironsky.pl\/sklep\/\"},{\"@type\":\"ListItem\",\"position\":2,\"name\":\"Wszystkie produkty\",\"item\":\"https:\/\/ironsky.pl\/sklep\/produkty\/\"},{\"@type\":\"ListItem\",\"position\":3,\"name\":\"Obudowa podwodna TELESIN Dome Port GoPro Hero 9-13\"}]},{\"@type\":\"WebSite\",\"@id\":\"https:\/\/ironsky.pl\/sklep\/#website\",\"url\":\"https:\/\/ironsky.pl\/sklep\/\",\"name\":\"IRONSKY.PL Sklep z Dronami\",\"description\":\"IRONSKY.PL Sklep z Dronami\",\"potentialAction\":[{\"@type\":\"SearchAction\",\"target\":{\"@type\":\"EntryPoint\",\"urlTemplate\":\"https:\/\/ironsky.pl\/sklep\/?s={search_term_string}\"},\"query-input\":{\"@type\":\"PropertyValueSpecification\",\"valueRequired\":true,\"valueName\":\"search_term_string\"}}],\"inLanguage\":\"pl-PL\"}]}<\/script>\n<!-- \/ Yoast SEO plugin. -->","yoast_head_json":{"title":"Obudowa podwodna TELESIN Dome Port GoPro Hero 9-13 - IRONSKY.PL Sklep z Dronami","description":"Obudowa podwodna TELESIN Dome Port GoPro Hero 9-13 - \u2705 sklep z dronami i fachowym doradztwem. \u2705 Tutaj kupisz produkty DJI, Yuneec, Parrot, Syma i wiele innych, a tak\u017ce kursy i licencje na operatora drona.","robots":{"index":"index","follow":"follow","max-snippet":"max-snippet:-1","max-image-preview":"max-image-preview:large","max-video-preview":"max-video-preview:-1"},"canonical":"https:\/\/ironsky.pl\/sklep\/produkt\/obudowa-podwodna-telesin-dome-port-gopro-hero-9-13\/","og_locale":"pl_PL","og_type":"article","og_title":"Obudowa podwodna TELESIN Dome Port GoPro Hero 9-13 - IRONSKY.PL Sklep z Dronami","og_description":"Obudowa podwodna TELESIN Dome Port GoPro Hero 9-13 - \u2705 sklep z dronami i fachowym doradztwem. \u2705 Tutaj kupisz produkty DJI, Yuneec, Parrot, Syma i wiele innych, a tak\u017ce kursy i licencje na operatora drona.","og_url":"https:\/\/ironsky.pl\/sklep\/produkt\/obudowa-podwodna-telesin-dome-port-gopro-hero-9-13\/","og_site_name":"IRONSKY.PL Sklep z Dronami","article_modified_time":"2026-04-15T08:44:41+00:00","og_image":[{"width":887,"height":887,"url":"https:\/\/ironsky.pl\/sklep\/wp-content\/uploads\/2026\/04\/20271_1.png","type":"image\/png"}],"twitter_card":"summary_large_image","twitter_misc":{"Szacowany czas czytania":"2 minuty"},"schema":{"@context":"https:\/\/schema.org","@graph":[{"@type":"WebPage","@id":"https:\/\/ironsky.pl\/sklep\/produkt\/obudowa-podwodna-telesin-dome-port-gopro-hero-9-13\/","url":"https:\/\/ironsky.pl\/sklep\/produkt\/obudowa-podwodna-telesin-dome-port-gopro-hero-9-13\/","name":"Obudowa podwodna TELESIN Dome Port GoPro Hero 9-13 - IRONSKY.PL Sklep z Dronami","isPartOf":{"@id":"https:\/\/ironsky.pl\/sklep\/#website"},"primaryImageOfPage":{"@id":"https:\/\/ironsky.pl\/sklep\/produkt\/obudowa-podwodna-telesin-dome-port-gopro-hero-9-13\/#primaryimage"},"image":{"@id":"https:\/\/ironsky.pl\/sklep\/produkt\/obudowa-podwodna-telesin-dome-port-gopro-hero-9-13\/#primaryimage"},"thumbnailUrl":"https:\/\/ironsky.pl\/sklep\/wp-content\/uploads\/2026\/04\/20271_1.png","datePublished":"2026-04-15T08:06:32+00:00","dateModified":"2026-04-15T08:44:41+00:00","description":"Obudowa podwodna TELESIN Dome Port GoPro Hero 9-13 - \u2705 sklep z dronami i fachowym doradztwem. \u2705 Tutaj kupisz produkty DJI, Yuneec, Parrot, Syma i wiele innych, a tak\u017ce kursy i licencje na operatora drona.","breadcrumb":{"@id":"https:\/\/ironsky.pl\/sklep\/produkt\/obudowa-podwodna-telesin-dome-port-gopro-hero-9-13\/#breadcrumb"},"inLanguage":"pl-PL","potentialAction":[{"@type":"ReadAction","target":["https:\/\/ironsky.pl\/sklep\/produkt\/obudowa-podwodna-telesin-dome-port-gopro-hero-9-13\/"]}]},{"@type":"ImageObject","inLanguage":"pl-PL","@id":"https:\/\/ironsky.pl\/sklep\/produkt\/obudowa-podwodna-telesin-dome-port-gopro-hero-9-13\/#primaryimage","url":"https:\/\/ironsky.pl\/sklep\/wp-content\/uploads\/2026\/04\/20271_1.png","contentUrl":"https:\/\/ironsky.pl\/sklep\/wp-content\/uploads\/2026\/04\/20271_1.png","width":887,"height":887},{"@type":"BreadcrumbList","@id":"https:\/\/ironsky.pl\/sklep\/produkt\/obudowa-podwodna-telesin-dome-port-gopro-hero-9-13\/#breadcrumb","itemListElement":[{"@type":"ListItem","position":1,"name":"Strona g\u0142\u00f3wna","item":"https:\/\/ironsky.pl\/sklep\/"},{"@type":"ListItem","position":2,"name":"Wszystkie produkty","item":"https:\/\/ironsky.pl\/sklep\/produkty\/"},{"@type":"ListItem","position":3,"name":"Obudowa podwodna TELESIN Dome Port GoPro Hero 9-13"}]},{"@type":"WebSite","@id":"https:\/\/ironsky.pl\/sklep\/#website","url":"https:\/\/ironsky.pl\/sklep\/","name":"IRONSKY.PL Sklep z Dronami","description":"IRONSKY.PL Sklep z Dronami","potentialAction":[{"@type":"SearchAction","target":{"@type":"EntryPoint","urlTemplate":"https:\/\/ironsky.pl\/sklep\/?s={search_term_string}"},"query-input":{"@type":"PropertyValueSpecification","valueRequired":true,"valueName":"search_term_string"}}],"inLanguage":"pl-PL"}]}},"_links":{"self":[{"href":"https:\/\/ironsky.pl\/sklep\/wp-json\/wp\/v2\/product\/55652","targetHints":{"allow":["GET"]}}],"collection":[{"href":"https:\/\/ironsky.pl\/sklep\/wp-json\/wp\/v2\/product"}],"about":[{"href":"https:\/\/ironsky.pl\/sklep\/wp-json\/wp\/v2\/types\/product"}],"replies":[{"embeddable":true,"href":"https:\/\/ironsky.pl\/sklep\/wp-json\/wp\/v2\/comments?post=55652"}],"wp:featuredmedia":[{"embeddable":true,"href":"https:\/\/ironsky.pl\/sklep\/wp-json\/wp\/v2\/media\/55653"}],"wp:attachment":[{"href":"https:\/\/ironsky.pl\/sklep\/wp-json\/wp\/v2\/media?parent=55652"}],"wp:term":[{"taxonomy":"product_brand","embeddable":true,"href":"https:\/\/ironsky.pl\/sklep\/wp-json\/wp\/v2\/product_brand?post=55652"},{"taxonomy":"product_cat","embeddable":true,"href":"https:\/\/ironsky.pl\/sklep\/wp-json\/wp\/v2\/product_cat?post=55652"},{"taxonomy":"product_tag","embeddable":true,"href":"https:\/\/ironsky.pl\/sklep\/wp-json\/wp\/v2\/product_tag?post=55652"}],"curies":[{"name":"wp","href":"https:\/\/api.w.org\/{rel}","templated":true}]}}