{"id":55622,"date":"2026-04-15T10:05:57","date_gmt":"2026-04-15T08:05:57","guid":{"rendered":"https:\/\/ironsky.pl\/sklep\/produkt\/kontroler-ruchu-dji-motion-controller-dji-fpv-avata\/"},"modified":"2026-04-15T10:44:36","modified_gmt":"2026-04-15T08:44:36","slug":"kontroler-ruchu-dji-motion-controller-dji-fpv-avata","status":"publish","type":"product","link":"https:\/\/ironsky.pl\/sklep\/produkt\/kontroler-ruchu-dji-motion-controller-dji-fpv-avata\/","title":{"rendered":"Kontroler ruchu DJI Motion Controller DJI FPV \/ Avata"},"content":{"rendered":"<div id=\"Opisproduktu\" class=\"long-description\">\n<div id=\"longDescriptionMenu\" class=\"long-description__menu\"><\/div>\n<div\n  class=\"long-description__description-wrapper\"\n  data-anchor-menu-name=\"Opis\"><\/p>\n<div class=\"description-item\">\n   <picture><source \nsrcset=\"\n     https:\/\/b2b.innpro.pl\/data\/include\/cms\/12DJI\/01-opisy-strona-ars\/FPV\/DJI-Motion-Controller\/1.jpg\n     \"\n     media=\"(min-width: 979px)\" \/><br \/>\n    <img decoding=\"async\"\n     src=\"https:\/\/b2b.innpro.pl\/data\/include\/cms\/12DJI\/01-opisy-strona-ars\/FPV\/DJI-Motion-Controller\/1-mobile.jpg\"\n     alt=\"DJI Motion Controller\" \/>\n   <\/picture>\n  <\/div>\n<div class=\"description-item\">\n<div class=\"description-item__wrapper-center\">\n<div class=\"description-item__body-center\">\n<div class=\"description-item__body-wrapper-center\">\n<div class=\"description-item__title\" style=\"text-align: center\">Prze\u0142om w kompaktowej konstrukcji<\/div>\n<div class=\"description-item__content\" style=\"text-align: center\">\n<p>\n       DJI Motion Controller to innowacyjne urz\u0105dzenie, kt\u00f3re pozwoli Ci cieszy\u0107 si\u0119 niesamowicie immersyjnym do\u015bwiadczeniem lotu. <b>Umo\u017cliwia intuicyjne sterowanie dronem DJI FPV za pomoc\u0105 ruch\u00f3w d\u0142oni.<\/b> <b>Czas pracy do 5 godzin<\/b>, zaawansowany system transmisji DJI O3 oraz automatyczne prze\u0142\u0105czanie pasma nadawania &#8211; to tylko niekt\u00f3re atuty tego prze\u0142omowego kontrolera.\n       <\/p>\n<\/p><\/div><\/div><\/div>\n<div class=\"description-item\">\n     <picture><source \nsrcset=\"\n       https:\/\/b2b.innpro.pl\/data\/include\/cms\/12DJI\/01-opisy-strona-ars\/FPV\/DJI-Motion-Controller\/2.jpg\n       \"\n       media=\"(min-width: 979px)\" \/><br \/>\n      <img decoding=\"async\"\n       src=\"https:\/\/b2b.innpro.pl\/data\/include\/cms\/12DJI\/01-opisy-strona-ars\/FPV\/DJI-Motion-Controller\/2-mobile.jpg\"\n       alt=\"DJI Motion Controller\" \/>\n     <\/picture>\n    <\/div><\/div><\/div>\n<div class=\"description-item\">\n<div class=\"description-item__wrapper-center\">\n<div class=\"description-item__body-center\">\n<div class=\"description-item__body-wrapper-center\">\n<div class=\"description-item__title\" style=\"text-align: center\">Intuicyjne manewrowanie dronem<\/div>\n<div class=\"description-item__content\" style=\"text-align: center\">\n<p>\n        Si\u0119gnij po DJI Motion Controller i patrz, jak dron natychmiast reaguje na ruchy Twojej d\u0142oni. Naci\u015bnij spust, aby polecia\u0142 w kierunku, kt\u00f3ry widzisz w goglach.<b> Przechyl urz\u0105dzenie o 90\u00b0<\/b>, a Tw\u00f3j bezza\u0142ogowiec wzniesie si\u0119 lub opadnie. Orientacj\u0119 drona zmienisz, obracaj\u0105c Motion Controller. Masz te\u017c mo\u017cliwo\u015b\u0107 dostosowania nachylenia gimbala &#8211; aby to zrobi\u0107, skieruj kontroler w g\u00f3r\u0119 lub w d\u00f3\u0142.\n       <\/p>\n<\/p><\/div><\/div><\/div>\n<div class=\"description-item\">\n     <picture><source \nsrcset=\"\n       https:\/\/b2b.innpro.pl\/data\/include\/cms\/12DJI\/01-opisy-strona-ars\/FPV\/DJI-Motion-Controller\/3.jpg\n       \"\n       media=\"(min-width: 979px)\" \/><br \/>\n      <img decoding=\"async\"\n       src=\"https:\/\/b2b.innpro.pl\/data\/include\/cms\/12DJI\/01-opisy-strona-ars\/FPV\/DJI-Motion-Controller\/3-mobile.jpg\"\n       alt=\"DJI Motion Controller\" \/>\n     <\/picture>\n    <\/div><\/div><\/div>\n<div class=\"description-item\">\n<div class=\"description-item__wrapper\">\n<div class=\"description-item__body\">\n<div class=\"description-item__body-wrapper\">\n<div class=\"description-item__title\">Lataj jeszcze cz\u0119\u015bciej<\/div>\n<div class=\"description-item__content\">\n<p>\n        Ciesz si\u0119 nawet kilkoma immersyjnymi lotami po jednym na\u0142adowaniu DJI Motion Controller. <b>Wydajny akumulator urz\u0105dzenia gwarantuje czas pracy nawet 5 godzin.<\/b> Swobodnie polecisz wi\u0119c przez ob\u0142oki, zobaczysz wiele miejsc z unikalnej perspektywy i nagrasz spektakularne filmy &#8211; nie musisz obawia\u0107 si\u0119 zbyt szybkiego roz\u0142adowania kontrolera!\n       <\/p>\n<\/p><\/div><\/div><\/div>\n<div class=\"description-item__img\">\n     <picture><source \nsrcset=\"\n       https:\/\/b2b.innpro.pl\/data\/include\/cms\/12DJI\/01-opisy-strona-ars\/FPV\/DJI-Motion-Controller\/4.jpg\n       \"\n       media=\"(min-width: 979px)\" \/><br \/>\n      <img decoding=\"async\"\n       src=\"https:\/\/b2b.innpro.pl\/data\/include\/cms\/12DJI\/01-opisy-strona-ars\/FPV\/DJI-Motion-Controller\/4-mobile.jpg\"\n       alt=\"DJI Motion Controller\" \/>\n     <\/picture>\n    <\/div><\/div><\/div>\n<div class=\"description-item\">\n<div class=\"description-item__wrapper --reverse\">\n<div class=\"description-item__body\">\n<div class=\"description-item__body-wrapper\">\n<div class=\"description-item__title\">OcuSync 3.0y<\/div>\n<div class=\"description-item__content\">\n<p>\n       Aby sprosta\u0107 Twoim oczekiwaniom i dostosowa\u0107 Motion Controller do unikalnych wymaga\u0144 drona DJI FPV, zastosowano w nim udoskonalony <b>system transmisji DJI O3.<\/b> Umo\u017cliwia on przekazywanie doskona\u0142ej jako\u015bci sygna\u0142u na odleg\u0142o\u015b\u0107 do 6 km. Tak du\u017cy zasi\u0119g zapewni Ci wolno\u015b\u0107 lotu, o jakiej marzysz!\n       <\/p>\n<\/p><\/div><\/div><\/div>\n<div class=\"description-item__img\">\n     <picture><source \nsrcset=\"\n       https:\/\/b2b.innpro.pl\/data\/include\/cms\/12DJI\/01-opisy-strona-ars\/FPV\/DJI-Motion-Controller\/5.jpg\n       \"\n       media=\"(min-width: 979px)\" \/><br \/>\n      <img decoding=\"async\"\n       src=\"https:\/\/b2b.innpro.pl\/data\/include\/cms\/12DJI\/01-opisy-strona-ars\/FPV\/DJI-Motion-Controller\/5-mobile.jpg\"\n       alt=\"DJI Motion Controller\" \/>\n     <\/picture>\n    <\/div><\/div><\/div>\n<div class=\"description-item\">\n<div class=\"description-item__wrapper-center\">\n<div class=\"description-item__body-center\">\n<div class=\"description-item__body-wrapper-center\">\n<div class=\"description-item__title\" style=\"text-align: center\">Sam wybierze optymaln\u0105 cz\u0119stotliwo\u015b\u0107<\/div>\n<div class=\"description-item__content\" style=\"text-align: center\">\n<p>Za szybko\u015b\u0107 i stabilno\u015b\u0107 transmisji odpowiada te\u017c wysokiej klasy nadajnik, kt\u00f3ry obs\u0142uguje <b>pasma 2,4 GHz oraz 5,8 GHz.<? Co wi\u0119cej, urz\u0105dzenie automatycznie prze\u0142\u0105cza si\u0119 mi\u0119dzy cz\u0119stotliwo\u015bciami, co pozwala zagwarantowa\u0107 optymaln\u0105 jako\u015b\u0107 sygna\u0142u niezale\u017cnie od sytuacji. Dzi\u0119ki temu zapomnisz o op\u00f3\u017anieniach i innych problemach z transmisj\u0105!\n       <\/p>\n<\/p><\/div><\/div><\/div>\n<div class=\"description-item\">\n     <picture><source \nsrcset=\"\n       https:\/\/b2b.innpro.pl\/data\/include\/cms\/12DJI\/01-opisy-strona-ars\/FPV\/DJI-Motion-Controller\/6.jpg\n       \"\n       media=\"(min-width: 979px)\" \/><br \/>\n      <img decoding=\"async\"\n       src=\"https:\/\/b2b.innpro.pl\/data\/include\/cms\/12DJI\/01-opisy-strona-ars\/FPV\/DJI-Motion-Controller\/6-mobile.jpg\"\n       alt=\"DJI Motion Controller\" \/>\n     <\/picture>\n    <\/div><\/div><\/div><\/div>\n<\/div>\n<p><!--CSS --><\/p>\n<style>\n @media (min-width: 979px) {\n  .description-item__wrapper-center {\n   display: flex;\n   flex-direction: column;\n   align-items: center;\n   justify-content: center;\n  }\n  .description-item__body-center {\n   margin-bottom: 50px;\n  }\n }\n .description-item__body-wrapper-center {\n  max-width: 985px;\n }<\/p>\n<\/style>\n","protected":false},"excerpt":{"rendered":"<p>Prze\u0142om w kompaktowej konstrukcji DJI Motion Controller to innowacyjne urz\u0105dzenie, kt\u00f3re pozwoli Ci cieszy\u0107 si\u0119 niesamowicie immersyjnym do\u015bwiadczeniem lotu. Umo\u017cliwia<\/p>\n","protected":false},"featured_media":55623,"comment_status":"closed","ping_status":"open","template":"","meta":{"_acf_changed":false},"product_brand":[],"product_cat":[6167,6170,1088],"product_tag":[],"class_list":{"0":"post-55622","1":"product","2":"type-product","3":"status-publish","4":"has-post-thumbnail","6":"product_cat-akcesoria-do-dronow","7":"product_cat-dji-akcesoria-do-dronow","8":"product_cat-drony","9":"pa_okres-gwarancji-5757","10":"pa_producent-dji","12":"first","13":"outofstock","14":"taxable","15":"shipping-taxable","16":"purchasable","17":"product-type-simple"},"acf":[],"yoast_head":"<!-- This site is optimized with the Yoast SEO plugin v27.2 - https:\/\/yoast.com\/product\/yoast-seo-wordpress\/ -->\n<title>Kontroler ruchu DJI Motion Controller DJI FPV \/ Avata - IRONSKY.PL Sklep z Dronami<\/title>\n<meta name=\"description\" content=\"Kontroler ruchu DJI Motion Controller DJI FPV \/ Avata - \u2705 sklep z dronami i fachowym doradztwem. \u2705 Tutaj kupisz produkty DJI, Yuneec, Parrot, Syma i wiele innych, a tak\u017ce kursy i licencje na operatora drona.\" \/>\n<meta name=\"robots\" content=\"index, follow, max-snippet:-1, max-image-preview:large, max-video-preview:-1\" \/>\n<link rel=\"canonical\" href=\"https:\/\/ironsky.pl\/sklep\/produkt\/kontroler-ruchu-dji-motion-controller-dji-fpv-avata\/\" \/>\n<meta property=\"og:locale\" content=\"pl_PL\" \/>\n<meta property=\"og:type\" content=\"article\" \/>\n<meta property=\"og:title\" content=\"Kontroler ruchu DJI Motion Controller DJI FPV \/ Avata - IRONSKY.PL Sklep z Dronami\" \/>\n<meta property=\"og:description\" content=\"Kontroler ruchu DJI Motion Controller DJI FPV \/ Avata - \u2705 sklep z dronami i fachowym doradztwem. \u2705 Tutaj kupisz produkty DJI, Yuneec, Parrot, Syma i wiele innych, a tak\u017ce kursy i licencje na operatora drona.\" \/>\n<meta property=\"og:url\" content=\"https:\/\/ironsky.pl\/sklep\/produkt\/kontroler-ruchu-dji-motion-controller-dji-fpv-avata\/\" \/>\n<meta property=\"og:site_name\" content=\"IRONSKY.PL Sklep z Dronami\" \/>\n<meta property=\"article:modified_time\" content=\"2026-04-15T08:44:36+00:00\" \/>\n<meta property=\"og:image\" content=\"https:\/\/ironsky.pl\/sklep\/wp-content\/uploads\/2026\/04\/20036_1.jpg\" \/>\n\t<meta property=\"og:image:width\" content=\"800\" \/>\n\t<meta property=\"og:image:height\" content=\"800\" \/>\n\t<meta property=\"og:image:type\" content=\"image\/jpeg\" \/>\n<meta name=\"twitter:card\" content=\"summary_large_image\" \/>\n<meta name=\"twitter:label1\" content=\"Szacowany czas czytania\" \/>\n\t<meta name=\"twitter:data1\" content=\"1 minuta\" \/>\n<script type=\"application\/ld+json\" class=\"yoast-schema-graph\">{\"@context\":\"https:\/\/schema.org\",\"@graph\":[{\"@type\":\"WebPage\",\"@id\":\"https:\/\/ironsky.pl\/sklep\/produkt\/kontroler-ruchu-dji-motion-controller-dji-fpv-avata\/\",\"url\":\"https:\/\/ironsky.pl\/sklep\/produkt\/kontroler-ruchu-dji-motion-controller-dji-fpv-avata\/\",\"name\":\"Kontroler ruchu DJI Motion Controller DJI FPV \/ Avata - IRONSKY.PL Sklep z Dronami\",\"isPartOf\":{\"@id\":\"https:\/\/ironsky.pl\/sklep\/#website\"},\"primaryImageOfPage\":{\"@id\":\"https:\/\/ironsky.pl\/sklep\/produkt\/kontroler-ruchu-dji-motion-controller-dji-fpv-avata\/#primaryimage\"},\"image\":{\"@id\":\"https:\/\/ironsky.pl\/sklep\/produkt\/kontroler-ruchu-dji-motion-controller-dji-fpv-avata\/#primaryimage\"},\"thumbnailUrl\":\"https:\/\/ironsky.pl\/sklep\/wp-content\/uploads\/2026\/04\/20036_1.jpg\",\"datePublished\":\"2026-04-15T08:05:57+00:00\",\"dateModified\":\"2026-04-15T08:44:36+00:00\",\"description\":\"Kontroler ruchu DJI Motion Controller DJI FPV \/ Avata - \u2705 sklep z dronami i fachowym doradztwem. \u2705 Tutaj kupisz produkty DJI, Yuneec, Parrot, Syma i wiele innych, a tak\u017ce kursy i licencje na operatora drona.\",\"breadcrumb\":{\"@id\":\"https:\/\/ironsky.pl\/sklep\/produkt\/kontroler-ruchu-dji-motion-controller-dji-fpv-avata\/#breadcrumb\"},\"inLanguage\":\"pl-PL\",\"potentialAction\":[{\"@type\":\"ReadAction\",\"target\":[\"https:\/\/ironsky.pl\/sklep\/produkt\/kontroler-ruchu-dji-motion-controller-dji-fpv-avata\/\"]}]},{\"@type\":\"ImageObject\",\"inLanguage\":\"pl-PL\",\"@id\":\"https:\/\/ironsky.pl\/sklep\/produkt\/kontroler-ruchu-dji-motion-controller-dji-fpv-avata\/#primaryimage\",\"url\":\"https:\/\/ironsky.pl\/sklep\/wp-content\/uploads\/2026\/04\/20036_1.jpg\",\"contentUrl\":\"https:\/\/ironsky.pl\/sklep\/wp-content\/uploads\/2026\/04\/20036_1.jpg\",\"width\":800,\"height\":800},{\"@type\":\"BreadcrumbList\",\"@id\":\"https:\/\/ironsky.pl\/sklep\/produkt\/kontroler-ruchu-dji-motion-controller-dji-fpv-avata\/#breadcrumb\",\"itemListElement\":[{\"@type\":\"ListItem\",\"position\":1,\"name\":\"Strona g\u0142\u00f3wna\",\"item\":\"https:\/\/ironsky.pl\/sklep\/\"},{\"@type\":\"ListItem\",\"position\":2,\"name\":\"Wszystkie produkty\",\"item\":\"https:\/\/ironsky.pl\/sklep\/produkty\/\"},{\"@type\":\"ListItem\",\"position\":3,\"name\":\"Kontroler ruchu DJI Motion Controller DJI FPV \/ Avata\"}]},{\"@type\":\"WebSite\",\"@id\":\"https:\/\/ironsky.pl\/sklep\/#website\",\"url\":\"https:\/\/ironsky.pl\/sklep\/\",\"name\":\"IRONSKY.PL Sklep z Dronami\",\"description\":\"IRONSKY.PL Sklep z Dronami\",\"potentialAction\":[{\"@type\":\"SearchAction\",\"target\":{\"@type\":\"EntryPoint\",\"urlTemplate\":\"https:\/\/ironsky.pl\/sklep\/?s={search_term_string}\"},\"query-input\":{\"@type\":\"PropertyValueSpecification\",\"valueRequired\":true,\"valueName\":\"search_term_string\"}}],\"inLanguage\":\"pl-PL\"}]}<\/script>\n<!-- \/ Yoast SEO plugin. -->","yoast_head_json":{"title":"Kontroler ruchu DJI Motion Controller DJI FPV \/ Avata - IRONSKY.PL Sklep z Dronami","description":"Kontroler ruchu DJI Motion Controller DJI FPV \/ Avata - \u2705 sklep z dronami i fachowym doradztwem. \u2705 Tutaj kupisz produkty DJI, Yuneec, Parrot, Syma i wiele innych, a tak\u017ce kursy i licencje na operatora drona.","robots":{"index":"index","follow":"follow","max-snippet":"max-snippet:-1","max-image-preview":"max-image-preview:large","max-video-preview":"max-video-preview:-1"},"canonical":"https:\/\/ironsky.pl\/sklep\/produkt\/kontroler-ruchu-dji-motion-controller-dji-fpv-avata\/","og_locale":"pl_PL","og_type":"article","og_title":"Kontroler ruchu DJI Motion Controller DJI FPV \/ Avata - IRONSKY.PL Sklep z Dronami","og_description":"Kontroler ruchu DJI Motion Controller DJI FPV \/ Avata - \u2705 sklep z dronami i fachowym doradztwem. \u2705 Tutaj kupisz produkty DJI, Yuneec, Parrot, Syma i wiele innych, a tak\u017ce kursy i licencje na operatora drona.","og_url":"https:\/\/ironsky.pl\/sklep\/produkt\/kontroler-ruchu-dji-motion-controller-dji-fpv-avata\/","og_site_name":"IRONSKY.PL Sklep z Dronami","article_modified_time":"2026-04-15T08:44:36+00:00","og_image":[{"width":800,"height":800,"url":"https:\/\/ironsky.pl\/sklep\/wp-content\/uploads\/2026\/04\/20036_1.jpg","type":"image\/jpeg"}],"twitter_card":"summary_large_image","twitter_misc":{"Szacowany czas czytania":"1 minuta"},"schema":{"@context":"https:\/\/schema.org","@graph":[{"@type":"WebPage","@id":"https:\/\/ironsky.pl\/sklep\/produkt\/kontroler-ruchu-dji-motion-controller-dji-fpv-avata\/","url":"https:\/\/ironsky.pl\/sklep\/produkt\/kontroler-ruchu-dji-motion-controller-dji-fpv-avata\/","name":"Kontroler ruchu DJI Motion Controller DJI FPV \/ Avata - IRONSKY.PL Sklep z Dronami","isPartOf":{"@id":"https:\/\/ironsky.pl\/sklep\/#website"},"primaryImageOfPage":{"@id":"https:\/\/ironsky.pl\/sklep\/produkt\/kontroler-ruchu-dji-motion-controller-dji-fpv-avata\/#primaryimage"},"image":{"@id":"https:\/\/ironsky.pl\/sklep\/produkt\/kontroler-ruchu-dji-motion-controller-dji-fpv-avata\/#primaryimage"},"thumbnailUrl":"https:\/\/ironsky.pl\/sklep\/wp-content\/uploads\/2026\/04\/20036_1.jpg","datePublished":"2026-04-15T08:05:57+00:00","dateModified":"2026-04-15T08:44:36+00:00","description":"Kontroler ruchu DJI Motion Controller DJI FPV \/ Avata - \u2705 sklep z dronami i fachowym doradztwem. \u2705 Tutaj kupisz produkty DJI, Yuneec, Parrot, Syma i wiele innych, a tak\u017ce kursy i licencje na operatora drona.","breadcrumb":{"@id":"https:\/\/ironsky.pl\/sklep\/produkt\/kontroler-ruchu-dji-motion-controller-dji-fpv-avata\/#breadcrumb"},"inLanguage":"pl-PL","potentialAction":[{"@type":"ReadAction","target":["https:\/\/ironsky.pl\/sklep\/produkt\/kontroler-ruchu-dji-motion-controller-dji-fpv-avata\/"]}]},{"@type":"ImageObject","inLanguage":"pl-PL","@id":"https:\/\/ironsky.pl\/sklep\/produkt\/kontroler-ruchu-dji-motion-controller-dji-fpv-avata\/#primaryimage","url":"https:\/\/ironsky.pl\/sklep\/wp-content\/uploads\/2026\/04\/20036_1.jpg","contentUrl":"https:\/\/ironsky.pl\/sklep\/wp-content\/uploads\/2026\/04\/20036_1.jpg","width":800,"height":800},{"@type":"BreadcrumbList","@id":"https:\/\/ironsky.pl\/sklep\/produkt\/kontroler-ruchu-dji-motion-controller-dji-fpv-avata\/#breadcrumb","itemListElement":[{"@type":"ListItem","position":1,"name":"Strona g\u0142\u00f3wna","item":"https:\/\/ironsky.pl\/sklep\/"},{"@type":"ListItem","position":2,"name":"Wszystkie produkty","item":"https:\/\/ironsky.pl\/sklep\/produkty\/"},{"@type":"ListItem","position":3,"name":"Kontroler ruchu DJI Motion Controller DJI FPV \/ Avata"}]},{"@type":"WebSite","@id":"https:\/\/ironsky.pl\/sklep\/#website","url":"https:\/\/ironsky.pl\/sklep\/","name":"IRONSKY.PL Sklep z Dronami","description":"IRONSKY.PL Sklep z Dronami","potentialAction":[{"@type":"SearchAction","target":{"@type":"EntryPoint","urlTemplate":"https:\/\/ironsky.pl\/sklep\/?s={search_term_string}"},"query-input":{"@type":"PropertyValueSpecification","valueRequired":true,"valueName":"search_term_string"}}],"inLanguage":"pl-PL"}]}},"_links":{"self":[{"href":"https:\/\/ironsky.pl\/sklep\/wp-json\/wp\/v2\/product\/55622","targetHints":{"allow":["GET"]}}],"collection":[{"href":"https:\/\/ironsky.pl\/sklep\/wp-json\/wp\/v2\/product"}],"about":[{"href":"https:\/\/ironsky.pl\/sklep\/wp-json\/wp\/v2\/types\/product"}],"replies":[{"embeddable":true,"href":"https:\/\/ironsky.pl\/sklep\/wp-json\/wp\/v2\/comments?post=55622"}],"wp:featuredmedia":[{"embeddable":true,"href":"https:\/\/ironsky.pl\/sklep\/wp-json\/wp\/v2\/media\/55623"}],"wp:attachment":[{"href":"https:\/\/ironsky.pl\/sklep\/wp-json\/wp\/v2\/media?parent=55622"}],"wp:term":[{"taxonomy":"product_brand","embeddable":true,"href":"https:\/\/ironsky.pl\/sklep\/wp-json\/wp\/v2\/product_brand?post=55622"},{"taxonomy":"product_cat","embeddable":true,"href":"https:\/\/ironsky.pl\/sklep\/wp-json\/wp\/v2\/product_cat?post=55622"},{"taxonomy":"product_tag","embeddable":true,"href":"https:\/\/ironsky.pl\/sklep\/wp-json\/wp\/v2\/product_tag?post=55622"}],"curies":[{"name":"wp","href":"https:\/\/api.w.org\/{rel}","templated":true}]}}