{"id":55556,"date":"2026-04-15T10:05:36","date_gmt":"2026-04-15T08:05:36","guid":{"rendered":"https:\/\/ironsky.pl\/sklep\/produkt\/latarka-uv-superfire-s11-h-365nm-usb-2\/"},"modified":"2026-04-15T10:05:46","modified_gmt":"2026-04-15T08:05:46","slug":"latarka-uv-superfire-s11-h-365nm-usb-2","status":"publish","type":"product","link":"https:\/\/ironsky.pl\/sklep\/produkt\/latarka-uv-superfire-s11-h-365nm-usb-2\/","title":{"rendered":"Latarka UV SUPERFIRE S11-H 365nm USB"},"content":{"rendered":"<h3>Latarka UV Superfire S11-H<\/h3>\n<p>Latarka UV Superfire S11-H pozwala skutecznie wykrywa\u0107 \u015blady pozostawiane przez zwierz\u0119ta, a tak\u017ce rozpoznawa\u0107 objawy dermatofitozy i sprawdza\u0107 autentyczno\u015b\u0107 dokument\u00f3w. Wydajny akumulator zapewnia do 180 minut pracy urz\u0105dzenia. Wodoodporno\u015b\u0107 i regulowana jasno\u015b\u0107 daj\u0105 Ci wymarzon\u0105 swobod\u0119. Produkt zachwyci Ci\u0119 r\u00f3wnie\u017c wytrzyma\u0142o\u015bci\u0105 oraz prostot\u0105 u\u017cytkowania.<\/p>\n<p><img decoding=\"async\" src=\"https:\/\/b2b.innpro.pl\/data\/include\/cms\/01Superfire\/S11-H\/2.jpg\"><\/p>\n<h3>Odkryj mo\u017cliwo\u015bci, jakie daje lampa UV<\/h3>\n<p>Urz\u0105dzenie emituje czyste \u015bwiat\u0142o UV o d\u0142ugo\u015bci fali 365 nm, co odpowiada za jego efektywno\u015b\u0107. Wykorzystasz oferowane przez S11-H mo\u017cliwo\u015bci na wiele sposob\u00f3w. Z pomoc\u0105 latarki przekonasz si\u0119 o autentyczno\u015bci banknot\u00f3w lub dokument\u00f3w, znajdziesz wsi\u0105kni\u0119te w dywan plamy pozostawione przez zwierz\u0119ta, a nawet wykryjesz dermatofitoz\u0119 u swojego pupila.<\/p>\n<p><img decoding=\"async\" src=\"https:\/\/b2b.innpro.pl\/data\/include\/cms\/01Superfire\/S11-H\/6.jpg\"><\/p>\n<h3>B\u0119dzie Ci s\u0142u\u017cy\u0107 przez d\u0142ugi czas<\/h3>\n<p>Akumulator o pojemno\u015bci 800 mAh zapewnia do 3 godzin pracy latarki UV. Jej \u0142adowanie nie stanowi najmniejszego nawet problemu &#8211; wystarczy do tego kabel ze z\u0142\u0105czem micro USB. S11-H ma te\u017c specjalny wska\u017anik statusu akumulatora. Niebieskie \u015bwiat\u0142o oznacza jego pe\u0142ne na\u0142adowanie, a czerwone niski poziom energii. Dzi\u0119ki temu zawsze wiesz, kiedy nale\u017cy pod\u0142\u0105czy\u0107 latark\u0119 do zasilania!<\/p>\n<p><img decoding=\"async\" src=\"https:\/\/b2b.innpro.pl\/data\/include\/cms\/01Superfire\/S11-H\/3.jpg\"><\/p>\n<h3>\u0141atwo i wygodnie j\u0105 obs\u0142u\u017cysz<\/h3>\n<p>Obs\u0142uga latarki jest wyj\u0105tkowo intuicyjna &#8211; wystarczy skorzysta\u0107 z umieszczonego na jej spodzie niewielkiego przycisku. Pozwala on wygodnie zmienia\u0107 nat\u0119\u017cenie emitowanego \u015bwiat\u0142a UV &#8211; mo\u017ce ono przej\u015b\u0107 z mocnego w s\u0142abe lub na odwr\u00f3t. Superfire S11-H umiej\u0119tnie \u0142\u0105czy szerokie mo\u017cliwo\u015bci z prostot\u0105 u\u017cytkowania.<\/p>\n<p><img decoding=\"async\" src=\"https:\/\/b2b.innpro.pl\/data\/include\/cms\/01Superfire\/S11-H\/4.jpg\"><\/p>\n<h3>Korzystaj z niej niezale\u017cnie od pogody<\/h3>\n<p>Cho\u0107 ty\u0142 latarki nie jest wodoodporny, mo\u017cna bez obaw stosowa\u0107 j\u0105 na co dzie\u0144 niezale\u017cnie od pogody. Czy s\u0142o\u0144ce, czy deszcz, S11-H b\u0119dzie doskonale Ci s\u0142u\u017cy\u0107. Urz\u0105dzeniu nie powinno zaszkodzi\u0107 przypadkowe nara\u017cenie na wilgo\u0107. Swobodnie korzystaj ze swojej latarki UV i nie przejmuj si\u0119 warunkami atmosferycznymi!<\/p>\n<p><img decoding=\"async\" src=\"https:\/\/b2b.innpro.pl\/data\/include\/cms\/01Superfire\/S11-H\/1.jpg\"><\/p>\n<h3>Ciesz si\u0119 komfortem u\u017cytkowania<\/h3>\n<p>Obudowa urz\u0105dzenia zosta\u0142a wykonana z wytrzyma\u0142ego stopu aluminium. Dzi\u0119ki temu latarka jest odporna na uszkodzenia i zachwyca przyjemn\u0105 w dotyku tekstur\u0105. Wa\u017c\u0105c jedynie 78 g, jest wyj\u0105tkowo por\u0119czna i przeno\u015bna. Wszystko to sk\u0142ada si\u0119 na niezr\u00f3wnany komfort u\u017cytkowania S11-H &#8211; spr\u00f3buj i przekonaj si\u0119 sam!<\/p>\n<p><img decoding=\"async\" src=\"https:\/\/b2b.innpro.pl\/data\/include\/cms\/01Superfire\/S11-H\/5.jpg\"><\/p>\n<h3>W zestawie:<\/h3>\n<ul>\n<li>Latarka<\/li>\n<li>Przew\u00f3d USB<\/li>\n<\/ul>\n<div class=\"table-wrapper\">\n<table>\n<tbody>\n<tr>\n<th>Producent<\/th>\n<td>Superfire<\/td>\n<\/tr>\n<tr>\n<th>Model<\/th>\n<td>S11-H<\/td>\n<\/tr>\n<tr>\n<th>\u0179r\u00f3d\u0142o \u015bwiat\u0142a<\/th>\n<td>UV365<\/td>\n<\/tr>\n<tr>\n<th>Moc znamionowa<\/th>\n<td>2,5<\/td>\n<\/tr>\n<tr>\n<th>Czas pracy<\/th>\n<td>3H<\/td>\n<\/tr>\n<tr>\n<th>Ilo\u015b\u0107 lumen\u00f3w<\/th>\n<td>365<\/td>\n<\/tr>\n<tr>\n<th>Odporno\u015b\u0107 na upadki<\/th>\n<td>do 1m<\/td>\n<\/tr>\n<tr>\n<th>Wymiary<\/th>\n<td>115x24x24<\/td>\n<\/tr>\n<tr>\n<th>Waga<\/th>\n<td>78g<\/td>\n<\/tr>\n<tr>\n<th>Wodoodporno\u015b\u0107<\/th>\n<td>Nie<\/td>\n<\/tr>\n<tr>\n<th>Zakres \u015bwiecenia <\/th>\n<td>45 m<\/td>\n<\/tr>\n<tr>\n<th>Port \u0142adowania<\/th>\n<td>micro USB<\/td>\n<\/tr>\n<tr>\n<th>Pojemno\u015b\u0107 baterii<\/th>\n<td>800 mAh<\/td>\n<\/tr>\n<tr>\n<th>Materia\u0142<\/th>\n<td>PC<\/td>\n<\/tr>\n<tr>\n<th>Czas \u0142adowania<\/th>\n<td>150 min<\/td>\n<\/tr>\n<\/tbody>\n<\/table>\n<\/div>\n","protected":false},"excerpt":{"rendered":"<p>Latarka UV Superfire S11-H Latarka UV Superfire S11-H pozwala skutecznie wykrywa\u0107 \u015blady pozostawiane przez zwierz\u0119ta, a tak\u017ce rozpoznawa\u0107 objawy dermatofitozy<\/p>\n","protected":false},"featured_media":41235,"comment_status":"closed","ping_status":"open","template":"","meta":{"_acf_changed":false},"product_brand":[],"product_cat":[5938,5948,5937],"product_tag":[],"class_list":{"0":"post-55556","1":"product","2":"type-product","3":"status-publish","4":"has-post-thumbnail","6":"product_cat-latarki","7":"product_cat-uv","8":"product_cat-outdoor","9":"pa_okres-gwarancji-5754","10":"pa_producent-superfire","12":"first","13":"outofstock","14":"taxable","15":"shipping-taxable","16":"purchasable","17":"product-type-simple"},"acf":[],"yoast_head":"<!-- This site is optimized with the Yoast SEO plugin v27.2 - https:\/\/yoast.com\/product\/yoast-seo-wordpress\/ -->\n<title>Latarka UV SUPERFIRE S11-H 365nm USB - IRONSKY.PL Sklep z Dronami<\/title>\n<meta name=\"description\" content=\"Latarka UV SUPERFIRE S11-H 365nm USB - \u2705 sklep z dronami i fachowym doradztwem. \u2705 Tutaj kupisz produkty DJI, Yuneec, Parrot, Syma i wiele innych, a tak\u017ce kursy i licencje na operatora drona.\" \/>\n<meta name=\"robots\" content=\"index, follow, max-snippet:-1, max-image-preview:large, max-video-preview:-1\" \/>\n<link rel=\"canonical\" href=\"https:\/\/ironsky.pl\/sklep\/produkt\/latarka-uv-superfire-s11-h-365nm-usb-2\/\" \/>\n<meta property=\"og:locale\" content=\"pl_PL\" \/>\n<meta property=\"og:type\" content=\"article\" \/>\n<meta property=\"og:title\" content=\"Latarka UV SUPERFIRE S11-H 365nm USB - IRONSKY.PL Sklep z Dronami\" \/>\n<meta property=\"og:description\" content=\"Latarka UV SUPERFIRE S11-H 365nm USB - \u2705 sklep z dronami i fachowym doradztwem. \u2705 Tutaj kupisz produkty DJI, Yuneec, Parrot, Syma i wiele innych, a tak\u017ce kursy i licencje na operatora drona.\" \/>\n<meta property=\"og:url\" content=\"https:\/\/ironsky.pl\/sklep\/produkt\/latarka-uv-superfire-s11-h-365nm-usb-2\/\" \/>\n<meta property=\"og:site_name\" content=\"IRONSKY.PL Sklep z Dronami\" \/>\n<meta property=\"article:modified_time\" content=\"2026-04-15T08:05:46+00:00\" \/>\n<meta property=\"og:image\" content=\"https:\/\/ironsky.pl\/sklep\/wp-content\/uploads\/2025\/06\/19682_2.jpg\" \/>\n\t<meta property=\"og:image:width\" content=\"800\" \/>\n\t<meta property=\"og:image:height\" content=\"800\" \/>\n\t<meta property=\"og:image:type\" content=\"image\/jpeg\" \/>\n<meta name=\"twitter:card\" content=\"summary_large_image\" \/>\n<meta name=\"twitter:label1\" content=\"Szacowany czas czytania\" \/>\n\t<meta name=\"twitter:data1\" content=\"2 minuty\" \/>\n<script type=\"application\/ld+json\" class=\"yoast-schema-graph\">{\"@context\":\"https:\/\/schema.org\",\"@graph\":[{\"@type\":\"WebPage\",\"@id\":\"https:\/\/ironsky.pl\/sklep\/produkt\/latarka-uv-superfire-s11-h-365nm-usb-2\/\",\"url\":\"https:\/\/ironsky.pl\/sklep\/produkt\/latarka-uv-superfire-s11-h-365nm-usb-2\/\",\"name\":\"Latarka UV SUPERFIRE S11-H 365nm USB - IRONSKY.PL Sklep z Dronami\",\"isPartOf\":{\"@id\":\"https:\/\/ironsky.pl\/sklep\/#website\"},\"primaryImageOfPage\":{\"@id\":\"https:\/\/ironsky.pl\/sklep\/produkt\/latarka-uv-superfire-s11-h-365nm-usb-2\/#primaryimage\"},\"image\":{\"@id\":\"https:\/\/ironsky.pl\/sklep\/produkt\/latarka-uv-superfire-s11-h-365nm-usb-2\/#primaryimage\"},\"thumbnailUrl\":\"https:\/\/ironsky.pl\/sklep\/wp-content\/uploads\/2025\/06\/19682_2.jpg\",\"datePublished\":\"2026-04-15T08:05:36+00:00\",\"dateModified\":\"2026-04-15T08:05:46+00:00\",\"description\":\"Latarka UV SUPERFIRE S11-H 365nm USB - \u2705 sklep z dronami i fachowym doradztwem. \u2705 Tutaj kupisz produkty DJI, Yuneec, Parrot, Syma i wiele innych, a tak\u017ce kursy i licencje na operatora drona.\",\"breadcrumb\":{\"@id\":\"https:\/\/ironsky.pl\/sklep\/produkt\/latarka-uv-superfire-s11-h-365nm-usb-2\/#breadcrumb\"},\"inLanguage\":\"pl-PL\",\"potentialAction\":[{\"@type\":\"ReadAction\",\"target\":[\"https:\/\/ironsky.pl\/sklep\/produkt\/latarka-uv-superfire-s11-h-365nm-usb-2\/\"]}]},{\"@type\":\"ImageObject\",\"inLanguage\":\"pl-PL\",\"@id\":\"https:\/\/ironsky.pl\/sklep\/produkt\/latarka-uv-superfire-s11-h-365nm-usb-2\/#primaryimage\",\"url\":\"https:\/\/ironsky.pl\/sklep\/wp-content\/uploads\/2025\/06\/19682_2.jpg\",\"contentUrl\":\"https:\/\/ironsky.pl\/sklep\/wp-content\/uploads\/2025\/06\/19682_2.jpg\",\"width\":800,\"height\":800},{\"@type\":\"BreadcrumbList\",\"@id\":\"https:\/\/ironsky.pl\/sklep\/produkt\/latarka-uv-superfire-s11-h-365nm-usb-2\/#breadcrumb\",\"itemListElement\":[{\"@type\":\"ListItem\",\"position\":1,\"name\":\"Strona g\u0142\u00f3wna\",\"item\":\"https:\/\/ironsky.pl\/sklep\/\"},{\"@type\":\"ListItem\",\"position\":2,\"name\":\"Wszystkie produkty\",\"item\":\"https:\/\/ironsky.pl\/sklep\/produkty\/\"},{\"@type\":\"ListItem\",\"position\":3,\"name\":\"Latarka UV SUPERFIRE S11-H 365nm USB\"}]},{\"@type\":\"WebSite\",\"@id\":\"https:\/\/ironsky.pl\/sklep\/#website\",\"url\":\"https:\/\/ironsky.pl\/sklep\/\",\"name\":\"IRONSKY.PL Sklep z Dronami\",\"description\":\"IRONSKY.PL Sklep z Dronami\",\"potentialAction\":[{\"@type\":\"SearchAction\",\"target\":{\"@type\":\"EntryPoint\",\"urlTemplate\":\"https:\/\/ironsky.pl\/sklep\/?s={search_term_string}\"},\"query-input\":{\"@type\":\"PropertyValueSpecification\",\"valueRequired\":true,\"valueName\":\"search_term_string\"}}],\"inLanguage\":\"pl-PL\"}]}<\/script>\n<!-- \/ Yoast SEO plugin. -->","yoast_head_json":{"title":"Latarka UV SUPERFIRE S11-H 365nm USB - IRONSKY.PL Sklep z Dronami","description":"Latarka UV SUPERFIRE S11-H 365nm USB - \u2705 sklep z dronami i fachowym doradztwem. \u2705 Tutaj kupisz produkty DJI, Yuneec, Parrot, Syma i wiele innych, a tak\u017ce kursy i licencje na operatora drona.","robots":{"index":"index","follow":"follow","max-snippet":"max-snippet:-1","max-image-preview":"max-image-preview:large","max-video-preview":"max-video-preview:-1"},"canonical":"https:\/\/ironsky.pl\/sklep\/produkt\/latarka-uv-superfire-s11-h-365nm-usb-2\/","og_locale":"pl_PL","og_type":"article","og_title":"Latarka UV SUPERFIRE S11-H 365nm USB - IRONSKY.PL Sklep z Dronami","og_description":"Latarka UV SUPERFIRE S11-H 365nm USB - \u2705 sklep z dronami i fachowym doradztwem. \u2705 Tutaj kupisz produkty DJI, Yuneec, Parrot, Syma i wiele innych, a tak\u017ce kursy i licencje na operatora drona.","og_url":"https:\/\/ironsky.pl\/sklep\/produkt\/latarka-uv-superfire-s11-h-365nm-usb-2\/","og_site_name":"IRONSKY.PL Sklep z Dronami","article_modified_time":"2026-04-15T08:05:46+00:00","og_image":[{"width":800,"height":800,"url":"https:\/\/ironsky.pl\/sklep\/wp-content\/uploads\/2025\/06\/19682_2.jpg","type":"image\/jpeg"}],"twitter_card":"summary_large_image","twitter_misc":{"Szacowany czas czytania":"2 minuty"},"schema":{"@context":"https:\/\/schema.org","@graph":[{"@type":"WebPage","@id":"https:\/\/ironsky.pl\/sklep\/produkt\/latarka-uv-superfire-s11-h-365nm-usb-2\/","url":"https:\/\/ironsky.pl\/sklep\/produkt\/latarka-uv-superfire-s11-h-365nm-usb-2\/","name":"Latarka UV SUPERFIRE S11-H 365nm USB - IRONSKY.PL Sklep z Dronami","isPartOf":{"@id":"https:\/\/ironsky.pl\/sklep\/#website"},"primaryImageOfPage":{"@id":"https:\/\/ironsky.pl\/sklep\/produkt\/latarka-uv-superfire-s11-h-365nm-usb-2\/#primaryimage"},"image":{"@id":"https:\/\/ironsky.pl\/sklep\/produkt\/latarka-uv-superfire-s11-h-365nm-usb-2\/#primaryimage"},"thumbnailUrl":"https:\/\/ironsky.pl\/sklep\/wp-content\/uploads\/2025\/06\/19682_2.jpg","datePublished":"2026-04-15T08:05:36+00:00","dateModified":"2026-04-15T08:05:46+00:00","description":"Latarka UV SUPERFIRE S11-H 365nm USB - \u2705 sklep z dronami i fachowym doradztwem. \u2705 Tutaj kupisz produkty DJI, Yuneec, Parrot, Syma i wiele innych, a tak\u017ce kursy i licencje na operatora drona.","breadcrumb":{"@id":"https:\/\/ironsky.pl\/sklep\/produkt\/latarka-uv-superfire-s11-h-365nm-usb-2\/#breadcrumb"},"inLanguage":"pl-PL","potentialAction":[{"@type":"ReadAction","target":["https:\/\/ironsky.pl\/sklep\/produkt\/latarka-uv-superfire-s11-h-365nm-usb-2\/"]}]},{"@type":"ImageObject","inLanguage":"pl-PL","@id":"https:\/\/ironsky.pl\/sklep\/produkt\/latarka-uv-superfire-s11-h-365nm-usb-2\/#primaryimage","url":"https:\/\/ironsky.pl\/sklep\/wp-content\/uploads\/2025\/06\/19682_2.jpg","contentUrl":"https:\/\/ironsky.pl\/sklep\/wp-content\/uploads\/2025\/06\/19682_2.jpg","width":800,"height":800},{"@type":"BreadcrumbList","@id":"https:\/\/ironsky.pl\/sklep\/produkt\/latarka-uv-superfire-s11-h-365nm-usb-2\/#breadcrumb","itemListElement":[{"@type":"ListItem","position":1,"name":"Strona g\u0142\u00f3wna","item":"https:\/\/ironsky.pl\/sklep\/"},{"@type":"ListItem","position":2,"name":"Wszystkie produkty","item":"https:\/\/ironsky.pl\/sklep\/produkty\/"},{"@type":"ListItem","position":3,"name":"Latarka UV SUPERFIRE S11-H 365nm USB"}]},{"@type":"WebSite","@id":"https:\/\/ironsky.pl\/sklep\/#website","url":"https:\/\/ironsky.pl\/sklep\/","name":"IRONSKY.PL Sklep z Dronami","description":"IRONSKY.PL Sklep z Dronami","potentialAction":[{"@type":"SearchAction","target":{"@type":"EntryPoint","urlTemplate":"https:\/\/ironsky.pl\/sklep\/?s={search_term_string}"},"query-input":{"@type":"PropertyValueSpecification","valueRequired":true,"valueName":"search_term_string"}}],"inLanguage":"pl-PL"}]}},"_links":{"self":[{"href":"https:\/\/ironsky.pl\/sklep\/wp-json\/wp\/v2\/product\/55556","targetHints":{"allow":["GET"]}}],"collection":[{"href":"https:\/\/ironsky.pl\/sklep\/wp-json\/wp\/v2\/product"}],"about":[{"href":"https:\/\/ironsky.pl\/sklep\/wp-json\/wp\/v2\/types\/product"}],"replies":[{"embeddable":true,"href":"https:\/\/ironsky.pl\/sklep\/wp-json\/wp\/v2\/comments?post=55556"}],"wp:featuredmedia":[{"embeddable":true,"href":"https:\/\/ironsky.pl\/sklep\/wp-json\/wp\/v2\/media\/41235"}],"wp:attachment":[{"href":"https:\/\/ironsky.pl\/sklep\/wp-json\/wp\/v2\/media?parent=55556"}],"wp:term":[{"taxonomy":"product_brand","embeddable":true,"href":"https:\/\/ironsky.pl\/sklep\/wp-json\/wp\/v2\/product_brand?post=55556"},{"taxonomy":"product_cat","embeddable":true,"href":"https:\/\/ironsky.pl\/sklep\/wp-json\/wp\/v2\/product_cat?post=55556"},{"taxonomy":"product_tag","embeddable":true,"href":"https:\/\/ironsky.pl\/sklep\/wp-json\/wp\/v2\/product_tag?post=55556"}],"curies":[{"name":"wp","href":"https:\/\/api.w.org\/{rel}","templated":true}]}}