{"id":55505,"date":"2026-04-15T10:04:29","date_gmt":"2026-04-15T08:04:29","guid":{"rendered":"https:\/\/ironsky.pl\/sklep\/produkt\/mikrofon-bezprzewodowy-dji-do-pocket-2-z-oslona-wiatrowa\/"},"modified":"2026-04-15T10:43:08","modified_gmt":"2026-04-15T08:43:08","slug":"mikrofon-bezprzewodowy-dji-do-pocket-2-z-oslona-wiatrowa","status":"publish","type":"product","link":"https:\/\/ironsky.pl\/sklep\/produkt\/mikrofon-bezprzewodowy-dji-do-pocket-2-z-oslona-wiatrowa\/","title":{"rendered":"Mikrofon bezprzewodowy DJI do Pocket 2 z os\u0142on\u0105 wiatrow\u0105"},"content":{"rendered":"<p>Nowy mikrofon bezprzewodowy do profesjonalnego nagrywania. Os\u0142ona przeciwwietrzna: Na\u0142\u00f3\u017c os\u0142ne przewiwietrzn\u0105 DJI, aby wyeliminowa\u0107 szumy generowane przez wiatr. U\u017cywaj go z wielofunkcyjnym modu\u0142em bezprzewodowym. Mo\u017ce by\u0107 uzywany jako mikrofon przewodowy. Umo\u017cliwia stabilniejsze nagrywanie d\u017awi\u0119ku z Osmo Pocket i umozliwia sterowanie migawk\u0105 w Osmo Pocket. <\/p>\n<h3>Kompatybilno\u015b\u0107<\/h3>\n<ul>\n<li>DJI Pocket 2 (Osmo Pocket 2)<\/li>\n<\/ul>\n","protected":false},"excerpt":{"rendered":"<p>Nowy mikrofon bezprzewodowy do profesjonalnego nagrywania. Os\u0142ona przeciwwietrzna: Na\u0142\u00f3\u017c os\u0142ne przewiwietrzn\u0105 DJI, aby wyeliminowa\u0107 szumy generowane przez wiatr. U\u017cywaj go<\/p>\n","protected":false},"featured_media":55506,"comment_status":"closed","ping_status":"open","template":"","meta":{"_acf_changed":false},"product_brand":[],"product_cat":[1130,1137,1128],"product_tag":[],"class_list":{"0":"post-55505","1":"product","2":"type-product","3":"status-publish","4":"has-post-thumbnail","6":"product_cat-akcesoria-foto","7":"product_cat-do-kamer-sportowych","8":"product_cat-foto-wideo","9":"pa_okres-gwarancji-5757","10":"pa_producent-dji","12":"first","13":"outofstock","14":"taxable","15":"shipping-taxable","16":"purchasable","17":"product-type-simple"},"acf":[],"yoast_head":"<!-- This site is optimized with the Yoast SEO plugin v27.2 - https:\/\/yoast.com\/product\/yoast-seo-wordpress\/ -->\n<title>Mikrofon bezprzewodowy DJI do Pocket 2 z os\u0142on\u0105 wiatrow\u0105 - IRONSKY.PL Sklep z Dronami<\/title>\n<meta name=\"description\" content=\"Mikrofon bezprzewodowy DJI do Pocket 2 z os\u0142on\u0105 wiatrow\u0105 - \u2705 sklep z dronami i fachowym doradztwem. \u2705 Tutaj kupisz produkty DJI, Yuneec, Parrot, Syma i wiele innych, a tak\u017ce kursy i licencje na operatora drona.\" \/>\n<meta name=\"robots\" content=\"index, follow, max-snippet:-1, max-image-preview:large, max-video-preview:-1\" \/>\n<link rel=\"canonical\" href=\"https:\/\/ironsky.pl\/sklep\/produkt\/mikrofon-bezprzewodowy-dji-do-pocket-2-z-oslona-wiatrowa\/\" \/>\n<meta property=\"og:locale\" content=\"pl_PL\" \/>\n<meta property=\"og:type\" content=\"article\" \/>\n<meta property=\"og:title\" content=\"Mikrofon bezprzewodowy DJI do Pocket 2 z os\u0142on\u0105 wiatrow\u0105 - IRONSKY.PL Sklep z Dronami\" \/>\n<meta property=\"og:description\" content=\"Mikrofon bezprzewodowy DJI do Pocket 2 z os\u0142on\u0105 wiatrow\u0105 - \u2705 sklep z dronami i fachowym doradztwem. \u2705 Tutaj kupisz produkty DJI, Yuneec, Parrot, Syma i wiele innych, a tak\u017ce kursy i licencje na operatora drona.\" \/>\n<meta property=\"og:url\" content=\"https:\/\/ironsky.pl\/sklep\/produkt\/mikrofon-bezprzewodowy-dji-do-pocket-2-z-oslona-wiatrowa\/\" \/>\n<meta property=\"og:site_name\" content=\"IRONSKY.PL Sklep z Dronami\" \/>\n<meta property=\"article:modified_time\" content=\"2026-04-15T08:43:08+00:00\" \/>\n<meta property=\"og:image\" content=\"https:\/\/ironsky.pl\/sklep\/wp-content\/uploads\/2026\/04\/19210_1.png\" \/>\n\t<meta property=\"og:image:width\" content=\"962\" \/>\n\t<meta property=\"og:image:height\" content=\"764\" \/>\n\t<meta property=\"og:image:type\" content=\"image\/png\" \/>\n<meta name=\"twitter:card\" content=\"summary_large_image\" \/>\n<script type=\"application\/ld+json\" class=\"yoast-schema-graph\">{\"@context\":\"https:\/\/schema.org\",\"@graph\":[{\"@type\":\"WebPage\",\"@id\":\"https:\/\/ironsky.pl\/sklep\/produkt\/mikrofon-bezprzewodowy-dji-do-pocket-2-z-oslona-wiatrowa\/\",\"url\":\"https:\/\/ironsky.pl\/sklep\/produkt\/mikrofon-bezprzewodowy-dji-do-pocket-2-z-oslona-wiatrowa\/\",\"name\":\"Mikrofon bezprzewodowy DJI do Pocket 2 z os\u0142on\u0105 wiatrow\u0105 - IRONSKY.PL Sklep z Dronami\",\"isPartOf\":{\"@id\":\"https:\/\/ironsky.pl\/sklep\/#website\"},\"primaryImageOfPage\":{\"@id\":\"https:\/\/ironsky.pl\/sklep\/produkt\/mikrofon-bezprzewodowy-dji-do-pocket-2-z-oslona-wiatrowa\/#primaryimage\"},\"image\":{\"@id\":\"https:\/\/ironsky.pl\/sklep\/produkt\/mikrofon-bezprzewodowy-dji-do-pocket-2-z-oslona-wiatrowa\/#primaryimage\"},\"thumbnailUrl\":\"https:\/\/ironsky.pl\/sklep\/wp-content\/uploads\/2026\/04\/19210_1.png\",\"datePublished\":\"2026-04-15T08:04:29+00:00\",\"dateModified\":\"2026-04-15T08:43:08+00:00\",\"description\":\"Mikrofon bezprzewodowy DJI do Pocket 2 z os\u0142on\u0105 wiatrow\u0105 - \u2705 sklep z dronami i fachowym doradztwem. \u2705 Tutaj kupisz produkty DJI, Yuneec, Parrot, Syma i wiele innych, a tak\u017ce kursy i licencje na operatora drona.\",\"breadcrumb\":{\"@id\":\"https:\/\/ironsky.pl\/sklep\/produkt\/mikrofon-bezprzewodowy-dji-do-pocket-2-z-oslona-wiatrowa\/#breadcrumb\"},\"inLanguage\":\"pl-PL\",\"potentialAction\":[{\"@type\":\"ReadAction\",\"target\":[\"https:\/\/ironsky.pl\/sklep\/produkt\/mikrofon-bezprzewodowy-dji-do-pocket-2-z-oslona-wiatrowa\/\"]}]},{\"@type\":\"ImageObject\",\"inLanguage\":\"pl-PL\",\"@id\":\"https:\/\/ironsky.pl\/sklep\/produkt\/mikrofon-bezprzewodowy-dji-do-pocket-2-z-oslona-wiatrowa\/#primaryimage\",\"url\":\"https:\/\/ironsky.pl\/sklep\/wp-content\/uploads\/2026\/04\/19210_1.png\",\"contentUrl\":\"https:\/\/ironsky.pl\/sklep\/wp-content\/uploads\/2026\/04\/19210_1.png\",\"width\":962,\"height\":764},{\"@type\":\"BreadcrumbList\",\"@id\":\"https:\/\/ironsky.pl\/sklep\/produkt\/mikrofon-bezprzewodowy-dji-do-pocket-2-z-oslona-wiatrowa\/#breadcrumb\",\"itemListElement\":[{\"@type\":\"ListItem\",\"position\":1,\"name\":\"Strona g\u0142\u00f3wna\",\"item\":\"https:\/\/ironsky.pl\/sklep\/\"},{\"@type\":\"ListItem\",\"position\":2,\"name\":\"Wszystkie produkty\",\"item\":\"https:\/\/ironsky.pl\/sklep\/produkty\/\"},{\"@type\":\"ListItem\",\"position\":3,\"name\":\"Mikrofon bezprzewodowy DJI do Pocket 2 z os\u0142on\u0105 wiatrow\u0105\"}]},{\"@type\":\"WebSite\",\"@id\":\"https:\/\/ironsky.pl\/sklep\/#website\",\"url\":\"https:\/\/ironsky.pl\/sklep\/\",\"name\":\"IRONSKY.PL Sklep z Dronami\",\"description\":\"IRONSKY.PL Sklep z Dronami\",\"potentialAction\":[{\"@type\":\"SearchAction\",\"target\":{\"@type\":\"EntryPoint\",\"urlTemplate\":\"https:\/\/ironsky.pl\/sklep\/?s={search_term_string}\"},\"query-input\":{\"@type\":\"PropertyValueSpecification\",\"valueRequired\":true,\"valueName\":\"search_term_string\"}}],\"inLanguage\":\"pl-PL\"}]}<\/script>\n<!-- \/ Yoast SEO plugin. -->","yoast_head_json":{"title":"Mikrofon bezprzewodowy DJI do Pocket 2 z os\u0142on\u0105 wiatrow\u0105 - IRONSKY.PL Sklep z Dronami","description":"Mikrofon bezprzewodowy DJI do Pocket 2 z os\u0142on\u0105 wiatrow\u0105 - \u2705 sklep z dronami i fachowym doradztwem. \u2705 Tutaj kupisz produkty DJI, Yuneec, Parrot, Syma i wiele innych, a tak\u017ce kursy i licencje na operatora drona.","robots":{"index":"index","follow":"follow","max-snippet":"max-snippet:-1","max-image-preview":"max-image-preview:large","max-video-preview":"max-video-preview:-1"},"canonical":"https:\/\/ironsky.pl\/sklep\/produkt\/mikrofon-bezprzewodowy-dji-do-pocket-2-z-oslona-wiatrowa\/","og_locale":"pl_PL","og_type":"article","og_title":"Mikrofon bezprzewodowy DJI do Pocket 2 z os\u0142on\u0105 wiatrow\u0105 - IRONSKY.PL Sklep z Dronami","og_description":"Mikrofon bezprzewodowy DJI do Pocket 2 z os\u0142on\u0105 wiatrow\u0105 - \u2705 sklep z dronami i fachowym doradztwem. \u2705 Tutaj kupisz produkty DJI, Yuneec, Parrot, Syma i wiele innych, a tak\u017ce kursy i licencje na operatora drona.","og_url":"https:\/\/ironsky.pl\/sklep\/produkt\/mikrofon-bezprzewodowy-dji-do-pocket-2-z-oslona-wiatrowa\/","og_site_name":"IRONSKY.PL Sklep z Dronami","article_modified_time":"2026-04-15T08:43:08+00:00","og_image":[{"width":962,"height":764,"url":"https:\/\/ironsky.pl\/sklep\/wp-content\/uploads\/2026\/04\/19210_1.png","type":"image\/png"}],"twitter_card":"summary_large_image","schema":{"@context":"https:\/\/schema.org","@graph":[{"@type":"WebPage","@id":"https:\/\/ironsky.pl\/sklep\/produkt\/mikrofon-bezprzewodowy-dji-do-pocket-2-z-oslona-wiatrowa\/","url":"https:\/\/ironsky.pl\/sklep\/produkt\/mikrofon-bezprzewodowy-dji-do-pocket-2-z-oslona-wiatrowa\/","name":"Mikrofon bezprzewodowy DJI do Pocket 2 z os\u0142on\u0105 wiatrow\u0105 - IRONSKY.PL Sklep z Dronami","isPartOf":{"@id":"https:\/\/ironsky.pl\/sklep\/#website"},"primaryImageOfPage":{"@id":"https:\/\/ironsky.pl\/sklep\/produkt\/mikrofon-bezprzewodowy-dji-do-pocket-2-z-oslona-wiatrowa\/#primaryimage"},"image":{"@id":"https:\/\/ironsky.pl\/sklep\/produkt\/mikrofon-bezprzewodowy-dji-do-pocket-2-z-oslona-wiatrowa\/#primaryimage"},"thumbnailUrl":"https:\/\/ironsky.pl\/sklep\/wp-content\/uploads\/2026\/04\/19210_1.png","datePublished":"2026-04-15T08:04:29+00:00","dateModified":"2026-04-15T08:43:08+00:00","description":"Mikrofon bezprzewodowy DJI do Pocket 2 z os\u0142on\u0105 wiatrow\u0105 - \u2705 sklep z dronami i fachowym doradztwem. \u2705 Tutaj kupisz produkty DJI, Yuneec, Parrot, Syma i wiele innych, a tak\u017ce kursy i licencje na operatora drona.","breadcrumb":{"@id":"https:\/\/ironsky.pl\/sklep\/produkt\/mikrofon-bezprzewodowy-dji-do-pocket-2-z-oslona-wiatrowa\/#breadcrumb"},"inLanguage":"pl-PL","potentialAction":[{"@type":"ReadAction","target":["https:\/\/ironsky.pl\/sklep\/produkt\/mikrofon-bezprzewodowy-dji-do-pocket-2-z-oslona-wiatrowa\/"]}]},{"@type":"ImageObject","inLanguage":"pl-PL","@id":"https:\/\/ironsky.pl\/sklep\/produkt\/mikrofon-bezprzewodowy-dji-do-pocket-2-z-oslona-wiatrowa\/#primaryimage","url":"https:\/\/ironsky.pl\/sklep\/wp-content\/uploads\/2026\/04\/19210_1.png","contentUrl":"https:\/\/ironsky.pl\/sklep\/wp-content\/uploads\/2026\/04\/19210_1.png","width":962,"height":764},{"@type":"BreadcrumbList","@id":"https:\/\/ironsky.pl\/sklep\/produkt\/mikrofon-bezprzewodowy-dji-do-pocket-2-z-oslona-wiatrowa\/#breadcrumb","itemListElement":[{"@type":"ListItem","position":1,"name":"Strona g\u0142\u00f3wna","item":"https:\/\/ironsky.pl\/sklep\/"},{"@type":"ListItem","position":2,"name":"Wszystkie produkty","item":"https:\/\/ironsky.pl\/sklep\/produkty\/"},{"@type":"ListItem","position":3,"name":"Mikrofon bezprzewodowy DJI do Pocket 2 z os\u0142on\u0105 wiatrow\u0105"}]},{"@type":"WebSite","@id":"https:\/\/ironsky.pl\/sklep\/#website","url":"https:\/\/ironsky.pl\/sklep\/","name":"IRONSKY.PL Sklep z Dronami","description":"IRONSKY.PL Sklep z Dronami","potentialAction":[{"@type":"SearchAction","target":{"@type":"EntryPoint","urlTemplate":"https:\/\/ironsky.pl\/sklep\/?s={search_term_string}"},"query-input":{"@type":"PropertyValueSpecification","valueRequired":true,"valueName":"search_term_string"}}],"inLanguage":"pl-PL"}]}},"_links":{"self":[{"href":"https:\/\/ironsky.pl\/sklep\/wp-json\/wp\/v2\/product\/55505","targetHints":{"allow":["GET"]}}],"collection":[{"href":"https:\/\/ironsky.pl\/sklep\/wp-json\/wp\/v2\/product"}],"about":[{"href":"https:\/\/ironsky.pl\/sklep\/wp-json\/wp\/v2\/types\/product"}],"replies":[{"embeddable":true,"href":"https:\/\/ironsky.pl\/sklep\/wp-json\/wp\/v2\/comments?post=55505"}],"wp:featuredmedia":[{"embeddable":true,"href":"https:\/\/ironsky.pl\/sklep\/wp-json\/wp\/v2\/media\/55506"}],"wp:attachment":[{"href":"https:\/\/ironsky.pl\/sklep\/wp-json\/wp\/v2\/media?parent=55505"}],"wp:term":[{"taxonomy":"product_brand","embeddable":true,"href":"https:\/\/ironsky.pl\/sklep\/wp-json\/wp\/v2\/product_brand?post=55505"},{"taxonomy":"product_cat","embeddable":true,"href":"https:\/\/ironsky.pl\/sklep\/wp-json\/wp\/v2\/product_cat?post=55505"},{"taxonomy":"product_tag","embeddable":true,"href":"https:\/\/ironsky.pl\/sklep\/wp-json\/wp\/v2\/product_tag?post=55505"}],"curies":[{"name":"wp","href":"https:\/\/api.w.org\/{rel}","templated":true}]}}