{"id":55413,"date":"2026-04-15T10:03:54","date_gmt":"2026-04-15T08:03:54","guid":{"rendered":"https:\/\/ironsky.pl\/sklep\/produkt\/panel-fotowoltaiczny-ecoflow-110w-2\/"},"modified":"2026-04-15T10:04:09","modified_gmt":"2026-04-15T08:04:09","slug":"panel-fotowoltaiczny-ecoflow-110w-2","status":"publish","type":"product","link":"https:\/\/ironsky.pl\/sklep\/produkt\/panel-fotowoltaiczny-ecoflow-110w-2\/","title":{"rendered":"Panel fotowoltaiczny ECOFLOW 110W"},"content":{"rendered":"<h3>Panele fotowoltaiczne EcoFlow 110W<\/h3>\n<p>Zapewnij sobie energetyczn\u0105 niezale\u017cno\u015b\u0107 dzi\u0119ki mobilnym panelom fotowoltaicznym EcoFlow. Kompatybilne ze stacjami zasilania serii Delta oraz River, s\u0105 doskona\u0142ym uzupe\u0142nieniem ich wszechstronnego zastosowania. Generuj czyst\u0105, odnawialn\u0105 energi\u0119 bez \u017cadnych dodatkowych koszt\u00f3w. Niewielkie rozmiary, a przy tym wysoka efektywno\u015b\u0107 sprawiaj\u0105, \u017ce panele sprawdz\u0105 si\u0119 w ka\u017cdych warunkach terenowych, ale r\u00f3wnie\u017c w przydomowym ogrodzie.<\/p>\n<p><img decoding=\"async\" src=\"https:\/\/b2b.innpro.pl\/data\/include\/cms\/12EcoFlow\/Panel-fotowoltaiczny-110W\/14.jpg\" border=\"0\" \/><\/p>\n<h3>Z\u0142o\u017cona struktura dla jeszcze wi\u0119kszej efektywno\u015bci<\/h3>\n<p>Wielowarstwowa konstrukcja paneli EcoFlow zapewnia efektywno\u015b\u0107 dzia\u0142ania oraz bezpiecze\u0144stwo. Wierzchnia pow\u0142oka jest odporna na wod\u0119 oraz kurz. Jest w 92% przezroczysta, co pozwala na wydajniejsze czerpanie energii s\u0142onecznej. Przezroczysta warstwa z materia\u0142u EVA nadaje panelom elastyczno\u015bci i poprawia og\u00f3lne bezpiecze\u0144stwo u\u017cytkowania. Monokrystaliczna struktura paneli gwarantuje wydajno\u015b\u0107 na poziomie 19%-20%. Wzmocnione w\u0142\u00f3kno szklane oraz ostatnia, wodoodporna pow\u0142oka zapewniaj\u0105 dodatkow\u0105 ochron\u0119 przed uszkodzeniami i wilgoci\u0105.<\/p>\n<p><img decoding=\"async\" src=\"https:\/\/b2b.innpro.pl\/data\/include\/cms\/12EcoFlow\/Panel-fotowoltaiczny-110W\/6.jpg\" border=\"0\" \/><\/p>\n<h3>Technologia w s\u0142u\u017cbie wydajno\u015bci<\/h3>\n<p>Aby zwi\u0119kszy\u0107 mo\u017cliwo\u015bci eksploatacyjne paneli, zaadaptowano now\u0105 technologi\u0119 podzia\u0142u ogniw fotowoltaicznych, dzi\u0119ki kt\u00f3rej generuj\u0105 do 20% wi\u0119cej energii przy takim samym rozmiarze. Mo\u017cesz jednocze\u015bnie u\u017cywa\u0107 stacji EcoFlow jako \u017ar\u00f3d\u0142a zasilania oraz \u0142adowa\u0107 j\u0105 za pomoc\u0105 paneli, kt\u00f3re nieprzerwanie b\u0119d\u0105 dostarcza\u0107 nowej energii.<\/p>\n<p><img decoding=\"async\" src=\"https:\/\/b2b.innpro.pl\/data\/include\/cms\/12EcoFlow\/Panel-fotowoltaiczny-110W\/1.jpg\" border=\"0\" \/><\/p>\n<h3>Uzyskaj jeszcze wi\u0119cej energii<\/h3>\n<p>Po\u0142\u0105cz panele, aby szybciej i efektywniej \u0142adowa\u0107 stacje EcoFlow. Panele wyposa\u017cone s\u0105 w kabel MC4 o d\u0142ugo\u015bci 1 m, dzi\u0119ki kt\u00f3remu mo\u017cesz \u0142\u0105czy\u0107 je w serie. Aby szybciej \u0142adowa\u0107 stacj\u0119 mobiln\u0105 Delta 1300, wystarcz\u0105 trzy panele 110W. Do na\u0142adowania stacji River 370 wystarcz\u0105 dwa.<\/p>\n<p><img decoding=\"async\" src=\"https:\/\/b2b.innpro.pl\/data\/include\/cms\/12EcoFlow\/Panel-fotowoltaiczny-110W\/4.jpg\" border=\"0\" \/><\/p>\n<h3>Wygoda transportu i u\u017cytkowania<\/h3>\n<p>Panele bezpiecznie przetransportujesz w dedykowanych torbach, kt\u00f3re mog\u0105 r\u00f3wnie\u017c s\u0142u\u017cy\u0107 jako rozk\u0142adana podp\u00f3rka. Z \u0142atwo\u015bci\u0105 ustawisz panele w zakresie od 0\u00b0 do 180\u00b0 w zale\u017cno\u015bci od tego, jak chcesz je ustawi\u0107 wzgl\u0119dem S\u0142o\u0144ca.<\/p>\n<p><img decoding=\"async\" src=\"https:\/\/b2b.innpro.pl\/data\/include\/cms\/12EcoFlow\/Panel-fotowoltaiczny-110W\/11.jpg\" border=\"0\" \/><\/p>\n<h3>Przemy\u015blane u\u0142atwienia<\/h3>\n<p>Dzi\u0119ki kablowi MC4-XT60 o d\u0142ugo\u015bci 2,5 m mo\u017cesz ustawi\u0107 panele w pe\u0142nym s\u0142o\u0144cu, a mobiln\u0105 stacj\u0119 zasilania w miejscu dogodnym dla Ciebie. Za pomoc\u0105 przyssawek mo\u017cesz zamontowa\u0107 panele na g\u0142adkich powierzchniach takich jak okna czy dach samochodu.<\/p>\n<p><img decoding=\"async\" src=\"https:\/\/b2b.innpro.pl\/data\/include\/cms\/12EcoFlow\/Panel-fotowoltaiczny-110W\/13.jpg\" border=\"0\" \/><\/p>\n<h3>W zestawie<\/h3>\n<ul>\n<li>panel fotowoltaiczny<\/li>\n<li>kabel MC4 &#8211; XC60 (2,5 m)<\/li>\n<\/ul>\n<div class=\"table-wrapper\">\n<table>\n<tbody>\n<tr>\n<th>Producent<\/th>\n<td>EcoFlow<\/td>\n<\/tr>\n<tr>\n<th>Model<\/th>\n<td>1ECO1000-02<\/td>\n<\/tr>\n<tr>\n<th>Waga<\/th>\n<td>4 kg<\/td>\n<\/tr>\n<tr>\n<th>Wymiary<\/th>\n<td>Roz\u0142o\u017cony: 158 x 51,4 x 2,0 cm, Z\u0142o\u017cony: 59 x 51,4 x 2,0 cm<\/td>\n<\/tr>\n<tr>\n<th>Moc<\/th>\n<td>110 W (+\/- 5 W)<\/td>\n<\/tr>\n<tr>\n<th>Napi\u0119cie ja\u0142owe<\/th>\n<td>21,7 V (Vmp 18,5 V)<\/td>\n<\/tr>\n<tr>\n<th>Pr\u0105d zwarciowy<\/th>\n<td>6,3 A (Imp 6,0 A)<\/td>\n<\/tr>\n<tr>\n<th>Efektywno\u015b\u0107<\/th>\n<td>20-21%<\/td>\n<\/tr>\n<tr>\n<th>Ogniwa<\/th>\n<td>Monokrystaliczne<\/td>\n<\/tr>\n<tr>\n<th>Wyj\u015bcia<\/th>\n<td>Port MC4 do USB-C: maks. 24 V, do maks. 6 A, Port MC4 do XT60: maks. 80 V, do maks. 10 A<\/td>\n<\/tr>\n<tr>\n<th>Mo\u017cliwo\u015b\u0107 \u0142\u0105czenia<\/th>\n<td>Tak, W przypadku Delta 1300 do trzech paneli, w przypadku River 370 do dw\u00f3ch paneli<\/td>\n<\/tr>\n<\/tbody>\n<\/table>\n<\/div>\n","protected":false},"excerpt":{"rendered":"<p>Panele fotowoltaiczne EcoFlow 110W Zapewnij sobie energetyczn\u0105 niezale\u017cno\u015b\u0107 dzi\u0119ki mobilnym panelom fotowoltaicznym EcoFlow. Kompatybilne ze stacjami zasilania serii Delta oraz<\/p>\n","protected":false},"featured_media":55414,"comment_status":"closed","ping_status":"open","template":"","meta":{"_acf_changed":false},"product_brand":[],"product_cat":[1108,1110,6193],"product_tag":[],"class_list":{"0":"post-55413","1":"product","2":"type-product","3":"status-publish","4":"has-post-thumbnail","6":"product_cat-energia","7":"product_cat-panele-fotowoltaiczne","8":"product_cat-panele-fotowoltaiczne-panele-fotowoltaiczne","9":"pa_okres-gwarancji-5757","10":"pa_producent-ecoflow","12":"first","13":"outofstock","14":"taxable","15":"shipping-taxable","16":"purchasable","17":"product-type-simple"},"acf":[],"yoast_head":"<!-- This site is optimized with the Yoast SEO plugin v27.2 - https:\/\/yoast.com\/product\/yoast-seo-wordpress\/ -->\n<title>Panel fotowoltaiczny ECOFLOW 110W - IRONSKY.PL Sklep z Dronami<\/title>\n<meta name=\"description\" content=\"Panel fotowoltaiczny ECOFLOW 110W - \u2705 sklep z dronami i fachowym doradztwem. \u2705 Tutaj kupisz produkty DJI, Yuneec, Parrot, Syma i wiele innych, a tak\u017ce kursy i licencje na operatora drona.\" \/>\n<meta name=\"robots\" content=\"index, follow, max-snippet:-1, max-image-preview:large, max-video-preview:-1\" \/>\n<link rel=\"canonical\" href=\"https:\/\/ironsky.pl\/sklep\/produkt\/panel-fotowoltaiczny-ecoflow-110w-2\/\" \/>\n<meta property=\"og:locale\" content=\"pl_PL\" \/>\n<meta property=\"og:type\" content=\"article\" \/>\n<meta property=\"og:title\" content=\"Panel fotowoltaiczny ECOFLOW 110W - IRONSKY.PL Sklep z Dronami\" \/>\n<meta property=\"og:description\" content=\"Panel fotowoltaiczny ECOFLOW 110W - \u2705 sklep z dronami i fachowym doradztwem. \u2705 Tutaj kupisz produkty DJI, Yuneec, Parrot, Syma i wiele innych, a tak\u017ce kursy i licencje na operatora drona.\" \/>\n<meta property=\"og:url\" content=\"https:\/\/ironsky.pl\/sklep\/produkt\/panel-fotowoltaiczny-ecoflow-110w-2\/\" \/>\n<meta property=\"og:site_name\" content=\"IRONSKY.PL Sklep z Dronami\" \/>\n<meta property=\"article:modified_time\" content=\"2026-04-15T08:04:09+00:00\" \/>\n<meta property=\"og:image\" content=\"https:\/\/ironsky.pl\/sklep\/wp-content\/uploads\/2026\/04\/18744_1.jpg\" \/>\n\t<meta property=\"og:image:width\" content=\"800\" \/>\n\t<meta property=\"og:image:height\" content=\"800\" \/>\n\t<meta property=\"og:image:type\" content=\"image\/jpeg\" \/>\n<meta name=\"twitter:card\" content=\"summary_large_image\" \/>\n<meta name=\"twitter:label1\" content=\"Szacowany czas czytania\" \/>\n\t<meta name=\"twitter:data1\" content=\"2 minuty\" \/>\n<script type=\"application\/ld+json\" class=\"yoast-schema-graph\">{\"@context\":\"https:\/\/schema.org\",\"@graph\":[{\"@type\":\"WebPage\",\"@id\":\"https:\/\/ironsky.pl\/sklep\/produkt\/panel-fotowoltaiczny-ecoflow-110w-2\/\",\"url\":\"https:\/\/ironsky.pl\/sklep\/produkt\/panel-fotowoltaiczny-ecoflow-110w-2\/\",\"name\":\"Panel fotowoltaiczny ECOFLOW 110W - IRONSKY.PL Sklep z Dronami\",\"isPartOf\":{\"@id\":\"https:\/\/ironsky.pl\/sklep\/#website\"},\"primaryImageOfPage\":{\"@id\":\"https:\/\/ironsky.pl\/sklep\/produkt\/panel-fotowoltaiczny-ecoflow-110w-2\/#primaryimage\"},\"image\":{\"@id\":\"https:\/\/ironsky.pl\/sklep\/produkt\/panel-fotowoltaiczny-ecoflow-110w-2\/#primaryimage\"},\"thumbnailUrl\":\"https:\/\/ironsky.pl\/sklep\/wp-content\/uploads\/2026\/04\/18744_1.jpg\",\"datePublished\":\"2026-04-15T08:03:54+00:00\",\"dateModified\":\"2026-04-15T08:04:09+00:00\",\"description\":\"Panel fotowoltaiczny ECOFLOW 110W - \u2705 sklep z dronami i fachowym doradztwem. \u2705 Tutaj kupisz produkty DJI, Yuneec, Parrot, Syma i wiele innych, a tak\u017ce kursy i licencje na operatora drona.\",\"breadcrumb\":{\"@id\":\"https:\/\/ironsky.pl\/sklep\/produkt\/panel-fotowoltaiczny-ecoflow-110w-2\/#breadcrumb\"},\"inLanguage\":\"pl-PL\",\"potentialAction\":[{\"@type\":\"ReadAction\",\"target\":[\"https:\/\/ironsky.pl\/sklep\/produkt\/panel-fotowoltaiczny-ecoflow-110w-2\/\"]}]},{\"@type\":\"ImageObject\",\"inLanguage\":\"pl-PL\",\"@id\":\"https:\/\/ironsky.pl\/sklep\/produkt\/panel-fotowoltaiczny-ecoflow-110w-2\/#primaryimage\",\"url\":\"https:\/\/ironsky.pl\/sklep\/wp-content\/uploads\/2026\/04\/18744_1.jpg\",\"contentUrl\":\"https:\/\/ironsky.pl\/sklep\/wp-content\/uploads\/2026\/04\/18744_1.jpg\",\"width\":800,\"height\":800},{\"@type\":\"BreadcrumbList\",\"@id\":\"https:\/\/ironsky.pl\/sklep\/produkt\/panel-fotowoltaiczny-ecoflow-110w-2\/#breadcrumb\",\"itemListElement\":[{\"@type\":\"ListItem\",\"position\":1,\"name\":\"Strona g\u0142\u00f3wna\",\"item\":\"https:\/\/ironsky.pl\/sklep\/\"},{\"@type\":\"ListItem\",\"position\":2,\"name\":\"Wszystkie produkty\",\"item\":\"https:\/\/ironsky.pl\/sklep\/produkty\/\"},{\"@type\":\"ListItem\",\"position\":3,\"name\":\"Panel fotowoltaiczny ECOFLOW 110W\"}]},{\"@type\":\"WebSite\",\"@id\":\"https:\/\/ironsky.pl\/sklep\/#website\",\"url\":\"https:\/\/ironsky.pl\/sklep\/\",\"name\":\"IRONSKY.PL Sklep z Dronami\",\"description\":\"IRONSKY.PL Sklep z Dronami\",\"potentialAction\":[{\"@type\":\"SearchAction\",\"target\":{\"@type\":\"EntryPoint\",\"urlTemplate\":\"https:\/\/ironsky.pl\/sklep\/?s={search_term_string}\"},\"query-input\":{\"@type\":\"PropertyValueSpecification\",\"valueRequired\":true,\"valueName\":\"search_term_string\"}}],\"inLanguage\":\"pl-PL\"}]}<\/script>\n<!-- \/ Yoast SEO plugin. -->","yoast_head_json":{"title":"Panel fotowoltaiczny ECOFLOW 110W - IRONSKY.PL Sklep z Dronami","description":"Panel fotowoltaiczny ECOFLOW 110W - \u2705 sklep z dronami i fachowym doradztwem. \u2705 Tutaj kupisz produkty DJI, Yuneec, Parrot, Syma i wiele innych, a tak\u017ce kursy i licencje na operatora drona.","robots":{"index":"index","follow":"follow","max-snippet":"max-snippet:-1","max-image-preview":"max-image-preview:large","max-video-preview":"max-video-preview:-1"},"canonical":"https:\/\/ironsky.pl\/sklep\/produkt\/panel-fotowoltaiczny-ecoflow-110w-2\/","og_locale":"pl_PL","og_type":"article","og_title":"Panel fotowoltaiczny ECOFLOW 110W - IRONSKY.PL Sklep z Dronami","og_description":"Panel fotowoltaiczny ECOFLOW 110W - \u2705 sklep z dronami i fachowym doradztwem. \u2705 Tutaj kupisz produkty DJI, Yuneec, Parrot, Syma i wiele innych, a tak\u017ce kursy i licencje na operatora drona.","og_url":"https:\/\/ironsky.pl\/sklep\/produkt\/panel-fotowoltaiczny-ecoflow-110w-2\/","og_site_name":"IRONSKY.PL Sklep z Dronami","article_modified_time":"2026-04-15T08:04:09+00:00","og_image":[{"width":800,"height":800,"url":"https:\/\/ironsky.pl\/sklep\/wp-content\/uploads\/2026\/04\/18744_1.jpg","type":"image\/jpeg"}],"twitter_card":"summary_large_image","twitter_misc":{"Szacowany czas czytania":"2 minuty"},"schema":{"@context":"https:\/\/schema.org","@graph":[{"@type":"WebPage","@id":"https:\/\/ironsky.pl\/sklep\/produkt\/panel-fotowoltaiczny-ecoflow-110w-2\/","url":"https:\/\/ironsky.pl\/sklep\/produkt\/panel-fotowoltaiczny-ecoflow-110w-2\/","name":"Panel fotowoltaiczny ECOFLOW 110W - IRONSKY.PL Sklep z Dronami","isPartOf":{"@id":"https:\/\/ironsky.pl\/sklep\/#website"},"primaryImageOfPage":{"@id":"https:\/\/ironsky.pl\/sklep\/produkt\/panel-fotowoltaiczny-ecoflow-110w-2\/#primaryimage"},"image":{"@id":"https:\/\/ironsky.pl\/sklep\/produkt\/panel-fotowoltaiczny-ecoflow-110w-2\/#primaryimage"},"thumbnailUrl":"https:\/\/ironsky.pl\/sklep\/wp-content\/uploads\/2026\/04\/18744_1.jpg","datePublished":"2026-04-15T08:03:54+00:00","dateModified":"2026-04-15T08:04:09+00:00","description":"Panel fotowoltaiczny ECOFLOW 110W - \u2705 sklep z dronami i fachowym doradztwem. \u2705 Tutaj kupisz produkty DJI, Yuneec, Parrot, Syma i wiele innych, a tak\u017ce kursy i licencje na operatora drona.","breadcrumb":{"@id":"https:\/\/ironsky.pl\/sklep\/produkt\/panel-fotowoltaiczny-ecoflow-110w-2\/#breadcrumb"},"inLanguage":"pl-PL","potentialAction":[{"@type":"ReadAction","target":["https:\/\/ironsky.pl\/sklep\/produkt\/panel-fotowoltaiczny-ecoflow-110w-2\/"]}]},{"@type":"ImageObject","inLanguage":"pl-PL","@id":"https:\/\/ironsky.pl\/sklep\/produkt\/panel-fotowoltaiczny-ecoflow-110w-2\/#primaryimage","url":"https:\/\/ironsky.pl\/sklep\/wp-content\/uploads\/2026\/04\/18744_1.jpg","contentUrl":"https:\/\/ironsky.pl\/sklep\/wp-content\/uploads\/2026\/04\/18744_1.jpg","width":800,"height":800},{"@type":"BreadcrumbList","@id":"https:\/\/ironsky.pl\/sklep\/produkt\/panel-fotowoltaiczny-ecoflow-110w-2\/#breadcrumb","itemListElement":[{"@type":"ListItem","position":1,"name":"Strona g\u0142\u00f3wna","item":"https:\/\/ironsky.pl\/sklep\/"},{"@type":"ListItem","position":2,"name":"Wszystkie produkty","item":"https:\/\/ironsky.pl\/sklep\/produkty\/"},{"@type":"ListItem","position":3,"name":"Panel fotowoltaiczny ECOFLOW 110W"}]},{"@type":"WebSite","@id":"https:\/\/ironsky.pl\/sklep\/#website","url":"https:\/\/ironsky.pl\/sklep\/","name":"IRONSKY.PL Sklep z Dronami","description":"IRONSKY.PL Sklep z Dronami","potentialAction":[{"@type":"SearchAction","target":{"@type":"EntryPoint","urlTemplate":"https:\/\/ironsky.pl\/sklep\/?s={search_term_string}"},"query-input":{"@type":"PropertyValueSpecification","valueRequired":true,"valueName":"search_term_string"}}],"inLanguage":"pl-PL"}]}},"_links":{"self":[{"href":"https:\/\/ironsky.pl\/sklep\/wp-json\/wp\/v2\/product\/55413","targetHints":{"allow":["GET"]}}],"collection":[{"href":"https:\/\/ironsky.pl\/sklep\/wp-json\/wp\/v2\/product"}],"about":[{"href":"https:\/\/ironsky.pl\/sklep\/wp-json\/wp\/v2\/types\/product"}],"replies":[{"embeddable":true,"href":"https:\/\/ironsky.pl\/sklep\/wp-json\/wp\/v2\/comments?post=55413"}],"wp:featuredmedia":[{"embeddable":true,"href":"https:\/\/ironsky.pl\/sklep\/wp-json\/wp\/v2\/media\/55414"}],"wp:attachment":[{"href":"https:\/\/ironsky.pl\/sklep\/wp-json\/wp\/v2\/media?parent=55413"}],"wp:term":[{"taxonomy":"product_brand","embeddable":true,"href":"https:\/\/ironsky.pl\/sklep\/wp-json\/wp\/v2\/product_brand?post=55413"},{"taxonomy":"product_cat","embeddable":true,"href":"https:\/\/ironsky.pl\/sklep\/wp-json\/wp\/v2\/product_cat?post=55413"},{"taxonomy":"product_tag","embeddable":true,"href":"https:\/\/ironsky.pl\/sklep\/wp-json\/wp\/v2\/product_tag?post=55413"}],"curies":[{"name":"wp","href":"https:\/\/api.w.org\/{rel}","templated":true}]}}