{"id":55367,"date":"2026-04-15T10:03:13","date_gmt":"2026-04-15T08:03:13","guid":{"rendered":"https:\/\/ironsky.pl\/sklep\/produkt\/zlaczka-ugreen-nw114-rj45-rj45-8p-8c-cat-7-utp-biala\/"},"modified":"2026-04-15T10:42:37","modified_gmt":"2026-04-15T08:42:37","slug":"zlaczka-ugreen-nw114-rj45-rj45-8p-8c-cat-7-utp-biala","status":"publish","type":"product","link":"https:\/\/ironsky.pl\/sklep\/produkt\/zlaczka-ugreen-nw114-rj45-rj45-8p-8c-cat-7-utp-biala\/","title":{"rendered":"Z\u0142\u0105czka UGREEN NW114 RJ45-RJ45 8P\/8C Cat.7 UTP (bia\u0142a)"},"content":{"rendered":"<h3>\u0141\u0105cznik dw\u00f3ch kabli z ko\u0144c\u00f3wk\u0105 RJ45<\/h3>\n<p>Umo\u017cliwia pod\u0142\u0105czenie 2 przewod\u00f3w Ethernet, tworz\u0105c tym samym d\u0142u\u017cszy odcinek. Mo\u017ce r\u00f3wnie\u017c pe\u0142ni\u0107 funkcj\u0119 \u0142\u0105cznika obwodu sieci. Jest niezwykle praktycznym rozwi\u0105zaniem w przypadku posiadania zbyt kr\u00f3tkich przewod\u00f3w.\u00a0<\/p>\n<p><img decoding=\"async\" src=\"https:\/\/b2b.innpro.pl\/data\/include\/cms\/6Kuba\/Ugreen\/NW114\/20311_01.jpg\"><\/p>\n<div class=\"table-wrapper\">\n<table class=\"table-specs\">\n<tbody>\n<tr>\n<th><span>Model<\/span><\/th>\n<td><span>NW114<\/span><\/td>\n<\/tr>\n<tr>\n<th><span>Wtyczka<\/span><\/th>\n<td><span>2x RJ45<\/span><\/td>\n<\/tr>\n<tr>\n<th><span>Materia\u0142<\/span><\/th>\n<td><span>PC<\/span><\/td>\n<\/tr>\n<tr>\n<th><span>Standard<\/span><\/th>\n<td><span>8P\/8C<\/span><\/td>\n<\/tr>\n<tr>\n<th><span>Kategoria<\/span><\/th>\n<td><span>7\/6\/5e<\/span><\/td>\n<\/tr>\n<tr>\n<th><span>Wymiary<\/span><\/th>\n<td><span>42 x 25 x 23 mm<\/span><\/td>\n<\/tr>\n<tr>\n<th><span>Pr\u0119dko\u015b\u0107 sieci<\/span><\/th>\n<td><span>do 10 Gb\/s<\/span><\/td>\n<\/tr>\n<tr>\n<th><span>Kolor<\/span><\/th>\n<td><span>Bia\u0142y<\/span><\/td>\n<\/tr>\n<\/tbody>\n<\/table>\n<\/div>\n","protected":false},"excerpt":{"rendered":"<p>\u0141\u0105cznik dw\u00f3ch kabli z ko\u0144c\u00f3wk\u0105 RJ45 Umo\u017cliwia pod\u0142\u0105czenie 2 przewod\u00f3w Ethernet, tworz\u0105c tym samym d\u0142u\u017cszy odcinek. Mo\u017ce r\u00f3wnie\u017c pe\u0142ni\u0107 funkcj\u0119<\/p>\n","protected":false},"featured_media":40985,"comment_status":"closed","ping_status":"open","template":"","meta":{"_acf_changed":false},"product_brand":[],"product_cat":[5930,5929],"product_tag":[],"class_list":{"0":"post-55367","1":"product","2":"type-product","3":"status-publish","4":"has-post-thumbnail","6":"product_cat-adaptery-przejsciowki-konwertery","7":"product_cat-akcesoria-it","8":"pa_okres-gwarancji-5757","9":"pa_producent-ugreen","11":"first","12":"outofstock","13":"taxable","14":"shipping-taxable","15":"purchasable","16":"product-type-simple"},"acf":[],"yoast_head":"<!-- This site is optimized with the Yoast SEO plugin v27.2 - https:\/\/yoast.com\/product\/yoast-seo-wordpress\/ -->\n<title>Z\u0142\u0105czka UGREEN NW114 RJ45-RJ45 8P\/8C Cat.7 UTP (bia\u0142a) - IRONSKY.PL Sklep z Dronami<\/title>\n<meta name=\"description\" content=\"Z\u0142\u0105czka UGREEN NW114 RJ45-RJ45 8P\/8C Cat.7 UTP (bia\u0142a) - \u2705 sklep z dronami i fachowym doradztwem. \u2705 Tutaj kupisz produkty DJI, Yuneec, Parrot, Syma i wiele innych, a tak\u017ce kursy i licencje na operatora drona.\" \/>\n<meta name=\"robots\" content=\"index, follow, max-snippet:-1, max-image-preview:large, max-video-preview:-1\" \/>\n<link rel=\"canonical\" href=\"https:\/\/ironsky.pl\/sklep\/produkt\/zlaczka-ugreen-nw114-rj45-rj45-8p-8c-cat-7-utp-biala\/\" \/>\n<meta property=\"og:locale\" content=\"pl_PL\" \/>\n<meta property=\"og:type\" content=\"article\" \/>\n<meta property=\"og:title\" content=\"Z\u0142\u0105czka UGREEN NW114 RJ45-RJ45 8P\/8C Cat.7 UTP (bia\u0142a) - IRONSKY.PL Sklep z Dronami\" \/>\n<meta property=\"og:description\" content=\"Z\u0142\u0105czka UGREEN NW114 RJ45-RJ45 8P\/8C Cat.7 UTP (bia\u0142a) - \u2705 sklep z dronami i fachowym doradztwem. \u2705 Tutaj kupisz produkty DJI, Yuneec, Parrot, Syma i wiele innych, a tak\u017ce kursy i licencje na operatora drona.\" \/>\n<meta property=\"og:url\" content=\"https:\/\/ironsky.pl\/sklep\/produkt\/zlaczka-ugreen-nw114-rj45-rj45-8p-8c-cat-7-utp-biala\/\" \/>\n<meta property=\"og:site_name\" content=\"IRONSKY.PL Sklep z Dronami\" \/>\n<meta property=\"article:modified_time\" content=\"2026-04-15T08:42:37+00:00\" \/>\n<meta property=\"og:image\" content=\"https:\/\/ironsky.pl\/sklep\/wp-content\/uploads\/2025\/06\/18240_1.jpg\" \/>\n\t<meta property=\"og:image:width\" content=\"800\" \/>\n\t<meta property=\"og:image:height\" content=\"800\" \/>\n\t<meta property=\"og:image:type\" content=\"image\/jpeg\" \/>\n<meta name=\"twitter:card\" content=\"summary_large_image\" \/>\n<script type=\"application\/ld+json\" class=\"yoast-schema-graph\">{\"@context\":\"https:\/\/schema.org\",\"@graph\":[{\"@type\":\"WebPage\",\"@id\":\"https:\/\/ironsky.pl\/sklep\/produkt\/zlaczka-ugreen-nw114-rj45-rj45-8p-8c-cat-7-utp-biala\/\",\"url\":\"https:\/\/ironsky.pl\/sklep\/produkt\/zlaczka-ugreen-nw114-rj45-rj45-8p-8c-cat-7-utp-biala\/\",\"name\":\"Z\u0142\u0105czka UGREEN NW114 RJ45-RJ45 8P\/8C Cat.7 UTP (bia\u0142a) - IRONSKY.PL Sklep z Dronami\",\"isPartOf\":{\"@id\":\"https:\/\/ironsky.pl\/sklep\/#website\"},\"primaryImageOfPage\":{\"@id\":\"https:\/\/ironsky.pl\/sklep\/produkt\/zlaczka-ugreen-nw114-rj45-rj45-8p-8c-cat-7-utp-biala\/#primaryimage\"},\"image\":{\"@id\":\"https:\/\/ironsky.pl\/sklep\/produkt\/zlaczka-ugreen-nw114-rj45-rj45-8p-8c-cat-7-utp-biala\/#primaryimage\"},\"thumbnailUrl\":\"https:\/\/ironsky.pl\/sklep\/wp-content\/uploads\/2025\/06\/18240_1.jpg\",\"datePublished\":\"2026-04-15T08:03:13+00:00\",\"dateModified\":\"2026-04-15T08:42:37+00:00\",\"description\":\"Z\u0142\u0105czka UGREEN NW114 RJ45-RJ45 8P\/8C Cat.7 UTP (bia\u0142a) - \u2705 sklep z dronami i fachowym doradztwem. \u2705 Tutaj kupisz produkty DJI, Yuneec, Parrot, Syma i wiele innych, a tak\u017ce kursy i licencje na operatora drona.\",\"breadcrumb\":{\"@id\":\"https:\/\/ironsky.pl\/sklep\/produkt\/zlaczka-ugreen-nw114-rj45-rj45-8p-8c-cat-7-utp-biala\/#breadcrumb\"},\"inLanguage\":\"pl-PL\",\"potentialAction\":[{\"@type\":\"ReadAction\",\"target\":[\"https:\/\/ironsky.pl\/sklep\/produkt\/zlaczka-ugreen-nw114-rj45-rj45-8p-8c-cat-7-utp-biala\/\"]}]},{\"@type\":\"ImageObject\",\"inLanguage\":\"pl-PL\",\"@id\":\"https:\/\/ironsky.pl\/sklep\/produkt\/zlaczka-ugreen-nw114-rj45-rj45-8p-8c-cat-7-utp-biala\/#primaryimage\",\"url\":\"https:\/\/ironsky.pl\/sklep\/wp-content\/uploads\/2025\/06\/18240_1.jpg\",\"contentUrl\":\"https:\/\/ironsky.pl\/sklep\/wp-content\/uploads\/2025\/06\/18240_1.jpg\",\"width\":800,\"height\":800},{\"@type\":\"BreadcrumbList\",\"@id\":\"https:\/\/ironsky.pl\/sklep\/produkt\/zlaczka-ugreen-nw114-rj45-rj45-8p-8c-cat-7-utp-biala\/#breadcrumb\",\"itemListElement\":[{\"@type\":\"ListItem\",\"position\":1,\"name\":\"Strona g\u0142\u00f3wna\",\"item\":\"https:\/\/ironsky.pl\/sklep\/\"},{\"@type\":\"ListItem\",\"position\":2,\"name\":\"Wszystkie produkty\",\"item\":\"https:\/\/ironsky.pl\/sklep\/produkty\/\"},{\"@type\":\"ListItem\",\"position\":3,\"name\":\"Z\u0142\u0105czka UGREEN NW114 RJ45-RJ45 8P\/8C Cat.7 UTP (bia\u0142a)\"}]},{\"@type\":\"WebSite\",\"@id\":\"https:\/\/ironsky.pl\/sklep\/#website\",\"url\":\"https:\/\/ironsky.pl\/sklep\/\",\"name\":\"IRONSKY.PL Sklep z Dronami\",\"description\":\"IRONSKY.PL Sklep z Dronami\",\"potentialAction\":[{\"@type\":\"SearchAction\",\"target\":{\"@type\":\"EntryPoint\",\"urlTemplate\":\"https:\/\/ironsky.pl\/sklep\/?s={search_term_string}\"},\"query-input\":{\"@type\":\"PropertyValueSpecification\",\"valueRequired\":true,\"valueName\":\"search_term_string\"}}],\"inLanguage\":\"pl-PL\"}]}<\/script>\n<!-- \/ Yoast SEO plugin. -->","yoast_head_json":{"title":"Z\u0142\u0105czka UGREEN NW114 RJ45-RJ45 8P\/8C Cat.7 UTP (bia\u0142a) - IRONSKY.PL Sklep z Dronami","description":"Z\u0142\u0105czka UGREEN NW114 RJ45-RJ45 8P\/8C Cat.7 UTP (bia\u0142a) - \u2705 sklep z dronami i fachowym doradztwem. \u2705 Tutaj kupisz produkty DJI, Yuneec, Parrot, Syma i wiele innych, a tak\u017ce kursy i licencje na operatora drona.","robots":{"index":"index","follow":"follow","max-snippet":"max-snippet:-1","max-image-preview":"max-image-preview:large","max-video-preview":"max-video-preview:-1"},"canonical":"https:\/\/ironsky.pl\/sklep\/produkt\/zlaczka-ugreen-nw114-rj45-rj45-8p-8c-cat-7-utp-biala\/","og_locale":"pl_PL","og_type":"article","og_title":"Z\u0142\u0105czka UGREEN NW114 RJ45-RJ45 8P\/8C Cat.7 UTP (bia\u0142a) - IRONSKY.PL Sklep z Dronami","og_description":"Z\u0142\u0105czka UGREEN NW114 RJ45-RJ45 8P\/8C Cat.7 UTP (bia\u0142a) - \u2705 sklep z dronami i fachowym doradztwem. \u2705 Tutaj kupisz produkty DJI, Yuneec, Parrot, Syma i wiele innych, a tak\u017ce kursy i licencje na operatora drona.","og_url":"https:\/\/ironsky.pl\/sklep\/produkt\/zlaczka-ugreen-nw114-rj45-rj45-8p-8c-cat-7-utp-biala\/","og_site_name":"IRONSKY.PL Sklep z Dronami","article_modified_time":"2026-04-15T08:42:37+00:00","og_image":[{"width":800,"height":800,"url":"https:\/\/ironsky.pl\/sklep\/wp-content\/uploads\/2025\/06\/18240_1.jpg","type":"image\/jpeg"}],"twitter_card":"summary_large_image","schema":{"@context":"https:\/\/schema.org","@graph":[{"@type":"WebPage","@id":"https:\/\/ironsky.pl\/sklep\/produkt\/zlaczka-ugreen-nw114-rj45-rj45-8p-8c-cat-7-utp-biala\/","url":"https:\/\/ironsky.pl\/sklep\/produkt\/zlaczka-ugreen-nw114-rj45-rj45-8p-8c-cat-7-utp-biala\/","name":"Z\u0142\u0105czka UGREEN NW114 RJ45-RJ45 8P\/8C Cat.7 UTP (bia\u0142a) - IRONSKY.PL Sklep z Dronami","isPartOf":{"@id":"https:\/\/ironsky.pl\/sklep\/#website"},"primaryImageOfPage":{"@id":"https:\/\/ironsky.pl\/sklep\/produkt\/zlaczka-ugreen-nw114-rj45-rj45-8p-8c-cat-7-utp-biala\/#primaryimage"},"image":{"@id":"https:\/\/ironsky.pl\/sklep\/produkt\/zlaczka-ugreen-nw114-rj45-rj45-8p-8c-cat-7-utp-biala\/#primaryimage"},"thumbnailUrl":"https:\/\/ironsky.pl\/sklep\/wp-content\/uploads\/2025\/06\/18240_1.jpg","datePublished":"2026-04-15T08:03:13+00:00","dateModified":"2026-04-15T08:42:37+00:00","description":"Z\u0142\u0105czka UGREEN NW114 RJ45-RJ45 8P\/8C Cat.7 UTP (bia\u0142a) - \u2705 sklep z dronami i fachowym doradztwem. \u2705 Tutaj kupisz produkty DJI, Yuneec, Parrot, Syma i wiele innych, a tak\u017ce kursy i licencje na operatora drona.","breadcrumb":{"@id":"https:\/\/ironsky.pl\/sklep\/produkt\/zlaczka-ugreen-nw114-rj45-rj45-8p-8c-cat-7-utp-biala\/#breadcrumb"},"inLanguage":"pl-PL","potentialAction":[{"@type":"ReadAction","target":["https:\/\/ironsky.pl\/sklep\/produkt\/zlaczka-ugreen-nw114-rj45-rj45-8p-8c-cat-7-utp-biala\/"]}]},{"@type":"ImageObject","inLanguage":"pl-PL","@id":"https:\/\/ironsky.pl\/sklep\/produkt\/zlaczka-ugreen-nw114-rj45-rj45-8p-8c-cat-7-utp-biala\/#primaryimage","url":"https:\/\/ironsky.pl\/sklep\/wp-content\/uploads\/2025\/06\/18240_1.jpg","contentUrl":"https:\/\/ironsky.pl\/sklep\/wp-content\/uploads\/2025\/06\/18240_1.jpg","width":800,"height":800},{"@type":"BreadcrumbList","@id":"https:\/\/ironsky.pl\/sklep\/produkt\/zlaczka-ugreen-nw114-rj45-rj45-8p-8c-cat-7-utp-biala\/#breadcrumb","itemListElement":[{"@type":"ListItem","position":1,"name":"Strona g\u0142\u00f3wna","item":"https:\/\/ironsky.pl\/sklep\/"},{"@type":"ListItem","position":2,"name":"Wszystkie produkty","item":"https:\/\/ironsky.pl\/sklep\/produkty\/"},{"@type":"ListItem","position":3,"name":"Z\u0142\u0105czka UGREEN NW114 RJ45-RJ45 8P\/8C Cat.7 UTP (bia\u0142a)"}]},{"@type":"WebSite","@id":"https:\/\/ironsky.pl\/sklep\/#website","url":"https:\/\/ironsky.pl\/sklep\/","name":"IRONSKY.PL Sklep z Dronami","description":"IRONSKY.PL Sklep z Dronami","potentialAction":[{"@type":"SearchAction","target":{"@type":"EntryPoint","urlTemplate":"https:\/\/ironsky.pl\/sklep\/?s={search_term_string}"},"query-input":{"@type":"PropertyValueSpecification","valueRequired":true,"valueName":"search_term_string"}}],"inLanguage":"pl-PL"}]}},"_links":{"self":[{"href":"https:\/\/ironsky.pl\/sklep\/wp-json\/wp\/v2\/product\/55367","targetHints":{"allow":["GET"]}}],"collection":[{"href":"https:\/\/ironsky.pl\/sklep\/wp-json\/wp\/v2\/product"}],"about":[{"href":"https:\/\/ironsky.pl\/sklep\/wp-json\/wp\/v2\/types\/product"}],"replies":[{"embeddable":true,"href":"https:\/\/ironsky.pl\/sklep\/wp-json\/wp\/v2\/comments?post=55367"}],"wp:featuredmedia":[{"embeddable":true,"href":"https:\/\/ironsky.pl\/sklep\/wp-json\/wp\/v2\/media\/40985"}],"wp:attachment":[{"href":"https:\/\/ironsky.pl\/sklep\/wp-json\/wp\/v2\/media?parent=55367"}],"wp:term":[{"taxonomy":"product_brand","embeddable":true,"href":"https:\/\/ironsky.pl\/sklep\/wp-json\/wp\/v2\/product_brand?post=55367"},{"taxonomy":"product_cat","embeddable":true,"href":"https:\/\/ironsky.pl\/sklep\/wp-json\/wp\/v2\/product_cat?post=55367"},{"taxonomy":"product_tag","embeddable":true,"href":"https:\/\/ironsky.pl\/sklep\/wp-json\/wp\/v2\/product_tag?post=55367"}],"curies":[{"name":"wp","href":"https:\/\/api.w.org\/{rel}","templated":true}]}}