{"id":55003,"date":"2026-04-15T09:58:24","date_gmt":"2026-04-15T07:58:24","guid":{"rendered":"https:\/\/ironsky.pl\/sklep\/produkt\/obiektyw-dji-zenmuse-x7-x9-p1-dl-50mm-f2-8-ls-asph-2\/"},"modified":"2026-04-15T09:58:43","modified_gmt":"2026-04-15T07:58:43","slug":"obiektyw-dji-zenmuse-x7-x9-p1-dl-50mm-f2-8-ls-asph-2","status":"publish","type":"product","link":"https:\/\/ironsky.pl\/sklep\/produkt\/obiektyw-dji-zenmuse-x7-x9-p1-dl-50mm-f2-8-ls-asph-2\/","title":{"rendered":"Obiektyw DJI Zenmuse X7, X9, P1 DL 50mm F2.8 LS ASPH"},"content":{"rendered":"<h3>Obiektyw DJI Zenmuse X7, X9, P1 DL 50mm F2.8 LS ASPH<\/h3>\n<p>DJI DL 50mm F2.8 LS ASPH Lens to profesjonalny pe\u0142noklatkowy obiektyw typu prime. Wyposa\u017cony w lekk\u0105 obudow\u0119 z w\u0142\u00f3kna w\u0119glowego, obiektyw pozwala na zredukowanie obci\u0105\u017cenia u\u017cytkowego gimbala, poprawiaj\u0105c og\u00f3ln\u0105 stabilno\u015b\u0107 podczas fotografowania. Dzi\u0119ki mocowaniu DJI DL (\u015brednica: 58mm), DJI DL 50mm F2.8 LS ASPH mo\u017ce by\u0107 zamontowany na kamerach Zenmuse X7 Zenmuse X9 i Zenmuse P1, aby sprosta\u0107 potrzebom r\u00f3\u017cnych ogniskowych.<\/p>\n<p><img decoding=\"async\" style=\"display: block; margin-left: auto; margin-right: auto;\" src=\"\/data\/include\/cms\/enterprise\/Zenmuse-P1\/6958265154676-1.jpg\" border=\"0\" width=\"685\" height=\"196\" \/><img border=\"0\" \/><\/p>\n<h3>W zestawie:<\/h3>\n<ul>\n<li>1x obiektyw DJI Zenmuse X7 DL 50mm F2.8 LS ASPH<\/li>\n<li>1x os\u0142ona obiektywu<\/li>\n<\/ul>\n<div class=\"table-wrapper\">\n<table>\n<tbody>\n<tr>\n<th>Producent<\/th>\n<td>DJI<\/td>\n<\/tr>\n<tr>\n<th>Model<\/th>\n<td>CP.BX.00000024.01<\/td>\n<\/tr>\n<tr>\n<th>Mocowanie<\/th>\n<td>DJI DL mount 58mm <\/td>\n<\/tr>\n<tr>\n<th>Model obiektywu<\/th>\n<td>DL 50mm F2.8 LS ASPH<\/td>\n<\/tr>\n<tr>\n<th>Ogniskowa<\/th>\n<td>50 mm<\/td>\n<\/tr>\n<tr>\n<th>Ekwiwalent 35mm <\/th>\n<td>75 mm<\/td>\n<\/tr>\n<tr>\n<th>Zakres przys\u0142ony<\/th>\n<td>F2.8~F16<\/td>\n<\/tr>\n<tr>\n<th>Masa<\/th>\n<td>ok. 182 g (z pier\u015bcieniem wywa\u017caj\u0105cym i os\u0142on\u0105 obiektywu)<\/td>\n<\/tr>\n<tr>\n<th>\u015arednica filtra<\/th>\n<td>46 mm<\/td>\n<\/tr>\n<tr>\n<th>Kompatybilno\u015b\u0107<\/th>\n<td>Zenmuse X7, Zenmuse X9, Zenmuse P1<\/td>\n<\/tr>\n<\/tbody>\n<\/table>\n<\/div>\n","protected":false},"excerpt":{"rendered":"<p>Obiektyw DJI Zenmuse X7, X9, P1 DL 50mm F2.8 LS ASPH DJI DL 50mm F2.8 LS ASPH Lens to profesjonalny<\/p>\n","protected":false},"featured_media":48647,"comment_status":"closed","ping_status":"open","template":"","meta":{"_acf_changed":false},"product_brand":[],"product_cat":[1130,1128,1131],"product_tag":[],"class_list":{"0":"post-55003","1":"product","2":"type-product","3":"status-publish","4":"has-post-thumbnail","6":"product_cat-akcesoria-foto","7":"product_cat-foto-wideo","8":"product_cat-obiektywy-dji","9":"pa_producent-dji-enterprise","11":"first","12":"outofstock","13":"taxable","14":"shipping-taxable","15":"purchasable","16":"product-type-simple"},"acf":[],"yoast_head":"<!-- This site is optimized with the Yoast SEO plugin v27.2 - https:\/\/yoast.com\/product\/yoast-seo-wordpress\/ -->\n<title>Obiektyw DJI Zenmuse X7, X9, P1 DL 50mm F2.8 LS ASPH - IRONSKY.PL Sklep z Dronami<\/title>\n<meta name=\"description\" content=\"Obiektyw DJI Zenmuse X7, X9, P1 DL 50mm F2.8 LS ASPH - \u2705 sklep z dronami i fachowym doradztwem. \u2705 Tutaj kupisz produkty DJI, Yuneec, Parrot, Syma i wiele innych, a tak\u017ce kursy i licencje na operatora drona.\" \/>\n<meta name=\"robots\" content=\"index, follow, max-snippet:-1, max-image-preview:large, max-video-preview:-1\" \/>\n<link rel=\"canonical\" href=\"https:\/\/ironsky.pl\/sklep\/produkt\/obiektyw-dji-zenmuse-x7-x9-p1-dl-50mm-f2-8-ls-asph-2\/\" \/>\n<meta property=\"og:locale\" content=\"pl_PL\" \/>\n<meta property=\"og:type\" content=\"article\" \/>\n<meta property=\"og:title\" content=\"Obiektyw DJI Zenmuse X7, X9, P1 DL 50mm F2.8 LS ASPH - IRONSKY.PL Sklep z Dronami\" \/>\n<meta property=\"og:description\" content=\"Obiektyw DJI Zenmuse X7, X9, P1 DL 50mm F2.8 LS ASPH - \u2705 sklep z dronami i fachowym doradztwem. \u2705 Tutaj kupisz produkty DJI, Yuneec, Parrot, Syma i wiele innych, a tak\u017ce kursy i licencje na operatora drona.\" \/>\n<meta property=\"og:url\" content=\"https:\/\/ironsky.pl\/sklep\/produkt\/obiektyw-dji-zenmuse-x7-x9-p1-dl-50mm-f2-8-ls-asph-2\/\" \/>\n<meta property=\"og:site_name\" content=\"IRONSKY.PL Sklep z Dronami\" \/>\n<meta property=\"article:modified_time\" content=\"2026-04-15T07:58:43+00:00\" \/>\n<meta property=\"og:image\" content=\"https:\/\/ironsky.pl\/sklep\/wp-content\/uploads\/2025\/10\/12355_1.jpg\" \/>\n\t<meta property=\"og:image:width\" content=\"800\" \/>\n\t<meta property=\"og:image:height\" content=\"800\" \/>\n\t<meta property=\"og:image:type\" content=\"image\/jpeg\" \/>\n<meta name=\"twitter:card\" content=\"summary_large_image\" \/>\n<meta name=\"twitter:label1\" content=\"Szacowany czas czytania\" \/>\n\t<meta name=\"twitter:data1\" content=\"1 minuta\" \/>\n<script type=\"application\/ld+json\" class=\"yoast-schema-graph\">{\"@context\":\"https:\/\/schema.org\",\"@graph\":[{\"@type\":\"WebPage\",\"@id\":\"https:\/\/ironsky.pl\/sklep\/produkt\/obiektyw-dji-zenmuse-x7-x9-p1-dl-50mm-f2-8-ls-asph-2\/\",\"url\":\"https:\/\/ironsky.pl\/sklep\/produkt\/obiektyw-dji-zenmuse-x7-x9-p1-dl-50mm-f2-8-ls-asph-2\/\",\"name\":\"Obiektyw DJI Zenmuse X7, X9, P1 DL 50mm F2.8 LS ASPH - IRONSKY.PL Sklep z Dronami\",\"isPartOf\":{\"@id\":\"https:\/\/ironsky.pl\/sklep\/#website\"},\"primaryImageOfPage\":{\"@id\":\"https:\/\/ironsky.pl\/sklep\/produkt\/obiektyw-dji-zenmuse-x7-x9-p1-dl-50mm-f2-8-ls-asph-2\/#primaryimage\"},\"image\":{\"@id\":\"https:\/\/ironsky.pl\/sklep\/produkt\/obiektyw-dji-zenmuse-x7-x9-p1-dl-50mm-f2-8-ls-asph-2\/#primaryimage\"},\"thumbnailUrl\":\"https:\/\/ironsky.pl\/sklep\/wp-content\/uploads\/2025\/10\/12355_1.jpg\",\"datePublished\":\"2026-04-15T07:58:24+00:00\",\"dateModified\":\"2026-04-15T07:58:43+00:00\",\"description\":\"Obiektyw DJI Zenmuse X7, X9, P1 DL 50mm F2.8 LS ASPH - \u2705 sklep z dronami i fachowym doradztwem. \u2705 Tutaj kupisz produkty DJI, Yuneec, Parrot, Syma i wiele innych, a tak\u017ce kursy i licencje na operatora drona.\",\"breadcrumb\":{\"@id\":\"https:\/\/ironsky.pl\/sklep\/produkt\/obiektyw-dji-zenmuse-x7-x9-p1-dl-50mm-f2-8-ls-asph-2\/#breadcrumb\"},\"inLanguage\":\"pl-PL\",\"potentialAction\":[{\"@type\":\"ReadAction\",\"target\":[\"https:\/\/ironsky.pl\/sklep\/produkt\/obiektyw-dji-zenmuse-x7-x9-p1-dl-50mm-f2-8-ls-asph-2\/\"]}]},{\"@type\":\"ImageObject\",\"inLanguage\":\"pl-PL\",\"@id\":\"https:\/\/ironsky.pl\/sklep\/produkt\/obiektyw-dji-zenmuse-x7-x9-p1-dl-50mm-f2-8-ls-asph-2\/#primaryimage\",\"url\":\"https:\/\/ironsky.pl\/sklep\/wp-content\/uploads\/2025\/10\/12355_1.jpg\",\"contentUrl\":\"https:\/\/ironsky.pl\/sklep\/wp-content\/uploads\/2025\/10\/12355_1.jpg\",\"width\":800,\"height\":800},{\"@type\":\"BreadcrumbList\",\"@id\":\"https:\/\/ironsky.pl\/sklep\/produkt\/obiektyw-dji-zenmuse-x7-x9-p1-dl-50mm-f2-8-ls-asph-2\/#breadcrumb\",\"itemListElement\":[{\"@type\":\"ListItem\",\"position\":1,\"name\":\"Strona g\u0142\u00f3wna\",\"item\":\"https:\/\/ironsky.pl\/sklep\/\"},{\"@type\":\"ListItem\",\"position\":2,\"name\":\"Wszystkie produkty\",\"item\":\"https:\/\/ironsky.pl\/sklep\/produkty\/\"},{\"@type\":\"ListItem\",\"position\":3,\"name\":\"Obiektyw DJI Zenmuse X7, X9, P1 DL 50mm F2.8 LS ASPH\"}]},{\"@type\":\"WebSite\",\"@id\":\"https:\/\/ironsky.pl\/sklep\/#website\",\"url\":\"https:\/\/ironsky.pl\/sklep\/\",\"name\":\"IRONSKY.PL Sklep z Dronami\",\"description\":\"IRONSKY.PL Sklep z Dronami\",\"potentialAction\":[{\"@type\":\"SearchAction\",\"target\":{\"@type\":\"EntryPoint\",\"urlTemplate\":\"https:\/\/ironsky.pl\/sklep\/?s={search_term_string}\"},\"query-input\":{\"@type\":\"PropertyValueSpecification\",\"valueRequired\":true,\"valueName\":\"search_term_string\"}}],\"inLanguage\":\"pl-PL\"}]}<\/script>\n<!-- \/ Yoast SEO plugin. -->","yoast_head_json":{"title":"Obiektyw DJI Zenmuse X7, X9, P1 DL 50mm F2.8 LS ASPH - IRONSKY.PL Sklep z Dronami","description":"Obiektyw DJI Zenmuse X7, X9, P1 DL 50mm F2.8 LS ASPH - \u2705 sklep z dronami i fachowym doradztwem. \u2705 Tutaj kupisz produkty DJI, Yuneec, Parrot, Syma i wiele innych, a tak\u017ce kursy i licencje na operatora drona.","robots":{"index":"index","follow":"follow","max-snippet":"max-snippet:-1","max-image-preview":"max-image-preview:large","max-video-preview":"max-video-preview:-1"},"canonical":"https:\/\/ironsky.pl\/sklep\/produkt\/obiektyw-dji-zenmuse-x7-x9-p1-dl-50mm-f2-8-ls-asph-2\/","og_locale":"pl_PL","og_type":"article","og_title":"Obiektyw DJI Zenmuse X7, X9, P1 DL 50mm F2.8 LS ASPH - IRONSKY.PL Sklep z Dronami","og_description":"Obiektyw DJI Zenmuse X7, X9, P1 DL 50mm F2.8 LS ASPH - \u2705 sklep z dronami i fachowym doradztwem. \u2705 Tutaj kupisz produkty DJI, Yuneec, Parrot, Syma i wiele innych, a tak\u017ce kursy i licencje na operatora drona.","og_url":"https:\/\/ironsky.pl\/sklep\/produkt\/obiektyw-dji-zenmuse-x7-x9-p1-dl-50mm-f2-8-ls-asph-2\/","og_site_name":"IRONSKY.PL Sklep z Dronami","article_modified_time":"2026-04-15T07:58:43+00:00","og_image":[{"width":800,"height":800,"url":"https:\/\/ironsky.pl\/sklep\/wp-content\/uploads\/2025\/10\/12355_1.jpg","type":"image\/jpeg"}],"twitter_card":"summary_large_image","twitter_misc":{"Szacowany czas czytania":"1 minuta"},"schema":{"@context":"https:\/\/schema.org","@graph":[{"@type":"WebPage","@id":"https:\/\/ironsky.pl\/sklep\/produkt\/obiektyw-dji-zenmuse-x7-x9-p1-dl-50mm-f2-8-ls-asph-2\/","url":"https:\/\/ironsky.pl\/sklep\/produkt\/obiektyw-dji-zenmuse-x7-x9-p1-dl-50mm-f2-8-ls-asph-2\/","name":"Obiektyw DJI Zenmuse X7, X9, P1 DL 50mm F2.8 LS ASPH - IRONSKY.PL Sklep z Dronami","isPartOf":{"@id":"https:\/\/ironsky.pl\/sklep\/#website"},"primaryImageOfPage":{"@id":"https:\/\/ironsky.pl\/sklep\/produkt\/obiektyw-dji-zenmuse-x7-x9-p1-dl-50mm-f2-8-ls-asph-2\/#primaryimage"},"image":{"@id":"https:\/\/ironsky.pl\/sklep\/produkt\/obiektyw-dji-zenmuse-x7-x9-p1-dl-50mm-f2-8-ls-asph-2\/#primaryimage"},"thumbnailUrl":"https:\/\/ironsky.pl\/sklep\/wp-content\/uploads\/2025\/10\/12355_1.jpg","datePublished":"2026-04-15T07:58:24+00:00","dateModified":"2026-04-15T07:58:43+00:00","description":"Obiektyw DJI Zenmuse X7, X9, P1 DL 50mm F2.8 LS ASPH - \u2705 sklep z dronami i fachowym doradztwem. \u2705 Tutaj kupisz produkty DJI, Yuneec, Parrot, Syma i wiele innych, a tak\u017ce kursy i licencje na operatora drona.","breadcrumb":{"@id":"https:\/\/ironsky.pl\/sklep\/produkt\/obiektyw-dji-zenmuse-x7-x9-p1-dl-50mm-f2-8-ls-asph-2\/#breadcrumb"},"inLanguage":"pl-PL","potentialAction":[{"@type":"ReadAction","target":["https:\/\/ironsky.pl\/sklep\/produkt\/obiektyw-dji-zenmuse-x7-x9-p1-dl-50mm-f2-8-ls-asph-2\/"]}]},{"@type":"ImageObject","inLanguage":"pl-PL","@id":"https:\/\/ironsky.pl\/sklep\/produkt\/obiektyw-dji-zenmuse-x7-x9-p1-dl-50mm-f2-8-ls-asph-2\/#primaryimage","url":"https:\/\/ironsky.pl\/sklep\/wp-content\/uploads\/2025\/10\/12355_1.jpg","contentUrl":"https:\/\/ironsky.pl\/sklep\/wp-content\/uploads\/2025\/10\/12355_1.jpg","width":800,"height":800},{"@type":"BreadcrumbList","@id":"https:\/\/ironsky.pl\/sklep\/produkt\/obiektyw-dji-zenmuse-x7-x9-p1-dl-50mm-f2-8-ls-asph-2\/#breadcrumb","itemListElement":[{"@type":"ListItem","position":1,"name":"Strona g\u0142\u00f3wna","item":"https:\/\/ironsky.pl\/sklep\/"},{"@type":"ListItem","position":2,"name":"Wszystkie produkty","item":"https:\/\/ironsky.pl\/sklep\/produkty\/"},{"@type":"ListItem","position":3,"name":"Obiektyw DJI Zenmuse X7, X9, P1 DL 50mm F2.8 LS ASPH"}]},{"@type":"WebSite","@id":"https:\/\/ironsky.pl\/sklep\/#website","url":"https:\/\/ironsky.pl\/sklep\/","name":"IRONSKY.PL Sklep z Dronami","description":"IRONSKY.PL Sklep z Dronami","potentialAction":[{"@type":"SearchAction","target":{"@type":"EntryPoint","urlTemplate":"https:\/\/ironsky.pl\/sklep\/?s={search_term_string}"},"query-input":{"@type":"PropertyValueSpecification","valueRequired":true,"valueName":"search_term_string"}}],"inLanguage":"pl-PL"}]}},"_links":{"self":[{"href":"https:\/\/ironsky.pl\/sklep\/wp-json\/wp\/v2\/product\/55003","targetHints":{"allow":["GET"]}}],"collection":[{"href":"https:\/\/ironsky.pl\/sklep\/wp-json\/wp\/v2\/product"}],"about":[{"href":"https:\/\/ironsky.pl\/sklep\/wp-json\/wp\/v2\/types\/product"}],"replies":[{"embeddable":true,"href":"https:\/\/ironsky.pl\/sklep\/wp-json\/wp\/v2\/comments?post=55003"}],"wp:featuredmedia":[{"embeddable":true,"href":"https:\/\/ironsky.pl\/sklep\/wp-json\/wp\/v2\/media\/48647"}],"wp:attachment":[{"href":"https:\/\/ironsky.pl\/sklep\/wp-json\/wp\/v2\/media?parent=55003"}],"wp:term":[{"taxonomy":"product_brand","embeddable":true,"href":"https:\/\/ironsky.pl\/sklep\/wp-json\/wp\/v2\/product_brand?post=55003"},{"taxonomy":"product_cat","embeddable":true,"href":"https:\/\/ironsky.pl\/sklep\/wp-json\/wp\/v2\/product_cat?post=55003"},{"taxonomy":"product_tag","embeddable":true,"href":"https:\/\/ironsky.pl\/sklep\/wp-json\/wp\/v2\/product_tag?post=55003"}],"curies":[{"name":"wp","href":"https:\/\/api.w.org\/{rel}","templated":true}]}}