{"id":54962,"date":"2026-04-16T14:23:56","date_gmt":"2026-04-16T12:23:56","guid":{"rendered":"https:\/\/ironsky.pl\/sklep\/?post_type=product&#038;p=54962"},"modified":"2026-04-16T15:20:37","modified_gmt":"2026-04-16T13:20:37","slug":"fjd-trion-v4e-lidar-najtanszy-skaner-slam-3d","status":"publish","type":"product","link":"https:\/\/ironsky.pl\/sklep\/produkt\/fjd-trion-v4e-lidar-najtanszy-skaner-slam-3d\/","title":{"rendered":"FJD TRION V4e LIDAR \u2013 NAJTA\u0143SZY SKANER SLAM 3D"},"content":{"rendered":"<div class=\"row\">\n<div class=\"col o_colored_level\">\n<h2 style=\"text-align: center\"><strong>Kompaktowa konstrukcja, profesjonalna precyzja \u00a0<\/strong><\/h2>\n<\/div>\n<\/div>\n<div class=\"row\" style=\"text-align: center\">\n<div class=\"col desc o_colored_level\">Mo\u017cesz chodzi\u0107, przechwytuj\u0105c g\u0119ste chmury punkt\u00f3w i monitorowa\u0107 swoje post\u0119py w czasie rzeczywistym za pomoc\u0105 aplikacji Trion Scan, zapewniaj\u0105c pe\u0142ny zasi\u0119g poprzez wizualizacj\u0119 chmur punkt\u00f3w w czasie rzeczywistym i bez wysi\u0142ku uzyskiwanie kolorowych chmur punkt\u00f3w.<\/div>\n<div>\n<div class=\"wp-video\">\n<div id=\"mep_0\" class=\"mejs-container mejs-container-keyboard-inactive wp-video-shortcode mejs-video\" tabindex=\"0\" role=\"application\" aria-label=\"Odtwarzacz video\">\n<div class=\"mejs-inner\">\n<div class=\"mejs-controls\">\n<div class=\"mejs-time mejs-currenttime-container\" role=\"timer\" aria-live=\"off\"><\/div>\n<\/div>\n<\/div>\n<\/div>\n<\/div>\n<div class=\"row\">\n<h2 class=\"col o_colored_level\"><strong>Wysokiej jako\u015bci Gaussian Splatting 3D \u2013 Darmowy z ka\u017cdym zestawem<\/strong><\/h2>\n<\/div>\n<div class=\"row\">\n<div class=\"col desc o_colored_level\">Dzi\u0119ki danym przechwyconym przez zestaw FJD Trion V4e LIDAR, u\u017cytkownicy mog\u0105 wydajnie generowa\u0107 wysokiej jako\u015bci 3D Gaussian Splatting (3DGS)<\/div>\n<div>\n<div class=\"wp-video\">\n<div id=\"mep_1\" class=\"mejs-container mejs-container-keyboard-inactive wp-video-shortcode mejs-video\" tabindex=\"0\" role=\"application\" aria-label=\"Odtwarzacz video\">\n<div class=\"mejs-inner\">\n<div class=\"mejs-mediaelement\"><\/div>\n<div class=\"mejs-layers\"><\/div>\n<\/div>\n<\/div>\n<\/div>\n<h2><strong>Precyzyjny Skan przy Ka\u017cdym Przej\u015bciu<\/strong><\/h2>\n<p>Rejestruje 154,600 punkt\u00f3w na sekund\u0119, wi\u0119c wystarczy tylko jedno przej\u015bcie by uchwyci\u0107 wszystkie obiekty<a href=\"https:\/\/gpsglobalsolutions.com\/wp-content\/uploads\/2026\/01\/fjd-v4e-1.png\"><img decoding=\"async\" class=\"aligncenter wp-image-5700 size-medium\" src=\"https:\/\/gpsglobalsolutions.com\/wp-content\/uploads\/2026\/01\/fjd-v4e-1-719x400.png\" alt=\"\" width=\"719\" height=\"400\" \/><\/a><\/p>\n<\/div>\n<\/div>\n<\/div>\n<\/div>\n<h2 style=\"text-align: center\"><strong>Przeno\u015bny, Ale Pot\u0119\u017cny<\/strong><\/h2>\n<p style=\"text-align: center\">Po\u017cegnaj si\u0119 z \u00a0obola\u0142ymi r\u0119kami. Dzi\u0119ki skanerowi o wadze 890 g i ponad 5 godzinach pracy, V4e LIDAR nie spowolni Ci\u0119 ani nie zm\u0119czy<\/p>\n<p style=\"text-align: center\"><a href=\"https:\/\/gpsglobalsolutions.com\/wp-content\/uploads\/2026\/01\/fjd-v4e-2.png\"><img decoding=\"async\" class=\"aligncenter wp-image-5699 size-medium\" src=\"https:\/\/gpsglobalsolutions.com\/wp-content\/uploads\/2026\/01\/fjd-v4e-2-719x400.png\" alt=\"\" width=\"719\" height=\"400\" \/><\/a><\/p>\n<h2 style=\"text-align: center\"><strong>Plug and Play, gotowy w 60 sekund<\/strong><\/h2>\n<p style=\"text-align: center\">Z zaledwie kilkoma niewielkimi cz\u0119\u015bciami, nawet pocz\u0105tkowi u\u017cytkownicy \u00a0mog\u0105 rozpocz\u0105\u0107 skanowanie w minut\u0119<\/p>\n<p style=\"text-align: center\"><a href=\"https:\/\/gpsglobalsolutions.com\/wp-content\/uploads\/2026\/01\/fjd-v4e-3.png\"><img decoding=\"async\" class=\"aligncenter wp-image-5698 size-medium\" src=\"https:\/\/gpsglobalsolutions.com\/wp-content\/uploads\/2026\/01\/fjd-v4e-3-724x400.png\" alt=\"\" width=\"724\" height=\"400\" \/><\/a><\/p>\n<h2 class=\"h3-fs\" style=\"text-align: center\"><strong>Rzeczywisto\u015b\u0107, zdigitalizowana podczas chodzenia<\/strong><\/h2>\n<p style=\"text-align: center\">Podgl\u0105d wyniku podczas spaceru, zamie\u0144 \u015bwiat w jego cyfrowego bli\u017aniaka w czasie rzeczywistym.<\/p>\n<p style=\"text-align: center\"><a href=\"https:\/\/gpsglobalsolutions.com\/wp-content\/uploads\/2026\/01\/fjd-v4e-4.png\"><img decoding=\"async\" class=\"aligncenter wp-image-5697 size-medium\" src=\"https:\/\/gpsglobalsolutions.com\/wp-content\/uploads\/2026\/01\/fjd-v4e-4-715x400.png\" alt=\"\" width=\"715\" height=\"400\" \/><\/a><\/p>\n<h2 class=\"h3-fs\" style=\"text-align: center\"><strong>Skanuj w dowolnym miejscu<\/strong><\/h2>\n<p style=\"text-align: center\">Od ciasnych wn\u0119trz po otwarte miejsca, V4e LiDAR pomaga Ci powiedzie\u0107 TAK wi\u0119kszej liczbie projekt\u00f3w z pewno\u015bci\u0105 siebie i pewno\u015bci\u0105 jako\u015bci pomiaru<\/p>\n<p style=\"text-align: center\"><a href=\"https:\/\/gpsglobalsolutions.com\/wp-content\/uploads\/2026\/01\/fjd-v4e-5.png\"><img decoding=\"async\" class=\"aligncenter wp-image-5696 size-medium\" src=\"https:\/\/gpsglobalsolutions.com\/wp-content\/uploads\/2026\/01\/fjd-v4e-5-736x400.png\" alt=\"\" width=\"736\" height=\"400\" \/><\/a><\/p>\n<h2 class=\"text-center\" style=\"text-align: center\"><strong>Przep\u0142yw pracy, kt\u00f3ry w ko\u0144cu pasuje<\/strong><\/h2>\n<p style=\"text-align: center\">Przetwarzaj na miejscu, lokalnie lub w chmurze, z elastyczno\u015bci\u0105, z jak\u0105 niewiele mo\u017ce si\u0119 r\u00f3wna\u0107.<\/p>\n<h2 class=\"h3-fs\" style=\"text-align: center\"><strong>Jeden skan, wiele mo\u017cliwo\u015bci\u00a0<\/strong><\/h2>\n<p style=\"text-align: center\">Przechwytuj raz i eksportuj chmury punkt\u00f3w, pliki gotowe do BIM, siatk\u0119 i wi\u0119cej, wszystko w oprogramowaniu FJD TRION MODEL<\/p>\n<div class=\"wp-video\" style=\"text-align: center\">\n<p><video id=\"video-5653-3_html5\" class=\"wp-video-shortcode\" src=\"https:\/\/gpsglobalsolutions.com\/wp-content\/uploads\/2026\/01\/v4e.mp4?_=3\" preload=\"metadata\" width=\"737\" height=\"737\" data-mce-fragment=\"1\"><\/video><\/p>\n<div id=\"mep_2\" class=\"mejs-container mejs-container-keyboard-inactive wp-video-shortcode mejs-video\" tabindex=\"0\" role=\"application\" aria-label=\"Odtwarzacz video\">\n<div class=\"mejs-inner\">\n<div class=\"mejs-layers\">\n<div class=\"mejs-overlay mejs-layer mejs-overlay-play\">\n<div class=\"mejs-overlay-button\" tabindex=\"0\" role=\"button\" aria-label=\"Odtw\u00f3rz\"><\/div>\n<\/div>\n<\/div>\n<div class=\"mejs-controls\">\n<div class=\"mejs-button mejs-playpause-button mejs-play\"><\/div>\n<div class=\"mejs-time mejs-currenttime-container\" role=\"timer\" aria-live=\"off\"><strong style=\"color: #1b1919;font-size: 24px\">Przetwarzanie na miejscu, wykonane w czasie rzeczywistym<\/strong><\/div>\n<\/div>\n<\/div>\n<\/div>\n<\/div>\n<p style=\"text-align: center\">Przetwarzaj i przegl\u0105daj dane bezpo\u015brednio na swoim iPadzie, gdy jeste\u015b jeszcze na miejscu. FJD Trion V4e LIDAR dostarcza wyniki w czasie rzeczywistym ju\u017c w terenie, pomagaj\u0105c zespo\u0142om potwierdzi\u0107 wyniki przed zako\u0144czeniem pracy i opuszczeniem miejsca skanowania<\/p>\n<p style=\"text-align: center\"><a href=\"https:\/\/gpsglobalsolutions.com\/wp-content\/uploads\/2026\/01\/fjd-v4e-6.png\"><img decoding=\"async\" class=\"aligncenter wp-image-5695 size-medium\" src=\"https:\/\/gpsglobalsolutions.com\/wp-content\/uploads\/2026\/01\/fjd-v4e-6-610x400.png\" alt=\"\" width=\"610\" height=\"400\" \/><\/a><\/p>\n<p class=\"\" style=\"text-align: center\" data-placeholder_class_index=\"1\" data-placeholder-image=\"https:\/\/gpsglobalsolutions.com\/wp-content\/uploads\/complianz\/placeholders\/youtubeNu-4kFh0CZA-maxresdefault.webp\">\n","protected":false},"excerpt":{"rendered":"<p><strong>FJD Trion V4E<\/strong>\u00a0to prze\u0142om w technologii odbiornik\u00f3w GNSS. Wa\u017c\u0105cy zaledwie 320g odbiornik obs\u0142uguje 1408 kana\u0142\u00f3w a tak\u017ce wszystkie konstelacje satelitarne. Dok\u0142adno\u015b\u0107 statyczna wynosi \u00b11,5 cm, zapewniaj\u0105c profesjonalne rezultaty.<\/p>\n","protected":false},"featured_media":54963,"comment_status":"open","ping_status":"closed","template":"","meta":{"_acf_changed":false},"product_brand":[],"product_cat":[6156],"product_tag":[],"class_list":{"0":"post-54962","1":"product","2":"type-product","3":"status-publish","4":"has-post-thumbnail","6":"product_cat-inne-produkty","8":"first","9":"instock","10":"taxable","11":"shipping-taxable","12":"product-type-simple"},"acf":[],"yoast_head":"<!-- This site is optimized with the Yoast SEO plugin v27.2 - https:\/\/yoast.com\/product\/yoast-seo-wordpress\/ -->\n<title>FJD TRION V4e LIDAR \u2013 NAJTA\u0143SZY SKANER SLAM 3D - IRONSKY.PL Sklep z Dronami<\/title>\n<meta name=\"description\" content=\"FJD TRION V4e LIDAR \u2013 NAJTA\u0143SZY SKANER SLAM 3D - FJD Trion V4E, najta\u0144szy skaner SLAM na rynku. Wejd\u017a i sprawd\u017a teraz.\" \/>\n<meta name=\"robots\" content=\"index, follow, max-snippet:-1, max-image-preview:large, max-video-preview:-1\" \/>\n<link rel=\"canonical\" href=\"https:\/\/ironsky.pl\/sklep\/produkt\/fjd-trion-v4e-lidar-najtanszy-skaner-slam-3d\/\" \/>\n<meta property=\"og:locale\" content=\"pl_PL\" \/>\n<meta property=\"og:type\" content=\"article\" \/>\n<meta property=\"og:title\" content=\"FJD TRION V4e LIDAR \u2013 NAJTA\u0143SZY SKANER SLAM 3D - IRONSKY.PL Sklep z Dronami\" \/>\n<meta property=\"og:description\" content=\"FJD TRION V4e LIDAR \u2013 NAJTA\u0143SZY SKANER SLAM 3D - FJD Trion V4E, najta\u0144szy skaner SLAM na rynku. Wejd\u017a i sprawd\u017a teraz.\" \/>\n<meta property=\"og:url\" content=\"https:\/\/ironsky.pl\/sklep\/produkt\/fjd-trion-v4e-lidar-najtanszy-skaner-slam-3d\/\" \/>\n<meta property=\"og:site_name\" content=\"IRONSKY.PL Sklep z Dronami\" \/>\n<meta property=\"article:modified_time\" content=\"2026-04-16T13:20:37+00:00\" \/>\n<meta property=\"og:image\" content=\"https:\/\/ironsky.pl\/sklep\/wp-content\/uploads\/2026\/04\/v4e.jpeg\" \/>\n\t<meta property=\"og:image:width\" content=\"510\" \/>\n\t<meta property=\"og:image:height\" content=\"510\" \/>\n\t<meta property=\"og:image:type\" content=\"image\/jpeg\" \/>\n<meta name=\"twitter:card\" content=\"summary_large_image\" \/>\n<meta name=\"twitter:label1\" content=\"Szacowany czas czytania\" \/>\n\t<meta name=\"twitter:data1\" content=\"3 minuty\" \/>\n<script type=\"application\/ld+json\" class=\"yoast-schema-graph\">{\"@context\":\"https:\/\/schema.org\",\"@graph\":[{\"@type\":\"WebPage\",\"@id\":\"https:\/\/ironsky.pl\/sklep\/produkt\/fjd-trion-v4e-lidar-najtanszy-skaner-slam-3d\/\",\"url\":\"https:\/\/ironsky.pl\/sklep\/produkt\/fjd-trion-v4e-lidar-najtanszy-skaner-slam-3d\/\",\"name\":\"FJD TRION V4e LIDAR \u2013 NAJTA\u0143SZY SKANER SLAM 3D - IRONSKY.PL Sklep z Dronami\",\"isPartOf\":{\"@id\":\"https:\/\/ironsky.pl\/sklep\/#website\"},\"primaryImageOfPage\":{\"@id\":\"https:\/\/ironsky.pl\/sklep\/produkt\/fjd-trion-v4e-lidar-najtanszy-skaner-slam-3d\/#primaryimage\"},\"image\":{\"@id\":\"https:\/\/ironsky.pl\/sklep\/produkt\/fjd-trion-v4e-lidar-najtanszy-skaner-slam-3d\/#primaryimage\"},\"thumbnailUrl\":\"https:\/\/ironsky.pl\/sklep\/wp-content\/uploads\/2026\/04\/v4e.jpeg\",\"datePublished\":\"2026-04-16T12:23:56+00:00\",\"dateModified\":\"2026-04-16T13:20:37+00:00\",\"description\":\"FJD TRION V4e LIDAR \u2013 NAJTA\u0143SZY SKANER SLAM 3D - FJD Trion V4E, najta\u0144szy skaner SLAM na rynku. Wejd\u017a i sprawd\u017a teraz.\",\"breadcrumb\":{\"@id\":\"https:\/\/ironsky.pl\/sklep\/produkt\/fjd-trion-v4e-lidar-najtanszy-skaner-slam-3d\/#breadcrumb\"},\"inLanguage\":\"pl-PL\",\"potentialAction\":[{\"@type\":\"ReadAction\",\"target\":[\"https:\/\/ironsky.pl\/sklep\/produkt\/fjd-trion-v4e-lidar-najtanszy-skaner-slam-3d\/\"]}]},{\"@type\":\"ImageObject\",\"inLanguage\":\"pl-PL\",\"@id\":\"https:\/\/ironsky.pl\/sklep\/produkt\/fjd-trion-v4e-lidar-najtanszy-skaner-slam-3d\/#primaryimage\",\"url\":\"https:\/\/ironsky.pl\/sklep\/wp-content\/uploads\/2026\/04\/v4e.jpeg\",\"contentUrl\":\"https:\/\/ironsky.pl\/sklep\/wp-content\/uploads\/2026\/04\/v4e.jpeg\",\"width\":510,\"height\":510},{\"@type\":\"BreadcrumbList\",\"@id\":\"https:\/\/ironsky.pl\/sklep\/produkt\/fjd-trion-v4e-lidar-najtanszy-skaner-slam-3d\/#breadcrumb\",\"itemListElement\":[{\"@type\":\"ListItem\",\"position\":1,\"name\":\"Strona g\u0142\u00f3wna\",\"item\":\"https:\/\/ironsky.pl\/sklep\/\"},{\"@type\":\"ListItem\",\"position\":2,\"name\":\"Wszystkie produkty\",\"item\":\"https:\/\/ironsky.pl\/sklep\/produkty\/\"},{\"@type\":\"ListItem\",\"position\":3,\"name\":\"FJD TRION V4e LIDAR \u2013 NAJTA\u0143SZY SKANER SLAM 3D\"}]},{\"@type\":\"WebSite\",\"@id\":\"https:\/\/ironsky.pl\/sklep\/#website\",\"url\":\"https:\/\/ironsky.pl\/sklep\/\",\"name\":\"IRONSKY.PL Sklep z Dronami\",\"description\":\"IRONSKY.PL Sklep z Dronami\",\"potentialAction\":[{\"@type\":\"SearchAction\",\"target\":{\"@type\":\"EntryPoint\",\"urlTemplate\":\"https:\/\/ironsky.pl\/sklep\/?s={search_term_string}\"},\"query-input\":{\"@type\":\"PropertyValueSpecification\",\"valueRequired\":true,\"valueName\":\"search_term_string\"}}],\"inLanguage\":\"pl-PL\"}]}<\/script>\n<!-- \/ Yoast SEO plugin. -->","yoast_head_json":{"title":"FJD TRION V4e LIDAR \u2013 NAJTA\u0143SZY SKANER SLAM 3D - IRONSKY.PL Sklep z Dronami","description":"FJD TRION V4e LIDAR \u2013 NAJTA\u0143SZY SKANER SLAM 3D - FJD Trion V4E, najta\u0144szy skaner SLAM na rynku. Wejd\u017a i sprawd\u017a teraz.","robots":{"index":"index","follow":"follow","max-snippet":"max-snippet:-1","max-image-preview":"max-image-preview:large","max-video-preview":"max-video-preview:-1"},"canonical":"https:\/\/ironsky.pl\/sklep\/produkt\/fjd-trion-v4e-lidar-najtanszy-skaner-slam-3d\/","og_locale":"pl_PL","og_type":"article","og_title":"FJD TRION V4e LIDAR \u2013 NAJTA\u0143SZY SKANER SLAM 3D - IRONSKY.PL Sklep z Dronami","og_description":"FJD TRION V4e LIDAR \u2013 NAJTA\u0143SZY SKANER SLAM 3D - FJD Trion V4E, najta\u0144szy skaner SLAM na rynku. Wejd\u017a i sprawd\u017a teraz.","og_url":"https:\/\/ironsky.pl\/sklep\/produkt\/fjd-trion-v4e-lidar-najtanszy-skaner-slam-3d\/","og_site_name":"IRONSKY.PL Sklep z Dronami","article_modified_time":"2026-04-16T13:20:37+00:00","og_image":[{"width":510,"height":510,"url":"https:\/\/ironsky.pl\/sklep\/wp-content\/uploads\/2026\/04\/v4e.jpeg","type":"image\/jpeg"}],"twitter_card":"summary_large_image","twitter_misc":{"Szacowany czas czytania":"3 minuty"},"schema":{"@context":"https:\/\/schema.org","@graph":[{"@type":"WebPage","@id":"https:\/\/ironsky.pl\/sklep\/produkt\/fjd-trion-v4e-lidar-najtanszy-skaner-slam-3d\/","url":"https:\/\/ironsky.pl\/sklep\/produkt\/fjd-trion-v4e-lidar-najtanszy-skaner-slam-3d\/","name":"FJD TRION V4e LIDAR \u2013 NAJTA\u0143SZY SKANER SLAM 3D - IRONSKY.PL Sklep z Dronami","isPartOf":{"@id":"https:\/\/ironsky.pl\/sklep\/#website"},"primaryImageOfPage":{"@id":"https:\/\/ironsky.pl\/sklep\/produkt\/fjd-trion-v4e-lidar-najtanszy-skaner-slam-3d\/#primaryimage"},"image":{"@id":"https:\/\/ironsky.pl\/sklep\/produkt\/fjd-trion-v4e-lidar-najtanszy-skaner-slam-3d\/#primaryimage"},"thumbnailUrl":"https:\/\/ironsky.pl\/sklep\/wp-content\/uploads\/2026\/04\/v4e.jpeg","datePublished":"2026-04-16T12:23:56+00:00","dateModified":"2026-04-16T13:20:37+00:00","description":"FJD TRION V4e LIDAR \u2013 NAJTA\u0143SZY SKANER SLAM 3D - FJD Trion V4E, najta\u0144szy skaner SLAM na rynku. Wejd\u017a i sprawd\u017a teraz.","breadcrumb":{"@id":"https:\/\/ironsky.pl\/sklep\/produkt\/fjd-trion-v4e-lidar-najtanszy-skaner-slam-3d\/#breadcrumb"},"inLanguage":"pl-PL","potentialAction":[{"@type":"ReadAction","target":["https:\/\/ironsky.pl\/sklep\/produkt\/fjd-trion-v4e-lidar-najtanszy-skaner-slam-3d\/"]}]},{"@type":"ImageObject","inLanguage":"pl-PL","@id":"https:\/\/ironsky.pl\/sklep\/produkt\/fjd-trion-v4e-lidar-najtanszy-skaner-slam-3d\/#primaryimage","url":"https:\/\/ironsky.pl\/sklep\/wp-content\/uploads\/2026\/04\/v4e.jpeg","contentUrl":"https:\/\/ironsky.pl\/sklep\/wp-content\/uploads\/2026\/04\/v4e.jpeg","width":510,"height":510},{"@type":"BreadcrumbList","@id":"https:\/\/ironsky.pl\/sklep\/produkt\/fjd-trion-v4e-lidar-najtanszy-skaner-slam-3d\/#breadcrumb","itemListElement":[{"@type":"ListItem","position":1,"name":"Strona g\u0142\u00f3wna","item":"https:\/\/ironsky.pl\/sklep\/"},{"@type":"ListItem","position":2,"name":"Wszystkie produkty","item":"https:\/\/ironsky.pl\/sklep\/produkty\/"},{"@type":"ListItem","position":3,"name":"FJD TRION V4e LIDAR \u2013 NAJTA\u0143SZY SKANER SLAM 3D"}]},{"@type":"WebSite","@id":"https:\/\/ironsky.pl\/sklep\/#website","url":"https:\/\/ironsky.pl\/sklep\/","name":"IRONSKY.PL Sklep z Dronami","description":"IRONSKY.PL Sklep z Dronami","potentialAction":[{"@type":"SearchAction","target":{"@type":"EntryPoint","urlTemplate":"https:\/\/ironsky.pl\/sklep\/?s={search_term_string}"},"query-input":{"@type":"PropertyValueSpecification","valueRequired":true,"valueName":"search_term_string"}}],"inLanguage":"pl-PL"}]}},"_links":{"self":[{"href":"https:\/\/ironsky.pl\/sklep\/wp-json\/wp\/v2\/product\/54962","targetHints":{"allow":["GET"]}}],"collection":[{"href":"https:\/\/ironsky.pl\/sklep\/wp-json\/wp\/v2\/product"}],"about":[{"href":"https:\/\/ironsky.pl\/sklep\/wp-json\/wp\/v2\/types\/product"}],"replies":[{"embeddable":true,"href":"https:\/\/ironsky.pl\/sklep\/wp-json\/wp\/v2\/comments?post=54962"}],"wp:featuredmedia":[{"embeddable":true,"href":"https:\/\/ironsky.pl\/sklep\/wp-json\/wp\/v2\/media\/54963"}],"wp:attachment":[{"href":"https:\/\/ironsky.pl\/sklep\/wp-json\/wp\/v2\/media?parent=54962"}],"wp:term":[{"taxonomy":"product_brand","embeddable":true,"href":"https:\/\/ironsky.pl\/sklep\/wp-json\/wp\/v2\/product_brand?post=54962"},{"taxonomy":"product_cat","embeddable":true,"href":"https:\/\/ironsky.pl\/sklep\/wp-json\/wp\/v2\/product_cat?post=54962"},{"taxonomy":"product_tag","embeddable":true,"href":"https:\/\/ironsky.pl\/sklep\/wp-json\/wp\/v2\/product_tag?post=54962"}],"curies":[{"name":"wp","href":"https:\/\/api.w.org\/{rel}","templated":true}]}}