{"id":50530,"date":"2025-11-29T12:49:09","date_gmt":"2025-11-29T11:49:09","guid":{"rendered":"https:\/\/ironsky.pl\/drony-sklep\/?post_type=product&#038;p=50530"},"modified":"2026-03-05T15:43:17","modified_gmt":"2026-03-05T14:43:17","slug":"system-fts-kronos-ag-dla-dji-agras-t50-dronavia","status":"publish","type":"product","link":"https:\/\/ironsky.pl\/sklep\/produkt\/system-fts-kronos-ag-dla-dji-agras-t50-dronavia\/","title":{"rendered":"System FTS Kronos AG dla DJI Agras T50 Dronavia"},"content":{"rendered":"<h2>System FTS Kronos: Bezpiecze\u0144stwo Plug&amp;Play dla DJI Agras T50<\/h2>\n<p>&nbsp;<\/p>\n<p data-path-to-node=\"3\">System jest zgodny z normami EASA <b>MOC2512<\/b> oraz <b>MOC2511<\/b>. Nowy system przerwania lotu (FTS) <b>Kronos<\/b> zaprojektowano w formie <b>plug&amp;play<\/b> by umo\u017cliwi\u0107 pilotom pe\u0142ne skupienie na wykonywanych zadaniach. System mo\u017ce zosta\u0107 <b>zintegrowany z dronem w mniej ni\u017c 5 minut<\/b>. Zgodno\u015b\u0107 z <b>MOC2511<\/b> zapewnia najwy\u017csze \u015brodki bezpiecze\u0144stwa oraz skuteczne zarz\u0105dzanie ryzykiem podczas misji dronowych.<\/p>\n<p data-path-to-node=\"4\">\n<h3>Kluczowe Cechy Systemu FTS Kronos<\/h3>\n<p>&nbsp;<\/p>\n<ul data-path-to-node=\"5\">\n<li>\n<p data-path-to-node=\"5,0,0\">Nielimitowana autonomia<\/p>\n<\/li>\n<li>\n<p data-path-to-node=\"5,1,0\">Waga ograniczona do minimum<\/p>\n<\/li>\n<li>\n<p data-path-to-node=\"5,2,0\">Dost\u0119pny system r\u0119cznego wyzwalania<\/p>\n<\/li>\n<li>\n<p data-path-to-node=\"5,3,0\">Testy produktu przeprowadzane zgodnie z wymogami EASA<\/p>\n<\/li>\n<\/ul>\n<p data-path-to-node=\"6\">\n<h3>Dlaczego Warto Wyposa\u017cy\u0107 Drona w FTS?<\/h3>\n<p>&nbsp;<\/p>\n<p data-path-to-node=\"7\">Monta\u017c FTSa na dronie <b>zwi\u0119ksza poziom bezpiecze\u0144stwa<\/b> w przypadku awarii urz\u0105dzenia lub innych krytycznych problem\u00f3w, kt\u00f3re mog\u0105 wyst\u0105pi\u0107 podczas operacji, takich jak ekstremalne warunki pogodowe, zerwanie \u0142\u0105czno\u015bci, usterka system\u00f3w nap\u0119dowych czy utrata sygna\u0142u GPS. Systemy przerwania lotu Dronavia <b>odcinaj\u0105 zasilanie drona<\/b> w przypadku niebezpiecznych zdarze\u0144, zapobiegaj\u0105c opuszczeniu przez urz\u0105dzenie wyznaczonej strefy lotu.<\/p>\n<p data-path-to-node=\"8\">\n<h3>Zgodno\u015b\u0107 z EASA MOC2511<\/h3>\n<p>&nbsp;<\/p>\n<p data-path-to-node=\"9\">Opublikowany przez EAS\u0118 dokument <b>MOC.2511<\/b> wyznacza standardy operacyjne dla lekkich dron\u00f3w. System przerwania lotu (FTS) jest rekomendowanym \u015brodkiem zapewniaj\u0105cym bezpiecze\u0144stwo w przypadku nag\u0142ych zdarze\u0144. FTSy marki Dronavia posiadaj\u0105 specyfikacj\u0119 <b>zgodn\u0105 z wytycznymi EASA<\/b>.<\/p>\n<p data-path-to-node=\"10\">\n<h3>Du\u017cy Zasi\u0119g i Bezpieczna Transmisja (Klick)<\/h3>\n<p>&nbsp;<\/p>\n<p data-path-to-node=\"11\">D\u0142ugozasi\u0119gowy system komunikacji mi\u0119dzy zdalnym wyzwalaczem <b>Klick<\/b> a systemem przerwania lotu (FTS) opiera si\u0119 na zaawansowanej technologii i modulacji LoRa. Systemy posiadaj\u0105 zasi\u0119g do <b>1,5 km<\/b> w optymalnych warunkach, a opcja d\u0142ugozasi\u0119gowa potrafi wyd\u0142u\u017cy\u0107 ten zakres do <b>ponad 10 kilometr\u00f3w<\/b> (wyzwalacz z opcj\u0105 Klick Ultra). Protok\u00f3\u0142 komunikacyjny opiera si\u0119 na cz\u0119stotliwo\u015bciach <b>869 MHz<\/b> i oferuje <b>128-bitowe szyfrowanie<\/b> zapewniaj\u0105ce bezpiecze\u0144stwo transmisji.<\/p>\n","protected":false},"excerpt":{"rendered":"<p>System FTS Kronos: Bezpiecze\u0144stwo Plug&amp;Play dla DJI Agras T50 &nbsp; System jest zgodny z normami EASA MOC2512 oraz MOC2511. Nowy<\/p>\n","protected":false},"featured_media":50531,"comment_status":"open","ping_status":"closed","template":"","meta":{"_acf_changed":false},"product_brand":[],"product_cat":[6129,1089,5725],"product_tag":[],"class_list":{"0":"post-50530","1":"product","2":"type-product","3":"status-publish","4":"has-post-thumbnail","6":"product_cat-agras-t50","7":"product_cat-czesci-zamienne-do-dronow","8":"product_cat-rolnicze","10":"first","11":"outofstock","12":"taxable","13":"shipping-taxable","14":"purchasable","15":"product-type-simple"},"acf":[],"yoast_head":"<!-- This site is optimized with the Yoast SEO plugin v27.2 - https:\/\/yoast.com\/product\/yoast-seo-wordpress\/ -->\n<title>System FTS Kronos AG dla DJI Agras T50 Dronavia - IRONSKY.PL Sklep z Dronami<\/title>\n<meta name=\"description\" content=\"Zapewnij bezpiecze\u0144stwo DJI Agras T50. System FTS Kronos Plug&amp;Play, zgodny z EASA MOC2511, gwarantuje szybkie odci\u0119cie zasilania i do 10 km zasi\u0119gu.\" \/>\n<meta name=\"robots\" content=\"index, follow, max-snippet:-1, max-image-preview:large, max-video-preview:-1\" \/>\n<link rel=\"canonical\" href=\"https:\/\/ironsky.pl\/sklep\/produkt\/system-fts-kronos-ag-dla-dji-agras-t50-dronavia\/\" \/>\n<meta property=\"og:locale\" content=\"pl_PL\" \/>\n<meta property=\"og:type\" content=\"article\" \/>\n<meta property=\"og:title\" content=\"System FTS Kronos AG dla DJI Agras T50 Dronavia - IRONSKY.PL Sklep z Dronami\" \/>\n<meta property=\"og:description\" content=\"Zapewnij bezpiecze\u0144stwo DJI Agras T50. System FTS Kronos Plug&amp;Play, zgodny z EASA MOC2511, gwarantuje szybkie odci\u0119cie zasilania i do 10 km zasi\u0119gu.\" \/>\n<meta property=\"og:url\" content=\"https:\/\/ironsky.pl\/sklep\/produkt\/system-fts-kronos-ag-dla-dji-agras-t50-dronavia\/\" \/>\n<meta property=\"og:site_name\" content=\"IRONSKY.PL Sklep z Dronami\" \/>\n<meta property=\"article:modified_time\" content=\"2026-03-05T14:43:17+00:00\" \/>\n<meta property=\"og:image\" content=\"https:\/\/ironsky.pl\/sklep\/wp-content\/uploads\/2025\/11\/ssssa.png\" \/>\n\t<meta property=\"og:image:width\" content=\"497\" \/>\n\t<meta property=\"og:image:height\" content=\"341\" \/>\n\t<meta property=\"og:image:type\" content=\"image\/png\" \/>\n<meta name=\"twitter:card\" content=\"summary_large_image\" \/>\n<meta name=\"twitter:label1\" content=\"Szacowany czas czytania\" \/>\n\t<meta name=\"twitter:data1\" content=\"2 minuty\" \/>\n<script type=\"application\/ld+json\" class=\"yoast-schema-graph\">{\"@context\":\"https:\/\/schema.org\",\"@graph\":[{\"@type\":\"WebPage\",\"@id\":\"https:\/\/ironsky.pl\/sklep\/produkt\/system-fts-kronos-ag-dla-dji-agras-t50-dronavia\/\",\"url\":\"https:\/\/ironsky.pl\/sklep\/produkt\/system-fts-kronos-ag-dla-dji-agras-t50-dronavia\/\",\"name\":\"System FTS Kronos AG dla DJI Agras T50 Dronavia - IRONSKY.PL Sklep z Dronami\",\"isPartOf\":{\"@id\":\"https:\/\/ironsky.pl\/sklep\/#website\"},\"primaryImageOfPage\":{\"@id\":\"https:\/\/ironsky.pl\/sklep\/produkt\/system-fts-kronos-ag-dla-dji-agras-t50-dronavia\/#primaryimage\"},\"image\":{\"@id\":\"https:\/\/ironsky.pl\/sklep\/produkt\/system-fts-kronos-ag-dla-dji-agras-t50-dronavia\/#primaryimage\"},\"thumbnailUrl\":\"https:\/\/ironsky.pl\/sklep\/wp-content\/uploads\/2025\/11\/ssssa.png\",\"datePublished\":\"2025-11-29T11:49:09+00:00\",\"dateModified\":\"2026-03-05T14:43:17+00:00\",\"description\":\"Zapewnij bezpiecze\u0144stwo DJI Agras T50. System FTS Kronos Plug&Play, zgodny z EASA MOC2511, gwarantuje szybkie odci\u0119cie zasilania i do 10 km zasi\u0119gu.\",\"breadcrumb\":{\"@id\":\"https:\/\/ironsky.pl\/sklep\/produkt\/system-fts-kronos-ag-dla-dji-agras-t50-dronavia\/#breadcrumb\"},\"inLanguage\":\"pl-PL\",\"potentialAction\":[{\"@type\":\"ReadAction\",\"target\":[\"https:\/\/ironsky.pl\/sklep\/produkt\/system-fts-kronos-ag-dla-dji-agras-t50-dronavia\/\"]}]},{\"@type\":\"ImageObject\",\"inLanguage\":\"pl-PL\",\"@id\":\"https:\/\/ironsky.pl\/sklep\/produkt\/system-fts-kronos-ag-dla-dji-agras-t50-dronavia\/#primaryimage\",\"url\":\"https:\/\/ironsky.pl\/sklep\/wp-content\/uploads\/2025\/11\/ssssa.png\",\"contentUrl\":\"https:\/\/ironsky.pl\/sklep\/wp-content\/uploads\/2025\/11\/ssssa.png\",\"width\":497,\"height\":341},{\"@type\":\"BreadcrumbList\",\"@id\":\"https:\/\/ironsky.pl\/sklep\/produkt\/system-fts-kronos-ag-dla-dji-agras-t50-dronavia\/#breadcrumb\",\"itemListElement\":[{\"@type\":\"ListItem\",\"position\":1,\"name\":\"Strona g\u0142\u00f3wna\",\"item\":\"https:\/\/ironsky.pl\/sklep\/\"},{\"@type\":\"ListItem\",\"position\":2,\"name\":\"Wszystkie produkty\",\"item\":\"https:\/\/ironsky.pl\/sklep\/produkty\/\"},{\"@type\":\"ListItem\",\"position\":3,\"name\":\"System FTS Kronos AG dla DJI Agras T50 Dronavia\"}]},{\"@type\":\"WebSite\",\"@id\":\"https:\/\/ironsky.pl\/sklep\/#website\",\"url\":\"https:\/\/ironsky.pl\/sklep\/\",\"name\":\"IRONSKY.PL Sklep z Dronami\",\"description\":\"IRONSKY.PL Sklep z Dronami\",\"potentialAction\":[{\"@type\":\"SearchAction\",\"target\":{\"@type\":\"EntryPoint\",\"urlTemplate\":\"https:\/\/ironsky.pl\/sklep\/?s={search_term_string}\"},\"query-input\":{\"@type\":\"PropertyValueSpecification\",\"valueRequired\":true,\"valueName\":\"search_term_string\"}}],\"inLanguage\":\"pl-PL\"}]}<\/script>\n<!-- \/ Yoast SEO plugin. -->","yoast_head_json":{"title":"System FTS Kronos AG dla DJI Agras T50 Dronavia - IRONSKY.PL Sklep z Dronami","description":"Zapewnij bezpiecze\u0144stwo DJI Agras T50. System FTS Kronos Plug&Play, zgodny z EASA MOC2511, gwarantuje szybkie odci\u0119cie zasilania i do 10 km zasi\u0119gu.","robots":{"index":"index","follow":"follow","max-snippet":"max-snippet:-1","max-image-preview":"max-image-preview:large","max-video-preview":"max-video-preview:-1"},"canonical":"https:\/\/ironsky.pl\/sklep\/produkt\/system-fts-kronos-ag-dla-dji-agras-t50-dronavia\/","og_locale":"pl_PL","og_type":"article","og_title":"System FTS Kronos AG dla DJI Agras T50 Dronavia - IRONSKY.PL Sklep z Dronami","og_description":"Zapewnij bezpiecze\u0144stwo DJI Agras T50. System FTS Kronos Plug&Play, zgodny z EASA MOC2511, gwarantuje szybkie odci\u0119cie zasilania i do 10 km zasi\u0119gu.","og_url":"https:\/\/ironsky.pl\/sklep\/produkt\/system-fts-kronos-ag-dla-dji-agras-t50-dronavia\/","og_site_name":"IRONSKY.PL Sklep z Dronami","article_modified_time":"2026-03-05T14:43:17+00:00","og_image":[{"width":497,"height":341,"url":"https:\/\/ironsky.pl\/sklep\/wp-content\/uploads\/2025\/11\/ssssa.png","type":"image\/png"}],"twitter_card":"summary_large_image","twitter_misc":{"Szacowany czas czytania":"2 minuty"},"schema":{"@context":"https:\/\/schema.org","@graph":[{"@type":"WebPage","@id":"https:\/\/ironsky.pl\/sklep\/produkt\/system-fts-kronos-ag-dla-dji-agras-t50-dronavia\/","url":"https:\/\/ironsky.pl\/sklep\/produkt\/system-fts-kronos-ag-dla-dji-agras-t50-dronavia\/","name":"System FTS Kronos AG dla DJI Agras T50 Dronavia - IRONSKY.PL Sklep z Dronami","isPartOf":{"@id":"https:\/\/ironsky.pl\/sklep\/#website"},"primaryImageOfPage":{"@id":"https:\/\/ironsky.pl\/sklep\/produkt\/system-fts-kronos-ag-dla-dji-agras-t50-dronavia\/#primaryimage"},"image":{"@id":"https:\/\/ironsky.pl\/sklep\/produkt\/system-fts-kronos-ag-dla-dji-agras-t50-dronavia\/#primaryimage"},"thumbnailUrl":"https:\/\/ironsky.pl\/sklep\/wp-content\/uploads\/2025\/11\/ssssa.png","datePublished":"2025-11-29T11:49:09+00:00","dateModified":"2026-03-05T14:43:17+00:00","description":"Zapewnij bezpiecze\u0144stwo DJI Agras T50. System FTS Kronos Plug&Play, zgodny z EASA MOC2511, gwarantuje szybkie odci\u0119cie zasilania i do 10 km zasi\u0119gu.","breadcrumb":{"@id":"https:\/\/ironsky.pl\/sklep\/produkt\/system-fts-kronos-ag-dla-dji-agras-t50-dronavia\/#breadcrumb"},"inLanguage":"pl-PL","potentialAction":[{"@type":"ReadAction","target":["https:\/\/ironsky.pl\/sklep\/produkt\/system-fts-kronos-ag-dla-dji-agras-t50-dronavia\/"]}]},{"@type":"ImageObject","inLanguage":"pl-PL","@id":"https:\/\/ironsky.pl\/sklep\/produkt\/system-fts-kronos-ag-dla-dji-agras-t50-dronavia\/#primaryimage","url":"https:\/\/ironsky.pl\/sklep\/wp-content\/uploads\/2025\/11\/ssssa.png","contentUrl":"https:\/\/ironsky.pl\/sklep\/wp-content\/uploads\/2025\/11\/ssssa.png","width":497,"height":341},{"@type":"BreadcrumbList","@id":"https:\/\/ironsky.pl\/sklep\/produkt\/system-fts-kronos-ag-dla-dji-agras-t50-dronavia\/#breadcrumb","itemListElement":[{"@type":"ListItem","position":1,"name":"Strona g\u0142\u00f3wna","item":"https:\/\/ironsky.pl\/sklep\/"},{"@type":"ListItem","position":2,"name":"Wszystkie produkty","item":"https:\/\/ironsky.pl\/sklep\/produkty\/"},{"@type":"ListItem","position":3,"name":"System FTS Kronos AG dla DJI Agras T50 Dronavia"}]},{"@type":"WebSite","@id":"https:\/\/ironsky.pl\/sklep\/#website","url":"https:\/\/ironsky.pl\/sklep\/","name":"IRONSKY.PL Sklep z Dronami","description":"IRONSKY.PL Sklep z Dronami","potentialAction":[{"@type":"SearchAction","target":{"@type":"EntryPoint","urlTemplate":"https:\/\/ironsky.pl\/sklep\/?s={search_term_string}"},"query-input":{"@type":"PropertyValueSpecification","valueRequired":true,"valueName":"search_term_string"}}],"inLanguage":"pl-PL"}]}},"_links":{"self":[{"href":"https:\/\/ironsky.pl\/sklep\/wp-json\/wp\/v2\/product\/50530","targetHints":{"allow":["GET"]}}],"collection":[{"href":"https:\/\/ironsky.pl\/sklep\/wp-json\/wp\/v2\/product"}],"about":[{"href":"https:\/\/ironsky.pl\/sklep\/wp-json\/wp\/v2\/types\/product"}],"replies":[{"embeddable":true,"href":"https:\/\/ironsky.pl\/sklep\/wp-json\/wp\/v2\/comments?post=50530"}],"wp:featuredmedia":[{"embeddable":true,"href":"https:\/\/ironsky.pl\/sklep\/wp-json\/wp\/v2\/media\/50531"}],"wp:attachment":[{"href":"https:\/\/ironsky.pl\/sklep\/wp-json\/wp\/v2\/media?parent=50530"}],"wp:term":[{"taxonomy":"product_brand","embeddable":true,"href":"https:\/\/ironsky.pl\/sklep\/wp-json\/wp\/v2\/product_brand?post=50530"},{"taxonomy":"product_cat","embeddable":true,"href":"https:\/\/ironsky.pl\/sklep\/wp-json\/wp\/v2\/product_cat?post=50530"},{"taxonomy":"product_tag","embeddable":true,"href":"https:\/\/ironsky.pl\/sklep\/wp-json\/wp\/v2\/product_tag?post=50530"}],"curies":[{"name":"wp","href":"https:\/\/api.w.org\/{rel}","templated":true}]}}