{"id":50524,"date":"2025-11-29T12:19:46","date_gmt":"2025-11-29T11:19:46","guid":{"rendered":"https:\/\/ironsky.pl\/drony-sklep\/?post_type=product&#038;p=50524"},"modified":"2026-03-05T15:43:16","modified_gmt":"2026-03-05T14:43:16","slug":"system-fts-kronos-m4-dla-dji-matrice-4-ze-spadochronem-dronavia","status":"publish","type":"product","link":"https:\/\/ironsky.pl\/sklep\/produkt\/system-fts-kronos-m4-dla-dji-matrice-4-ze-spadochronem-dronavia\/","title":{"rendered":"System FTS Kronos M4 dla DJI Matrice 4 ze spadochronem Dronavia (KLASA C5)"},"content":{"rendered":"<h2>System Spadochronowy Kronos M4: Autonomia i Bezpiecze\u0144stwo Drona z \u0141adunkiem<\/h2>\n<p data-path-to-node=\"3\">System jest zgodny z normami EASA <b>MOC2512<\/b> oraz <b>MOC2511<\/b>. Spadochronowy system odzyskiwania (PRS) <b>Kronos M4<\/b> mo\u017ce zosta\u0107 zainstalowany lub zdemontowany w zaledwie <b>dwie minuty<\/b>. Producent zapewnia instrukta\u017cowe filmy wideo oraz instrukcj\u0119 obs\u0142ugi, kt\u00f3re umo\u017cliwiaj\u0105 u\u017cytkownikowi szybkie zapoznanie si\u0119 z dzia\u0142aniem systemu.<\/p>\n<h3>Kluczowe Cechy Systemu Kronos M4<\/h3>\n<p>&nbsp;<\/p>\n<ul data-path-to-node=\"5\">\n<li>\n<p data-path-to-node=\"5,0,0\">Nielimitowana autonomia<\/p>\n<\/li>\n<li>\n<p data-path-to-node=\"5,1,0\">Ultra szybka instalacja<\/p>\n<\/li>\n<li>\n<p data-path-to-node=\"5,2,0\">Inteligentna aktywacja systemu<\/p>\n<\/li>\n<li>\n<p data-path-to-node=\"5,3,0\">Kompatybilno\u015b\u0107 z modu\u0142em RTK i dodatkowymi akcesoriami<\/p>\n<\/li>\n<\/ul>\n<h3>Autonomiczna Aktywacja dla Maksymalnej Koncentracji<\/h3>\n<p>&nbsp;<\/p>\n<p data-path-to-node=\"7\">Aby zredukowa\u0107 czas aktywacji i zminimalizowa\u0107 ryzyko wypadku czy usterki, system spadochronowy <b>Kronos M4<\/b> zosta\u0142 wyposa\u017cony w <b>autonomiczn\u0105 technologi\u0119 wyzwalaj\u0105c\u0105<\/b>. Modu\u0142 aktywuje spadochron w czasie kr\u00f3tszym ni\u017c <b>0.27 sekundy<\/b>, podczas gdy aktywacja przez cz\u0142owieka zajmuje przeci\u0119tnie oko\u0142o 3 sekund. Wyprzed\u017a swoj\u0105 konkurencj\u0119 i skup si\u0119 w pe\u0142ni na swoich operacjach w powietrzu.<\/p>\n<h4>Misje z \u0141adunkiem<\/h4>\n<p>&nbsp;<\/p>\n<p data-path-to-node=\"9\"><b>System spadochronowy Kronos M4<\/b> zosta\u0142 zaprojektowany tak, by umo\u017cliwi\u0107 operatorom dron\u00f3w monta\u017c <b>dodatkowych \u0142adunk\u00f3w i akcesori\u00f3w<\/b> niezb\u0119dnych do realizowanych misji.<\/p>\n<h4>Zwi\u0119ksz Bezpiecze\u0144stwo<\/h4>\n<p>&nbsp;<\/p>\n<p data-path-to-node=\"11\">System spadochronowy <b>Kronos M4<\/b> automatycznie blokuje si\u0119 na wysoko\u015bci <b>nie mniejszej ni\u017c 20 metr\u00f3w<\/b>, aby zapobiec uszkodzeniom lub przypadkowej aktywacji. Ten mechanizm zwi\u0119ksza bezpiecze\u0144stwo lotu, zapewnia optymalne warunki dzia\u0142ania i efektywno\u015b\u0107 systemu.<\/p>\n<h3>Mi\u0119kkie i Kontrolowane L\u0105dowanie<\/h3>\n<p>&nbsp;<\/p>\n<p data-path-to-node=\"13\">Czasza spadochronu wykonana w technologii <b>PARA\u00b2<\/b> jest rezultatem trzech lat bada\u0144 i rozwoju. Pow\u0142ok\u0119 PARA\u00b2 cechuje innowacyjno\u015b\u0107, niezwyk\u0142a lekko\u015b\u0107 i unikatowa konstrukcja zapewniaj\u0105ca ponadprzeci\u0119tn\u0105 wydajno\u015b\u0107. Zmniejsza pr\u0119dko\u015b\u0107 spadania i utrzymuje pozycj\u0119 drona, tak aby zminimalizowa\u0107 skutki upadku.<\/p>\n<h3>Bezpieczna Transmisja Dalekiego Zasi\u0119gu (Klick)<\/h3>\n<p>&nbsp;<\/p>\n<p data-path-to-node=\"15\">System komunikacji dalekiego zasi\u0119gu pomi\u0119dzy pilotem zdalnego wyzwalania <b>Klick<\/b> a spadochronem\/FTS oparty jest na zaawansowanej technologii i modulacji LoRa. Jego zasi\u0119g mo\u017ce osi\u0105gn\u0105\u0107 kilka kilometr\u00f3w w optymalnych warunkach, a opcja dalekiego zasi\u0119gu pozwala przekroczy\u0107 <b>nawet 10 km<\/b>. Protok\u00f3\u0142 komunikacyjny opiera si\u0119 na cz\u0119stotliwo\u015bciach <b>869 MHz<\/b>, a 128-bitowe szyfrowanie zapewnia, \u017ce dane nie zostan\u0105 przechwycone.<\/p>\n<h3>Szybki Reset \u2013 System POD<\/h3>\n<p>&nbsp;<\/p>\n<p data-path-to-node=\"17\">Resetowanie spadochronu <b>Kronos<\/b> zajmuje zaledwie kilka minut. Wystarczy wymieni\u0107 u\u017cyty <b>POD<\/b> na nowy, a nast\u0119pnie samodzielnie wykona\u0107 kilka prostych czynno\u015bci konserwacyjnych. Nab\u00f3j <b>CO2<\/b> jest jedynym materia\u0142em eksploatacyjnym, kt\u00f3ry nale\u017cy wymieni\u0107 po uruchomieniu systemu.<\/p>\n<h3>Czarna Skrzynka do Analizy Lotu<\/h3>\n<p>&nbsp;<\/p>\n<p data-path-to-node=\"19\">System rejestruj\u0105cy wykonane operacje w czasie zosta\u0142 wbudowany w spadochron <b>Kronos M4<\/b>. Dzia\u0142ania przeprowadzane przez u\u017cytkownika s\u0105 zapisywane w celach diagnostycznych. Zapisy operacji mog\u0105 by\u0107 analizowane przez Dronavi\u0119 i wysy\u0142ane na \u017c\u0105danie.<\/p>\n","protected":false},"excerpt":{"rendered":"<p>System Spadochronowy Kronos M4: Autonomia i Bezpiecze\u0144stwo Drona z \u0141adunkiem System jest zgodny z normami EASA MOC2512 oraz MOC2511. Spadochronowy<\/p>\n","protected":false},"featured_media":50522,"comment_status":"open","ping_status":"closed","template":"","meta":{"_acf_changed":false},"product_brand":[],"product_cat":[1091,1089,1093],"product_tag":[],"class_list":{"0":"post-50524","1":"product","2":"type-product","3":"status-publish","4":"has-post-thumbnail","6":"product_cat-dji","7":"product_cat-czesci-zamienne-do-dronow","8":"product_cat-urzadzenia-i-akcesoria","10":"first","11":"outofstock","12":"taxable","13":"shipping-taxable","14":"purchasable","15":"product-type-simple"},"acf":[],"yoast_head":"<!-- This site is optimized with the Yoast SEO plugin v27.2 - https:\/\/yoast.com\/product\/yoast-seo-wordpress\/ -->\n<title>System FTS Kronos M4 dla DJI Matrice 4 ze spadochronem Dronavia (KLASA C5) - IRONSKY.PL Sklep z Dronami<\/title>\n<meta name=\"description\" content=\"System FTS Kronos M4 dla DJI Matrice 4 ze spadochronem Dronavia (KLASA C5) - Kronos M4, system FTS zapewniaj\u0105cy bezpiecze\u0144stwo podczas lotu, pomaga wej\u015b\u0107 na wy\u017cszy poziom, ulepszy\u0107 drona do klasy C5 oraz wykonywa\u0107 operacje w STS-01\" \/>\n<meta name=\"robots\" content=\"index, follow, max-snippet:-1, max-image-preview:large, max-video-preview:-1\" \/>\n<link rel=\"canonical\" href=\"https:\/\/ironsky.pl\/sklep\/produkt\/system-fts-kronos-m4-dla-dji-matrice-4-ze-spadochronem-dronavia\/\" \/>\n<meta property=\"og:locale\" content=\"pl_PL\" \/>\n<meta property=\"og:type\" content=\"article\" \/>\n<meta property=\"og:title\" content=\"System FTS Kronos M4 dla DJI Matrice 4 ze spadochronem Dronavia (KLASA C5) - IRONSKY.PL Sklep z Dronami\" \/>\n<meta property=\"og:description\" content=\"System FTS Kronos M4 dla DJI Matrice 4 ze spadochronem Dronavia (KLASA C5) - Kronos M4, system FTS zapewniaj\u0105cy bezpiecze\u0144stwo podczas lotu, pomaga wej\u015b\u0107 na wy\u017cszy poziom, ulepszy\u0107 drona do klasy C5 oraz wykonywa\u0107 operacje w STS-01\" \/>\n<meta property=\"og:url\" content=\"https:\/\/ironsky.pl\/sklep\/produkt\/system-fts-kronos-m4-dla-dji-matrice-4-ze-spadochronem-dronavia\/\" \/>\n<meta property=\"og:site_name\" content=\"IRONSKY.PL Sklep z Dronami\" \/>\n<meta property=\"article:modified_time\" content=\"2026-03-05T14:43:16+00:00\" \/>\n<meta property=\"og:image\" content=\"https:\/\/ironsky.pl\/sklep\/wp-content\/uploads\/2025\/11\/kit-certification-c5-easa-kronos-mvc4-pour-dji-mavic-4-pro-dronavia.jpg\" \/>\n\t<meta property=\"og:image:width\" content=\"800\" \/>\n\t<meta property=\"og:image:height\" content=\"800\" \/>\n\t<meta property=\"og:image:type\" content=\"image\/jpeg\" \/>\n<meta name=\"twitter:card\" content=\"summary_large_image\" \/>\n<meta name=\"twitter:label1\" content=\"Szacowany czas czytania\" \/>\n\t<meta name=\"twitter:data1\" content=\"3 minuty\" \/>\n<script type=\"application\/ld+json\" class=\"yoast-schema-graph\">{\"@context\":\"https:\/\/schema.org\",\"@graph\":[{\"@type\":\"WebPage\",\"@id\":\"https:\/\/ironsky.pl\/sklep\/produkt\/system-fts-kronos-m4-dla-dji-matrice-4-ze-spadochronem-dronavia\/\",\"url\":\"https:\/\/ironsky.pl\/sklep\/produkt\/system-fts-kronos-m4-dla-dji-matrice-4-ze-spadochronem-dronavia\/\",\"name\":\"System FTS Kronos M4 dla DJI Matrice 4 ze spadochronem Dronavia (KLASA C5) - IRONSKY.PL Sklep z Dronami\",\"isPartOf\":{\"@id\":\"https:\/\/ironsky.pl\/sklep\/#website\"},\"primaryImageOfPage\":{\"@id\":\"https:\/\/ironsky.pl\/sklep\/produkt\/system-fts-kronos-m4-dla-dji-matrice-4-ze-spadochronem-dronavia\/#primaryimage\"},\"image\":{\"@id\":\"https:\/\/ironsky.pl\/sklep\/produkt\/system-fts-kronos-m4-dla-dji-matrice-4-ze-spadochronem-dronavia\/#primaryimage\"},\"thumbnailUrl\":\"https:\/\/ironsky.pl\/sklep\/wp-content\/uploads\/2025\/11\/kit-certification-c5-easa-kronos-mvc4-pour-dji-mavic-4-pro-dronavia.jpg\",\"datePublished\":\"2025-11-29T11:19:46+00:00\",\"dateModified\":\"2026-03-05T14:43:16+00:00\",\"description\":\"System FTS Kronos M4 dla DJI Matrice 4 ze spadochronem Dronavia (KLASA C5) - Kronos M4, system FTS zapewniaj\u0105cy bezpiecze\u0144stwo podczas lotu, pomaga wej\u015b\u0107 na wy\u017cszy poziom, ulepszy\u0107 drona do klasy C5 oraz wykonywa\u0107 operacje w STS-01\",\"breadcrumb\":{\"@id\":\"https:\/\/ironsky.pl\/sklep\/produkt\/system-fts-kronos-m4-dla-dji-matrice-4-ze-spadochronem-dronavia\/#breadcrumb\"},\"inLanguage\":\"pl-PL\",\"potentialAction\":[{\"@type\":\"ReadAction\",\"target\":[\"https:\/\/ironsky.pl\/sklep\/produkt\/system-fts-kronos-m4-dla-dji-matrice-4-ze-spadochronem-dronavia\/\"]}]},{\"@type\":\"ImageObject\",\"inLanguage\":\"pl-PL\",\"@id\":\"https:\/\/ironsky.pl\/sklep\/produkt\/system-fts-kronos-m4-dla-dji-matrice-4-ze-spadochronem-dronavia\/#primaryimage\",\"url\":\"https:\/\/ironsky.pl\/sklep\/wp-content\/uploads\/2025\/11\/kit-certification-c5-easa-kronos-mvc4-pour-dji-mavic-4-pro-dronavia.jpg\",\"contentUrl\":\"https:\/\/ironsky.pl\/sklep\/wp-content\/uploads\/2025\/11\/kit-certification-c5-easa-kronos-mvc4-pour-dji-mavic-4-pro-dronavia.jpg\",\"width\":800,\"height\":800},{\"@type\":\"BreadcrumbList\",\"@id\":\"https:\/\/ironsky.pl\/sklep\/produkt\/system-fts-kronos-m4-dla-dji-matrice-4-ze-spadochronem-dronavia\/#breadcrumb\",\"itemListElement\":[{\"@type\":\"ListItem\",\"position\":1,\"name\":\"Strona g\u0142\u00f3wna\",\"item\":\"https:\/\/ironsky.pl\/sklep\/\"},{\"@type\":\"ListItem\",\"position\":2,\"name\":\"Wszystkie produkty\",\"item\":\"https:\/\/ironsky.pl\/sklep\/produkty\/\"},{\"@type\":\"ListItem\",\"position\":3,\"name\":\"System FTS Kronos M4 dla DJI Matrice 4 ze spadochronem Dronavia (KLASA C5)\"}]},{\"@type\":\"WebSite\",\"@id\":\"https:\/\/ironsky.pl\/sklep\/#website\",\"url\":\"https:\/\/ironsky.pl\/sklep\/\",\"name\":\"IRONSKY.PL Sklep z Dronami\",\"description\":\"IRONSKY.PL Sklep z Dronami\",\"potentialAction\":[{\"@type\":\"SearchAction\",\"target\":{\"@type\":\"EntryPoint\",\"urlTemplate\":\"https:\/\/ironsky.pl\/sklep\/?s={search_term_string}\"},\"query-input\":{\"@type\":\"PropertyValueSpecification\",\"valueRequired\":true,\"valueName\":\"search_term_string\"}}],\"inLanguage\":\"pl-PL\"}]}<\/script>\n<!-- \/ Yoast SEO plugin. -->","yoast_head_json":{"title":"System FTS Kronos M4 dla DJI Matrice 4 ze spadochronem Dronavia (KLASA C5) - IRONSKY.PL Sklep z Dronami","description":"System FTS Kronos M4 dla DJI Matrice 4 ze spadochronem Dronavia (KLASA C5) - Kronos M4, system FTS zapewniaj\u0105cy bezpiecze\u0144stwo podczas lotu, pomaga wej\u015b\u0107 na wy\u017cszy poziom, ulepszy\u0107 drona do klasy C5 oraz wykonywa\u0107 operacje w STS-01","robots":{"index":"index","follow":"follow","max-snippet":"max-snippet:-1","max-image-preview":"max-image-preview:large","max-video-preview":"max-video-preview:-1"},"canonical":"https:\/\/ironsky.pl\/sklep\/produkt\/system-fts-kronos-m4-dla-dji-matrice-4-ze-spadochronem-dronavia\/","og_locale":"pl_PL","og_type":"article","og_title":"System FTS Kronos M4 dla DJI Matrice 4 ze spadochronem Dronavia (KLASA C5) - IRONSKY.PL Sklep z Dronami","og_description":"System FTS Kronos M4 dla DJI Matrice 4 ze spadochronem Dronavia (KLASA C5) - Kronos M4, system FTS zapewniaj\u0105cy bezpiecze\u0144stwo podczas lotu, pomaga wej\u015b\u0107 na wy\u017cszy poziom, ulepszy\u0107 drona do klasy C5 oraz wykonywa\u0107 operacje w STS-01","og_url":"https:\/\/ironsky.pl\/sklep\/produkt\/system-fts-kronos-m4-dla-dji-matrice-4-ze-spadochronem-dronavia\/","og_site_name":"IRONSKY.PL Sklep z Dronami","article_modified_time":"2026-03-05T14:43:16+00:00","og_image":[{"width":800,"height":800,"url":"https:\/\/ironsky.pl\/sklep\/wp-content\/uploads\/2025\/11\/kit-certification-c5-easa-kronos-mvc4-pour-dji-mavic-4-pro-dronavia.jpg","type":"image\/jpeg"}],"twitter_card":"summary_large_image","twitter_misc":{"Szacowany czas czytania":"3 minuty"},"schema":{"@context":"https:\/\/schema.org","@graph":[{"@type":"WebPage","@id":"https:\/\/ironsky.pl\/sklep\/produkt\/system-fts-kronos-m4-dla-dji-matrice-4-ze-spadochronem-dronavia\/","url":"https:\/\/ironsky.pl\/sklep\/produkt\/system-fts-kronos-m4-dla-dji-matrice-4-ze-spadochronem-dronavia\/","name":"System FTS Kronos M4 dla DJI Matrice 4 ze spadochronem Dronavia (KLASA C5) - IRONSKY.PL Sklep z Dronami","isPartOf":{"@id":"https:\/\/ironsky.pl\/sklep\/#website"},"primaryImageOfPage":{"@id":"https:\/\/ironsky.pl\/sklep\/produkt\/system-fts-kronos-m4-dla-dji-matrice-4-ze-spadochronem-dronavia\/#primaryimage"},"image":{"@id":"https:\/\/ironsky.pl\/sklep\/produkt\/system-fts-kronos-m4-dla-dji-matrice-4-ze-spadochronem-dronavia\/#primaryimage"},"thumbnailUrl":"https:\/\/ironsky.pl\/sklep\/wp-content\/uploads\/2025\/11\/kit-certification-c5-easa-kronos-mvc4-pour-dji-mavic-4-pro-dronavia.jpg","datePublished":"2025-11-29T11:19:46+00:00","dateModified":"2026-03-05T14:43:16+00:00","description":"System FTS Kronos M4 dla DJI Matrice 4 ze spadochronem Dronavia (KLASA C5) - Kronos M4, system FTS zapewniaj\u0105cy bezpiecze\u0144stwo podczas lotu, pomaga wej\u015b\u0107 na wy\u017cszy poziom, ulepszy\u0107 drona do klasy C5 oraz wykonywa\u0107 operacje w STS-01","breadcrumb":{"@id":"https:\/\/ironsky.pl\/sklep\/produkt\/system-fts-kronos-m4-dla-dji-matrice-4-ze-spadochronem-dronavia\/#breadcrumb"},"inLanguage":"pl-PL","potentialAction":[{"@type":"ReadAction","target":["https:\/\/ironsky.pl\/sklep\/produkt\/system-fts-kronos-m4-dla-dji-matrice-4-ze-spadochronem-dronavia\/"]}]},{"@type":"ImageObject","inLanguage":"pl-PL","@id":"https:\/\/ironsky.pl\/sklep\/produkt\/system-fts-kronos-m4-dla-dji-matrice-4-ze-spadochronem-dronavia\/#primaryimage","url":"https:\/\/ironsky.pl\/sklep\/wp-content\/uploads\/2025\/11\/kit-certification-c5-easa-kronos-mvc4-pour-dji-mavic-4-pro-dronavia.jpg","contentUrl":"https:\/\/ironsky.pl\/sklep\/wp-content\/uploads\/2025\/11\/kit-certification-c5-easa-kronos-mvc4-pour-dji-mavic-4-pro-dronavia.jpg","width":800,"height":800},{"@type":"BreadcrumbList","@id":"https:\/\/ironsky.pl\/sklep\/produkt\/system-fts-kronos-m4-dla-dji-matrice-4-ze-spadochronem-dronavia\/#breadcrumb","itemListElement":[{"@type":"ListItem","position":1,"name":"Strona g\u0142\u00f3wna","item":"https:\/\/ironsky.pl\/sklep\/"},{"@type":"ListItem","position":2,"name":"Wszystkie produkty","item":"https:\/\/ironsky.pl\/sklep\/produkty\/"},{"@type":"ListItem","position":3,"name":"System FTS Kronos M4 dla DJI Matrice 4 ze spadochronem Dronavia (KLASA C5)"}]},{"@type":"WebSite","@id":"https:\/\/ironsky.pl\/sklep\/#website","url":"https:\/\/ironsky.pl\/sklep\/","name":"IRONSKY.PL Sklep z Dronami","description":"IRONSKY.PL Sklep z Dronami","potentialAction":[{"@type":"SearchAction","target":{"@type":"EntryPoint","urlTemplate":"https:\/\/ironsky.pl\/sklep\/?s={search_term_string}"},"query-input":{"@type":"PropertyValueSpecification","valueRequired":true,"valueName":"search_term_string"}}],"inLanguage":"pl-PL"}]}},"_links":{"self":[{"href":"https:\/\/ironsky.pl\/sklep\/wp-json\/wp\/v2\/product\/50524","targetHints":{"allow":["GET"]}}],"collection":[{"href":"https:\/\/ironsky.pl\/sklep\/wp-json\/wp\/v2\/product"}],"about":[{"href":"https:\/\/ironsky.pl\/sklep\/wp-json\/wp\/v2\/types\/product"}],"replies":[{"embeddable":true,"href":"https:\/\/ironsky.pl\/sklep\/wp-json\/wp\/v2\/comments?post=50524"}],"wp:featuredmedia":[{"embeddable":true,"href":"https:\/\/ironsky.pl\/sklep\/wp-json\/wp\/v2\/media\/50522"}],"wp:attachment":[{"href":"https:\/\/ironsky.pl\/sklep\/wp-json\/wp\/v2\/media?parent=50524"}],"wp:term":[{"taxonomy":"product_brand","embeddable":true,"href":"https:\/\/ironsky.pl\/sklep\/wp-json\/wp\/v2\/product_brand?post=50524"},{"taxonomy":"product_cat","embeddable":true,"href":"https:\/\/ironsky.pl\/sklep\/wp-json\/wp\/v2\/product_cat?post=50524"},{"taxonomy":"product_tag","embeddable":true,"href":"https:\/\/ironsky.pl\/sklep\/wp-json\/wp\/v2\/product_tag?post=50524"}],"curies":[{"name":"wp","href":"https:\/\/api.w.org\/{rel}","templated":true}]}}