{"id":49350,"date":"2025-10-03T09:58:52","date_gmt":"2025-10-03T07:58:52","guid":{"rendered":"https:\/\/ironsky.pl\/drony-sklep\/produkt\/kolorowa-lampa-fotograficzna-neweer-tl21c-rgb-led\/"},"modified":"2026-03-05T15:59:57","modified_gmt":"2026-03-05T14:59:57","slug":"kolorowa-lampa-fotograficzna-neweer-tl21c-rgb-led","status":"publish","type":"product","link":"https:\/\/ironsky.pl\/sklep\/produkt\/kolorowa-lampa-fotograficzna-neweer-tl21c-rgb-led\/","title":{"rendered":"Kolorowa lampa fotograficzna Neweer TL21C RGB LED"},"content":{"rendered":"<h3>Kolorowa lampa fotograficzna Neweer TL21C RGB LED<\/h3>\n<p>Odkryj pe\u0142ni\u0119 kreatywnego o\u015bwietlenia z lamp\u0105 Neewer TL21C \u2013 kompaktowym, a zarazem niezwykle wszechstronnym \u015bwiat\u0142em RGB LED, kt\u00f3re mo\u017cesz obs\u0142ugiwa\u0107 z poziomu swojego smartfona. Dzi\u0119ki 195 diodom, a\u017c 17 efektom \u015bwietlnym i precyzyjnej regulacji koloru, jasno\u015bci i temperatury barwowej, ten por\u0119czny panel o\u015bwietleniowy zapewnia profesjonalne rezultaty w ka\u017cdej sytuacji \u2013 od zdj\u0119\u0107 i wideo po transmisje na \u017cywo i imprezy.<\/p>\n<p>\n<img decoding=\"async\" src=\"https:\/\/assets.innpro.pl\/16656\/21689\/1.jpg\" border=\"0\" alt=\"\" \/>\n<\/p>\n<h3>Niezawodno\u015b\u0107 i precyzja<\/h3>\n<p>Neewer TL21C \u0142\u0105czy zaawansowan\u0105 technologi\u0119 o\u015bwietlenia z pe\u0142n\u0105 swobod\u0105 tw\u00f3rcz\u0105. Wyposa\u017cona w 195 diod LED i technologi\u0119 RGBWW, oferuje wyj\u0105tkowe odwzorowanie barw (CRI 95+) i szeroki zakres temperatury barwowej 2500\u20138500K. Jej moc 10 W zapewnia jasno\u015b\u0107 do 730 lux\u00f3w z odleg\u0142o\u015bci 0,5 m, a regulacja jasno\u015bci, odcienia (0\u2013360\u00b0), nasycenia (0\u2013100%) i kompensacji zieleni GM (-50 ~ +50) pozwala dopasowa\u0107 \u015bwiat\u0142o idealnie do ka\u017cdej sceny.<\/p>\n<p>\n<img decoding=\"async\" src=\"https:\/\/assets.innpro.pl\/16656\/21689\/8.jpg\" border=\"0\" alt=\"\" \/>\n<\/p>\n<h3>Pe\u0142na kontrola na Twoim smartfonie<\/h3>\n<p>Dzi\u0119ki aplikacji NEEWER (dost\u0119pnej zar\u00f3wno dla systemu iOS jak i Android) mo\u017cesz bezprzewodowo sterowa\u0107 lamp\u0105 z odleg\u0142o\u015bci do 50 metr\u00f3w. Zmieniaj kolor, temperatur\u0119 barwow\u0105, jasno\u015b\u0107, nasycenie i tryby pracy jednym dotkni\u0119ciem, a tak\u017ce zapisuj ulubione ustawienia. Intuicyjne ko\u0142o kolor\u00f3w umo\u017cliwia szybkie wybieranie odcienia, a obs\u0142uga aktualizacji OTA sprawia, \u017ce lampa zawsze dzia\u0142a z najnowszym oprogramowaniem.<\/p>\n<p>\n<img decoding=\"async\" src=\"https:\/\/assets.innpro.pl\/16656\/21689\/4.jpg\" border=\"0\" alt=\"\" \/>\n<\/p>\n<h3>Zachwycaj\u0105ce efekty i kreatywne tryby pracy<\/h3>\n<p>TL21C oferuje a\u017c 17 gotowych efekt\u00f3w \u015bwietlnych \u2013 od b\u0142yskawic, przez ogie\u0144 i wybuchy, po migaj\u0105ce \u015bwiat\u0142a imprezowe i symulacj\u0119 ekranu telewizora. Dzi\u0119ki trybom CCT, HSI i FX zyskujesz pe\u0142n\u0105 kontrol\u0119 nad kolorem i nastrojem, niezale\u017cnie, czy tworzysz dynamiczne uj\u0119cia wideo, artystyczne zdj\u0119cia, czy prowadzisz transmisj\u0119 na \u017cywo.<\/p>\n<p>\n<img decoding=\"async\" src=\"https:\/\/assets.innpro.pl\/16656\/21689\/6.jpg\" border=\"0\" alt=\"\" \/>\n<\/p>\n<h3>D\u0142ugi czas pracy i szybkie \u0142adowanie<\/h3>\n<p>Wbudowany akumulator litowy 2550 mAh pozwala na nawet 140 minut pracy przy wykorzystaniu maksymalnej jasno\u015bci. Obs\u0142uga szybkiego \u0142adowania PD 3.0 przez port USB-C sprawia, \u017ce lampa jest gotowa do dzia\u0142ania w zaledwie 110 minut. Co wi\u0119cej, mo\u017cna z niej korzysta\u0107 podczas \u0142adowania, dzi\u0119ki czemu Twoja praca jest nieprzerwana.<\/p>\n<p>\n<img decoding=\"async\" src=\"https:\/\/assets.innpro.pl\/16656\/21689\/3.jpg\" border=\"0\" alt=\"\" \/>\n<\/p>\n<h3>Lekka, por\u0119czna i gotowa do monta\u017cu<\/h3>\n<p>Lampa wa\u017cy zaledwie 270 g z wymiarami 228 \u00d7 40 \u00d7 45 mm, dzi\u0119ki czemu idealnie le\u017cy w Twojej d\u0142oni. Wbudowane magnesy umo\u017cliwiaj\u0105 szybkie mocowanie do metalowych powierzchni, a dwa gwinty 1\/4&#8243; pozwalaj\u0105 na monta\u017c na statywie lub uchwycie. \u015awietnie sprawdzi si\u0119 podczas sesji zdj\u0119ciowych, vlog\u00f3w, live stream\u00f3w, imprez, a tak\u017ce jako awaryjne \u017ar\u00f3d\u0142o \u015bwiat\u0142a.<\/p>\n<p>\n<img decoding=\"async\" src=\"https:\/\/assets.innpro.pl\/16656\/21689\/2.jpg\" border=\"0\" alt=\"\" \/>\n<\/p>\n<h3>Stw\u00f3rz w\u0142asn\u0105 scen\u0119 w dowolnym miejscu<\/h3>\n<p>Neewer TL21C to wszechstronna lampa RGB, kt\u00f3ra odnajdzie si\u0119 w niemal ka\u017cdej sytuacji \u2013 od streamowania na \u017cywo, przez plenerowe sesje zdj\u0119ciowe, a\u017c po tworzenie atmosfery na przyj\u0119ciach. Idealna dla tw\u00f3rc\u00f3w szukaj\u0105cych mobilnego, wydajnego i w pe\u0142ni kontrolowanego \u017ar\u00f3d\u0142a \u015bwiat\u0142a.<\/p>\n<p>\n<img decoding=\"async\" src=\"https:\/\/assets.innpro.pl\/16656\/21689\/7.jpg\" border=\"0\" alt=\"\" \/>\n<\/p>\n<h3>W zestawie<\/h3>\n<ul class=\"list-disc pl-5\">\n<li>kolorowa lampa<\/li>\n<li>kabel USB-C<\/li>\n<li>instrukcja obs\u0142ugi<\/li>\n<\/ul>\n<div class=\"table-wrapper\">\n<p>\u00a0<\/p>\n<h3><\/h3>\n<table>\n<tbody>\n<tr>\n<th>Producent<\/th>\n<td>Neewer<\/td>\n<\/tr>\n<tr>\n<th>Model<\/th>\n<td>TL21C<\/td>\n<\/tr>\n<tr>\n<th>Ilo\u015b\u0107 diod LED<\/th>\n<td>195<\/td>\n<\/tr>\n<tr>\n<th>Moc<\/th>\n<td>10 W<\/td>\n<\/tr>\n<tr>\n<th>Maksymalne o\u015bwietlenie<\/th>\n<td>730lux na 0.5m<\/td>\n<\/tr>\n<tr>\n<th>Temperatura barw<\/th>\n<td>2500-8500K<\/td>\n<\/tr>\n<tr>\n<th>Tryby koloru<\/th>\n<td>HSI\/CCT\/FX<\/td>\n<\/tr>\n<tr>\n<th>CRI\/TLCL: 95+<\/th>\n<td>\u015aciemnianie<\/td>\n<\/tr>\n<tr>\n<th>0~100%<\/th>\n<td>Nasycenie barw<\/td>\n<\/tr>\n<tr>\n<th>0~100%<\/th>\n<td>Odcie\u0144 barw<\/td>\n<\/tr>\n<tr>\n<th>0~360\u00b0 RGB <\/th>\n<td>Ilo\u015b\u0107 specjalnych efekt\u00f3w\/scen<\/td>\n<\/tr>\n<tr>\n<th>17<\/th>\n<td>Kontrola przez aplikacj\u0119<\/td>\n<\/tr>\n<tr>\n<th>Obs\u0142ugiwana<\/th>\n<td>Wej\u015bcie<\/td>\n<\/tr>\n<tr>\n<th>5V 2A\/9V 2A<\/th>\n<td>Pojemno\u015b\u0107 akumulatora<\/td>\n<\/tr>\n<tr>\n<th>7.2V 2550mAh<\/th>\n<td>Wsparcie dla szybkiego \u0142adowania<\/td>\n<\/tr>\n<tr>\n<th>Tak, PD3.0<\/th>\n<td>Czas pracy<\/td>\n<\/tr>\n<tr>\n<th>140 minut (przy 100% jasno\u015bci)<\/th>\n<td>Czas \u0142adowania<\/td>\n<\/tr>\n<tr>\n<th>110 minut (szybkie \u0142adowanie), 140 minut<\/th>\n<td>Wymiary<\/td>\n<\/tr>\n<tr>\n<th>228 x 40 x 45 mm<\/th>\n<td>Waga<\/td>\n<\/tr>\n<tr>\n<th>270 g<\/th>\n<\/tr>\n<\/tbody>\n<\/table>\n<\/div>\n","protected":false},"excerpt":{"rendered":"<p>Kolorowa lampa fotograficzna Neweer TL21C RGB LED Odkryj pe\u0142ni\u0119 kreatywnego o\u015bwietlenia z lamp\u0105 Neewer TL21C \u2013 kompaktowym, a zarazem niezwykle<\/p>\n","protected":false},"featured_media":49351,"comment_status":"closed","ping_status":"open","template":"","meta":{"_acf_changed":false},"product_brand":[],"product_cat":[1128,1151,1146],"product_tag":[],"class_list":{"0":"post-49350","1":"product","2":"type-product","3":"status-publish","4":"has-post-thumbnail","6":"product_cat-foto-wideo","7":"product_cat-lampy-studyjne","8":"product_cat-wyposazenie-studia","9":"pa_okres-gwarancji-5757","10":"pa_producent-neewer","12":"first","13":"outofstock","14":"taxable","15":"shipping-taxable","16":"purchasable","17":"product-type-simple"},"acf":[],"yoast_head":"<!-- This site is optimized with the Yoast SEO plugin v27.2 - https:\/\/yoast.com\/product\/yoast-seo-wordpress\/ -->\n<title>Kolorowa lampa fotograficzna Neweer TL21C RGB LED - IRONSKY.PL Sklep z Dronami<\/title>\n<meta name=\"description\" content=\"Kolorowa lampa fotograficzna Neweer TL21C RGB LED - \u2705 sklep z dronami i fachowym doradztwem. \u2705 Tutaj kupisz produkty DJI, Yuneec, Parrot, Syma i wiele innych, a tak\u017ce kursy i licencje na operatora drona.\" \/>\n<meta name=\"robots\" content=\"index, follow, max-snippet:-1, max-image-preview:large, max-video-preview:-1\" \/>\n<link rel=\"canonical\" href=\"https:\/\/ironsky.pl\/sklep\/produkt\/kolorowa-lampa-fotograficzna-neweer-tl21c-rgb-led\/\" \/>\n<meta property=\"og:locale\" content=\"pl_PL\" \/>\n<meta property=\"og:type\" content=\"article\" \/>\n<meta property=\"og:title\" content=\"Kolorowa lampa fotograficzna Neweer TL21C RGB LED - IRONSKY.PL Sklep z Dronami\" \/>\n<meta property=\"og:description\" content=\"Kolorowa lampa fotograficzna Neweer TL21C RGB LED - \u2705 sklep z dronami i fachowym doradztwem. \u2705 Tutaj kupisz produkty DJI, Yuneec, Parrot, Syma i wiele innych, a tak\u017ce kursy i licencje na operatora drona.\" \/>\n<meta property=\"og:url\" content=\"https:\/\/ironsky.pl\/sklep\/produkt\/kolorowa-lampa-fotograficzna-neweer-tl21c-rgb-led\/\" \/>\n<meta property=\"og:site_name\" content=\"IRONSKY.PL Sklep z Dronami\" \/>\n<meta property=\"article:modified_time\" content=\"2026-03-05T14:59:57+00:00\" \/>\n<meta property=\"og:image\" content=\"https:\/\/ironsky.pl\/sklep\/wp-content\/uploads\/2025\/10\/53600_2.jpg\" \/>\n\t<meta property=\"og:image:width\" content=\"800\" \/>\n\t<meta property=\"og:image:height\" content=\"800\" \/>\n\t<meta property=\"og:image:type\" content=\"image\/jpeg\" \/>\n<meta name=\"twitter:card\" content=\"summary_large_image\" \/>\n<meta name=\"twitter:label1\" content=\"Szacowany czas czytania\" \/>\n\t<meta name=\"twitter:data1\" content=\"3 minuty\" \/>\n<script type=\"application\/ld+json\" class=\"yoast-schema-graph\">{\"@context\":\"https:\/\/schema.org\",\"@graph\":[{\"@type\":\"WebPage\",\"@id\":\"https:\/\/ironsky.pl\/sklep\/produkt\/kolorowa-lampa-fotograficzna-neweer-tl21c-rgb-led\/\",\"url\":\"https:\/\/ironsky.pl\/sklep\/produkt\/kolorowa-lampa-fotograficzna-neweer-tl21c-rgb-led\/\",\"name\":\"Kolorowa lampa fotograficzna Neweer TL21C RGB LED - IRONSKY.PL Sklep z Dronami\",\"isPartOf\":{\"@id\":\"https:\/\/ironsky.pl\/sklep\/#website\"},\"primaryImageOfPage\":{\"@id\":\"https:\/\/ironsky.pl\/sklep\/produkt\/kolorowa-lampa-fotograficzna-neweer-tl21c-rgb-led\/#primaryimage\"},\"image\":{\"@id\":\"https:\/\/ironsky.pl\/sklep\/produkt\/kolorowa-lampa-fotograficzna-neweer-tl21c-rgb-led\/#primaryimage\"},\"thumbnailUrl\":\"https:\/\/ironsky.pl\/sklep\/wp-content\/uploads\/2025\/10\/53600_2.jpg\",\"datePublished\":\"2025-10-03T07:58:52+00:00\",\"dateModified\":\"2026-03-05T14:59:57+00:00\",\"description\":\"Kolorowa lampa fotograficzna Neweer TL21C RGB LED - \u2705 sklep z dronami i fachowym doradztwem. \u2705 Tutaj kupisz produkty DJI, Yuneec, Parrot, Syma i wiele innych, a tak\u017ce kursy i licencje na operatora drona.\",\"breadcrumb\":{\"@id\":\"https:\/\/ironsky.pl\/sklep\/produkt\/kolorowa-lampa-fotograficzna-neweer-tl21c-rgb-led\/#breadcrumb\"},\"inLanguage\":\"pl-PL\",\"potentialAction\":[{\"@type\":\"ReadAction\",\"target\":[\"https:\/\/ironsky.pl\/sklep\/produkt\/kolorowa-lampa-fotograficzna-neweer-tl21c-rgb-led\/\"]}]},{\"@type\":\"ImageObject\",\"inLanguage\":\"pl-PL\",\"@id\":\"https:\/\/ironsky.pl\/sklep\/produkt\/kolorowa-lampa-fotograficzna-neweer-tl21c-rgb-led\/#primaryimage\",\"url\":\"https:\/\/ironsky.pl\/sklep\/wp-content\/uploads\/2025\/10\/53600_2.jpg\",\"contentUrl\":\"https:\/\/ironsky.pl\/sklep\/wp-content\/uploads\/2025\/10\/53600_2.jpg\",\"width\":800,\"height\":800},{\"@type\":\"BreadcrumbList\",\"@id\":\"https:\/\/ironsky.pl\/sklep\/produkt\/kolorowa-lampa-fotograficzna-neweer-tl21c-rgb-led\/#breadcrumb\",\"itemListElement\":[{\"@type\":\"ListItem\",\"position\":1,\"name\":\"Strona g\u0142\u00f3wna\",\"item\":\"https:\/\/ironsky.pl\/sklep\/\"},{\"@type\":\"ListItem\",\"position\":2,\"name\":\"Wszystkie produkty\",\"item\":\"https:\/\/ironsky.pl\/sklep\/sklep\/\"},{\"@type\":\"ListItem\",\"position\":3,\"name\":\"Kolorowa lampa fotograficzna Neweer TL21C RGB LED\"}]},{\"@type\":\"WebSite\",\"@id\":\"https:\/\/ironsky.pl\/sklep\/#website\",\"url\":\"https:\/\/ironsky.pl\/sklep\/\",\"name\":\"IRONSKY.PL Sklep z Dronami\",\"description\":\"IRONSKY.PL Sklep z Dronami\",\"potentialAction\":[{\"@type\":\"SearchAction\",\"target\":{\"@type\":\"EntryPoint\",\"urlTemplate\":\"https:\/\/ironsky.pl\/sklep\/?s={search_term_string}\"},\"query-input\":{\"@type\":\"PropertyValueSpecification\",\"valueRequired\":true,\"valueName\":\"search_term_string\"}}],\"inLanguage\":\"pl-PL\"}]}<\/script>\n<!-- \/ Yoast SEO plugin. -->","yoast_head_json":{"title":"Kolorowa lampa fotograficzna Neweer TL21C RGB LED - IRONSKY.PL Sklep z Dronami","description":"Kolorowa lampa fotograficzna Neweer TL21C RGB LED - \u2705 sklep z dronami i fachowym doradztwem. \u2705 Tutaj kupisz produkty DJI, Yuneec, Parrot, Syma i wiele innych, a tak\u017ce kursy i licencje na operatora drona.","robots":{"index":"index","follow":"follow","max-snippet":"max-snippet:-1","max-image-preview":"max-image-preview:large","max-video-preview":"max-video-preview:-1"},"canonical":"https:\/\/ironsky.pl\/sklep\/produkt\/kolorowa-lampa-fotograficzna-neweer-tl21c-rgb-led\/","og_locale":"pl_PL","og_type":"article","og_title":"Kolorowa lampa fotograficzna Neweer TL21C RGB LED - IRONSKY.PL Sklep z Dronami","og_description":"Kolorowa lampa fotograficzna Neweer TL21C RGB LED - \u2705 sklep z dronami i fachowym doradztwem. \u2705 Tutaj kupisz produkty DJI, Yuneec, Parrot, Syma i wiele innych, a tak\u017ce kursy i licencje na operatora drona.","og_url":"https:\/\/ironsky.pl\/sklep\/produkt\/kolorowa-lampa-fotograficzna-neweer-tl21c-rgb-led\/","og_site_name":"IRONSKY.PL Sklep z Dronami","article_modified_time":"2026-03-05T14:59:57+00:00","og_image":[{"width":800,"height":800,"url":"https:\/\/ironsky.pl\/sklep\/wp-content\/uploads\/2025\/10\/53600_2.jpg","type":"image\/jpeg"}],"twitter_card":"summary_large_image","twitter_misc":{"Szacowany czas czytania":"3 minuty"},"schema":{"@context":"https:\/\/schema.org","@graph":[{"@type":"WebPage","@id":"https:\/\/ironsky.pl\/sklep\/produkt\/kolorowa-lampa-fotograficzna-neweer-tl21c-rgb-led\/","url":"https:\/\/ironsky.pl\/sklep\/produkt\/kolorowa-lampa-fotograficzna-neweer-tl21c-rgb-led\/","name":"Kolorowa lampa fotograficzna Neweer TL21C RGB LED - IRONSKY.PL Sklep z Dronami","isPartOf":{"@id":"https:\/\/ironsky.pl\/sklep\/#website"},"primaryImageOfPage":{"@id":"https:\/\/ironsky.pl\/sklep\/produkt\/kolorowa-lampa-fotograficzna-neweer-tl21c-rgb-led\/#primaryimage"},"image":{"@id":"https:\/\/ironsky.pl\/sklep\/produkt\/kolorowa-lampa-fotograficzna-neweer-tl21c-rgb-led\/#primaryimage"},"thumbnailUrl":"https:\/\/ironsky.pl\/sklep\/wp-content\/uploads\/2025\/10\/53600_2.jpg","datePublished":"2025-10-03T07:58:52+00:00","dateModified":"2026-03-05T14:59:57+00:00","description":"Kolorowa lampa fotograficzna Neweer TL21C RGB LED - \u2705 sklep z dronami i fachowym doradztwem. \u2705 Tutaj kupisz produkty DJI, Yuneec, Parrot, Syma i wiele innych, a tak\u017ce kursy i licencje na operatora drona.","breadcrumb":{"@id":"https:\/\/ironsky.pl\/sklep\/produkt\/kolorowa-lampa-fotograficzna-neweer-tl21c-rgb-led\/#breadcrumb"},"inLanguage":"pl-PL","potentialAction":[{"@type":"ReadAction","target":["https:\/\/ironsky.pl\/sklep\/produkt\/kolorowa-lampa-fotograficzna-neweer-tl21c-rgb-led\/"]}]},{"@type":"ImageObject","inLanguage":"pl-PL","@id":"https:\/\/ironsky.pl\/sklep\/produkt\/kolorowa-lampa-fotograficzna-neweer-tl21c-rgb-led\/#primaryimage","url":"https:\/\/ironsky.pl\/sklep\/wp-content\/uploads\/2025\/10\/53600_2.jpg","contentUrl":"https:\/\/ironsky.pl\/sklep\/wp-content\/uploads\/2025\/10\/53600_2.jpg","width":800,"height":800},{"@type":"BreadcrumbList","@id":"https:\/\/ironsky.pl\/sklep\/produkt\/kolorowa-lampa-fotograficzna-neweer-tl21c-rgb-led\/#breadcrumb","itemListElement":[{"@type":"ListItem","position":1,"name":"Strona g\u0142\u00f3wna","item":"https:\/\/ironsky.pl\/sklep\/"},{"@type":"ListItem","position":2,"name":"Wszystkie produkty","item":"https:\/\/ironsky.pl\/sklep\/sklep\/"},{"@type":"ListItem","position":3,"name":"Kolorowa lampa fotograficzna Neweer TL21C RGB LED"}]},{"@type":"WebSite","@id":"https:\/\/ironsky.pl\/sklep\/#website","url":"https:\/\/ironsky.pl\/sklep\/","name":"IRONSKY.PL Sklep z Dronami","description":"IRONSKY.PL Sklep z Dronami","potentialAction":[{"@type":"SearchAction","target":{"@type":"EntryPoint","urlTemplate":"https:\/\/ironsky.pl\/sklep\/?s={search_term_string}"},"query-input":{"@type":"PropertyValueSpecification","valueRequired":true,"valueName":"search_term_string"}}],"inLanguage":"pl-PL"}]}},"_links":{"self":[{"href":"https:\/\/ironsky.pl\/sklep\/wp-json\/wp\/v2\/product\/49350","targetHints":{"allow":["GET"]}}],"collection":[{"href":"https:\/\/ironsky.pl\/sklep\/wp-json\/wp\/v2\/product"}],"about":[{"href":"https:\/\/ironsky.pl\/sklep\/wp-json\/wp\/v2\/types\/product"}],"replies":[{"embeddable":true,"href":"https:\/\/ironsky.pl\/sklep\/wp-json\/wp\/v2\/comments?post=49350"}],"wp:featuredmedia":[{"embeddable":true,"href":"https:\/\/ironsky.pl\/sklep\/wp-json\/wp\/v2\/media\/49351"}],"wp:attachment":[{"href":"https:\/\/ironsky.pl\/sklep\/wp-json\/wp\/v2\/media?parent=49350"}],"wp:term":[{"taxonomy":"product_brand","embeddable":true,"href":"https:\/\/ironsky.pl\/sklep\/wp-json\/wp\/v2\/product_brand?post=49350"},{"taxonomy":"product_cat","embeddable":true,"href":"https:\/\/ironsky.pl\/sklep\/wp-json\/wp\/v2\/product_cat?post=49350"},{"taxonomy":"product_tag","embeddable":true,"href":"https:\/\/ironsky.pl\/sklep\/wp-json\/wp\/v2\/product_tag?post=49350"}],"curies":[{"name":"wp","href":"https:\/\/api.w.org\/{rel}","templated":true}]}}