{"id":48990,"date":"2025-10-03T09:55:44","date_gmt":"2025-10-03T07:55:44","guid":{"rendered":"https:\/\/ironsky.pl\/drony-sklep\/produkt\/statyw-uchwyt-selfie-insta360\/"},"modified":"2026-03-05T15:59:43","modified_gmt":"2026-03-05T14:59:43","slug":"statyw-uchwyt-selfie-insta360","status":"publish","type":"product","link":"https:\/\/ironsky.pl\/sklep\/produkt\/statyw-uchwyt-selfie-insta360\/","title":{"rendered":"Statyw \/ uchwyt selfie Insta360"},"content":{"rendered":"<h3>Statyw \/ uchwyt selfie Insta360<\/h3>\n<p>CINSCAVU to kompaktowy i funkcjonalny uchwyt zaprojektowany z my\u015bl\u0105 o Insta360 X4 \/ X3. \u0141\u0105czy w sobie funkcj\u0119 niewidzialnego selfie sticka oraz stabilnego statywu, oferuj\u0105c szerokie mo\u017cliwo\u015bci rejestrowania dynamicznych i statycznych uj\u0119\u0107. Dzi\u0119ki lekkiej, sk\u0142adanej konstrukcji jest niezwykle wygodny w transporcie.<\/p>\n<p>\n<img decoding=\"async\" src=\"https:\/\/assets.innpro.pl\/12870\/15638\/3.jpg\" border=\"0\" alt=\"\" \/>\n<\/p>\n<h3>Wszechstronny uchwyt dla kreatywnych uj\u0119\u0107<\/h3>\n<p>Uchwyt insta360 CINSCAVU to idealne akcesorium dla tw\u00f3rc\u00f3w, kt\u00f3rzy ceni\u0105 sobie funkcjonalno\u015b\u0107 i wygod\u0119. B\u0142yskawicznie przygotujesz go do pracy, a po zako\u0144czeniu nagrywania z \u0142atwo\u015bci\u0105 z\u0142o\u017cysz i schowasz do plecaka lub nawet kieszeni. Dzi\u0119ki innowacyjnej konstrukcji urz\u0105dzenie pe\u0142ni dwie funkcje: mo\u017ce by\u0107 u\u017cywane jako niewidoczny selfie stick lub jako stabilny statyw do ustawienia kamery w wybranym miejscu.<\/p>\n<p>\n<img decoding=\"async\" src=\"https:\/\/assets.innpro.pl\/12870\/15638\/4.jpg\" border=\"0\" alt=\"\" \/>\n<\/p>\n<h3>Niewidzialny selfie stick<\/h3>\n<p>Podczas nagrywania w trybie 360\u00b0 uchwyt pozostaje ca\u0142kowicie niewidoczny na nagraniach, co pozwala na uzyskanie unikalnych, immersyjnych uj\u0119\u0107. Dzi\u0119ki temu mo\u017cesz tworzy\u0107 materia\u0142y z perspektywy trzeciej osoby, bez potrzeby korzystania z drona czy dodatkowego sprz\u0119tu. To idealne rozwi\u0105zanie dla vloger\u00f3w, sportowc\u00f3w i podr\u00f3\u017cnik\u00f3w, kt\u00f3rzy chc\u0105 uchwyci\u0107 dynamiczne sceny w pe\u0142nej perspektywie, jednocze\u015bnie zachowuj\u0105c pe\u0142n\u0105 kontrol\u0119 nad kadrem.<\/p>\n<p>\n<img decoding=\"async\" src=\"https:\/\/assets.innpro.pl\/12870\/15638\/2.jpg\" border=\"0\" alt=\"\" \/>\n<\/p>\n<h3>Kompaktowy i \u0142atwy w transporcie<\/h3>\n<p>Po z\u0142o\u017ceniu uchwyt ma zaledwie 16,6 cm d\u0142ugo\u015bci, dzi\u0119ki czemu bez problemu zmie\u015bci si\u0119 w torbie czy plecaku. Co wi\u0119cej, mo\u017cna przechowywa\u0107 go z przymocowan\u0105 kamer\u0105, co pozwala na szybkie rozpocz\u0119cie nagrywania. W zestawie znajduje si\u0119 tak\u017ce os\u0142ona obiektywu dla dodatkowej ochrony.<\/p>\n<p>\n<img decoding=\"async\" src=\"https:\/\/assets.innpro.pl\/12870\/15638\/1.jpg\" border=\"0\" alt=\"\" \/>\n<\/p>\n<h3>W zestawie<\/h3>\n<ul class=\"list-disc pl-5\">\n<li>uchwyt<\/li>\n<li>os\u0142ona na obiektyw z paskiem na nadgarstek<\/li>\n<li>etui na 2 karty microSD<\/li>\n<\/ul>\n<div class=\"table-wrapper\">\n<p>\u00a0<\/p>\n<h3><\/h3>\n<table>\n<tbody>\n<tr>\n<th>Producent<\/th>\n<td>insta360<\/td>\n<\/tr>\n<tr>\n<th>Model<\/th>\n<td>CINSCAVU<\/td>\n<\/tr>\n<tr>\n<th>Minimalna d\u0142ugo\u015b\u0107<\/th>\n<td>16.6 cm<\/td>\n<\/tr>\n<tr>\n<th>Maksymalna d\u0142ugo\u015b\u0107<\/th>\n<td>58.5 cm<\/td>\n<\/tr>\n<tr>\n<th>Waga<\/th>\n<td>181.8 g<\/td>\n<\/tr>\n<tr>\n<th>Maksymalne obci\u0105\u017cenie<\/th>\n<td>300 g<\/td>\n<\/tr>\n<\/tbody>\n<\/table>\n<\/div>\n","protected":false},"excerpt":{"rendered":"<p>Statyw \/ uchwyt selfie Insta360 CINSCAVU to kompaktowy i funkcjonalny uchwyt zaprojektowany z my\u015bl\u0105 o Insta360 X4 \/ X3. \u0141\u0105czy<\/p>\n","protected":false},"featured_media":48991,"comment_status":"closed","ping_status":"open","template":"","meta":{"_acf_changed":false},"product_brand":[],"product_cat":[1128,1139,1140,1141,1138],"product_tag":[],"class_list":{"0":"post-48990","1":"product","2":"type-product","3":"status-publish","4":"has-post-thumbnail","6":"product_cat-foto-wideo","7":"product_cat-selfie-stick","8":"product_cat-statywy","9":"product_cat-uchwyty-do-mocowania-kamer-i-aparatow","10":"product_cat-wysiegniki","11":"pa_okres-gwarancji-5757","12":"pa_producent-insta360","14":"first","15":"outofstock","16":"taxable","17":"shipping-taxable","18":"purchasable","19":"product-type-simple"},"acf":[],"yoast_head":"<!-- This site is optimized with the Yoast SEO plugin v27.2 - https:\/\/yoast.com\/product\/yoast-seo-wordpress\/ -->\n<title>Statyw \/ uchwyt selfie Insta360 - IRONSKY.PL Sklep z Dronami<\/title>\n<meta name=\"description\" content=\"Statyw \/ uchwyt selfie Insta360 - \u2705 sklep z dronami i fachowym doradztwem. \u2705 Tutaj kupisz produkty DJI, Yuneec, Parrot, Syma i wiele innych, a tak\u017ce kursy i licencje na operatora drona.\" \/>\n<meta name=\"robots\" content=\"index, follow, max-snippet:-1, max-image-preview:large, max-video-preview:-1\" \/>\n<link rel=\"canonical\" href=\"https:\/\/ironsky.pl\/sklep\/produkt\/statyw-uchwyt-selfie-insta360\/\" \/>\n<meta property=\"og:locale\" content=\"pl_PL\" \/>\n<meta property=\"og:type\" content=\"article\" \/>\n<meta property=\"og:title\" content=\"Statyw \/ uchwyt selfie Insta360 - IRONSKY.PL Sklep z Dronami\" \/>\n<meta property=\"og:description\" content=\"Statyw \/ uchwyt selfie Insta360 - \u2705 sklep z dronami i fachowym doradztwem. \u2705 Tutaj kupisz produkty DJI, Yuneec, Parrot, Syma i wiele innych, a tak\u017ce kursy i licencje na operatora drona.\" \/>\n<meta property=\"og:url\" content=\"https:\/\/ironsky.pl\/sklep\/produkt\/statyw-uchwyt-selfie-insta360\/\" \/>\n<meta property=\"og:site_name\" content=\"IRONSKY.PL Sklep z Dronami\" \/>\n<meta property=\"article:modified_time\" content=\"2026-03-05T14:59:43+00:00\" \/>\n<meta property=\"og:image\" content=\"https:\/\/ironsky.pl\/sklep\/wp-content\/uploads\/2025\/10\/50284_1.jpg\" \/>\n\t<meta property=\"og:image:width\" content=\"800\" \/>\n\t<meta property=\"og:image:height\" content=\"800\" \/>\n\t<meta property=\"og:image:type\" content=\"image\/jpeg\" \/>\n<meta name=\"twitter:card\" content=\"summary_large_image\" \/>\n<meta name=\"twitter:label1\" content=\"Szacowany czas czytania\" \/>\n\t<meta name=\"twitter:data1\" content=\"1 minuta\" \/>\n<script type=\"application\/ld+json\" class=\"yoast-schema-graph\">{\"@context\":\"https:\/\/schema.org\",\"@graph\":[{\"@type\":\"WebPage\",\"@id\":\"https:\/\/ironsky.pl\/sklep\/produkt\/statyw-uchwyt-selfie-insta360\/\",\"url\":\"https:\/\/ironsky.pl\/sklep\/produkt\/statyw-uchwyt-selfie-insta360\/\",\"name\":\"Statyw \/ uchwyt selfie Insta360 - IRONSKY.PL Sklep z Dronami\",\"isPartOf\":{\"@id\":\"https:\/\/ironsky.pl\/sklep\/#website\"},\"primaryImageOfPage\":{\"@id\":\"https:\/\/ironsky.pl\/sklep\/produkt\/statyw-uchwyt-selfie-insta360\/#primaryimage\"},\"image\":{\"@id\":\"https:\/\/ironsky.pl\/sklep\/produkt\/statyw-uchwyt-selfie-insta360\/#primaryimage\"},\"thumbnailUrl\":\"https:\/\/ironsky.pl\/sklep\/wp-content\/uploads\/2025\/10\/50284_1.jpg\",\"datePublished\":\"2025-10-03T07:55:44+00:00\",\"dateModified\":\"2026-03-05T14:59:43+00:00\",\"description\":\"Statyw \/ uchwyt selfie Insta360 - \u2705 sklep z dronami i fachowym doradztwem. \u2705 Tutaj kupisz produkty DJI, Yuneec, Parrot, Syma i wiele innych, a tak\u017ce kursy i licencje na operatora drona.\",\"breadcrumb\":{\"@id\":\"https:\/\/ironsky.pl\/sklep\/produkt\/statyw-uchwyt-selfie-insta360\/#breadcrumb\"},\"inLanguage\":\"pl-PL\",\"potentialAction\":[{\"@type\":\"ReadAction\",\"target\":[\"https:\/\/ironsky.pl\/sklep\/produkt\/statyw-uchwyt-selfie-insta360\/\"]}]},{\"@type\":\"ImageObject\",\"inLanguage\":\"pl-PL\",\"@id\":\"https:\/\/ironsky.pl\/sklep\/produkt\/statyw-uchwyt-selfie-insta360\/#primaryimage\",\"url\":\"https:\/\/ironsky.pl\/sklep\/wp-content\/uploads\/2025\/10\/50284_1.jpg\",\"contentUrl\":\"https:\/\/ironsky.pl\/sklep\/wp-content\/uploads\/2025\/10\/50284_1.jpg\",\"width\":800,\"height\":800},{\"@type\":\"BreadcrumbList\",\"@id\":\"https:\/\/ironsky.pl\/sklep\/produkt\/statyw-uchwyt-selfie-insta360\/#breadcrumb\",\"itemListElement\":[{\"@type\":\"ListItem\",\"position\":1,\"name\":\"Strona g\u0142\u00f3wna\",\"item\":\"https:\/\/ironsky.pl\/sklep\/\"},{\"@type\":\"ListItem\",\"position\":2,\"name\":\"Wszystkie produkty\",\"item\":\"https:\/\/ironsky.pl\/sklep\/produkty\/\"},{\"@type\":\"ListItem\",\"position\":3,\"name\":\"Statyw \/ uchwyt selfie Insta360\"}]},{\"@type\":\"WebSite\",\"@id\":\"https:\/\/ironsky.pl\/sklep\/#website\",\"url\":\"https:\/\/ironsky.pl\/sklep\/\",\"name\":\"IRONSKY.PL Sklep z Dronami\",\"description\":\"IRONSKY.PL Sklep z Dronami\",\"potentialAction\":[{\"@type\":\"SearchAction\",\"target\":{\"@type\":\"EntryPoint\",\"urlTemplate\":\"https:\/\/ironsky.pl\/sklep\/?s={search_term_string}\"},\"query-input\":{\"@type\":\"PropertyValueSpecification\",\"valueRequired\":true,\"valueName\":\"search_term_string\"}}],\"inLanguage\":\"pl-PL\"}]}<\/script>\n<!-- \/ Yoast SEO plugin. -->","yoast_head_json":{"title":"Statyw \/ uchwyt selfie Insta360 - IRONSKY.PL Sklep z Dronami","description":"Statyw \/ uchwyt selfie Insta360 - \u2705 sklep z dronami i fachowym doradztwem. \u2705 Tutaj kupisz produkty DJI, Yuneec, Parrot, Syma i wiele innych, a tak\u017ce kursy i licencje na operatora drona.","robots":{"index":"index","follow":"follow","max-snippet":"max-snippet:-1","max-image-preview":"max-image-preview:large","max-video-preview":"max-video-preview:-1"},"canonical":"https:\/\/ironsky.pl\/sklep\/produkt\/statyw-uchwyt-selfie-insta360\/","og_locale":"pl_PL","og_type":"article","og_title":"Statyw \/ uchwyt selfie Insta360 - IRONSKY.PL Sklep z Dronami","og_description":"Statyw \/ uchwyt selfie Insta360 - \u2705 sklep z dronami i fachowym doradztwem. \u2705 Tutaj kupisz produkty DJI, Yuneec, Parrot, Syma i wiele innych, a tak\u017ce kursy i licencje na operatora drona.","og_url":"https:\/\/ironsky.pl\/sklep\/produkt\/statyw-uchwyt-selfie-insta360\/","og_site_name":"IRONSKY.PL Sklep z Dronami","article_modified_time":"2026-03-05T14:59:43+00:00","og_image":[{"width":800,"height":800,"url":"https:\/\/ironsky.pl\/sklep\/wp-content\/uploads\/2025\/10\/50284_1.jpg","type":"image\/jpeg"}],"twitter_card":"summary_large_image","twitter_misc":{"Szacowany czas czytania":"1 minuta"},"schema":{"@context":"https:\/\/schema.org","@graph":[{"@type":"WebPage","@id":"https:\/\/ironsky.pl\/sklep\/produkt\/statyw-uchwyt-selfie-insta360\/","url":"https:\/\/ironsky.pl\/sklep\/produkt\/statyw-uchwyt-selfie-insta360\/","name":"Statyw \/ uchwyt selfie Insta360 - IRONSKY.PL Sklep z Dronami","isPartOf":{"@id":"https:\/\/ironsky.pl\/sklep\/#website"},"primaryImageOfPage":{"@id":"https:\/\/ironsky.pl\/sklep\/produkt\/statyw-uchwyt-selfie-insta360\/#primaryimage"},"image":{"@id":"https:\/\/ironsky.pl\/sklep\/produkt\/statyw-uchwyt-selfie-insta360\/#primaryimage"},"thumbnailUrl":"https:\/\/ironsky.pl\/sklep\/wp-content\/uploads\/2025\/10\/50284_1.jpg","datePublished":"2025-10-03T07:55:44+00:00","dateModified":"2026-03-05T14:59:43+00:00","description":"Statyw \/ uchwyt selfie Insta360 - \u2705 sklep z dronami i fachowym doradztwem. \u2705 Tutaj kupisz produkty DJI, Yuneec, Parrot, Syma i wiele innych, a tak\u017ce kursy i licencje na operatora drona.","breadcrumb":{"@id":"https:\/\/ironsky.pl\/sklep\/produkt\/statyw-uchwyt-selfie-insta360\/#breadcrumb"},"inLanguage":"pl-PL","potentialAction":[{"@type":"ReadAction","target":["https:\/\/ironsky.pl\/sklep\/produkt\/statyw-uchwyt-selfie-insta360\/"]}]},{"@type":"ImageObject","inLanguage":"pl-PL","@id":"https:\/\/ironsky.pl\/sklep\/produkt\/statyw-uchwyt-selfie-insta360\/#primaryimage","url":"https:\/\/ironsky.pl\/sklep\/wp-content\/uploads\/2025\/10\/50284_1.jpg","contentUrl":"https:\/\/ironsky.pl\/sklep\/wp-content\/uploads\/2025\/10\/50284_1.jpg","width":800,"height":800},{"@type":"BreadcrumbList","@id":"https:\/\/ironsky.pl\/sklep\/produkt\/statyw-uchwyt-selfie-insta360\/#breadcrumb","itemListElement":[{"@type":"ListItem","position":1,"name":"Strona g\u0142\u00f3wna","item":"https:\/\/ironsky.pl\/sklep\/"},{"@type":"ListItem","position":2,"name":"Wszystkie produkty","item":"https:\/\/ironsky.pl\/sklep\/produkty\/"},{"@type":"ListItem","position":3,"name":"Statyw \/ uchwyt selfie Insta360"}]},{"@type":"WebSite","@id":"https:\/\/ironsky.pl\/sklep\/#website","url":"https:\/\/ironsky.pl\/sklep\/","name":"IRONSKY.PL Sklep z Dronami","description":"IRONSKY.PL Sklep z Dronami","potentialAction":[{"@type":"SearchAction","target":{"@type":"EntryPoint","urlTemplate":"https:\/\/ironsky.pl\/sklep\/?s={search_term_string}"},"query-input":{"@type":"PropertyValueSpecification","valueRequired":true,"valueName":"search_term_string"}}],"inLanguage":"pl-PL"}]}},"_links":{"self":[{"href":"https:\/\/ironsky.pl\/sklep\/wp-json\/wp\/v2\/product\/48990","targetHints":{"allow":["GET"]}}],"collection":[{"href":"https:\/\/ironsky.pl\/sklep\/wp-json\/wp\/v2\/product"}],"about":[{"href":"https:\/\/ironsky.pl\/sklep\/wp-json\/wp\/v2\/types\/product"}],"replies":[{"embeddable":true,"href":"https:\/\/ironsky.pl\/sklep\/wp-json\/wp\/v2\/comments?post=48990"}],"wp:featuredmedia":[{"embeddable":true,"href":"https:\/\/ironsky.pl\/sklep\/wp-json\/wp\/v2\/media\/48991"}],"wp:attachment":[{"href":"https:\/\/ironsky.pl\/sklep\/wp-json\/wp\/v2\/media?parent=48990"}],"wp:term":[{"taxonomy":"product_brand","embeddable":true,"href":"https:\/\/ironsky.pl\/sklep\/wp-json\/wp\/v2\/product_brand?post=48990"},{"taxonomy":"product_cat","embeddable":true,"href":"https:\/\/ironsky.pl\/sklep\/wp-json\/wp\/v2\/product_cat?post=48990"},{"taxonomy":"product_tag","embeddable":true,"href":"https:\/\/ironsky.pl\/sklep\/wp-json\/wp\/v2\/product_tag?post=48990"}],"curies":[{"name":"wp","href":"https:\/\/api.w.org\/{rel}","templated":true}]}}