{"id":48879,"date":"2025-10-03T09:53:42","date_gmt":"2025-10-03T07:53:42","guid":{"rendered":"https:\/\/ironsky.pl\/drony-sklep\/produkt\/torba-na-laptopa-tomtoc-13-5-14-4-defender-a31\/"},"modified":"2026-03-05T15:59:40","modified_gmt":"2026-03-05T14:59:40","slug":"torba-na-laptopa-tomtoc-13-5-14-4-defender-a31","status":"publish","type":"product","link":"https:\/\/ironsky.pl\/sklep\/produkt\/torba-na-laptopa-tomtoc-13-5-14-4-defender-a31\/","title":{"rendered":"Torba na laptopa tomtoc 13.5-14.4&#8243; Defender-A31"},"content":{"rendered":"<h3>Torba na laptopa tomtoc 13.5-14.4&#8243; Defender-A31<\/h3>\n<p>Wygodnie przechowuj sw\u00f3j sprz\u0119t. Torba tomtoc Defender-A31 oferuje obszern\u0105 g\u0142\u00f3wn\u0105 komor\u0119 z dedykowanymi strefami dla MacBooka i tabletu oraz 2 dodatkowe kieszenie siatkowe na akcesoria. Z powodzeniem przechowasz AirTagi, kable, \u0142adowarki i inne gad\u017cety. Dzi\u0119ki tylnej kieszeni mo\u017cesz cieszy\u0107 si\u0119 szybkim dost\u0119pem do notesu lub dokument\u00f3w. Zastosowanie wytrzyma\u0142ych materia\u0142\u00f3w zapewnia trwa\u0142o\u015b\u0107, a odpinany pasek i praktyczny uchwyt zwi\u0119kszaj\u0105 wygod\u0119 u\u017cytkowania.<\/p>\n<p>\n<img decoding=\"async\" src=\"https:\/\/assets.innpro.pl\/6243\/7325\/3.jpg\" border=\"0\" \/>\n<\/p>\n<h3>Bezpiecze\u0144stwo na najwy\u017cszym poziomie<\/h3>\n<p>Torba zosta\u0142a wzmocniona grub\u0105, amortyzuj\u0105c\u0105 podszewk\u0105 w strefie przeznaczonej na laptopa. Wyposa\u017cono j\u0105 tak\u017ce w mi\u0119kk\u0105 podszewk\u0119 z weluru. Dzi\u0119ki temu Tw\u00f3j sprz\u0119t jest chroniony przed wstrz\u0105sami, zarysowaniami i zalaniem.<\/p>\n<p>\n<img decoding=\"async\" src=\"https:\/\/assets.innpro.pl\/6243\/7325\/2.jpg\" border=\"0\" \/>\n<\/p>\n<h3>Trwa\u0142o\u015b\u0107 i ekologia<\/h3>\n<p>Zastosowanie recyklingowego materia\u0142u RPET polyester 210D pozwoli\u0142o przyczyni\u0107 si\u0119 do dba\u0142o\u015bci o planet\u0119. Torba otrzyma\u0142a certyfikat GRS, a do jej trwa\u0142o\u015bci przyczyniaj\u0105 si\u0119 wysokiej jako\u015bci zamki YKK oraz klamry.<\/p>\n<p>\n<img decoding=\"async\" src=\"https:\/\/assets.innpro.pl\/6243\/7325\/6.jpg\" border=\"0\" \/>\n<\/p>\n<h3>Wygoda u\u017cytkowania<\/h3>\n<p>Podr\u00f3\u017cuj komfortowo dzi\u0119ki ergonomicznemu paskowi na rami\u0119 i uchwytom lub zawie\u015b torb\u0119 na walizce, korzystaj\u0105c z paska na baga\u017c. Z tomtoc przewo\u017cenie sprz\u0119tu przestanie by\u0107 problematyczne!<\/p>\n<p>\n<img decoding=\"async\" src=\"https:\/\/assets.innpro.pl\/6243\/7325\/7.jpg\" border=\"0\" \/>\n<\/p>\n<h3>Kompatybilno\u015b\u0107<\/h3>\n<p>W torbie przechowywa\u0107 mo\u017cesz takie urz\u0105dzenia jak MacBook Air\/MacBook Pro (w rozmiarze od 13 do 14 cali), HP Chromebook\/EliteBook\/ProBook\/Pavilion 14, Acer Aspire\/Swift\/Spin\/TravelMate 14, Lenovo ThinkPad\/ThinkBook\/IdeaPad\/Yoga 14, ASUS Vivobook\/Zenbook 14, Dell Latitude\/Inspiron\/Vostro 14 oraz inne laptopy o podobnych wymiarach. <\/p>\n<p>\n<img decoding=\"async\" src=\"https:\/\/assets.innpro.pl\/6243\/7325\/5.jpg\" border=\"0\" \/>\n<\/p>\n<div class=\"table-wrapper\">\n<p>\u00a0<\/p>\n<h3><\/h3>\n<table>\n<tbody>\n<tr>\n<th>Producent<\/th>\n<td>tomtoc<\/td>\n<\/tr>\n<tr>\n<th>Model<\/th>\n<td>Defender-A31<\/td>\n<\/tr>\n<tr>\n<th>Kod producenta<\/th>\n<td>A31D3D1<\/td>\n<\/tr>\n<tr>\n<th>Kompatybilne urz\u0105dzenia<\/th>\n<td>o przek\u0105tnej w zakresie od 13,5 do 14,4 cala<\/td>\n<\/tr>\n<tr>\n<th>Pojemno\u015b\u0107<\/th>\n<td>10 l<\/td>\n<\/tr>\n<tr>\n<th>Wymiary zewn\u0119trzne<\/th>\n<td>390 x 290 x 125 mm<\/td>\n<\/tr>\n<tr>\n<th>Wymiary wewn\u0119trzne<\/th>\n<td>370 x 270 x 90 mm<\/td>\n<\/tr>\n<tr>\n<th>Waga<\/th>\n<td>790 g<\/td>\n<\/tr>\n<\/tbody>\n<\/table>\n<\/div>\n","protected":false},"excerpt":{"rendered":"<p>Torba na laptopa tomtoc 13.5-14.4&#8243; Defender-A31 Wygodnie przechowuj sw\u00f3j sprz\u0119t. Torba tomtoc Defender-A31 oferuje obszern\u0105 g\u0142\u00f3wn\u0105 komor\u0119 z dedykowanymi strefami<\/p>\n","protected":false},"featured_media":48880,"comment_status":"closed","ping_status":"open","template":"","meta":{"_acf_changed":false},"product_brand":[],"product_cat":[5929,5955],"product_tag":[],"class_list":{"0":"post-48879","1":"product","2":"type-product","3":"status-publish","4":"has-post-thumbnail","6":"product_cat-akcesoria-it","7":"product_cat-przenoszenie","8":"pa_okres-gwarancji-5757","9":"pa_producent-tomtoc","11":"first","12":"outofstock","13":"taxable","14":"shipping-taxable","15":"purchasable","16":"product-type-simple"},"acf":[],"yoast_head":"<!-- This site is optimized with the Yoast SEO plugin v27.2 - https:\/\/yoast.com\/product\/yoast-seo-wordpress\/ -->\n<title>Torba na laptopa tomtoc 13.5-14.4&quot; Defender-A31 - IRONSKY.PL Sklep z Dronami<\/title>\n<meta name=\"description\" content=\"Torba na laptopa tomtoc 13.5-14.4&quot; Defender-A31 - \u2705 sklep z dronami i fachowym doradztwem. \u2705 Tutaj kupisz produkty DJI, Yuneec, Parrot, Syma i wiele innych, a tak\u017ce kursy i licencje na operatora drona.\" \/>\n<meta name=\"robots\" content=\"index, follow, max-snippet:-1, max-image-preview:large, max-video-preview:-1\" \/>\n<link rel=\"canonical\" href=\"https:\/\/ironsky.pl\/sklep\/produkt\/torba-na-laptopa-tomtoc-13-5-14-4-defender-a31\/\" \/>\n<meta property=\"og:locale\" content=\"pl_PL\" \/>\n<meta property=\"og:type\" content=\"article\" \/>\n<meta property=\"og:title\" content=\"Torba na laptopa tomtoc 13.5-14.4&quot; Defender-A31 - IRONSKY.PL Sklep z Dronami\" \/>\n<meta property=\"og:description\" content=\"Torba na laptopa tomtoc 13.5-14.4&quot; Defender-A31 - \u2705 sklep z dronami i fachowym doradztwem. \u2705 Tutaj kupisz produkty DJI, Yuneec, Parrot, Syma i wiele innych, a tak\u017ce kursy i licencje na operatora drona.\" \/>\n<meta property=\"og:url\" content=\"https:\/\/ironsky.pl\/sklep\/produkt\/torba-na-laptopa-tomtoc-13-5-14-4-defender-a31\/\" \/>\n<meta property=\"og:site_name\" content=\"IRONSKY.PL Sklep z Dronami\" \/>\n<meta property=\"article:modified_time\" content=\"2026-03-05T14:59:40+00:00\" \/>\n<meta property=\"og:image\" content=\"https:\/\/ironsky.pl\/sklep\/wp-content\/uploads\/2025\/10\/43001_1.jpg\" \/>\n\t<meta property=\"og:image:width\" content=\"800\" \/>\n\t<meta property=\"og:image:height\" content=\"800\" \/>\n\t<meta property=\"og:image:type\" content=\"image\/jpeg\" \/>\n<meta name=\"twitter:card\" content=\"summary_large_image\" \/>\n<meta name=\"twitter:label1\" content=\"Szacowany czas czytania\" \/>\n\t<meta name=\"twitter:data1\" content=\"1 minuta\" \/>\n<script type=\"application\/ld+json\" class=\"yoast-schema-graph\">{\"@context\":\"https:\/\/schema.org\",\"@graph\":[{\"@type\":\"WebPage\",\"@id\":\"https:\/\/ironsky.pl\/sklep\/produkt\/torba-na-laptopa-tomtoc-13-5-14-4-defender-a31\/\",\"url\":\"https:\/\/ironsky.pl\/sklep\/produkt\/torba-na-laptopa-tomtoc-13-5-14-4-defender-a31\/\",\"name\":\"Torba na laptopa tomtoc 13.5-14.4\\\" Defender-A31 - IRONSKY.PL Sklep z Dronami\",\"isPartOf\":{\"@id\":\"https:\/\/ironsky.pl\/sklep\/#website\"},\"primaryImageOfPage\":{\"@id\":\"https:\/\/ironsky.pl\/sklep\/produkt\/torba-na-laptopa-tomtoc-13-5-14-4-defender-a31\/#primaryimage\"},\"image\":{\"@id\":\"https:\/\/ironsky.pl\/sklep\/produkt\/torba-na-laptopa-tomtoc-13-5-14-4-defender-a31\/#primaryimage\"},\"thumbnailUrl\":\"https:\/\/ironsky.pl\/sklep\/wp-content\/uploads\/2025\/10\/43001_1.jpg\",\"datePublished\":\"2025-10-03T07:53:42+00:00\",\"dateModified\":\"2026-03-05T14:59:40+00:00\",\"description\":\"Torba na laptopa tomtoc 13.5-14.4\\\" Defender-A31 - \u2705 sklep z dronami i fachowym doradztwem. \u2705 Tutaj kupisz produkty DJI, Yuneec, Parrot, Syma i wiele innych, a tak\u017ce kursy i licencje na operatora drona.\",\"breadcrumb\":{\"@id\":\"https:\/\/ironsky.pl\/sklep\/produkt\/torba-na-laptopa-tomtoc-13-5-14-4-defender-a31\/#breadcrumb\"},\"inLanguage\":\"pl-PL\",\"potentialAction\":[{\"@type\":\"ReadAction\",\"target\":[\"https:\/\/ironsky.pl\/sklep\/produkt\/torba-na-laptopa-tomtoc-13-5-14-4-defender-a31\/\"]}]},{\"@type\":\"ImageObject\",\"inLanguage\":\"pl-PL\",\"@id\":\"https:\/\/ironsky.pl\/sklep\/produkt\/torba-na-laptopa-tomtoc-13-5-14-4-defender-a31\/#primaryimage\",\"url\":\"https:\/\/ironsky.pl\/sklep\/wp-content\/uploads\/2025\/10\/43001_1.jpg\",\"contentUrl\":\"https:\/\/ironsky.pl\/sklep\/wp-content\/uploads\/2025\/10\/43001_1.jpg\",\"width\":800,\"height\":800},{\"@type\":\"BreadcrumbList\",\"@id\":\"https:\/\/ironsky.pl\/sklep\/produkt\/torba-na-laptopa-tomtoc-13-5-14-4-defender-a31\/#breadcrumb\",\"itemListElement\":[{\"@type\":\"ListItem\",\"position\":1,\"name\":\"Strona g\u0142\u00f3wna\",\"item\":\"https:\/\/ironsky.pl\/sklep\/\"},{\"@type\":\"ListItem\",\"position\":2,\"name\":\"Wszystkie produkty\",\"item\":\"https:\/\/ironsky.pl\/sklep\/produkty\/\"},{\"@type\":\"ListItem\",\"position\":3,\"name\":\"Torba na laptopa tomtoc 13.5-14.4&#8243; Defender-A31\"}]},{\"@type\":\"WebSite\",\"@id\":\"https:\/\/ironsky.pl\/sklep\/#website\",\"url\":\"https:\/\/ironsky.pl\/sklep\/\",\"name\":\"IRONSKY.PL Sklep z Dronami\",\"description\":\"IRONSKY.PL Sklep z Dronami\",\"potentialAction\":[{\"@type\":\"SearchAction\",\"target\":{\"@type\":\"EntryPoint\",\"urlTemplate\":\"https:\/\/ironsky.pl\/sklep\/?s={search_term_string}\"},\"query-input\":{\"@type\":\"PropertyValueSpecification\",\"valueRequired\":true,\"valueName\":\"search_term_string\"}}],\"inLanguage\":\"pl-PL\"}]}<\/script>\n<!-- \/ Yoast SEO plugin. -->","yoast_head_json":{"title":"Torba na laptopa tomtoc 13.5-14.4\" Defender-A31 - IRONSKY.PL Sklep z Dronami","description":"Torba na laptopa tomtoc 13.5-14.4\" Defender-A31 - \u2705 sklep z dronami i fachowym doradztwem. \u2705 Tutaj kupisz produkty DJI, Yuneec, Parrot, Syma i wiele innych, a tak\u017ce kursy i licencje na operatora drona.","robots":{"index":"index","follow":"follow","max-snippet":"max-snippet:-1","max-image-preview":"max-image-preview:large","max-video-preview":"max-video-preview:-1"},"canonical":"https:\/\/ironsky.pl\/sklep\/produkt\/torba-na-laptopa-tomtoc-13-5-14-4-defender-a31\/","og_locale":"pl_PL","og_type":"article","og_title":"Torba na laptopa tomtoc 13.5-14.4\" Defender-A31 - IRONSKY.PL Sklep z Dronami","og_description":"Torba na laptopa tomtoc 13.5-14.4\" Defender-A31 - \u2705 sklep z dronami i fachowym doradztwem. \u2705 Tutaj kupisz produkty DJI, Yuneec, Parrot, Syma i wiele innych, a tak\u017ce kursy i licencje na operatora drona.","og_url":"https:\/\/ironsky.pl\/sklep\/produkt\/torba-na-laptopa-tomtoc-13-5-14-4-defender-a31\/","og_site_name":"IRONSKY.PL Sklep z Dronami","article_modified_time":"2026-03-05T14:59:40+00:00","og_image":[{"width":800,"height":800,"url":"https:\/\/ironsky.pl\/sklep\/wp-content\/uploads\/2025\/10\/43001_1.jpg","type":"image\/jpeg"}],"twitter_card":"summary_large_image","twitter_misc":{"Szacowany czas czytania":"1 minuta"},"schema":{"@context":"https:\/\/schema.org","@graph":[{"@type":"WebPage","@id":"https:\/\/ironsky.pl\/sklep\/produkt\/torba-na-laptopa-tomtoc-13-5-14-4-defender-a31\/","url":"https:\/\/ironsky.pl\/sklep\/produkt\/torba-na-laptopa-tomtoc-13-5-14-4-defender-a31\/","name":"Torba na laptopa tomtoc 13.5-14.4\" Defender-A31 - IRONSKY.PL Sklep z Dronami","isPartOf":{"@id":"https:\/\/ironsky.pl\/sklep\/#website"},"primaryImageOfPage":{"@id":"https:\/\/ironsky.pl\/sklep\/produkt\/torba-na-laptopa-tomtoc-13-5-14-4-defender-a31\/#primaryimage"},"image":{"@id":"https:\/\/ironsky.pl\/sklep\/produkt\/torba-na-laptopa-tomtoc-13-5-14-4-defender-a31\/#primaryimage"},"thumbnailUrl":"https:\/\/ironsky.pl\/sklep\/wp-content\/uploads\/2025\/10\/43001_1.jpg","datePublished":"2025-10-03T07:53:42+00:00","dateModified":"2026-03-05T14:59:40+00:00","description":"Torba na laptopa tomtoc 13.5-14.4\" Defender-A31 - \u2705 sklep z dronami i fachowym doradztwem. \u2705 Tutaj kupisz produkty DJI, Yuneec, Parrot, Syma i wiele innych, a tak\u017ce kursy i licencje na operatora drona.","breadcrumb":{"@id":"https:\/\/ironsky.pl\/sklep\/produkt\/torba-na-laptopa-tomtoc-13-5-14-4-defender-a31\/#breadcrumb"},"inLanguage":"pl-PL","potentialAction":[{"@type":"ReadAction","target":["https:\/\/ironsky.pl\/sklep\/produkt\/torba-na-laptopa-tomtoc-13-5-14-4-defender-a31\/"]}]},{"@type":"ImageObject","inLanguage":"pl-PL","@id":"https:\/\/ironsky.pl\/sklep\/produkt\/torba-na-laptopa-tomtoc-13-5-14-4-defender-a31\/#primaryimage","url":"https:\/\/ironsky.pl\/sklep\/wp-content\/uploads\/2025\/10\/43001_1.jpg","contentUrl":"https:\/\/ironsky.pl\/sklep\/wp-content\/uploads\/2025\/10\/43001_1.jpg","width":800,"height":800},{"@type":"BreadcrumbList","@id":"https:\/\/ironsky.pl\/sklep\/produkt\/torba-na-laptopa-tomtoc-13-5-14-4-defender-a31\/#breadcrumb","itemListElement":[{"@type":"ListItem","position":1,"name":"Strona g\u0142\u00f3wna","item":"https:\/\/ironsky.pl\/sklep\/"},{"@type":"ListItem","position":2,"name":"Wszystkie produkty","item":"https:\/\/ironsky.pl\/sklep\/produkty\/"},{"@type":"ListItem","position":3,"name":"Torba na laptopa tomtoc 13.5-14.4&#8243; Defender-A31"}]},{"@type":"WebSite","@id":"https:\/\/ironsky.pl\/sklep\/#website","url":"https:\/\/ironsky.pl\/sklep\/","name":"IRONSKY.PL Sklep z Dronami","description":"IRONSKY.PL Sklep z Dronami","potentialAction":[{"@type":"SearchAction","target":{"@type":"EntryPoint","urlTemplate":"https:\/\/ironsky.pl\/sklep\/?s={search_term_string}"},"query-input":{"@type":"PropertyValueSpecification","valueRequired":true,"valueName":"search_term_string"}}],"inLanguage":"pl-PL"}]}},"_links":{"self":[{"href":"https:\/\/ironsky.pl\/sklep\/wp-json\/wp\/v2\/product\/48879","targetHints":{"allow":["GET"]}}],"collection":[{"href":"https:\/\/ironsky.pl\/sklep\/wp-json\/wp\/v2\/product"}],"about":[{"href":"https:\/\/ironsky.pl\/sklep\/wp-json\/wp\/v2\/types\/product"}],"replies":[{"embeddable":true,"href":"https:\/\/ironsky.pl\/sklep\/wp-json\/wp\/v2\/comments?post=48879"}],"wp:featuredmedia":[{"embeddable":true,"href":"https:\/\/ironsky.pl\/sklep\/wp-json\/wp\/v2\/media\/48880"}],"wp:attachment":[{"href":"https:\/\/ironsky.pl\/sklep\/wp-json\/wp\/v2\/media?parent=48879"}],"wp:term":[{"taxonomy":"product_brand","embeddable":true,"href":"https:\/\/ironsky.pl\/sklep\/wp-json\/wp\/v2\/product_brand?post=48879"},{"taxonomy":"product_cat","embeddable":true,"href":"https:\/\/ironsky.pl\/sklep\/wp-json\/wp\/v2\/product_cat?post=48879"},{"taxonomy":"product_tag","embeddable":true,"href":"https:\/\/ironsky.pl\/sklep\/wp-json\/wp\/v2\/product_tag?post=48879"}],"curies":[{"name":"wp","href":"https:\/\/api.w.org\/{rel}","templated":true}]}}