{"id":48652,"date":"2025-10-03T09:49:47","date_gmt":"2025-10-03T07:49:47","guid":{"rendered":"https:\/\/ironsky.pl\/drony-sklep\/produkt\/dron-ryze-tello-boost-combo-powered-by-dji\/"},"modified":"2026-03-24T11:16:21","modified_gmt":"2026-03-24T10:16:21","slug":"dron-ryze-tello-boost-combo-powered-by-dji","status":"publish","type":"product","link":"https:\/\/ironsky.pl\/sklep\/produkt\/dron-ryze-tello-boost-combo-powered-by-dji\/","title":{"rendered":"Dron Ryze Tello Boost Combo (powered by DJI)"},"content":{"rendered":"<h3>Poczuj rado\u015b\u0107<\/h3>\n<p>Postanowili\u015bmy zbudowa\u0107 najlepszego drona przeznaczonego do zabawy w historii i wymy\u015blili\u015bmy Tello : imponuj\u0105ce urz\u0105dzenie z kt\u00f3rego mog\u0105 korzysta\u0107 dzieci jak i doro\u015bli, kt\u00f3re \u015bwietnie radzi sobie w powietrzu i pomaga u\u017cytkownikom pozna\u0107 tajniki kodowania. Zdob\u0105d\u017a Tello i przekonaj si\u0119 jak niesamowite mo\u017ce by\u0107 latanie!<\/p>\n<p><img decoding=\"async\" src=\"https:\/\/b2b.innpro.pl\/data\/include\/cms\/12DJI\/01-opisy-strona-ars\/Tello\/Tello-Boost-Combo\/1-mobile.jpg\" \/><\/p>\n<h3>Ujrzyj \u015bwiat z nieba<\/h3>\n<p>Niezale\u017cnie od tego, czy jeste\u015b w parku, w biurze, czy sp\u0119dzasz czas w domu, mo\u017cesz wzbi\u0107 si\u0119 w powietrze i zobaczy\u0107 \u015bwiat z nieznanych dot\u0105d perspektyw. Tello wyposa\u017cony jest w dwie anteny, kt\u00f3re zapewniaj\u0105 stabiln\u0105 transmisje obrazu, a akumulator o du\u017cej pojemno\u015bci oferuje imponuj\u0105co d\u0142ugi czas lotu.<\/p>\n<p><img decoding=\"async\" src=\"https:\/\/b2b.innpro.pl\/data\/include\/cms\/12DJI\/01-opisy-strona-ars\/Tello\/Tello-Boost-Combo\/2-mobile.jpg\" \/><\/p>\n<h3>R\u00f3b wspania\u0142e zdj\u0119cia i filmy<\/h3>\n<p>Tello wyposa\u017cony jest w wysokiej jako\u015bci procesor obrazu, dzi\u0119ki czemu wykonuje niesamowite zdj\u0119cia i filmy. Nawet je\u015bli latanie nie jest Twoj\u0105 mocn\u0105 stron\u0105, wykorzystuj\u0105\u0107 EZ Shots, b\u0119dziesz w stanie wykonywa\u0107 profesjonalne nagrania i udost\u0119pnia\u0107 je w mediach spo\u0142eczno\u015bciowych ze swojego smartfona.<\/p>\n<p><img decoding=\"async\" src=\"https:\/\/b2b.innpro.pl\/data\/include\/cms\/12DJI\/01-opisy-strona-ars\/Tello\/Tello-Boost-Combo\/3-mobile.jpg\" \/><\/p>\n<h3><\/h3>\n<h3>Ucz si\u0119 i tw\u00f3rz<\/h3>\n<p><img decoding=\"async\" src=\"https:\/\/b2b.innpro.pl\/data\/include\/cms\/12DJI\/01-opisy-strona-ars\/Tello\/Tello-Boost-Combo\/4-mobile.jpg\" \/><\/p>\n<p>Zabawa jest istotn\u0105 cz\u0119\u015bci\u0105 nauki, wi\u0119c stworzyli\u015bmy program z funkcj\u0105 Scratch, system kodowania stworzony przez MIT, kt\u00f3ry umo\u017cliwia dzieciom i m\u0142odzie\u017cy nauk\u0119 podstaw programowania podczas korzystania z Tello. Je\u015bli jeste\u015b bardziej zaawansowanym u\u017cytkownikiem, mo\u017cesz tworzy\u0107 aplikacje dla Tello przy u\u017cyciu pakietu SDK.<\/p>\n<h3>Wyluzuj! Tello jest bardzo bezpieczny.<\/h3>\n<p><img decoding=\"async\" src=\"https:\/\/b2b.innpro.pl\/data\/include\/cms\/12DJI\/01-opisy-strona-ars\/Tello\/Tello-Boost-Combo\/5-mobile.jpg\" \/><\/p>\n<p>Lekka, a zarazem wytrzyma\u0142a konstrukcja Tello skutecznie ochraniaj\u0105ca podzespo\u0142y sprawi, \u017ce b\u0119dziesz lata\u0107 z du\u017c\u0105 pewno\u015bci\u0105 i swobod\u0105.<\/p>\n<p><img decoding=\"async\" src=\"https:\/\/b2b.innpro.pl\/data\/include\/cms\/12DJI\/01-opisy-strona-ars\/Tello\/Tello-Boost-Combo\/6-mobile.jpg\" \/><\/p>\n","protected":false},"excerpt":{"rendered":"<p>Poczuj rado\u015b\u0107 Postanowili\u015bmy zbudowa\u0107 najlepszego drona przeznaczonego do zabawy w historii i wymy\u015blili\u015bmy Tello : imponuj\u0105ce urz\u0105dzenie z kt\u00f3rego mog\u0105<\/p>\n","protected":false},"featured_media":48653,"comment_status":"closed","ping_status":"closed","template":"","meta":{"_acf_changed":false},"product_brand":[],"product_cat":[1088],"product_tag":[],"class_list":{"0":"post-48652","1":"product","2":"type-product","3":"status-publish","4":"has-post-thumbnail","6":"product_cat-drony","7":"pa_producent-dji","9":"first","10":"outofstock","11":"taxable","12":"shipping-taxable","13":"purchasable","14":"product-type-simple"},"acf":[],"yoast_head":"<!-- This site is optimized with the Yoast SEO plugin v27.2 - https:\/\/yoast.com\/product\/yoast-seo-wordpress\/ -->\n<title>Dron Ryze Tello Boost Combo (powered by DJI) - IRONSKY.PL Sklep z Dronami<\/title>\n<meta name=\"description\" content=\"Dron Ryze Tello Boost Combo (powered by DJI) - \u2705 sklep z dronami i fachowym doradztwem. \u2705 Tutaj kupisz produkty DJI, Yuneec, Parrot, Syma i wiele innych, a tak\u017ce kursy i licencje na operatora drona.\" \/>\n<meta name=\"robots\" content=\"index, follow, max-snippet:-1, max-image-preview:large, max-video-preview:-1\" \/>\n<link rel=\"canonical\" href=\"https:\/\/ironsky.pl\/sklep\/produkt\/dron-ryze-tello-boost-combo-powered-by-dji\/\" \/>\n<meta property=\"og:locale\" content=\"pl_PL\" \/>\n<meta property=\"og:type\" content=\"article\" \/>\n<meta property=\"og:title\" content=\"Dron Ryze Tello Boost Combo (powered by DJI) - IRONSKY.PL Sklep z Dronami\" \/>\n<meta property=\"og:description\" content=\"Dron Ryze Tello Boost Combo (powered by DJI) - \u2705 sklep z dronami i fachowym doradztwem. \u2705 Tutaj kupisz produkty DJI, Yuneec, Parrot, Syma i wiele innych, a tak\u017ce kursy i licencje na operatora drona.\" \/>\n<meta property=\"og:url\" content=\"https:\/\/ironsky.pl\/sklep\/produkt\/dron-ryze-tello-boost-combo-powered-by-dji\/\" \/>\n<meta property=\"og:site_name\" content=\"IRONSKY.PL Sklep z Dronami\" \/>\n<meta property=\"article:modified_time\" content=\"2026-03-24T10:16:21+00:00\" \/>\n<meta property=\"og:image\" content=\"https:\/\/ironsky.pl\/sklep\/wp-content\/uploads\/2025\/10\/14194_1.jpg\" \/>\n\t<meta property=\"og:image:width\" content=\"800\" \/>\n\t<meta property=\"og:image:height\" content=\"800\" \/>\n\t<meta property=\"og:image:type\" content=\"image\/jpeg\" \/>\n<meta name=\"twitter:card\" content=\"summary_large_image\" \/>\n<meta name=\"twitter:label1\" content=\"Szacowany czas czytania\" \/>\n\t<meta name=\"twitter:data1\" content=\"3 minuty\" \/>\n<script type=\"application\/ld+json\" class=\"yoast-schema-graph\">{\"@context\":\"https:\/\/schema.org\",\"@graph\":[{\"@type\":\"WebPage\",\"@id\":\"https:\/\/ironsky.pl\/sklep\/produkt\/dron-ryze-tello-boost-combo-powered-by-dji\/\",\"url\":\"https:\/\/ironsky.pl\/sklep\/produkt\/dron-ryze-tello-boost-combo-powered-by-dji\/\",\"name\":\"Dron Ryze Tello Boost Combo (powered by DJI) - IRONSKY.PL Sklep z Dronami\",\"isPartOf\":{\"@id\":\"https:\/\/ironsky.pl\/sklep\/#website\"},\"primaryImageOfPage\":{\"@id\":\"https:\/\/ironsky.pl\/sklep\/produkt\/dron-ryze-tello-boost-combo-powered-by-dji\/#primaryimage\"},\"image\":{\"@id\":\"https:\/\/ironsky.pl\/sklep\/produkt\/dron-ryze-tello-boost-combo-powered-by-dji\/#primaryimage\"},\"thumbnailUrl\":\"https:\/\/ironsky.pl\/sklep\/wp-content\/uploads\/2025\/10\/14194_1.jpg\",\"datePublished\":\"2025-10-03T07:49:47+00:00\",\"dateModified\":\"2026-03-24T10:16:21+00:00\",\"description\":\"Dron Ryze Tello Boost Combo (powered by DJI) - \u2705 sklep z dronami i fachowym doradztwem. \u2705 Tutaj kupisz produkty DJI, Yuneec, Parrot, Syma i wiele innych, a tak\u017ce kursy i licencje na operatora drona.\",\"breadcrumb\":{\"@id\":\"https:\/\/ironsky.pl\/sklep\/produkt\/dron-ryze-tello-boost-combo-powered-by-dji\/#breadcrumb\"},\"inLanguage\":\"pl-PL\",\"potentialAction\":[{\"@type\":\"ReadAction\",\"target\":[\"https:\/\/ironsky.pl\/sklep\/produkt\/dron-ryze-tello-boost-combo-powered-by-dji\/\"]}]},{\"@type\":\"ImageObject\",\"inLanguage\":\"pl-PL\",\"@id\":\"https:\/\/ironsky.pl\/sklep\/produkt\/dron-ryze-tello-boost-combo-powered-by-dji\/#primaryimage\",\"url\":\"https:\/\/ironsky.pl\/sklep\/wp-content\/uploads\/2025\/10\/14194_1.jpg\",\"contentUrl\":\"https:\/\/ironsky.pl\/sklep\/wp-content\/uploads\/2025\/10\/14194_1.jpg\",\"width\":800,\"height\":800},{\"@type\":\"BreadcrumbList\",\"@id\":\"https:\/\/ironsky.pl\/sklep\/produkt\/dron-ryze-tello-boost-combo-powered-by-dji\/#breadcrumb\",\"itemListElement\":[{\"@type\":\"ListItem\",\"position\":1,\"name\":\"Strona g\u0142\u00f3wna\",\"item\":\"https:\/\/ironsky.pl\/sklep\/\"},{\"@type\":\"ListItem\",\"position\":2,\"name\":\"Wszystkie produkty\",\"item\":\"https:\/\/ironsky.pl\/sklep\/produkty\/\"},{\"@type\":\"ListItem\",\"position\":3,\"name\":\"Dron Ryze Tello Boost Combo (powered by DJI)\"}]},{\"@type\":\"WebSite\",\"@id\":\"https:\/\/ironsky.pl\/sklep\/#website\",\"url\":\"https:\/\/ironsky.pl\/sklep\/\",\"name\":\"IRONSKY.PL Sklep z Dronami\",\"description\":\"IRONSKY.PL Sklep z Dronami\",\"potentialAction\":[{\"@type\":\"SearchAction\",\"target\":{\"@type\":\"EntryPoint\",\"urlTemplate\":\"https:\/\/ironsky.pl\/sklep\/?s={search_term_string}\"},\"query-input\":{\"@type\":\"PropertyValueSpecification\",\"valueRequired\":true,\"valueName\":\"search_term_string\"}}],\"inLanguage\":\"pl-PL\"}]}<\/script>\n<!-- \/ Yoast SEO plugin. -->","yoast_head_json":{"title":"Dron Ryze Tello Boost Combo (powered by DJI) - IRONSKY.PL Sklep z Dronami","description":"Dron Ryze Tello Boost Combo (powered by DJI) - \u2705 sklep z dronami i fachowym doradztwem. \u2705 Tutaj kupisz produkty DJI, Yuneec, Parrot, Syma i wiele innych, a tak\u017ce kursy i licencje na operatora drona.","robots":{"index":"index","follow":"follow","max-snippet":"max-snippet:-1","max-image-preview":"max-image-preview:large","max-video-preview":"max-video-preview:-1"},"canonical":"https:\/\/ironsky.pl\/sklep\/produkt\/dron-ryze-tello-boost-combo-powered-by-dji\/","og_locale":"pl_PL","og_type":"article","og_title":"Dron Ryze Tello Boost Combo (powered by DJI) - IRONSKY.PL Sklep z Dronami","og_description":"Dron Ryze Tello Boost Combo (powered by DJI) - \u2705 sklep z dronami i fachowym doradztwem. \u2705 Tutaj kupisz produkty DJI, Yuneec, Parrot, Syma i wiele innych, a tak\u017ce kursy i licencje na operatora drona.","og_url":"https:\/\/ironsky.pl\/sklep\/produkt\/dron-ryze-tello-boost-combo-powered-by-dji\/","og_site_name":"IRONSKY.PL Sklep z Dronami","article_modified_time":"2026-03-24T10:16:21+00:00","og_image":[{"width":800,"height":800,"url":"https:\/\/ironsky.pl\/sklep\/wp-content\/uploads\/2025\/10\/14194_1.jpg","type":"image\/jpeg"}],"twitter_card":"summary_large_image","twitter_misc":{"Szacowany czas czytania":"3 minuty"},"schema":{"@context":"https:\/\/schema.org","@graph":[{"@type":"WebPage","@id":"https:\/\/ironsky.pl\/sklep\/produkt\/dron-ryze-tello-boost-combo-powered-by-dji\/","url":"https:\/\/ironsky.pl\/sklep\/produkt\/dron-ryze-tello-boost-combo-powered-by-dji\/","name":"Dron Ryze Tello Boost Combo (powered by DJI) - IRONSKY.PL Sklep z Dronami","isPartOf":{"@id":"https:\/\/ironsky.pl\/sklep\/#website"},"primaryImageOfPage":{"@id":"https:\/\/ironsky.pl\/sklep\/produkt\/dron-ryze-tello-boost-combo-powered-by-dji\/#primaryimage"},"image":{"@id":"https:\/\/ironsky.pl\/sklep\/produkt\/dron-ryze-tello-boost-combo-powered-by-dji\/#primaryimage"},"thumbnailUrl":"https:\/\/ironsky.pl\/sklep\/wp-content\/uploads\/2025\/10\/14194_1.jpg","datePublished":"2025-10-03T07:49:47+00:00","dateModified":"2026-03-24T10:16:21+00:00","description":"Dron Ryze Tello Boost Combo (powered by DJI) - \u2705 sklep z dronami i fachowym doradztwem. \u2705 Tutaj kupisz produkty DJI, Yuneec, Parrot, Syma i wiele innych, a tak\u017ce kursy i licencje na operatora drona.","breadcrumb":{"@id":"https:\/\/ironsky.pl\/sklep\/produkt\/dron-ryze-tello-boost-combo-powered-by-dji\/#breadcrumb"},"inLanguage":"pl-PL","potentialAction":[{"@type":"ReadAction","target":["https:\/\/ironsky.pl\/sklep\/produkt\/dron-ryze-tello-boost-combo-powered-by-dji\/"]}]},{"@type":"ImageObject","inLanguage":"pl-PL","@id":"https:\/\/ironsky.pl\/sklep\/produkt\/dron-ryze-tello-boost-combo-powered-by-dji\/#primaryimage","url":"https:\/\/ironsky.pl\/sklep\/wp-content\/uploads\/2025\/10\/14194_1.jpg","contentUrl":"https:\/\/ironsky.pl\/sklep\/wp-content\/uploads\/2025\/10\/14194_1.jpg","width":800,"height":800},{"@type":"BreadcrumbList","@id":"https:\/\/ironsky.pl\/sklep\/produkt\/dron-ryze-tello-boost-combo-powered-by-dji\/#breadcrumb","itemListElement":[{"@type":"ListItem","position":1,"name":"Strona g\u0142\u00f3wna","item":"https:\/\/ironsky.pl\/sklep\/"},{"@type":"ListItem","position":2,"name":"Wszystkie produkty","item":"https:\/\/ironsky.pl\/sklep\/produkty\/"},{"@type":"ListItem","position":3,"name":"Dron Ryze Tello Boost Combo (powered by DJI)"}]},{"@type":"WebSite","@id":"https:\/\/ironsky.pl\/sklep\/#website","url":"https:\/\/ironsky.pl\/sklep\/","name":"IRONSKY.PL Sklep z Dronami","description":"IRONSKY.PL Sklep z Dronami","potentialAction":[{"@type":"SearchAction","target":{"@type":"EntryPoint","urlTemplate":"https:\/\/ironsky.pl\/sklep\/?s={search_term_string}"},"query-input":{"@type":"PropertyValueSpecification","valueRequired":true,"valueName":"search_term_string"}}],"inLanguage":"pl-PL"}]}},"_links":{"self":[{"href":"https:\/\/ironsky.pl\/sklep\/wp-json\/wp\/v2\/product\/48652","targetHints":{"allow":["GET"]}}],"collection":[{"href":"https:\/\/ironsky.pl\/sklep\/wp-json\/wp\/v2\/product"}],"about":[{"href":"https:\/\/ironsky.pl\/sklep\/wp-json\/wp\/v2\/types\/product"}],"replies":[{"embeddable":true,"href":"https:\/\/ironsky.pl\/sklep\/wp-json\/wp\/v2\/comments?post=48652"}],"wp:featuredmedia":[{"embeddable":true,"href":"https:\/\/ironsky.pl\/sklep\/wp-json\/wp\/v2\/media\/48653"}],"wp:attachment":[{"href":"https:\/\/ironsky.pl\/sklep\/wp-json\/wp\/v2\/media?parent=48652"}],"wp:term":[{"taxonomy":"product_brand","embeddable":true,"href":"https:\/\/ironsky.pl\/sklep\/wp-json\/wp\/v2\/product_brand?post=48652"},{"taxonomy":"product_cat","embeddable":true,"href":"https:\/\/ironsky.pl\/sklep\/wp-json\/wp\/v2\/product_cat?post=48652"},{"taxonomy":"product_tag","embeddable":true,"href":"https:\/\/ironsky.pl\/sklep\/wp-json\/wp\/v2\/product_tag?post=48652"}],"curies":[{"name":"wp","href":"https:\/\/api.w.org\/{rel}","templated":true}]}}