{"id":48360,"date":"2025-08-07T15:03:56","date_gmt":"2025-08-07T13:03:56","guid":{"rendered":"https:\/\/ironsky.pl\/drony-sklep\/?post_type=product&#038;p=48360"},"modified":"2026-03-05T15:42:03","modified_gmt":"2026-03-05T14:42:03","slug":"unitree-go2-w-u2","status":"publish","type":"product","link":"https:\/\/ironsky.pl\/sklep\/produkt\/unitree-go2-w-u2\/","title":{"rendered":"Robot mobilny Unitree Go2-W U2"},"content":{"rendered":"<h3><b>Robot mobilny Unitree Go2-W &#8211; mistrz adaptacji i wszechstronno\u015bci<br \/>\n<\/b><\/h3>\n<p>&nbsp;<\/p>\n<p><img decoding=\"async\" class=\"alignnone size-medium wp-image-48345\" src=\"https:\/\/ironsky.pl\/drony-sklep\/wp-content\/uploads\/2025\/08\/GO2W\u622a\u56fe3-300x169.png\" alt=\"\" width=\"300\" height=\"169\" srcset=\"https:\/\/ironsky.pl\/sklep\/wp-content\/uploads\/2025\/08\/GO2W\u622a\u56fe3-300x169.png 300w, https:\/\/ironsky.pl\/sklep\/wp-content\/uploads\/2025\/08\/GO2W\u622a\u56fe3-1024x576.png 1024w, https:\/\/ironsky.pl\/sklep\/wp-content\/uploads\/2025\/08\/GO2W\u622a\u56fe3-768x432.png 768w, https:\/\/ironsky.pl\/sklep\/wp-content\/uploads\/2025\/08\/GO2W\u622a\u56fe3-1536x864.png 1536w, https:\/\/ironsky.pl\/sklep\/wp-content\/uploads\/2025\/08\/GO2W\u622a\u56fe3-2048x1152.png 2048w, https:\/\/ironsky.pl\/sklep\/wp-content\/uploads\/2025\/08\/GO2W\u622a\u56fe3-600x338.png 600w, https:\/\/ironsky.pl\/sklep\/wp-content\/uploads\/2025\/08\/GO2W\u622a\u56fe3-150x84.png 150w, https:\/\/ironsky.pl\/sklep\/wp-content\/uploads\/2025\/08\/GO2W\u622a\u56fe3-64x36.png 64w\" sizes=\"(max-width: 300px) 100vw, 300px\" \/> <img decoding=\"async\" class=\"alignnone size-medium wp-image-48344\" src=\"https:\/\/ironsky.pl\/drony-sklep\/wp-content\/uploads\/2025\/08\/GO2-W.2-300x169.png\" alt=\"\" width=\"300\" height=\"169\" srcset=\"https:\/\/ironsky.pl\/sklep\/wp-content\/uploads\/2025\/08\/GO2-W.2-300x169.png 300w, https:\/\/ironsky.pl\/sklep\/wp-content\/uploads\/2025\/08\/GO2-W.2-1024x576.png 1024w, https:\/\/ironsky.pl\/sklep\/wp-content\/uploads\/2025\/08\/GO2-W.2-768x432.png 768w, https:\/\/ironsky.pl\/sklep\/wp-content\/uploads\/2025\/08\/GO2-W.2-1536x864.png 1536w, https:\/\/ironsky.pl\/sklep\/wp-content\/uploads\/2025\/08\/GO2-W.2-2048x1152.png 2048w, https:\/\/ironsky.pl\/sklep\/wp-content\/uploads\/2025\/08\/GO2-W.2-600x338.png 600w, https:\/\/ironsky.pl\/sklep\/wp-content\/uploads\/2025\/08\/GO2-W.2-150x84.png 150w, https:\/\/ironsky.pl\/sklep\/wp-content\/uploads\/2025\/08\/GO2-W.2-64x36.png 64w\" sizes=\"(max-width: 300px) 100vw, 300px\" \/><\/p>\n<p>&nbsp;<\/p>\n<p><b><br \/>\nUnitree Go2-W<\/b> to zaawansowany <b>robot mobilny<\/b> na ko\u0142ach, kt\u00f3ry wyznacza nowe standardy w zakresie wszechstronno\u015bci i automatyki. Zbudowany z my\u015bl\u0105 o szybkich patrolach inspekcyjnych na du\u017cych obszarach, jak magazyny, fabryki czy rozleg\u0142e kampusy, \u0142\u0105czy w sobie pr\u0119dko\u015b\u0107 i precyzj\u0119. Dzi\u0119ki unikalnemu, hybrydowemu systemowi nap\u0119du, robot ten potrafi p\u0142ynnie prze\u0142\u0105cza\u0107 si\u0119 mi\u0119dzy trybem jezdnym a krocz\u0105cym. Z \u0142atwo\u015bci\u0105 porusza si\u0119 na <b>7-calowych ko\u0142ach<\/b>, osi\u0105gaj\u0105c pr\u0119dko\u015b\u0107 do <b>2,5 m\/s<\/b>, a w razie napotkania przeszk\u00f3d, takich jak schody czy nier\u00f3wno\u015bci, anga\u017cuje swoje przegubowe nogi, aby pokona\u0107 je z gracj\u0105. Potrafi pokonywa\u0107 przeszkody o wysoko\u015bci do <b>70 cm<\/b>, co czyni go niezast\u0105pionym w dynamicznych i zr\u00f3\u017cnicowanych \u015brodowiskach.<\/p>\n<p>&nbsp;<\/p>\n<div style=\"width: 1920px;\" class=\"wp-video\"><video class=\"wp-video-shortcode\" id=\"video-48360-1\" width=\"1920\" height=\"1080\" preload=\"metadata\" controls=\"controls\"><source type=\"video\/mp4\" src=\"https:\/\/ironsky.pl\/drony-sklep\/wp-content\/uploads\/2025\/08\/unitree-go2-w-drony-net-7.mp4?_=1\" \/><a href=\"https:\/\/ironsky.pl\/drony-sklep\/wp-content\/uploads\/2025\/08\/unitree-go2-w-drony-net-7.mp4\">https:\/\/ironsky.pl\/drony-sklep\/wp-content\/uploads\/2025\/08\/unitree-go2-w-drony-net-7.mp4<\/a><\/video><\/div>\n<p>&nbsp;<\/p>\n<p>Sercem jego percepcji jest zaawansowany <b>LiDAR 4D<\/b> oraz kamery HD, kt\u00f3re pozwalaj\u0105 na precyzyjn\u0105 nawigacj\u0119 i mapowanie otoczenia w czasie rzeczywistym. Pojemna bateria (15000 mAh) gwarantuje od 1,5 do 3 godzin ci\u0105g\u0142ej pracy. <b>Unitree Go2-W<\/b> to r\u00f3wnie\u017c cichy i dyskretny asystent, idealny do logistyki wewn\u0119trznej i monitoringu. Jego wszechstronno\u015b\u0107 jest dodatkowo podkre\u015blona przez mo\u017cliwo\u015b\u0107 instalacji r\u00f3\u017cnorodnych akcesori\u00f3w specjalistycznych, otwieraj\u0105c drzwi do wykorzystania robota w wielu bran\u017cach. To inteligentna platforma, kt\u00f3ra rewolucjonizuje spos\u00f3b, w jaki my\u015blimy o automatyzacji.<\/p>\n<p>&nbsp;<\/p>\n<div style=\"width: 1920px;\" class=\"wp-video\"><video class=\"wp-video-shortcode\" id=\"video-48360-2\" width=\"1920\" height=\"1080\" preload=\"metadata\" controls=\"controls\"><source type=\"video\/mp4\" src=\"https:\/\/ironsky.pl\/drony-sklep\/wp-content\/uploads\/2025\/08\/unitree-go2-w-drony-net-3.mp4?_=2\" \/><a href=\"https:\/\/ironsky.pl\/drony-sklep\/wp-content\/uploads\/2025\/08\/unitree-go2-w-drony-net-3.mp4\">https:\/\/ironsky.pl\/drony-sklep\/wp-content\/uploads\/2025\/08\/unitree-go2-w-drony-net-3.mp4<\/a><\/video><\/div>\n<h3><\/h3>\n<h3>Dodatkowe modu\u0142y:<\/h3>\n<div style=\"width: 3840px;\" class=\"wp-video\"><video class=\"wp-video-shortcode\" id=\"video-48360-3\" width=\"3840\" height=\"2160\" preload=\"metadata\" controls=\"controls\"><source type=\"video\/mp4\" src=\"https:\/\/ironsky.pl\/drony-sklep\/wp-content\/uploads\/2025\/08\/unitree-go2-w-drony-net-2.mp4?_=3\" \/><a href=\"https:\/\/ironsky.pl\/drony-sklep\/wp-content\/uploads\/2025\/08\/unitree-go2-w-drony-net-2.mp4\">https:\/\/ironsky.pl\/drony-sklep\/wp-content\/uploads\/2025\/08\/unitree-go2-w-drony-net-2.mp4<\/a><\/video><\/div>\n<p>&nbsp;<\/p>\n<p><strong>Jeste\u015b zainteresowany jednym z modu\u0142\u00f3w?\u00a0 Zadzwo\u0144 -&gt; 503 503 517<\/strong><\/p>\n<p>&nbsp;<\/p>\n<p><b>Chcesz wiedzie\u0107 wi\u0119cej?<\/b>\u00a0Przejd\u017a na naszego bloga, aby dowiedzie\u0107 si\u0119 wi\u0119cej o robotach humanoidalnych. -&gt;\u00a0<a href=\"https:\/\/ironsky.pl\/ranking-top-10-najlepszych-robotow-humanoidalnych-i-kroczacych\/\">BLOG IRONSKY<\/a><\/p>\n","protected":false},"excerpt":{"rendered":"<p>Robot mobilny Unitree Go2-W &#8211; mistrz adaptacji i wszechstronno\u015bci &nbsp; &nbsp; Unitree Go2-W to zaawansowany robot mobilny na ko\u0142ach, kt\u00f3ry<\/p>\n","protected":false},"featured_media":48346,"comment_status":"open","ping_status":"closed","template":"","meta":{"_acf_changed":false},"product_brand":[],"product_cat":[6062],"product_tag":[],"class_list":{"0":"post-48360","1":"product","2":"type-product","3":"status-publish","4":"has-post-thumbnail","6":"product_cat-roboty","8":"first","9":"outofstock","10":"taxable","11":"shipping-taxable","12":"purchasable","13":"product-type-simple"},"acf":[],"yoast_head":"<!-- This site is optimized with the Yoast SEO plugin v27.2 - https:\/\/yoast.com\/product\/yoast-seo-wordpress\/ -->\n<title>Robot mobilny Unitree Go2-W U2 - IRONSKY.PL Sklep z Dronami<\/title>\n<meta name=\"description\" content=\"Hybrydowy robot mobilny z ko\u0142ami i nogami. Osi\u0105ga pr\u0119dko\u015b\u0107 2,5 m\/s, pokonuje przeszkody do 70 cm. Idealny do patroli i monitoringu\" \/>\n<meta name=\"robots\" content=\"index, follow, max-snippet:-1, max-image-preview:large, max-video-preview:-1\" \/>\n<link rel=\"canonical\" href=\"https:\/\/ironsky.pl\/sklep\/produkt\/unitree-go2-w-u2\/\" \/>\n<meta property=\"og:locale\" content=\"pl_PL\" \/>\n<meta property=\"og:type\" content=\"article\" \/>\n<meta property=\"og:title\" content=\"Robot mobilny Unitree Go2-W U2 - IRONSKY.PL Sklep z Dronami\" \/>\n<meta property=\"og:description\" content=\"Hybrydowy robot mobilny z ko\u0142ami i nogami. Osi\u0105ga pr\u0119dko\u015b\u0107 2,5 m\/s, pokonuje przeszkody do 70 cm. Idealny do patroli i monitoringu\" \/>\n<meta property=\"og:url\" content=\"https:\/\/ironsky.pl\/sklep\/produkt\/unitree-go2-w-u2\/\" \/>\n<meta property=\"og:site_name\" content=\"IRONSKY.PL Sklep z Dronami\" \/>\n<meta property=\"article:modified_time\" content=\"2026-03-05T14:42:03+00:00\" \/>\n<meta property=\"og:image\" content=\"https:\/\/ironsky.pl\/sklep\/wp-content\/uploads\/2025\/08\/Go2-W\u667a\u80fd\u7248.png\" \/>\n\t<meta property=\"og:image:width\" content=\"1766\" \/>\n\t<meta property=\"og:image:height\" content=\"1669\" \/>\n\t<meta property=\"og:image:type\" content=\"image\/png\" \/>\n<meta name=\"twitter:card\" content=\"summary_large_image\" \/>\n<meta name=\"twitter:label1\" content=\"Szacowany czas czytania\" \/>\n\t<meta name=\"twitter:data1\" content=\"2 minuty\" \/>\n<script type=\"application\/ld+json\" class=\"yoast-schema-graph\">{\"@context\":\"https:\/\/schema.org\",\"@graph\":[{\"@type\":\"WebPage\",\"@id\":\"https:\/\/ironsky.pl\/sklep\/produkt\/unitree-go2-w-u2\/\",\"url\":\"https:\/\/ironsky.pl\/sklep\/produkt\/unitree-go2-w-u2\/\",\"name\":\"Robot mobilny Unitree Go2-W U2 - IRONSKY.PL Sklep z Dronami\",\"isPartOf\":{\"@id\":\"https:\/\/ironsky.pl\/sklep\/#website\"},\"primaryImageOfPage\":{\"@id\":\"https:\/\/ironsky.pl\/sklep\/produkt\/unitree-go2-w-u2\/#primaryimage\"},\"image\":{\"@id\":\"https:\/\/ironsky.pl\/sklep\/produkt\/unitree-go2-w-u2\/#primaryimage\"},\"thumbnailUrl\":\"https:\/\/ironsky.pl\/sklep\/wp-content\/uploads\/2025\/08\/Go2-W\u667a\u80fd\u7248.png\",\"datePublished\":\"2025-08-07T13:03:56+00:00\",\"dateModified\":\"2026-03-05T14:42:03+00:00\",\"description\":\"Hybrydowy robot mobilny z ko\u0142ami i nogami. Osi\u0105ga pr\u0119dko\u015b\u0107 2,5 m\/s, pokonuje przeszkody do 70 cm. Idealny do patroli i monitoringu\",\"breadcrumb\":{\"@id\":\"https:\/\/ironsky.pl\/sklep\/produkt\/unitree-go2-w-u2\/#breadcrumb\"},\"inLanguage\":\"pl-PL\",\"potentialAction\":[{\"@type\":\"ReadAction\",\"target\":[\"https:\/\/ironsky.pl\/sklep\/produkt\/unitree-go2-w-u2\/\"]}]},{\"@type\":\"ImageObject\",\"inLanguage\":\"pl-PL\",\"@id\":\"https:\/\/ironsky.pl\/sklep\/produkt\/unitree-go2-w-u2\/#primaryimage\",\"url\":\"https:\/\/ironsky.pl\/sklep\/wp-content\/uploads\/2025\/08\/Go2-W\u667a\u80fd\u7248.png\",\"contentUrl\":\"https:\/\/ironsky.pl\/sklep\/wp-content\/uploads\/2025\/08\/Go2-W\u667a\u80fd\u7248.png\",\"width\":1766,\"height\":1669},{\"@type\":\"BreadcrumbList\",\"@id\":\"https:\/\/ironsky.pl\/sklep\/produkt\/unitree-go2-w-u2\/#breadcrumb\",\"itemListElement\":[{\"@type\":\"ListItem\",\"position\":1,\"name\":\"Strona g\u0142\u00f3wna\",\"item\":\"https:\/\/ironsky.pl\/sklep\/\"},{\"@type\":\"ListItem\",\"position\":2,\"name\":\"Wszystkie produkty\",\"item\":\"https:\/\/ironsky.pl\/sklep\/produkty\/\"},{\"@type\":\"ListItem\",\"position\":3,\"name\":\"Robot mobilny Unitree Go2-W U2\"}]},{\"@type\":\"WebSite\",\"@id\":\"https:\/\/ironsky.pl\/sklep\/#website\",\"url\":\"https:\/\/ironsky.pl\/sklep\/\",\"name\":\"IRONSKY.PL Sklep z Dronami\",\"description\":\"IRONSKY.PL Sklep z Dronami\",\"potentialAction\":[{\"@type\":\"SearchAction\",\"target\":{\"@type\":\"EntryPoint\",\"urlTemplate\":\"https:\/\/ironsky.pl\/sklep\/?s={search_term_string}\"},\"query-input\":{\"@type\":\"PropertyValueSpecification\",\"valueRequired\":true,\"valueName\":\"search_term_string\"}}],\"inLanguage\":\"pl-PL\"}]}<\/script>\n<!-- \/ Yoast SEO plugin. -->","yoast_head_json":{"title":"Robot mobilny Unitree Go2-W U2 - IRONSKY.PL Sklep z Dronami","description":"Hybrydowy robot mobilny z ko\u0142ami i nogami. Osi\u0105ga pr\u0119dko\u015b\u0107 2,5 m\/s, pokonuje przeszkody do 70 cm. Idealny do patroli i monitoringu","robots":{"index":"index","follow":"follow","max-snippet":"max-snippet:-1","max-image-preview":"max-image-preview:large","max-video-preview":"max-video-preview:-1"},"canonical":"https:\/\/ironsky.pl\/sklep\/produkt\/unitree-go2-w-u2\/","og_locale":"pl_PL","og_type":"article","og_title":"Robot mobilny Unitree Go2-W U2 - IRONSKY.PL Sklep z Dronami","og_description":"Hybrydowy robot mobilny z ko\u0142ami i nogami. Osi\u0105ga pr\u0119dko\u015b\u0107 2,5 m\/s, pokonuje przeszkody do 70 cm. Idealny do patroli i monitoringu","og_url":"https:\/\/ironsky.pl\/sklep\/produkt\/unitree-go2-w-u2\/","og_site_name":"IRONSKY.PL Sklep z Dronami","article_modified_time":"2026-03-05T14:42:03+00:00","og_image":[{"width":1766,"height":1669,"url":"https:\/\/ironsky.pl\/sklep\/wp-content\/uploads\/2025\/08\/Go2-W\u667a\u80fd\u7248.png","type":"image\/png"}],"twitter_card":"summary_large_image","twitter_misc":{"Szacowany czas czytania":"2 minuty"},"schema":{"@context":"https:\/\/schema.org","@graph":[{"@type":"WebPage","@id":"https:\/\/ironsky.pl\/sklep\/produkt\/unitree-go2-w-u2\/","url":"https:\/\/ironsky.pl\/sklep\/produkt\/unitree-go2-w-u2\/","name":"Robot mobilny Unitree Go2-W U2 - IRONSKY.PL Sklep z Dronami","isPartOf":{"@id":"https:\/\/ironsky.pl\/sklep\/#website"},"primaryImageOfPage":{"@id":"https:\/\/ironsky.pl\/sklep\/produkt\/unitree-go2-w-u2\/#primaryimage"},"image":{"@id":"https:\/\/ironsky.pl\/sklep\/produkt\/unitree-go2-w-u2\/#primaryimage"},"thumbnailUrl":"https:\/\/ironsky.pl\/sklep\/wp-content\/uploads\/2025\/08\/Go2-W\u667a\u80fd\u7248.png","datePublished":"2025-08-07T13:03:56+00:00","dateModified":"2026-03-05T14:42:03+00:00","description":"Hybrydowy robot mobilny z ko\u0142ami i nogami. Osi\u0105ga pr\u0119dko\u015b\u0107 2,5 m\/s, pokonuje przeszkody do 70 cm. Idealny do patroli i monitoringu","breadcrumb":{"@id":"https:\/\/ironsky.pl\/sklep\/produkt\/unitree-go2-w-u2\/#breadcrumb"},"inLanguage":"pl-PL","potentialAction":[{"@type":"ReadAction","target":["https:\/\/ironsky.pl\/sklep\/produkt\/unitree-go2-w-u2\/"]}]},{"@type":"ImageObject","inLanguage":"pl-PL","@id":"https:\/\/ironsky.pl\/sklep\/produkt\/unitree-go2-w-u2\/#primaryimage","url":"https:\/\/ironsky.pl\/sklep\/wp-content\/uploads\/2025\/08\/Go2-W\u667a\u80fd\u7248.png","contentUrl":"https:\/\/ironsky.pl\/sklep\/wp-content\/uploads\/2025\/08\/Go2-W\u667a\u80fd\u7248.png","width":1766,"height":1669},{"@type":"BreadcrumbList","@id":"https:\/\/ironsky.pl\/sklep\/produkt\/unitree-go2-w-u2\/#breadcrumb","itemListElement":[{"@type":"ListItem","position":1,"name":"Strona g\u0142\u00f3wna","item":"https:\/\/ironsky.pl\/sklep\/"},{"@type":"ListItem","position":2,"name":"Wszystkie produkty","item":"https:\/\/ironsky.pl\/sklep\/produkty\/"},{"@type":"ListItem","position":3,"name":"Robot mobilny Unitree Go2-W U2"}]},{"@type":"WebSite","@id":"https:\/\/ironsky.pl\/sklep\/#website","url":"https:\/\/ironsky.pl\/sklep\/","name":"IRONSKY.PL Sklep z Dronami","description":"IRONSKY.PL Sklep z Dronami","potentialAction":[{"@type":"SearchAction","target":{"@type":"EntryPoint","urlTemplate":"https:\/\/ironsky.pl\/sklep\/?s={search_term_string}"},"query-input":{"@type":"PropertyValueSpecification","valueRequired":true,"valueName":"search_term_string"}}],"inLanguage":"pl-PL"}]}},"_links":{"self":[{"href":"https:\/\/ironsky.pl\/sklep\/wp-json\/wp\/v2\/product\/48360","targetHints":{"allow":["GET"]}}],"collection":[{"href":"https:\/\/ironsky.pl\/sklep\/wp-json\/wp\/v2\/product"}],"about":[{"href":"https:\/\/ironsky.pl\/sklep\/wp-json\/wp\/v2\/types\/product"}],"replies":[{"embeddable":true,"href":"https:\/\/ironsky.pl\/sklep\/wp-json\/wp\/v2\/comments?post=48360"}],"wp:featuredmedia":[{"embeddable":true,"href":"https:\/\/ironsky.pl\/sklep\/wp-json\/wp\/v2\/media\/48346"}],"wp:attachment":[{"href":"https:\/\/ironsky.pl\/sklep\/wp-json\/wp\/v2\/media?parent=48360"}],"wp:term":[{"taxonomy":"product_brand","embeddable":true,"href":"https:\/\/ironsky.pl\/sklep\/wp-json\/wp\/v2\/product_brand?post=48360"},{"taxonomy":"product_cat","embeddable":true,"href":"https:\/\/ironsky.pl\/sklep\/wp-json\/wp\/v2\/product_cat?post=48360"},{"taxonomy":"product_tag","embeddable":true,"href":"https:\/\/ironsky.pl\/sklep\/wp-json\/wp\/v2\/product_tag?post=48360"}],"curies":[{"name":"wp","href":"https:\/\/api.w.org\/{rel}","templated":true}]}}