{"id":46591,"date":"2025-06-13T15:26:12","date_gmt":"2025-06-13T13:26:12","guid":{"rendered":"https:\/\/ironsky.pl\/drony-sklep\/produkt\/multitool-mini-sailor-nextool-ne20237a-z-nozyczkami\/"},"modified":"2026-03-05T15:58:59","modified_gmt":"2026-03-05T14:58:59","slug":"multitool-mini-sailor-nextool-ne20237a-z-nozyczkami","status":"publish","type":"product","link":"https:\/\/ironsky.pl\/sklep\/produkt\/multitool-mini-sailor-nextool-ne20237a-z-nozyczkami\/","title":{"rendered":"Multitool Mini Sailor NexTool NE20237A (z no\u017cyczkami)"},"content":{"rendered":"<h3>Multitool MiniSailor NexTool NE20237A (z no\u017cyczkami)<\/h3>\n<p>Wyposa\u017c si\u0119 w wielofunkcyjne narz\u0119dzie, kt\u00f3re pomo\u017ce Ci sprosta\u0107 codziennym wyzwaniom. Multitool MiniSailor marki NexTool oferuje a\u017c 10 praktycznych funkcji. Mo\u017cesz wykorzysta\u0107 go mi\u0119dzy innymi jako no\u017cyczki, n\u00f3\u017c, pilnik metalowy, p\u0142aski \u015brubokr\u0119t, ig\u0142\u0119 do kart SIM czy te\u017c otwieracz do butelek. Mimo szerokiego zakresu zastosowania produkt wyr\u00f3\u017cnia si\u0119 kompaktow\u0105 konstrukcj\u0105, dzi\u0119ki czemu mo\u017cesz mie\u0107 go zawsze przy sobie. Wykonano go z wysokiej klasy materia\u0142\u00f3w, co przek\u0142ada si\u0119 na du\u017c\u0105 wytrzyma\u0142o\u015b\u0107.<\/p>\n<p>\n<img decoding=\"async\" src=\"https:\/\/assets.innpro.pl\/11228\/13239\/6.jpg\" border=\"0\" \/>\n<\/p>\n<h3>Wszechstronno\u015b\u0107 w jednym narz\u0119dziu<\/h3>\n<p>Wielofunkcyjne narz\u0119dzie NexTool wyr\u00f3\u017cnia si\u0119 du\u017c\u0105 wszechstronno\u015bci\u0105. No\u017cyczki i r\u00f3\u017cnorodne no\u017ce pozwalaj\u0105 na dok\u0142adne ci\u0119cie, a szczypce zapewniaj\u0105 niezawodny zacisk. Dodatkowe otwory u\u0142atwiaj\u0105 zawieszenie i przechowywanie narz\u0119dzia, a wbudowany otwieracz do butelek \u015bwietnie sprawdza si\u0119 podczas spotka\u0144 towarzyskich i aktywno\u015bci w plenerze.<\/p>\n<p>\n<img decoding=\"async\" src=\"https:\/\/assets.innpro.pl\/11228\/13239\/3.jpg\" border=\"0\" \/>\n<\/p>\n<h3>Najwy\u017cszy poziom precyzji<\/h3>\n<p>Narz\u0119dzie NexTool doskonale sprawdzi si\u0119 r\u00f3wnie\u017c podczas wykonywania zada\u0144, kt\u00f3re wymagaj\u0105 wyj\u0105tkowej precyzji. Wyposa\u017cono je w r\u00f3\u017cnego rodzaju \u015brubokr\u0119ty, w tym p\u0142aski, du\u017cy i krzy\u017cakowy. Do Twojej dyspozycji b\u0119dzie tak\u017ce ig\u0142a do wyjmowania kart SIM i metalowy pilnik. MiniSailor stanie si\u0119 nieocenionym wsparciem w domu, warsztacie czy w podr\u00f3\u017cy, zapewniaj\u0105c skuteczno\u015b\u0107 w szerokim spektrum zastosowa\u0144.<\/p>\n<p>\n<img decoding=\"async\" src=\"https:\/\/assets.innpro.pl\/11228\/13239\/2.jpg\" border=\"0\" \/>\n<\/p>\n<h3>Elegancki design i wygoda u\u017cytkowania<\/h3>\n<p>Delikatna obudowa narz\u0119dzia \u0142\u0105czy w sobie estetyk\u0119 i trwa\u0142o\u015b\u0107. Jego kompaktowy rozmiar umo\u017cliwia wygodne przenoszenie w kieszeni, co jest istotne dla os\u00f3b pracuj\u0105cych w r\u00f3\u017cnych miejscach. Sprawne otwieranie i zamykanie zapewnia wygod\u0119 u\u017cytkowania, a matowa r\u0105czka gwarantuje pewny chwyt. Dzi\u0119ki MiniSailor praca stanie si\u0119 nie tylko efektywniejsza, ale i przyjemniejsza.<\/p>\n<p>\n<img decoding=\"async\" src=\"https:\/\/assets.innpro.pl\/11228\/13239\/4.jpg\" border=\"0\" \/>\n<\/p>\n<h3>Dba\u0142o\u015b\u0107 o detale<\/h3>\n<p>2 zestawienia precyzyjnych wzor\u00f3w z\u0119batek umo\u017cliwiaj\u0105 dostosowanie procesu szlifowania do aktualnych potrzeb. Dodatkowo wydzielony du\u017cy \u015brubokr\u0119t poszerza zakres zastosowa\u0144 narz\u0119dzia, co doceni\u0105 osoby zaanga\u017cowane w r\u00f3\u017cnorodne projekty. Narz\u0119dzie wyr\u00f3\u017cnia si\u0119 tak\u017ce innowacyjno\u015bci\u0105, widoczn\u0105 m.in. w praktycznym haku, u\u0142atwiaj\u0105cym przechowywanie i kreatywne wykorzystanie go do dekoracji przestrzeni roboczej.<\/p>\n<p>\n<img decoding=\"async\" src=\"https:\/\/assets.innpro.pl\/11228\/13239\/8.jpg\" border=\"0\" \/>\n<\/p>\n<h3>Wysokiej klasy materia\u0142y<\/h3>\n<p>Projektuj\u0105c narz\u0119dzie NexTool, wykorzystano najwy\u017cszej klasy materia\u0142y. Ostrze no\u017ca wykonane zosta\u0142o ze stali nierdzewnej 420J2, co przek\u0142ada si\u0119 na wytrzyma\u0142o\u015b\u0107 i ostro\u015b\u0107. Inne elementy wykonano z solidnej stali i stopu aluminium. Po\u0142\u0105czenie tych materia\u0142\u00f3w przek\u0142ada si\u0119 na niezawodno\u015b\u0107 narz\u0119dzia w r\u00f3\u017cnorodnych zastosowaniach, zapewniaj\u0105c pewno\u015b\u0107 dzia\u0142ania w ka\u017cdej sytuacji.<\/p>\n<p>\n<img decoding=\"async\" src=\"https:\/\/assets.innpro.pl\/11228\/13239\/9.jpg\" border=\"0\" \/>\n<\/p>\n<div class=\"table-wrapper\">\n<p>\u00a0<\/p>\n<h3><\/h3>\n<table>\n<tbody>\n<tr>\n<th>Producent <\/th>\n<td>NexTool<\/td>\n<\/tr>\n<tr>\n<th>Model <\/th>\n<td>NE20237A<\/td>\n<\/tr>\n<tr>\n<th>Wymiary po z\u0142o\u017ceniu <\/th>\n<td>67.2 x 25.3 x 15.5 mm<\/td>\n<\/tr>\n<tr>\n<th>Waga <\/th>\n<td>87 g \u00b1 5 g<\/td>\n<\/tr>\n<tr>\n<th>Funkcje <\/th>\n<td>no\u017cyczki \/ n\u00f3\u017c \/ szczypce \/ otwory do zawieszenia \/ otwieracz do butelek \/ \u015brubokr\u0119t p\u0142aski \/ du\u017cy \u015brubokr\u0119t \/ \u015brubokr\u0119t krzy\u017cakowy \/ ig\u0142a do wyjmowania kart \/ pilnik metalowy<\/td>\n<\/tr>\n<\/tbody>\n<\/table>\n<\/div>\n","protected":false},"excerpt":{"rendered":"<p>Multitool MiniSailor NexTool NE20237A (z no\u017cyczkami) Wyposa\u017c si\u0119 w wielofunkcyjne narz\u0119dzie, kt\u00f3re pomo\u017ce Ci sprosta\u0107 codziennym wyzwaniom. Multitool MiniSailor marki<\/p>\n","protected":false},"featured_media":46592,"comment_status":"closed","ping_status":"open","template":"","meta":{"_acf_changed":false},"product_brand":[],"product_cat":[5959,5937],"product_tag":[],"class_list":{"0":"post-46591","1":"product","2":"type-product","3":"status-publish","4":"has-post-thumbnail","6":"product_cat-multitoole","7":"product_cat-outdoor","8":"pa_okres-gwarancji-5754","9":"pa_producent-nextool","11":"first","12":"outofstock","13":"taxable","14":"shipping-taxable","15":"purchasable","16":"product-type-simple"},"acf":[],"yoast_head":"<!-- This site is optimized with the Yoast SEO plugin v27.2 - https:\/\/yoast.com\/product\/yoast-seo-wordpress\/ -->\n<title>Multitool Mini Sailor NexTool NE20237A (z no\u017cyczkami) - IRONSKY.PL Sklep z Dronami<\/title>\n<meta name=\"description\" content=\"Multitool Mini Sailor NexTool NE20237A (z no\u017cyczkami) - \u2705 sklep z dronami i fachowym doradztwem. \u2705 Tutaj kupisz produkty DJI, Yuneec, Parrot, Syma i wiele innych, a tak\u017ce kursy i licencje na operatora drona.\" \/>\n<meta name=\"robots\" content=\"index, follow, max-snippet:-1, max-image-preview:large, max-video-preview:-1\" \/>\n<link rel=\"canonical\" href=\"https:\/\/ironsky.pl\/sklep\/produkt\/multitool-mini-sailor-nextool-ne20237a-z-nozyczkami\/\" \/>\n<meta property=\"og:locale\" content=\"pl_PL\" \/>\n<meta property=\"og:type\" content=\"article\" \/>\n<meta property=\"og:title\" content=\"Multitool Mini Sailor NexTool NE20237A (z no\u017cyczkami) - IRONSKY.PL Sklep z Dronami\" \/>\n<meta property=\"og:description\" content=\"Multitool Mini Sailor NexTool NE20237A (z no\u017cyczkami) - \u2705 sklep z dronami i fachowym doradztwem. \u2705 Tutaj kupisz produkty DJI, Yuneec, Parrot, Syma i wiele innych, a tak\u017ce kursy i licencje na operatora drona.\" \/>\n<meta property=\"og:url\" content=\"https:\/\/ironsky.pl\/sklep\/produkt\/multitool-mini-sailor-nextool-ne20237a-z-nozyczkami\/\" \/>\n<meta property=\"og:site_name\" content=\"IRONSKY.PL Sklep z Dronami\" \/>\n<meta property=\"article:modified_time\" content=\"2026-03-05T14:58:59+00:00\" \/>\n<meta property=\"og:image\" content=\"https:\/\/ironsky.pl\/sklep\/wp-content\/uploads\/2025\/06\/48875_1.jpg\" \/>\n\t<meta property=\"og:image:width\" content=\"800\" \/>\n\t<meta property=\"og:image:height\" content=\"800\" \/>\n\t<meta property=\"og:image:type\" content=\"image\/jpeg\" \/>\n<meta name=\"twitter:card\" content=\"summary_large_image\" \/>\n<meta name=\"twitter:label1\" content=\"Szacowany czas czytania\" \/>\n\t<meta name=\"twitter:data1\" content=\"2 minuty\" \/>\n<script type=\"application\/ld+json\" class=\"yoast-schema-graph\">{\"@context\":\"https:\/\/schema.org\",\"@graph\":[{\"@type\":\"WebPage\",\"@id\":\"https:\/\/ironsky.pl\/sklep\/produkt\/multitool-mini-sailor-nextool-ne20237a-z-nozyczkami\/\",\"url\":\"https:\/\/ironsky.pl\/sklep\/produkt\/multitool-mini-sailor-nextool-ne20237a-z-nozyczkami\/\",\"name\":\"Multitool Mini Sailor NexTool NE20237A (z no\u017cyczkami) - IRONSKY.PL Sklep z Dronami\",\"isPartOf\":{\"@id\":\"https:\/\/ironsky.pl\/sklep\/#website\"},\"primaryImageOfPage\":{\"@id\":\"https:\/\/ironsky.pl\/sklep\/produkt\/multitool-mini-sailor-nextool-ne20237a-z-nozyczkami\/#primaryimage\"},\"image\":{\"@id\":\"https:\/\/ironsky.pl\/sklep\/produkt\/multitool-mini-sailor-nextool-ne20237a-z-nozyczkami\/#primaryimage\"},\"thumbnailUrl\":\"https:\/\/ironsky.pl\/sklep\/wp-content\/uploads\/2025\/06\/48875_1.jpg\",\"datePublished\":\"2025-06-13T13:26:12+00:00\",\"dateModified\":\"2026-03-05T14:58:59+00:00\",\"description\":\"Multitool Mini Sailor NexTool NE20237A (z no\u017cyczkami) - \u2705 sklep z dronami i fachowym doradztwem. \u2705 Tutaj kupisz produkty DJI, Yuneec, Parrot, Syma i wiele innych, a tak\u017ce kursy i licencje na operatora drona.\",\"breadcrumb\":{\"@id\":\"https:\/\/ironsky.pl\/sklep\/produkt\/multitool-mini-sailor-nextool-ne20237a-z-nozyczkami\/#breadcrumb\"},\"inLanguage\":\"pl-PL\",\"potentialAction\":[{\"@type\":\"ReadAction\",\"target\":[\"https:\/\/ironsky.pl\/sklep\/produkt\/multitool-mini-sailor-nextool-ne20237a-z-nozyczkami\/\"]}]},{\"@type\":\"ImageObject\",\"inLanguage\":\"pl-PL\",\"@id\":\"https:\/\/ironsky.pl\/sklep\/produkt\/multitool-mini-sailor-nextool-ne20237a-z-nozyczkami\/#primaryimage\",\"url\":\"https:\/\/ironsky.pl\/sklep\/wp-content\/uploads\/2025\/06\/48875_1.jpg\",\"contentUrl\":\"https:\/\/ironsky.pl\/sklep\/wp-content\/uploads\/2025\/06\/48875_1.jpg\",\"width\":800,\"height\":800},{\"@type\":\"BreadcrumbList\",\"@id\":\"https:\/\/ironsky.pl\/sklep\/produkt\/multitool-mini-sailor-nextool-ne20237a-z-nozyczkami\/#breadcrumb\",\"itemListElement\":[{\"@type\":\"ListItem\",\"position\":1,\"name\":\"Strona g\u0142\u00f3wna\",\"item\":\"https:\/\/ironsky.pl\/sklep\/\"},{\"@type\":\"ListItem\",\"position\":2,\"name\":\"Wszystkie produkty\",\"item\":\"https:\/\/ironsky.pl\/sklep\/produkty\/\"},{\"@type\":\"ListItem\",\"position\":3,\"name\":\"Multitool Mini Sailor NexTool NE20237A (z no\u017cyczkami)\"}]},{\"@type\":\"WebSite\",\"@id\":\"https:\/\/ironsky.pl\/sklep\/#website\",\"url\":\"https:\/\/ironsky.pl\/sklep\/\",\"name\":\"IRONSKY.PL Sklep z Dronami\",\"description\":\"IRONSKY.PL Sklep z Dronami\",\"potentialAction\":[{\"@type\":\"SearchAction\",\"target\":{\"@type\":\"EntryPoint\",\"urlTemplate\":\"https:\/\/ironsky.pl\/sklep\/?s={search_term_string}\"},\"query-input\":{\"@type\":\"PropertyValueSpecification\",\"valueRequired\":true,\"valueName\":\"search_term_string\"}}],\"inLanguage\":\"pl-PL\"}]}<\/script>\n<!-- \/ Yoast SEO plugin. -->","yoast_head_json":{"title":"Multitool Mini Sailor NexTool NE20237A (z no\u017cyczkami) - IRONSKY.PL Sklep z Dronami","description":"Multitool Mini Sailor NexTool NE20237A (z no\u017cyczkami) - \u2705 sklep z dronami i fachowym doradztwem. \u2705 Tutaj kupisz produkty DJI, Yuneec, Parrot, Syma i wiele innych, a tak\u017ce kursy i licencje na operatora drona.","robots":{"index":"index","follow":"follow","max-snippet":"max-snippet:-1","max-image-preview":"max-image-preview:large","max-video-preview":"max-video-preview:-1"},"canonical":"https:\/\/ironsky.pl\/sklep\/produkt\/multitool-mini-sailor-nextool-ne20237a-z-nozyczkami\/","og_locale":"pl_PL","og_type":"article","og_title":"Multitool Mini Sailor NexTool NE20237A (z no\u017cyczkami) - IRONSKY.PL Sklep z Dronami","og_description":"Multitool Mini Sailor NexTool NE20237A (z no\u017cyczkami) - \u2705 sklep z dronami i fachowym doradztwem. \u2705 Tutaj kupisz produkty DJI, Yuneec, Parrot, Syma i wiele innych, a tak\u017ce kursy i licencje na operatora drona.","og_url":"https:\/\/ironsky.pl\/sklep\/produkt\/multitool-mini-sailor-nextool-ne20237a-z-nozyczkami\/","og_site_name":"IRONSKY.PL Sklep z Dronami","article_modified_time":"2026-03-05T14:58:59+00:00","og_image":[{"width":800,"height":800,"url":"https:\/\/ironsky.pl\/sklep\/wp-content\/uploads\/2025\/06\/48875_1.jpg","type":"image\/jpeg"}],"twitter_card":"summary_large_image","twitter_misc":{"Szacowany czas czytania":"2 minuty"},"schema":{"@context":"https:\/\/schema.org","@graph":[{"@type":"WebPage","@id":"https:\/\/ironsky.pl\/sklep\/produkt\/multitool-mini-sailor-nextool-ne20237a-z-nozyczkami\/","url":"https:\/\/ironsky.pl\/sklep\/produkt\/multitool-mini-sailor-nextool-ne20237a-z-nozyczkami\/","name":"Multitool Mini Sailor NexTool NE20237A (z no\u017cyczkami) - IRONSKY.PL Sklep z Dronami","isPartOf":{"@id":"https:\/\/ironsky.pl\/sklep\/#website"},"primaryImageOfPage":{"@id":"https:\/\/ironsky.pl\/sklep\/produkt\/multitool-mini-sailor-nextool-ne20237a-z-nozyczkami\/#primaryimage"},"image":{"@id":"https:\/\/ironsky.pl\/sklep\/produkt\/multitool-mini-sailor-nextool-ne20237a-z-nozyczkami\/#primaryimage"},"thumbnailUrl":"https:\/\/ironsky.pl\/sklep\/wp-content\/uploads\/2025\/06\/48875_1.jpg","datePublished":"2025-06-13T13:26:12+00:00","dateModified":"2026-03-05T14:58:59+00:00","description":"Multitool Mini Sailor NexTool NE20237A (z no\u017cyczkami) - \u2705 sklep z dronami i fachowym doradztwem. \u2705 Tutaj kupisz produkty DJI, Yuneec, Parrot, Syma i wiele innych, a tak\u017ce kursy i licencje na operatora drona.","breadcrumb":{"@id":"https:\/\/ironsky.pl\/sklep\/produkt\/multitool-mini-sailor-nextool-ne20237a-z-nozyczkami\/#breadcrumb"},"inLanguage":"pl-PL","potentialAction":[{"@type":"ReadAction","target":["https:\/\/ironsky.pl\/sklep\/produkt\/multitool-mini-sailor-nextool-ne20237a-z-nozyczkami\/"]}]},{"@type":"ImageObject","inLanguage":"pl-PL","@id":"https:\/\/ironsky.pl\/sklep\/produkt\/multitool-mini-sailor-nextool-ne20237a-z-nozyczkami\/#primaryimage","url":"https:\/\/ironsky.pl\/sklep\/wp-content\/uploads\/2025\/06\/48875_1.jpg","contentUrl":"https:\/\/ironsky.pl\/sklep\/wp-content\/uploads\/2025\/06\/48875_1.jpg","width":800,"height":800},{"@type":"BreadcrumbList","@id":"https:\/\/ironsky.pl\/sklep\/produkt\/multitool-mini-sailor-nextool-ne20237a-z-nozyczkami\/#breadcrumb","itemListElement":[{"@type":"ListItem","position":1,"name":"Strona g\u0142\u00f3wna","item":"https:\/\/ironsky.pl\/sklep\/"},{"@type":"ListItem","position":2,"name":"Wszystkie produkty","item":"https:\/\/ironsky.pl\/sklep\/produkty\/"},{"@type":"ListItem","position":3,"name":"Multitool Mini Sailor NexTool NE20237A (z no\u017cyczkami)"}]},{"@type":"WebSite","@id":"https:\/\/ironsky.pl\/sklep\/#website","url":"https:\/\/ironsky.pl\/sklep\/","name":"IRONSKY.PL Sklep z Dronami","description":"IRONSKY.PL Sklep z Dronami","potentialAction":[{"@type":"SearchAction","target":{"@type":"EntryPoint","urlTemplate":"https:\/\/ironsky.pl\/sklep\/?s={search_term_string}"},"query-input":{"@type":"PropertyValueSpecification","valueRequired":true,"valueName":"search_term_string"}}],"inLanguage":"pl-PL"}]}},"_links":{"self":[{"href":"https:\/\/ironsky.pl\/sklep\/wp-json\/wp\/v2\/product\/46591","targetHints":{"allow":["GET"]}}],"collection":[{"href":"https:\/\/ironsky.pl\/sklep\/wp-json\/wp\/v2\/product"}],"about":[{"href":"https:\/\/ironsky.pl\/sklep\/wp-json\/wp\/v2\/types\/product"}],"replies":[{"embeddable":true,"href":"https:\/\/ironsky.pl\/sklep\/wp-json\/wp\/v2\/comments?post=46591"}],"wp:featuredmedia":[{"embeddable":true,"href":"https:\/\/ironsky.pl\/sklep\/wp-json\/wp\/v2\/media\/46592"}],"wp:attachment":[{"href":"https:\/\/ironsky.pl\/sklep\/wp-json\/wp\/v2\/media?parent=46591"}],"wp:term":[{"taxonomy":"product_brand","embeddable":true,"href":"https:\/\/ironsky.pl\/sklep\/wp-json\/wp\/v2\/product_brand?post=46591"},{"taxonomy":"product_cat","embeddable":true,"href":"https:\/\/ironsky.pl\/sklep\/wp-json\/wp\/v2\/product_cat?post=46591"},{"taxonomy":"product_tag","embeddable":true,"href":"https:\/\/ironsky.pl\/sklep\/wp-json\/wp\/v2\/product_tag?post=46591"}],"curies":[{"name":"wp","href":"https:\/\/api.w.org\/{rel}","templated":true}]}}