{"id":44539,"date":"2025-06-13T15:08:22","date_gmt":"2025-06-13T13:08:22","guid":{"rendered":"https:\/\/ironsky.pl\/drony-sklep\/produkt\/torba-na-ramie-tomtoc-urbanex-b11-czarny\/"},"modified":"2026-03-05T15:58:02","modified_gmt":"2026-03-05T14:58:02","slug":"torba-na-ramie-tomtoc-urbanex-b11-czarny","status":"publish","type":"product","link":"https:\/\/ironsky.pl\/sklep\/produkt\/torba-na-ramie-tomtoc-urbanex-b11-czarny\/","title":{"rendered":"Torba na rami\u0119 Tomtoc UrbanEX-B11 (czarny)"},"content":{"rendered":"<h3>Torba na rami\u0119 11&#8221; Tomtoc UrbanEX-B11 (czarny)<\/h3>\n<p>Torba Tomtoc UrbanEX-B11 o pojemno\u015bci 7  L \u0142\u0105czy w sobie miejsk\u0105 estetyk\u0119 z praktyczno\u015bci\u0105. Jej minimalistyczny design, stworzony z my\u015bl\u0105 o osobach korzystaj\u0105cych z nowoczesnych technologii, czyni j\u0105 idealnym dodatkiem na co dzie\u0144, niezale\u017cnie od tego, czy wybierasz si\u0119 do pracy, na studia, czy na weekendowe wyprawy.<\/p>\n<p>\n<img decoding=\"async\" src=\"https:\/\/assets.innpro.pl\/5369\/6287\/2.jpg\" border=\"0\" \/>\n<\/p>\n<h3>Przemy\u015blany uk\u0142ad przegr\u00f3dek<\/h3>\n<p>Projektuj\u0105c torb\u0119 Tomtoc, zadbano o detale \u2013 produkt zachwyca przemy\u015blan\u0105 konstrukcj\u0105 i oferuje a\u017c 3 komory, kt\u00f3re pozwalaj\u0105 na uporz\u0105dkowanie akcesori\u00f3w i urz\u0105dze\u0144. Do Twojej dyspozycji b\u0119dzie mi\u0119dzy innymi kiesze\u0144 na tablet, kt\u00f3rego wielko\u015b\u0107 nie przekracza 11 cali.<\/p>\n<p>\n<img decoding=\"async\" src=\"https:\/\/assets.innpro.pl\/5369\/6287\/1.jpg\" border=\"0\" \/>\n<\/p>\n<h3>Wytrzyma\u0142a struktura<\/h3>\n<p>Do wykonania torby zastosowano materia\u0142 Cordura Ballistic Nylon 840D, kt\u00f3ry zapewnia niezr\u00f3wnan\u0105 ochron\u0119 przed uszkodzeniami mechanicznymi i zu\u017cyciem. Wodoodporne zamki YKK chroni\u0105ce g\u0142\u00f3wn\u0105 komor\u0119 na tablet oraz solidne klamry Duraflex gwarantuj\u0105 trwa\u0142o\u015b\u0107 i bezpiecze\u0144stwo Twojego tabletu i akcesori\u00f3w, takich jak teczki, dyski USB, kable i przeno\u015bne dyski twarde.<\/p>\n<p>\n<img decoding=\"async\" src=\"https:\/\/assets.innpro.pl\/5369\/6287\/3.jpg\" border=\"0\" \/>\n<\/p>\n<h3>Praktyczne rozwi\u0105zania<\/h3>\n<p>Torba wyposa\u017cona jest w ergonomiczny, odpinany pasek na rami\u0119. Mo\u017cliwo\u015b\u0107 regulacji k\u0105ta obrotu paska do 120 stopni gwarantuje komfort noszenia.<\/p>\n<p>\n<img decoding=\"async\" src=\"https:\/\/assets.innpro.pl\/5369\/6287\/5.jpg\" border=\"0\" \/>\n<\/p>\n<div class=\"table-wrapper\">\n<p>\u00a0<\/p>\n<h3><\/h3>\n<table>\n<tbody>\n<tr>\n<th>Producent <\/th>\n<td>Tomtoc<\/td>\n<\/tr>\n<tr>\n<th>Model<\/th>\n<td>B11A1D1<\/td>\n<\/tr>\n<tr>\n<th>Kompatybilno\u015b\u0107<\/th>\n<td>11-calowy iPad Pro 4. \/ 3. \/ 2. \/ 1. generacji (2022-2018), 10,9-calowy iPad Air 5. \/ 4. generacji, iPad 10, 10,2-calowy iPad 9\/8\/7, Microsoft Surface Go 3\/2\/1, inne tablety Samsung do 11 cali<\/td>\n<\/tr>\n<tr>\n<th>Pojemno\u015b\u0107<\/th>\n<td>7 l<\/td>\n<\/tr>\n<tr>\n<th>Wymiary torby<\/th>\n<td>31 x 23 x 9 cm<\/td>\n<\/tr>\n<tr>\n<th>Wymiary przegrody na tablet<\/th>\n<td>25.1 x 19.4 cm<\/td>\n<\/tr>\n<tr>\n<th>Waga<\/th>\n<td>567 g<\/td>\n<\/tr>\n<tr>\n<th>Kolor<\/th>\n<td>czarny<\/td>\n<\/tr>\n<\/tbody>\n<\/table>\n<\/div>\n","protected":false},"excerpt":{"rendered":"<p>Torba na rami\u0119 11&#8221; Tomtoc UrbanEX-B11 (czarny) Torba Tomtoc UrbanEX-B11 o pojemno\u015bci 7 L \u0142\u0105czy w sobie miejsk\u0105 estetyk\u0119 z<\/p>\n","protected":false},"featured_media":44540,"comment_status":"closed","ping_status":"open","template":"","meta":{"_acf_changed":false},"product_brand":[],"product_cat":[5929,5955],"product_tag":[],"class_list":{"0":"post-44539","1":"product","2":"type-product","3":"status-publish","4":"has-post-thumbnail","6":"product_cat-akcesoria-it","7":"product_cat-przenoszenie","8":"pa_okres-gwarancji-5754","9":"pa_producent-tomtoc","11":"first","12":"outofstock","13":"taxable","14":"shipping-taxable","15":"purchasable","16":"product-type-simple"},"acf":[],"yoast_head":"<!-- This site is optimized with the Yoast SEO plugin v27.2 - https:\/\/yoast.com\/product\/yoast-seo-wordpress\/ -->\n<title>Torba na rami\u0119 Tomtoc UrbanEX-B11 (czarny) - IRONSKY.PL Sklep z Dronami<\/title>\n<meta name=\"description\" content=\"Torba na rami\u0119 Tomtoc UrbanEX-B11 (czarny) - \u2705 sklep z dronami i fachowym doradztwem. \u2705 Tutaj kupisz produkty DJI, Yuneec, Parrot, Syma i wiele innych, a tak\u017ce kursy i licencje na operatora drona.\" \/>\n<meta name=\"robots\" content=\"index, follow, max-snippet:-1, max-image-preview:large, max-video-preview:-1\" \/>\n<link rel=\"canonical\" href=\"https:\/\/ironsky.pl\/sklep\/produkt\/torba-na-ramie-tomtoc-urbanex-b11-czarny\/\" \/>\n<meta property=\"og:locale\" content=\"pl_PL\" \/>\n<meta property=\"og:type\" content=\"article\" \/>\n<meta property=\"og:title\" content=\"Torba na rami\u0119 Tomtoc UrbanEX-B11 (czarny) - IRONSKY.PL Sklep z Dronami\" \/>\n<meta property=\"og:description\" content=\"Torba na rami\u0119 Tomtoc UrbanEX-B11 (czarny) - \u2705 sklep z dronami i fachowym doradztwem. \u2705 Tutaj kupisz produkty DJI, Yuneec, Parrot, Syma i wiele innych, a tak\u017ce kursy i licencje na operatora drona.\" \/>\n<meta property=\"og:url\" content=\"https:\/\/ironsky.pl\/sklep\/produkt\/torba-na-ramie-tomtoc-urbanex-b11-czarny\/\" \/>\n<meta property=\"og:site_name\" content=\"IRONSKY.PL Sklep z Dronami\" \/>\n<meta property=\"article:modified_time\" content=\"2026-03-05T14:58:02+00:00\" \/>\n<meta property=\"og:image\" content=\"https:\/\/ironsky.pl\/sklep\/wp-content\/uploads\/2025\/06\/41641_2.jpg\" \/>\n\t<meta property=\"og:image:width\" content=\"800\" \/>\n\t<meta property=\"og:image:height\" content=\"800\" \/>\n\t<meta property=\"og:image:type\" content=\"image\/jpeg\" \/>\n<meta name=\"twitter:card\" content=\"summary_large_image\" \/>\n<meta name=\"twitter:label1\" content=\"Szacowany czas czytania\" \/>\n\t<meta name=\"twitter:data1\" content=\"1 minuta\" \/>\n<script type=\"application\/ld+json\" class=\"yoast-schema-graph\">{\"@context\":\"https:\/\/schema.org\",\"@graph\":[{\"@type\":\"WebPage\",\"@id\":\"https:\/\/ironsky.pl\/sklep\/produkt\/torba-na-ramie-tomtoc-urbanex-b11-czarny\/\",\"url\":\"https:\/\/ironsky.pl\/sklep\/produkt\/torba-na-ramie-tomtoc-urbanex-b11-czarny\/\",\"name\":\"Torba na rami\u0119 Tomtoc UrbanEX-B11 (czarny) - IRONSKY.PL Sklep z Dronami\",\"isPartOf\":{\"@id\":\"https:\/\/ironsky.pl\/sklep\/#website\"},\"primaryImageOfPage\":{\"@id\":\"https:\/\/ironsky.pl\/sklep\/produkt\/torba-na-ramie-tomtoc-urbanex-b11-czarny\/#primaryimage\"},\"image\":{\"@id\":\"https:\/\/ironsky.pl\/sklep\/produkt\/torba-na-ramie-tomtoc-urbanex-b11-czarny\/#primaryimage\"},\"thumbnailUrl\":\"https:\/\/ironsky.pl\/sklep\/wp-content\/uploads\/2025\/06\/41641_2.jpg\",\"datePublished\":\"2025-06-13T13:08:22+00:00\",\"dateModified\":\"2026-03-05T14:58:02+00:00\",\"description\":\"Torba na rami\u0119 Tomtoc UrbanEX-B11 (czarny) - \u2705 sklep z dronami i fachowym doradztwem. \u2705 Tutaj kupisz produkty DJI, Yuneec, Parrot, Syma i wiele innych, a tak\u017ce kursy i licencje na operatora drona.\",\"breadcrumb\":{\"@id\":\"https:\/\/ironsky.pl\/sklep\/produkt\/torba-na-ramie-tomtoc-urbanex-b11-czarny\/#breadcrumb\"},\"inLanguage\":\"pl-PL\",\"potentialAction\":[{\"@type\":\"ReadAction\",\"target\":[\"https:\/\/ironsky.pl\/sklep\/produkt\/torba-na-ramie-tomtoc-urbanex-b11-czarny\/\"]}]},{\"@type\":\"ImageObject\",\"inLanguage\":\"pl-PL\",\"@id\":\"https:\/\/ironsky.pl\/sklep\/produkt\/torba-na-ramie-tomtoc-urbanex-b11-czarny\/#primaryimage\",\"url\":\"https:\/\/ironsky.pl\/sklep\/wp-content\/uploads\/2025\/06\/41641_2.jpg\",\"contentUrl\":\"https:\/\/ironsky.pl\/sklep\/wp-content\/uploads\/2025\/06\/41641_2.jpg\",\"width\":800,\"height\":800},{\"@type\":\"BreadcrumbList\",\"@id\":\"https:\/\/ironsky.pl\/sklep\/produkt\/torba-na-ramie-tomtoc-urbanex-b11-czarny\/#breadcrumb\",\"itemListElement\":[{\"@type\":\"ListItem\",\"position\":1,\"name\":\"Strona g\u0142\u00f3wna\",\"item\":\"https:\/\/ironsky.pl\/sklep\/\"},{\"@type\":\"ListItem\",\"position\":2,\"name\":\"Wszystkie produkty\",\"item\":\"https:\/\/ironsky.pl\/sklep\/produkty\/\"},{\"@type\":\"ListItem\",\"position\":3,\"name\":\"Torba na rami\u0119 Tomtoc UrbanEX-B11 (czarny)\"}]},{\"@type\":\"WebSite\",\"@id\":\"https:\/\/ironsky.pl\/sklep\/#website\",\"url\":\"https:\/\/ironsky.pl\/sklep\/\",\"name\":\"IRONSKY.PL Sklep z Dronami\",\"description\":\"IRONSKY.PL Sklep z Dronami\",\"potentialAction\":[{\"@type\":\"SearchAction\",\"target\":{\"@type\":\"EntryPoint\",\"urlTemplate\":\"https:\/\/ironsky.pl\/sklep\/?s={search_term_string}\"},\"query-input\":{\"@type\":\"PropertyValueSpecification\",\"valueRequired\":true,\"valueName\":\"search_term_string\"}}],\"inLanguage\":\"pl-PL\"}]}<\/script>\n<!-- \/ Yoast SEO plugin. -->","yoast_head_json":{"title":"Torba na rami\u0119 Tomtoc UrbanEX-B11 (czarny) - IRONSKY.PL Sklep z Dronami","description":"Torba na rami\u0119 Tomtoc UrbanEX-B11 (czarny) - \u2705 sklep z dronami i fachowym doradztwem. \u2705 Tutaj kupisz produkty DJI, Yuneec, Parrot, Syma i wiele innych, a tak\u017ce kursy i licencje na operatora drona.","robots":{"index":"index","follow":"follow","max-snippet":"max-snippet:-1","max-image-preview":"max-image-preview:large","max-video-preview":"max-video-preview:-1"},"canonical":"https:\/\/ironsky.pl\/sklep\/produkt\/torba-na-ramie-tomtoc-urbanex-b11-czarny\/","og_locale":"pl_PL","og_type":"article","og_title":"Torba na rami\u0119 Tomtoc UrbanEX-B11 (czarny) - IRONSKY.PL Sklep z Dronami","og_description":"Torba na rami\u0119 Tomtoc UrbanEX-B11 (czarny) - \u2705 sklep z dronami i fachowym doradztwem. \u2705 Tutaj kupisz produkty DJI, Yuneec, Parrot, Syma i wiele innych, a tak\u017ce kursy i licencje na operatora drona.","og_url":"https:\/\/ironsky.pl\/sklep\/produkt\/torba-na-ramie-tomtoc-urbanex-b11-czarny\/","og_site_name":"IRONSKY.PL Sklep z Dronami","article_modified_time":"2026-03-05T14:58:02+00:00","og_image":[{"width":800,"height":800,"url":"https:\/\/ironsky.pl\/sklep\/wp-content\/uploads\/2025\/06\/41641_2.jpg","type":"image\/jpeg"}],"twitter_card":"summary_large_image","twitter_misc":{"Szacowany czas czytania":"1 minuta"},"schema":{"@context":"https:\/\/schema.org","@graph":[{"@type":"WebPage","@id":"https:\/\/ironsky.pl\/sklep\/produkt\/torba-na-ramie-tomtoc-urbanex-b11-czarny\/","url":"https:\/\/ironsky.pl\/sklep\/produkt\/torba-na-ramie-tomtoc-urbanex-b11-czarny\/","name":"Torba na rami\u0119 Tomtoc UrbanEX-B11 (czarny) - IRONSKY.PL Sklep z Dronami","isPartOf":{"@id":"https:\/\/ironsky.pl\/sklep\/#website"},"primaryImageOfPage":{"@id":"https:\/\/ironsky.pl\/sklep\/produkt\/torba-na-ramie-tomtoc-urbanex-b11-czarny\/#primaryimage"},"image":{"@id":"https:\/\/ironsky.pl\/sklep\/produkt\/torba-na-ramie-tomtoc-urbanex-b11-czarny\/#primaryimage"},"thumbnailUrl":"https:\/\/ironsky.pl\/sklep\/wp-content\/uploads\/2025\/06\/41641_2.jpg","datePublished":"2025-06-13T13:08:22+00:00","dateModified":"2026-03-05T14:58:02+00:00","description":"Torba na rami\u0119 Tomtoc UrbanEX-B11 (czarny) - \u2705 sklep z dronami i fachowym doradztwem. \u2705 Tutaj kupisz produkty DJI, Yuneec, Parrot, Syma i wiele innych, a tak\u017ce kursy i licencje na operatora drona.","breadcrumb":{"@id":"https:\/\/ironsky.pl\/sklep\/produkt\/torba-na-ramie-tomtoc-urbanex-b11-czarny\/#breadcrumb"},"inLanguage":"pl-PL","potentialAction":[{"@type":"ReadAction","target":["https:\/\/ironsky.pl\/sklep\/produkt\/torba-na-ramie-tomtoc-urbanex-b11-czarny\/"]}]},{"@type":"ImageObject","inLanguage":"pl-PL","@id":"https:\/\/ironsky.pl\/sklep\/produkt\/torba-na-ramie-tomtoc-urbanex-b11-czarny\/#primaryimage","url":"https:\/\/ironsky.pl\/sklep\/wp-content\/uploads\/2025\/06\/41641_2.jpg","contentUrl":"https:\/\/ironsky.pl\/sklep\/wp-content\/uploads\/2025\/06\/41641_2.jpg","width":800,"height":800},{"@type":"BreadcrumbList","@id":"https:\/\/ironsky.pl\/sklep\/produkt\/torba-na-ramie-tomtoc-urbanex-b11-czarny\/#breadcrumb","itemListElement":[{"@type":"ListItem","position":1,"name":"Strona g\u0142\u00f3wna","item":"https:\/\/ironsky.pl\/sklep\/"},{"@type":"ListItem","position":2,"name":"Wszystkie produkty","item":"https:\/\/ironsky.pl\/sklep\/produkty\/"},{"@type":"ListItem","position":3,"name":"Torba na rami\u0119 Tomtoc UrbanEX-B11 (czarny)"}]},{"@type":"WebSite","@id":"https:\/\/ironsky.pl\/sklep\/#website","url":"https:\/\/ironsky.pl\/sklep\/","name":"IRONSKY.PL Sklep z Dronami","description":"IRONSKY.PL Sklep z Dronami","potentialAction":[{"@type":"SearchAction","target":{"@type":"EntryPoint","urlTemplate":"https:\/\/ironsky.pl\/sklep\/?s={search_term_string}"},"query-input":{"@type":"PropertyValueSpecification","valueRequired":true,"valueName":"search_term_string"}}],"inLanguage":"pl-PL"}]}},"_links":{"self":[{"href":"https:\/\/ironsky.pl\/sklep\/wp-json\/wp\/v2\/product\/44539","targetHints":{"allow":["GET"]}}],"collection":[{"href":"https:\/\/ironsky.pl\/sklep\/wp-json\/wp\/v2\/product"}],"about":[{"href":"https:\/\/ironsky.pl\/sklep\/wp-json\/wp\/v2\/types\/product"}],"replies":[{"embeddable":true,"href":"https:\/\/ironsky.pl\/sklep\/wp-json\/wp\/v2\/comments?post=44539"}],"wp:featuredmedia":[{"embeddable":true,"href":"https:\/\/ironsky.pl\/sklep\/wp-json\/wp\/v2\/media\/44540"}],"wp:attachment":[{"href":"https:\/\/ironsky.pl\/sklep\/wp-json\/wp\/v2\/media?parent=44539"}],"wp:term":[{"taxonomy":"product_brand","embeddable":true,"href":"https:\/\/ironsky.pl\/sklep\/wp-json\/wp\/v2\/product_brand?post=44539"},{"taxonomy":"product_cat","embeddable":true,"href":"https:\/\/ironsky.pl\/sklep\/wp-json\/wp\/v2\/product_cat?post=44539"},{"taxonomy":"product_tag","embeddable":true,"href":"https:\/\/ironsky.pl\/sklep\/wp-json\/wp\/v2\/product_tag?post=44539"}],"curies":[{"name":"wp","href":"https:\/\/api.w.org\/{rel}","templated":true}]}}