{"id":44421,"date":"2025-06-13T15:07:08","date_gmt":"2025-06-13T13:07:08","guid":{"rendered":"https:\/\/ironsky.pl\/drony-sklep\/produkt\/matowe-etui-ochronne-lention-do-macbook-pro-14-czarny\/"},"modified":"2026-03-05T15:57:59","modified_gmt":"2026-03-05T14:57:59","slug":"matowe-etui-ochronne-lention-do-macbook-pro-14-czarny","status":"publish","type":"product","link":"https:\/\/ironsky.pl\/sklep\/produkt\/matowe-etui-ochronne-lention-do-macbook-pro-14-czarny\/","title":{"rendered":"Matowe etui ochronne Lention do MacBook Pro 14&#8243; (czarny)"},"content":{"rendered":"<h3>Matowe etui ochronne Lention do MacBook Pro 14&#8243; (czarny)<\/h3>\n<p>Teraz mo\u017cesz spokojnie podr\u00f3\u017cowa\u0107 i pracowa\u0107, maj\u0105c pewno\u015b\u0107, \u017ce Tw\u00f3j MacBook jest odpowiednio zabezpieczony. Etui ochronne Lention to idealne rozwi\u0105zanie dla w\u0142a\u015bcicieli MacBook\u2019a Pro 14&#8243;. Dzi\u0119ki p\u00f3\u0142prze\u017aroczystemu designowi mo\u017cesz cieszy\u0107 si\u0119 oryginalnym wygl\u0105dem swojego laptopa, jednocze\u015bnie zapewniaj\u0105c mu kompleksow\u0105 ochron\u0119 przed zarysowaniami. <\/p>\n<p><img decoding=\"async\" src=\"https:\/\/b2b.innpro.pl\/data\/include\/cms\/Lention\/PCC-MS-PRO14N-BLK-NA\/9.jpg\" alt=\"Lention\/PCC-MS-PRO14N-BLK-NA\/9\"><\/p>\n<h3>Kompleksowa ochrona <\/h3>\n<p>Etui Lention jest idealne dopasowane do Twojego MacBook\u2019a Pro, zapewniaj\u0105c pe\u0142en dost\u0119p do wszystkich port\u00f3w. Jego starannie zaprojektowana konstrukcja z mikroklipsem u\u0142atwia zak\u0142adanie i zdejmowanie etui, a gumowe elementy umieszczone na spodzie nie tylko skutecznie zapobiegaj\u0105 przegrzewaniu si\u0119 Twojego laptopa, ale tak\u017ce zapewniaj\u0105 stabilno\u015b\u0107, eliminuj\u0105c przesuwanie si\u0119 po biurku. Matowe wyko\u0144czenie etui sprawia, \u017ce nie musisz martwi\u0107 o pozostawianie nieestetycznych odcisk\u00f3w palc\u00f3w, dzi\u0119ki czemu laptop zawsze b\u0119dzie prezentowa\u0142 si\u0119 jak nowy.<\/p>\n<p><img decoding=\"async\" src=\"https:\/\/b2b.innpro.pl\/data\/include\/cms\/Lention\/PCC-MS-PRO14N-BLK-NA\/2.jpg\" alt=\"Lention\/PCC-MS-PRO14N-BLK-NA\/2\"><\/p>\n<div class=\"table-wrapper\">\n<table>\n<tbody>\n<tr>\n<th>Producent<\/th>\n<td>Lention<\/td>\n<\/tr>\n<tr>\n<th>Kolor<\/th>\n<td>Czarny<\/td>\n<\/tr>\n<tr>\n<th>Kompatybilno\u015b\u0107 <\/th>\n<td>MacBook Pro 14\u201d<\/td>\n<\/tr>\n<tr>\n<th>Materia\u0142<\/th>\n<td>PC<\/td>\n<\/tr>\n<\/tbody>\n<\/table>\n<\/div>\n","protected":false},"excerpt":{"rendered":"<p>Matowe etui ochronne Lention do MacBook Pro 14&#8243; (czarny) Teraz mo\u017cesz spokojnie podr\u00f3\u017cowa\u0107 i pracowa\u0107, maj\u0105c pewno\u015b\u0107, \u017ce Tw\u00f3j MacBook<\/p>\n","protected":false},"featured_media":44422,"comment_status":"closed","ping_status":"open","template":"","meta":{"_acf_changed":false},"product_brand":[],"product_cat":[5929,5955],"product_tag":[],"class_list":{"0":"post-44421","1":"product","2":"type-product","3":"status-publish","4":"has-post-thumbnail","6":"product_cat-akcesoria-it","7":"product_cat-przenoszenie","8":"pa_okres-gwarancji-5754","9":"pa_producent-lention","11":"first","12":"outofstock","13":"taxable","14":"shipping-taxable","15":"purchasable","16":"product-type-simple"},"acf":[],"yoast_head":"<!-- This site is optimized with the Yoast SEO plugin v27.2 - https:\/\/yoast.com\/product\/yoast-seo-wordpress\/ -->\n<title>Matowe etui ochronne Lention do MacBook Pro 14&quot; (czarny) - IRONSKY.PL Sklep z Dronami<\/title>\n<meta name=\"description\" content=\"Matowe etui ochronne Lention do MacBook Pro 14&quot; (czarny) - \u2705 sklep z dronami i fachowym doradztwem. \u2705 Tutaj kupisz produkty DJI, Yuneec, Parrot, Syma i wiele innych, a tak\u017ce kursy i licencje na operatora drona.\" \/>\n<meta name=\"robots\" content=\"index, follow, max-snippet:-1, max-image-preview:large, max-video-preview:-1\" \/>\n<link rel=\"canonical\" href=\"https:\/\/ironsky.pl\/sklep\/produkt\/matowe-etui-ochronne-lention-do-macbook-pro-14-czarny\/\" \/>\n<meta property=\"og:locale\" content=\"pl_PL\" \/>\n<meta property=\"og:type\" content=\"article\" \/>\n<meta property=\"og:title\" content=\"Matowe etui ochronne Lention do MacBook Pro 14&quot; (czarny) - IRONSKY.PL Sklep z Dronami\" \/>\n<meta property=\"og:description\" content=\"Matowe etui ochronne Lention do MacBook Pro 14&quot; (czarny) - \u2705 sklep z dronami i fachowym doradztwem. \u2705 Tutaj kupisz produkty DJI, Yuneec, Parrot, Syma i wiele innych, a tak\u017ce kursy i licencje na operatora drona.\" \/>\n<meta property=\"og:url\" content=\"https:\/\/ironsky.pl\/sklep\/produkt\/matowe-etui-ochronne-lention-do-macbook-pro-14-czarny\/\" \/>\n<meta property=\"og:site_name\" content=\"IRONSKY.PL Sklep z Dronami\" \/>\n<meta property=\"article:modified_time\" content=\"2026-03-05T14:57:59+00:00\" \/>\n<meta property=\"og:image\" content=\"https:\/\/ironsky.pl\/sklep\/wp-content\/uploads\/2025\/06\/37256_1.jpg\" \/>\n\t<meta property=\"og:image:width\" content=\"800\" \/>\n\t<meta property=\"og:image:height\" content=\"800\" \/>\n\t<meta property=\"og:image:type\" content=\"image\/jpeg\" \/>\n<meta name=\"twitter:card\" content=\"summary_large_image\" \/>\n<meta name=\"twitter:label1\" content=\"Szacowany czas czytania\" \/>\n\t<meta name=\"twitter:data1\" content=\"1 minuta\" \/>\n<script type=\"application\/ld+json\" class=\"yoast-schema-graph\">{\"@context\":\"https:\/\/schema.org\",\"@graph\":[{\"@type\":\"WebPage\",\"@id\":\"https:\/\/ironsky.pl\/sklep\/produkt\/matowe-etui-ochronne-lention-do-macbook-pro-14-czarny\/\",\"url\":\"https:\/\/ironsky.pl\/sklep\/produkt\/matowe-etui-ochronne-lention-do-macbook-pro-14-czarny\/\",\"name\":\"Matowe etui ochronne Lention do MacBook Pro 14\\\" (czarny) - IRONSKY.PL Sklep z Dronami\",\"isPartOf\":{\"@id\":\"https:\/\/ironsky.pl\/sklep\/#website\"},\"primaryImageOfPage\":{\"@id\":\"https:\/\/ironsky.pl\/sklep\/produkt\/matowe-etui-ochronne-lention-do-macbook-pro-14-czarny\/#primaryimage\"},\"image\":{\"@id\":\"https:\/\/ironsky.pl\/sklep\/produkt\/matowe-etui-ochronne-lention-do-macbook-pro-14-czarny\/#primaryimage\"},\"thumbnailUrl\":\"https:\/\/ironsky.pl\/sklep\/wp-content\/uploads\/2025\/06\/37256_1.jpg\",\"datePublished\":\"2025-06-13T13:07:08+00:00\",\"dateModified\":\"2026-03-05T14:57:59+00:00\",\"description\":\"Matowe etui ochronne Lention do MacBook Pro 14\\\" (czarny) - \u2705 sklep z dronami i fachowym doradztwem. \u2705 Tutaj kupisz produkty DJI, Yuneec, Parrot, Syma i wiele innych, a tak\u017ce kursy i licencje na operatora drona.\",\"breadcrumb\":{\"@id\":\"https:\/\/ironsky.pl\/sklep\/produkt\/matowe-etui-ochronne-lention-do-macbook-pro-14-czarny\/#breadcrumb\"},\"inLanguage\":\"pl-PL\",\"potentialAction\":[{\"@type\":\"ReadAction\",\"target\":[\"https:\/\/ironsky.pl\/sklep\/produkt\/matowe-etui-ochronne-lention-do-macbook-pro-14-czarny\/\"]}]},{\"@type\":\"ImageObject\",\"inLanguage\":\"pl-PL\",\"@id\":\"https:\/\/ironsky.pl\/sklep\/produkt\/matowe-etui-ochronne-lention-do-macbook-pro-14-czarny\/#primaryimage\",\"url\":\"https:\/\/ironsky.pl\/sklep\/wp-content\/uploads\/2025\/06\/37256_1.jpg\",\"contentUrl\":\"https:\/\/ironsky.pl\/sklep\/wp-content\/uploads\/2025\/06\/37256_1.jpg\",\"width\":800,\"height\":800},{\"@type\":\"BreadcrumbList\",\"@id\":\"https:\/\/ironsky.pl\/sklep\/produkt\/matowe-etui-ochronne-lention-do-macbook-pro-14-czarny\/#breadcrumb\",\"itemListElement\":[{\"@type\":\"ListItem\",\"position\":1,\"name\":\"Strona g\u0142\u00f3wna\",\"item\":\"https:\/\/ironsky.pl\/sklep\/\"},{\"@type\":\"ListItem\",\"position\":2,\"name\":\"Wszystkie produkty\",\"item\":\"https:\/\/ironsky.pl\/sklep\/produkty\/\"},{\"@type\":\"ListItem\",\"position\":3,\"name\":\"Matowe etui ochronne Lention do MacBook Pro 14&#8243; (czarny)\"}]},{\"@type\":\"WebSite\",\"@id\":\"https:\/\/ironsky.pl\/sklep\/#website\",\"url\":\"https:\/\/ironsky.pl\/sklep\/\",\"name\":\"IRONSKY.PL Sklep z Dronami\",\"description\":\"IRONSKY.PL Sklep z Dronami\",\"potentialAction\":[{\"@type\":\"SearchAction\",\"target\":{\"@type\":\"EntryPoint\",\"urlTemplate\":\"https:\/\/ironsky.pl\/sklep\/?s={search_term_string}\"},\"query-input\":{\"@type\":\"PropertyValueSpecification\",\"valueRequired\":true,\"valueName\":\"search_term_string\"}}],\"inLanguage\":\"pl-PL\"}]}<\/script>\n<!-- \/ Yoast SEO plugin. -->","yoast_head_json":{"title":"Matowe etui ochronne Lention do MacBook Pro 14\" (czarny) - IRONSKY.PL Sklep z Dronami","description":"Matowe etui ochronne Lention do MacBook Pro 14\" (czarny) - \u2705 sklep z dronami i fachowym doradztwem. \u2705 Tutaj kupisz produkty DJI, Yuneec, Parrot, Syma i wiele innych, a tak\u017ce kursy i licencje na operatora drona.","robots":{"index":"index","follow":"follow","max-snippet":"max-snippet:-1","max-image-preview":"max-image-preview:large","max-video-preview":"max-video-preview:-1"},"canonical":"https:\/\/ironsky.pl\/sklep\/produkt\/matowe-etui-ochronne-lention-do-macbook-pro-14-czarny\/","og_locale":"pl_PL","og_type":"article","og_title":"Matowe etui ochronne Lention do MacBook Pro 14\" (czarny) - IRONSKY.PL Sklep z Dronami","og_description":"Matowe etui ochronne Lention do MacBook Pro 14\" (czarny) - \u2705 sklep z dronami i fachowym doradztwem. \u2705 Tutaj kupisz produkty DJI, Yuneec, Parrot, Syma i wiele innych, a tak\u017ce kursy i licencje na operatora drona.","og_url":"https:\/\/ironsky.pl\/sklep\/produkt\/matowe-etui-ochronne-lention-do-macbook-pro-14-czarny\/","og_site_name":"IRONSKY.PL Sklep z Dronami","article_modified_time":"2026-03-05T14:57:59+00:00","og_image":[{"width":800,"height":800,"url":"https:\/\/ironsky.pl\/sklep\/wp-content\/uploads\/2025\/06\/37256_1.jpg","type":"image\/jpeg"}],"twitter_card":"summary_large_image","twitter_misc":{"Szacowany czas czytania":"1 minuta"},"schema":{"@context":"https:\/\/schema.org","@graph":[{"@type":"WebPage","@id":"https:\/\/ironsky.pl\/sklep\/produkt\/matowe-etui-ochronne-lention-do-macbook-pro-14-czarny\/","url":"https:\/\/ironsky.pl\/sklep\/produkt\/matowe-etui-ochronne-lention-do-macbook-pro-14-czarny\/","name":"Matowe etui ochronne Lention do MacBook Pro 14\" (czarny) - IRONSKY.PL Sklep z Dronami","isPartOf":{"@id":"https:\/\/ironsky.pl\/sklep\/#website"},"primaryImageOfPage":{"@id":"https:\/\/ironsky.pl\/sklep\/produkt\/matowe-etui-ochronne-lention-do-macbook-pro-14-czarny\/#primaryimage"},"image":{"@id":"https:\/\/ironsky.pl\/sklep\/produkt\/matowe-etui-ochronne-lention-do-macbook-pro-14-czarny\/#primaryimage"},"thumbnailUrl":"https:\/\/ironsky.pl\/sklep\/wp-content\/uploads\/2025\/06\/37256_1.jpg","datePublished":"2025-06-13T13:07:08+00:00","dateModified":"2026-03-05T14:57:59+00:00","description":"Matowe etui ochronne Lention do MacBook Pro 14\" (czarny) - \u2705 sklep z dronami i fachowym doradztwem. \u2705 Tutaj kupisz produkty DJI, Yuneec, Parrot, Syma i wiele innych, a tak\u017ce kursy i licencje na operatora drona.","breadcrumb":{"@id":"https:\/\/ironsky.pl\/sklep\/produkt\/matowe-etui-ochronne-lention-do-macbook-pro-14-czarny\/#breadcrumb"},"inLanguage":"pl-PL","potentialAction":[{"@type":"ReadAction","target":["https:\/\/ironsky.pl\/sklep\/produkt\/matowe-etui-ochronne-lention-do-macbook-pro-14-czarny\/"]}]},{"@type":"ImageObject","inLanguage":"pl-PL","@id":"https:\/\/ironsky.pl\/sklep\/produkt\/matowe-etui-ochronne-lention-do-macbook-pro-14-czarny\/#primaryimage","url":"https:\/\/ironsky.pl\/sklep\/wp-content\/uploads\/2025\/06\/37256_1.jpg","contentUrl":"https:\/\/ironsky.pl\/sklep\/wp-content\/uploads\/2025\/06\/37256_1.jpg","width":800,"height":800},{"@type":"BreadcrumbList","@id":"https:\/\/ironsky.pl\/sklep\/produkt\/matowe-etui-ochronne-lention-do-macbook-pro-14-czarny\/#breadcrumb","itemListElement":[{"@type":"ListItem","position":1,"name":"Strona g\u0142\u00f3wna","item":"https:\/\/ironsky.pl\/sklep\/"},{"@type":"ListItem","position":2,"name":"Wszystkie produkty","item":"https:\/\/ironsky.pl\/sklep\/produkty\/"},{"@type":"ListItem","position":3,"name":"Matowe etui ochronne Lention do MacBook Pro 14&#8243; (czarny)"}]},{"@type":"WebSite","@id":"https:\/\/ironsky.pl\/sklep\/#website","url":"https:\/\/ironsky.pl\/sklep\/","name":"IRONSKY.PL Sklep z Dronami","description":"IRONSKY.PL Sklep z Dronami","potentialAction":[{"@type":"SearchAction","target":{"@type":"EntryPoint","urlTemplate":"https:\/\/ironsky.pl\/sklep\/?s={search_term_string}"},"query-input":{"@type":"PropertyValueSpecification","valueRequired":true,"valueName":"search_term_string"}}],"inLanguage":"pl-PL"}]}},"_links":{"self":[{"href":"https:\/\/ironsky.pl\/sklep\/wp-json\/wp\/v2\/product\/44421","targetHints":{"allow":["GET"]}}],"collection":[{"href":"https:\/\/ironsky.pl\/sklep\/wp-json\/wp\/v2\/product"}],"about":[{"href":"https:\/\/ironsky.pl\/sklep\/wp-json\/wp\/v2\/types\/product"}],"replies":[{"embeddable":true,"href":"https:\/\/ironsky.pl\/sklep\/wp-json\/wp\/v2\/comments?post=44421"}],"wp:featuredmedia":[{"embeddable":true,"href":"https:\/\/ironsky.pl\/sklep\/wp-json\/wp\/v2\/media\/44422"}],"wp:attachment":[{"href":"https:\/\/ironsky.pl\/sklep\/wp-json\/wp\/v2\/media?parent=44421"}],"wp:term":[{"taxonomy":"product_brand","embeddable":true,"href":"https:\/\/ironsky.pl\/sklep\/wp-json\/wp\/v2\/product_brand?post=44421"},{"taxonomy":"product_cat","embeddable":true,"href":"https:\/\/ironsky.pl\/sklep\/wp-json\/wp\/v2\/product_cat?post=44421"},{"taxonomy":"product_tag","embeddable":true,"href":"https:\/\/ironsky.pl\/sklep\/wp-json\/wp\/v2\/product_tag?post=44421"}],"curies":[{"name":"wp","href":"https:\/\/api.w.org\/{rel}","templated":true}]}}