{"id":40329,"date":"2025-05-26T18:03:37","date_gmt":"2025-05-26T16:03:37","guid":{"rendered":"https:\/\/ironsky.pl\/drony-sklep\/produkt\/zestaw-insta360-x5-essentials-bundle\/"},"modified":"2026-03-05T15:56:26","modified_gmt":"2026-03-05T14:56:26","slug":"zestaw-insta360-x5-essentials-bundle","status":"publish","type":"product","link":"https:\/\/ironsky.pl\/sklep\/produkt\/zestaw-insta360-x5-essentials-bundle\/","title":{"rendered":"Zestaw Insta360 X5 Essentials Bundle"},"content":{"rendered":"<h3>Zestaw Insta360 X5 Essentials Bundle<\/p>\n<p><span style=\"color: #ff0000;\">Spodziewana dost\u0119pno\u015b\u0107 modelu pod koniec maja\/w po\u0142owie czerwca. Zam\u00f3wienia b\u0119d\u0105 realizowane zgodnie z kolejno\u015bci\u0105 sk\u0142adania.<\/span><\/h3>\n<p>Po\u017cegnaj ograniczenia i uchwy\u0107 ka\u017cdy wyj\u0105tkowy moment! Kamera Insta360 X5 umo\u017cliwia nagrywanie niesamowitych uj\u0119\u0107 360\u00b0 w 8K i zapewnia doskona\u0142e rezultaty nawet w s\u0142abym \u015bwietle \u2013 \u015bwietnie sprawdzi si\u0119 zar\u00f3wno w dzie\u0144, jak i w nocy. Pozwala te\u017c rejestrowa\u0107 wysokiej jako\u015bci d\u017awi\u0119k i wyr\u00f3\u017cnia si\u0119 czasem pracy do 185 minut. Ma r\u00f3wnie\u017c niezwykle trwa\u0142y wymienny obiektyw i bez problemu wytrzymuje zanurzenie na g\u0142\u0119boko\u015b\u0107 do 15 m \u2013 niestraszne jej trudne warunki. Mo\u017cesz te\u017c zapisa\u0107 materia\u0142 360\u00b0 do p\u00f3\u017aniejszego kadrowania lub skorzysta\u0107 z edycji wideo za pomoc\u0105 AI w aplikacji Insta360. Sprawd\u017a, co jeszcze potrafi Insta360 X5! Zestaw Essentials Bundle zawiera kamer\u0119 i kilka akcesori\u00f3w, w tym standardow\u0105 os\u0142on\u0119 obiektywu, selfie stick, akumulator i hub do \u0142adowania.<\/p>\n<p><img decoding=\"async\" src=\"https:\/\/assets.innpro.pl\/13819\/17055\/17.jpg\" border=\"0\" alt=\"\" \/><\/p>\n<h3>Tw\u00f3rz niesamowite uj\u0119cia niezale\u017cnie od o\u015bwietlenia<\/h3>\n<p>Model X5 zosta\u0142 wyposa\u017cony w zupe\u0142nie nowe sensory 1\/1,28\u2033, kt\u00f3re przechwytuj\u0105 znacznie wi\u0119cej \u015bwiat\u0142a, a w po\u0142\u0105czeniu z dwoma Pro chipami przetwarzania obrazu i uk\u0142adem AI 5 nm zapewniaj\u0105 wiernie odwzorowan\u0105 kolorystyk\u0119 i bogactwo szczeg\u00f3\u0142\u00f3w. W efekcie mo\u017cesz tworzy\u0107 wyraziste uj\u0119cia 360\u00b0 w 8K \u2013 Twoje wspomnienia ponownie o\u017cyj\u0105 na ekranie! Co wi\u0119cej, kamera korzysta z ulepszonych algorytm\u00f3w kodowania, kt\u00f3re sprawiaj\u0105, \u017ce nawet wysokiej jako\u015bci filmy zajmuj\u0105 mniej miejsca w pami\u0119ci. Dost\u0119pny jest te\u017c tryb PureVideo, kt\u00f3ry dzi\u0119ki wspieranej przez AI redukcji szum\u00f3w i optymalizacji zakresu dynamicznego gwarantuje fantastyczny obraz r\u00f3wnie\u017c w s\u0142abym \u015bwietle. Uchwy\u0107 magi\u0119 miasta po zmroku lub nocn\u0105 przeja\u017cd\u017ck\u0119 motocyklem!<\/p>\n<p><img decoding=\"async\" src=\"https:\/\/assets.innpro.pl\/13819\/17055\/7.jpg\" border=\"0\" alt=\"\" \/><\/p>\n<h3>Obraz, kt\u00f3ry Ci\u0119 zachwyci<\/h3>\n<p>To nie koniec mo\u017cliwo\u015bci kamery Insta360 X5. Urz\u0105dzenie pozwala nagrywa\u0107 w 5.7K\/60FPS i oferuje innowacyjny tryb Active HDR, kt\u00f3ry rejestruje wi\u0119cej szczeg\u00f3\u0142\u00f3w i kolor\u00f3w w jasnych oraz ciemnych obszarach obrazu. Dzi\u0119ki temu Twoje filmy b\u0119d\u0105 wygl\u0105da\u0107 jeszcze lepiej! Mo\u017cesz te\u017c wykorzysta\u0107 X5 w roli standardowej kamery sportowej i nagrywa\u0107 dynamiczne wideo w 4K\/60FPS lub w 4K\/30FPS z szerokim polem widzenia 170\u00b0. Chcesz zrobi\u0107 wyj\u0105tkowe zdj\u0119cie 360\u00b0? Nie ma problemu \u2013 kamera zapewni Ci rozdzielczo\u015b\u0107 a\u017c 72 MP. Wypr\u00f3buj r\u00f3wnie\u017c opcj\u0119 HDR, aby ka\u017cda fotografia prezentowa\u0142a si\u0119 znakomicie.<\/p>\n<p><img decoding=\"async\" src=\"https:\/\/assets.innpro.pl\/13819\/17055\/2.jpg\" border=\"0\" alt=\"\" \/><\/p>\n<h3>Baw si\u0119 dobrze z kompozycj\u0105 i kadrowaniem<\/h3>\n<p>Jedna perspektywa to za ma\u0142o? Z Insta360 X5 mo\u017cesz mie\u0107 je wszystkie! Uchwy\u0107 ka\u017cdy k\u0105t na jednym uj\u0119ciu 360\u00b0, a nast\u0119pnie wybierz ten, kt\u00f3ry najbardziej Ci odpowiada, korzystaj\u0105c z nap\u0119dzanych przez AI narz\u0119dzi do kadrowania dost\u0119pnych w aplikacji Insta360. Wypr\u00f3buj te\u017c opcj\u0119 Invisible Selfie Stick \u2013 po prostu nagraj wideo za pomoc\u0105 selfie sticka, a nast\u0119pnie usu\u0144 go z gotowego nagrania. To \u015bwietny spos\u00f3b na uzyskanie uj\u0119cia jak z drona! Dost\u0119pna jest r\u00f3wnie\u017c funkcja InstaFrame, kt\u00f3ra u\u0142atwia tworzenie idealnie wykadrowanych uj\u0119\u0107, a jednocze\u015bnie zapisuje pe\u0142ny materia\u0142 w 360\u00b0. Do wyboru masz takie opcje jak Selfie View i Fixed View \u2013 sprawd\u017a, co oferuje ka\u017cda z nich!<\/p>\n<p><img decoding=\"async\" src=\"https:\/\/assets.innpro.pl\/13819\/17055\/6.jpg\" border=\"0\" alt=\"\" \/><\/p>\n<h3>Wytrzyma\u0142e, wymienne obiektywy<\/h3>\n<p>Kamera X5 zosta\u0142a wyposa\u017cona w ulepszone obiektywy, kt\u00f3re wyr\u00f3\u017cniaj\u0105 si\u0119 wytrzyma\u0142o\u015bci\u0105 na poziomie szk\u0142a szafirowego. S\u0105 odporne na zarysowania i innego rodzaju uszkodzenia, dzi\u0119ki czemu zapewniaj\u0105 spok\u00f3j ducha podczas ka\u017cdej przygody. Zdarzy\u0142 si\u0119 ma\u0142y wypadek? Z Insta360 nie musisz si\u0119 tego obawia\u0107! Je\u015bli co\u015b si\u0119 stanie, mo\u017cesz z \u0142atwo\u015bci\u0105 samodzielnie wymieni\u0107 obiektyw. Do zestawu do\u0142\u0105czono tak\u017ce standardow\u0105 os\u0142on\u0119, kt\u00f3ra \u015bwietnie sprawdzi si\u0119 na co dzie\u0144 \u2013 zapewni dodatkow\u0105 ochron\u0119 soczewki. W oddzielnej sprzeda\u017cy dost\u0119pna jest te\u017c os\u0142ona premium ze szk\u0142a hartowanego, kt\u00f3ra zabezpieczy Tw\u00f3j sprz\u0119t nawet w trudniejszych warunkach. Ponadto kamera automatycznie wykrywa tego typu akcesoria i aktywuje dostosowane do nich tryby, zapobiegaj\u0105c problemom z jako\u015bci\u0105 obrazu.<\/p>\n<p><img decoding=\"async\" src=\"https:\/\/assets.innpro.pl\/13819\/17055\/8.jpg\" border=\"0\" alt=\"\" \/><\/p>\n<h3>Wyrazisty d\u017awi\u0119k<\/h3>\n<p>Obraz to nie wszystko \u2013 w filmach wa\u017cny jest r\u00f3wnie\u017c d\u017awi\u0119k. Dlatego Insta360 X5 oferuje a\u017c cztery r\u00f3\u017cne tryby audio, kt\u00f3re sprawdz\u0105 si\u0119 w wielu scenariuszach. Dodatkowo kamera zosta\u0142a wyposa\u017cona w stalow\u0105 siatk\u0119, kt\u00f3ra efektywnie filtruje podmuchy wiatru, zapewniaj\u0105c czyste, wyraziste brzmienie niezale\u017cnie od warunk\u00f3w. Miej pewno\u015b\u0107, \u017ce Twoi odbiorcy bez problemu us\u0142ysz\u0105 wszystko, co chcesz im przekaza\u0107!<\/p>\n<p><img decoding=\"async\" src=\"https:\/\/assets.innpro.pl\/13819\/17055\/3.jpg\" border=\"0\" alt=\"\" \/><\/p>\n<h3>Nawet 185 minut nagrywania<\/h3>\n<p>Ju\u017c nie musisz si\u0119 martwi\u0107, \u017ce kamera nagle si\u0119 roz\u0142aduje i stracisz okazj\u0119 do uchwycenia wyj\u0105tkowego kadru. Model X5 zosta\u0142 wyposa\u017cony w wydajny akumulator o pojemno\u015bci 2400 mAh, kt\u00f3ry zapewnia czas pracy si\u0119gaj\u0105cy 185 minut. To a\u017c o 37% d\u0142u\u017cej w por\u00f3wnaniu z poprzedni\u0105 generacj\u0105! Jego dodatkowym atutem jest szybkie \u0142adowanie \u2013 od 0% do 80% w zaledwie oko\u0142o 20 minut. Teraz w mgnieniu oka przygotujesz kamer\u0119 do dalszego nagrywania i wr\u00f3cisz do rejestrowania swoich przyg\u00f3d! W zestawie znajdziesz tak\u017ce praktyczny hub, kt\u00f3ry pozwoli Ci sprawnie i wygodnie na\u0142adowa\u0107 akumulatory.<\/p>\n<p><img decoding=\"async\" src=\"https:\/\/assets.innpro.pl\/13819\/17055\/9.jpg\" border=\"0\" alt=\"\" \/><\/p>\n<h3>Zawsze stabilne uj\u0119cia<\/h3>\n<p>Niewa\u017cne, czy jedziesz na nartach, surfujesz czy zdobywasz g\u00f3rskie szczyty na rowerze \u2013 technologia stabilizacji FlowState skutecznie usunie niechciane wstrz\u0105sy i drgania kamery. Dzi\u0119ki temu ka\u017cde, nawet najbardziej dynamiczne uj\u0119cie b\u0119dzie idealnie p\u0142ynne! Co wi\u0119cej, funkcja 360\u00b0 Horizon Lock dba o utrzymywanie r\u00f3wnego poziomu horyzontu \u2013 mo\u017cesz wi\u0119c bez przeszk\u00f3d rejestrowa\u0107 wyj\u0105tkowe filmy podczas lot\u00f3w na paralotni lub pokonywania ostrych zakr\u0119t\u00f3w na motocyklu.<\/p>\n<p><img decoding=\"async\" src=\"https:\/\/assets.innpro.pl\/13819\/17055\/13.jpg\" border=\"0\" alt=\"\" \/><\/p>\n<h3>Niestraszne jej \u017cadne wyzwanie<\/h3>\n<p>Uchwy\u0107 magi\u0119 podwodnego \u015bwiata \u2013 kamera Insta360 X5 wyr\u00f3\u017cnia si\u0119 wodoodporn\u0105 konstrukcj\u0105 i bez problemu wytrzymuje zanurzenie nawet do 15 m. Chcesz zanurkowa\u0107 jeszcze g\u0142\u0119biej? Zaopatrz si\u0119 w dost\u0119pn\u0105 w oddzielnej sprzeda\u017cy dodatkow\u0105 obudow\u0119 i zyskaj mo\u017cliwo\u015b\u0107 nagrywania na g\u0142\u0119boko\u015bci do a\u017c 50 m! Ponadto funkcja Aquavision 2.0 zadba o doskona\u0142\u0105 jako\u015b\u0107 i wyrazist\u0105 kolorystyk\u0119 podwodnych uj\u0119\u0107. To jednak nie koniec. Magnetyczna konstrukcja pozwala szybko pod\u0142\u0105cza\u0107 do kamery r\u00f3\u017cne akcesoria, mo\u017cesz wi\u0119c w mgnieniu oka dostosowa\u0107 j\u0105 do aktualnego scenariusza nagrywania.<\/p>\n<p><img decoding=\"async\" src=\"https:\/\/assets.innpro.pl\/13819\/17055\/12.jpg\" border=\"0\" alt=\"\" \/><\/p>\n<h3>U\u0142atwiona edycja wideo \u2013 Tw\u00f3j spos\u00f3b na fantastyczne filmy<\/h3>\n<p>Nie masz czasu lub ochoty na samodzielny monta\u017c wideo? Skorzystaj z aplikacji Insta360, kt\u00f3ra oferuj\u0105 szybk\u0105 edycj\u0119 za pomoc\u0105 AI! To doskona\u0142y spos\u00f3b, aby bez wysi\u0142ku tworzy\u0107 efektowne filmy. Wypr\u00f3buj te\u017c funkcje dost\u0119pne w Shot Lab, takie jak AI Warp, Sky Swap, Fly Lapse, Bullet Time, Starlapse, Timeshift czy Timelapse. Mo\u017cesz tak\u017ce szybko przegl\u0105da\u0107 swoje materia\u0142y, udost\u0119pnia\u0107 i edytowa\u0107 wybrane kadry, a nawet wy\u015bwietla\u0107 r\u00f3\u017cne perspektywy z uj\u0119\u0107 360\u00b0 na podzielonym ekranie \u2013 nie potrzebujesz korzysta\u0107 z kilku kamer jednocze\u015bnie! Dost\u0119pna jest r\u00f3wnie\u017c us\u0142uga chmurowa Insta360+, kt\u00f3ra umo\u017cliwia mi\u0119dzy innymi wygodne zapisywanie plik\u00f3w. A je\u015bli potrzebujesz funkcjonalnego narz\u0119dzia do obr\u00f3bki wideo na komputerze, pobierz Insta360 Studio.<\/p>\n<p><img decoding=\"async\" src=\"https:\/\/assets.innpro.pl\/13819\/17055\/14.jpg\" border=\"0\" alt=\"\" \/><\/p>\n<h3>Jeszcze wygodniejsza obs\u0142uga<\/h3>\n<p>Insta360 X5 obs\u0142uguje sterowanie gestami \u2013 mo\u017cesz wi\u0119c w prosty spos\u00f3b zacz\u0105\u0107 nagrywanie lub zrobi\u0107 zdj\u0119cie! Masz zaj\u0119te r\u0119ce lub chcesz wykona\u0107 ciekaw\u0105 poz\u0119? \u017baden problem \u2013 dzi\u0119ki funkcji Voice Control 2.0 zyskujesz mo\u017cliwo\u015b\u0107 kontroli urz\u0105dzenia za pomoc\u0105 kr\u00f3tkich komend g\u0142osowych. Jedziesz na nartach lub zwiedzasz odleg\u0142e miejsca, a kamera jest zamontowana na selfie sticku? Wystarczy dwukrotnie przekr\u0119ci\u0107 go do ty\u0142u i do przodu, aby rozpocz\u0105\u0107 lub zako\u0144czy\u0107 filmowanie. Nie musisz go demontowa\u0107 czy zdejmowa\u0107 r\u0119kawiczek!<\/p>\n<p><img decoding=\"async\" src=\"https:\/\/assets.innpro.pl\/13819\/17055\/1.jpg\" border=\"0\" alt=\"\" \/><\/p>\n<h3>Sprawdzi si\u0119 w r\u00f3\u017cnych scenariuszach<\/h3>\n<p>Kamera Insta360 X5 doskonale nada si\u0119 do r\u00f3\u017cnych zada\u0144. B\u0119dzie doskona\u0142ym wyborem na przyk\u0142ad dla motocyklist\u00f3w \u2013 jest kompatybilna z interkomami znanych marek, a dzi\u0119ki dodatkowym akcesoriom z \u0142atwo\u015bci\u0105 zamontujesz j\u0105 na kasku. Mo\u017ce te\u017c automatycznie rozmywa\u0107 numery rejestracyjne innych pojazd\u00f3w. Sprawdzi si\u0119 r\u00f3wnie\u017c w roli wideorejestratora. Lubisz je\u017adzi\u0107 na rowerze? Zabierz X5 na kolejn\u0105 wycieczk\u0119 \u2013 przymocuj j\u0105 do kierownicy lub pod siode\u0142kiem przy u\u017cyciu odpowiednich akcesori\u00f3w i na\u0142\u00f3\u017c statystyki sportowe uzyskane za pomoc\u0105 telefonu lub smartwatcha na nagrane wideo. Dodatkowo kamera bez problemu dzia\u0142a nawet na mrozie do -20\u00b0C \u2013 pozwoli Ci stworzy\u0107 mn\u00f3stwo \u015bwietnych uj\u0119\u0107 podczas zimowego szale\u0144stwa na stoku. Dost\u0119pna jest tak\u017ce funkcja Pre-Recording, kt\u00f3ra umo\u017cliwia zapisanie filmu o d\u0142ugo\u015bci 90 sekund jeszcze sprzed rozpocz\u0119cia nagrywania \u2013 uchwy\u0107 moment z\u0142owienia ryby lub strzelenia gola!<\/p>\n<p><img decoding=\"async\" src=\"https:\/\/assets.innpro.pl\/13819\/17055\/4.jpg\" border=\"0\" alt=\"\" \/><\/p>\n<h3>W zestawie<\/h3>\n<ul class=\"list-disc pl-5\">\n<li>Kamera Insta360 X5<\/li>\n<li>Przeno\u015bna torba do przechowywania<\/li>\n<li>Kabel USB-C do USB-C<\/li>\n<li>\u015aciereczka do czyszczenia obiektywu<\/li>\n<li>Naklejki<\/li>\n<li>Standardowa os\u0142ona obiektywu<\/li>\n<li>Selfie stick 114 cm<\/li>\n<li>Os\u0142ona obiektywu<\/li>\n<li>Akumulator<\/li>\n<li>Hub do \u0142adowania<\/li>\n<li>Torba do przechowywania<\/li>\n<\/ul>\n<div class=\"table-wrapper\">\n<p>\u00a0<\/p>\n<h3>\u00a0<\/h3>\n<table>\n<tbody>\n<tr>\n<th>Producent<\/th>\n<td>Insta360<\/td>\n<\/tr>\n<tr>\n<th>Model<\/th>\n<td>X5<\/td>\n<\/tr>\n<tr>\n<th>Matryca<\/th>\n<td>1\/1,28\u2033<\/td>\n<\/tr>\n<tr>\n<th>Chipy AI<\/th>\n<td>2x Pro chip przetwarzania obrazu + chip AI 5 nm<\/td>\n<\/tr>\n<tr>\n<th>Maks. rozdzielczo\u015b\u0107 wideo 360\u00b0<\/th>\n<td>8K\/30FPS \/ 5.7K\/60FPS<\/td>\n<\/tr>\n<tr>\n<th>Tryb PureVideo<\/th>\n<td>Tak<\/td>\n<\/tr>\n<tr>\n<th>Maks. rozdzielczo\u015b\u0107 wideo 360\u00b0 Active HDR<\/th>\n<td>5.7K\/60FPS<\/td>\n<\/tr>\n<tr>\n<th>Maks. rozdzielczo\u015b\u0107 wideo 360\u00b0 Slow-Mo<\/th>\n<td>4K\/120FPS<\/td>\n<\/tr>\n<tr>\n<th>InstaFrame<\/th>\n<td>Tak<\/td>\n<\/tr>\n<tr>\n<th>Wbudowana os\u0142ona przeciwwietrzna<\/th>\n<td>Tak<\/td>\n<\/tr>\n<tr>\n<th>Invisible Selfie Stick<\/th>\n<td>Tak<\/td>\n<\/tr>\n<tr>\n<th>Stabilizacja<\/th>\n<td>FlowState, 360\u00b0 Horizon Lock<\/td>\n<\/tr>\n<tr>\n<th>Czas pracy<\/th>\n<td>Do 185 minut (tryb Endurance, nagrywanie w 5.7K\/30FPS)<\/td>\n<\/tr>\n<tr>\n<th>Szybkie \u0142adowanie<\/th>\n<td>Tak<\/td>\n<\/tr>\n<tr>\n<th>Wymienne obiektywy<\/th>\n<td>Tak<\/td>\n<\/tr>\n<tr>\n<th>Zdejmowane os\u0142ony obiektywu<\/th>\n<td>Tak<\/td>\n<\/tr>\n<tr>\n<th>Wodoodporno\u015b\u0107<\/th>\n<td>Do 15 m (do 50 m z obudow\u0105 wodoodporn\u0105)<\/td>\n<\/tr>\n<tr>\n<th>Us\u0142uga chmurowa Insta360+<\/th>\n<td>Tak<\/td>\n<\/tr>\n<tr>\n<th>Sterowanie<\/th>\n<td>Sterowanie gestami, Voice Control 2.0, rozpocz\u0119cie\/zako\u0144czenie nagrywania poprzez przekr\u0119cenie selfie sticka<\/td>\n<\/tr>\n<\/tbody>\n<\/table>\n<\/div>\n","protected":false},"excerpt":{"rendered":"<p>Zestaw Insta360 X5 Essentials Bundle Spodziewana dost\u0119pno\u015b\u0107 modelu pod koniec maja\/w po\u0142owie czerwca. Zam\u00f3wienia b\u0119d\u0105 realizowane zgodnie z kolejno\u015bci\u0105 sk\u0142adania.<\/p>\n","protected":false},"featured_media":40330,"comment_status":"closed","ping_status":"open","template":"","meta":{"_acf_changed":false},"product_brand":[],"product_cat":[1128,1160,1158],"product_tag":[],"class_list":{"0":"post-40329","1":"product","2":"type-product","3":"status-publish","4":"has-post-thumbnail","6":"product_cat-foto-wideo","7":"product_cat-insta-360","8":"product_cat-kamery-sportowe","9":"pa_okres-gwarancji-5757","10":"pa_producent-insta360","12":"first","13":"outofstock","14":"taxable","15":"shipping-taxable","16":"purchasable","17":"product-type-simple"},"acf":[],"yoast_head":"<!-- This site is optimized with the Yoast SEO plugin v27.2 - https:\/\/yoast.com\/product\/yoast-seo-wordpress\/ -->\n<title>Zestaw Insta360 X5 Essentials Bundle - IRONSKY.PL Sklep z Dronami<\/title>\n<meta name=\"description\" content=\"Zestaw Insta360 X5 Essentials Bundle - \u2705 sklep z dronami i fachowym doradztwem. \u2705 Tutaj kupisz produkty DJI, Yuneec, Parrot, Syma i wiele innych, a tak\u017ce kursy i licencje na operatora drona.\" \/>\n<meta name=\"robots\" content=\"index, follow, max-snippet:-1, max-image-preview:large, max-video-preview:-1\" \/>\n<link rel=\"canonical\" href=\"https:\/\/ironsky.pl\/sklep\/produkt\/zestaw-insta360-x5-essentials-bundle\/\" \/>\n<meta property=\"og:locale\" content=\"pl_PL\" \/>\n<meta property=\"og:type\" content=\"article\" \/>\n<meta property=\"og:title\" content=\"Zestaw Insta360 X5 Essentials Bundle - IRONSKY.PL Sklep z Dronami\" \/>\n<meta property=\"og:description\" content=\"Zestaw Insta360 X5 Essentials Bundle - \u2705 sklep z dronami i fachowym doradztwem. \u2705 Tutaj kupisz produkty DJI, Yuneec, Parrot, Syma i wiele innych, a tak\u017ce kursy i licencje na operatora drona.\" \/>\n<meta property=\"og:url\" content=\"https:\/\/ironsky.pl\/sklep\/produkt\/zestaw-insta360-x5-essentials-bundle\/\" \/>\n<meta property=\"og:site_name\" content=\"IRONSKY.PL Sklep z Dronami\" \/>\n<meta property=\"article:modified_time\" content=\"2026-03-05T14:56:26+00:00\" \/>\n<meta property=\"og:image\" content=\"https:\/\/ironsky.pl\/sklep\/wp-content\/uploads\/2025\/05\/51809_10.jpg\" \/>\n\t<meta property=\"og:image:width\" content=\"800\" \/>\n\t<meta property=\"og:image:height\" content=\"800\" \/>\n\t<meta property=\"og:image:type\" content=\"image\/jpeg\" \/>\n<meta name=\"twitter:card\" content=\"summary_large_image\" \/>\n<meta name=\"twitter:label1\" content=\"Szacowany czas czytania\" \/>\n\t<meta name=\"twitter:data1\" content=\"8 minut\" \/>\n<script type=\"application\/ld+json\" class=\"yoast-schema-graph\">{\"@context\":\"https:\/\/schema.org\",\"@graph\":[{\"@type\":\"WebPage\",\"@id\":\"https:\/\/ironsky.pl\/sklep\/produkt\/zestaw-insta360-x5-essentials-bundle\/\",\"url\":\"https:\/\/ironsky.pl\/sklep\/produkt\/zestaw-insta360-x5-essentials-bundle\/\",\"name\":\"Zestaw Insta360 X5 Essentials Bundle - IRONSKY.PL Sklep z Dronami\",\"isPartOf\":{\"@id\":\"https:\/\/ironsky.pl\/sklep\/#website\"},\"primaryImageOfPage\":{\"@id\":\"https:\/\/ironsky.pl\/sklep\/produkt\/zestaw-insta360-x5-essentials-bundle\/#primaryimage\"},\"image\":{\"@id\":\"https:\/\/ironsky.pl\/sklep\/produkt\/zestaw-insta360-x5-essentials-bundle\/#primaryimage\"},\"thumbnailUrl\":\"https:\/\/ironsky.pl\/sklep\/wp-content\/uploads\/2025\/05\/51809_10.jpg\",\"datePublished\":\"2025-05-26T16:03:37+00:00\",\"dateModified\":\"2026-03-05T14:56:26+00:00\",\"description\":\"Zestaw Insta360 X5 Essentials Bundle - \u2705 sklep z dronami i fachowym doradztwem. \u2705 Tutaj kupisz produkty DJI, Yuneec, Parrot, Syma i wiele innych, a tak\u017ce kursy i licencje na operatora drona.\",\"breadcrumb\":{\"@id\":\"https:\/\/ironsky.pl\/sklep\/produkt\/zestaw-insta360-x5-essentials-bundle\/#breadcrumb\"},\"inLanguage\":\"pl-PL\",\"potentialAction\":[{\"@type\":\"ReadAction\",\"target\":[\"https:\/\/ironsky.pl\/sklep\/produkt\/zestaw-insta360-x5-essentials-bundle\/\"]}]},{\"@type\":\"ImageObject\",\"inLanguage\":\"pl-PL\",\"@id\":\"https:\/\/ironsky.pl\/sklep\/produkt\/zestaw-insta360-x5-essentials-bundle\/#primaryimage\",\"url\":\"https:\/\/ironsky.pl\/sklep\/wp-content\/uploads\/2025\/05\/51809_10.jpg\",\"contentUrl\":\"https:\/\/ironsky.pl\/sklep\/wp-content\/uploads\/2025\/05\/51809_10.jpg\",\"width\":800,\"height\":800},{\"@type\":\"BreadcrumbList\",\"@id\":\"https:\/\/ironsky.pl\/sklep\/produkt\/zestaw-insta360-x5-essentials-bundle\/#breadcrumb\",\"itemListElement\":[{\"@type\":\"ListItem\",\"position\":1,\"name\":\"Strona g\u0142\u00f3wna\",\"item\":\"https:\/\/ironsky.pl\/sklep\/\"},{\"@type\":\"ListItem\",\"position\":2,\"name\":\"Wszystkie produkty\",\"item\":\"https:\/\/ironsky.pl\/sklep\/produkty\/\"},{\"@type\":\"ListItem\",\"position\":3,\"name\":\"Zestaw Insta360 X5 Essentials Bundle\"}]},{\"@type\":\"WebSite\",\"@id\":\"https:\/\/ironsky.pl\/sklep\/#website\",\"url\":\"https:\/\/ironsky.pl\/sklep\/\",\"name\":\"IRONSKY.PL Sklep z Dronami\",\"description\":\"IRONSKY.PL Sklep z Dronami\",\"potentialAction\":[{\"@type\":\"SearchAction\",\"target\":{\"@type\":\"EntryPoint\",\"urlTemplate\":\"https:\/\/ironsky.pl\/sklep\/?s={search_term_string}\"},\"query-input\":{\"@type\":\"PropertyValueSpecification\",\"valueRequired\":true,\"valueName\":\"search_term_string\"}}],\"inLanguage\":\"pl-PL\"}]}<\/script>\n<!-- \/ Yoast SEO plugin. -->","yoast_head_json":{"title":"Zestaw Insta360 X5 Essentials Bundle - IRONSKY.PL Sklep z Dronami","description":"Zestaw Insta360 X5 Essentials Bundle - \u2705 sklep z dronami i fachowym doradztwem. \u2705 Tutaj kupisz produkty DJI, Yuneec, Parrot, Syma i wiele innych, a tak\u017ce kursy i licencje na operatora drona.","robots":{"index":"index","follow":"follow","max-snippet":"max-snippet:-1","max-image-preview":"max-image-preview:large","max-video-preview":"max-video-preview:-1"},"canonical":"https:\/\/ironsky.pl\/sklep\/produkt\/zestaw-insta360-x5-essentials-bundle\/","og_locale":"pl_PL","og_type":"article","og_title":"Zestaw Insta360 X5 Essentials Bundle - IRONSKY.PL Sklep z Dronami","og_description":"Zestaw Insta360 X5 Essentials Bundle - \u2705 sklep z dronami i fachowym doradztwem. \u2705 Tutaj kupisz produkty DJI, Yuneec, Parrot, Syma i wiele innych, a tak\u017ce kursy i licencje na operatora drona.","og_url":"https:\/\/ironsky.pl\/sklep\/produkt\/zestaw-insta360-x5-essentials-bundle\/","og_site_name":"IRONSKY.PL Sklep z Dronami","article_modified_time":"2026-03-05T14:56:26+00:00","og_image":[{"width":800,"height":800,"url":"https:\/\/ironsky.pl\/sklep\/wp-content\/uploads\/2025\/05\/51809_10.jpg","type":"image\/jpeg"}],"twitter_card":"summary_large_image","twitter_misc":{"Szacowany czas czytania":"8 minut"},"schema":{"@context":"https:\/\/schema.org","@graph":[{"@type":"WebPage","@id":"https:\/\/ironsky.pl\/sklep\/produkt\/zestaw-insta360-x5-essentials-bundle\/","url":"https:\/\/ironsky.pl\/sklep\/produkt\/zestaw-insta360-x5-essentials-bundle\/","name":"Zestaw Insta360 X5 Essentials Bundle - IRONSKY.PL Sklep z Dronami","isPartOf":{"@id":"https:\/\/ironsky.pl\/sklep\/#website"},"primaryImageOfPage":{"@id":"https:\/\/ironsky.pl\/sklep\/produkt\/zestaw-insta360-x5-essentials-bundle\/#primaryimage"},"image":{"@id":"https:\/\/ironsky.pl\/sklep\/produkt\/zestaw-insta360-x5-essentials-bundle\/#primaryimage"},"thumbnailUrl":"https:\/\/ironsky.pl\/sklep\/wp-content\/uploads\/2025\/05\/51809_10.jpg","datePublished":"2025-05-26T16:03:37+00:00","dateModified":"2026-03-05T14:56:26+00:00","description":"Zestaw Insta360 X5 Essentials Bundle - \u2705 sklep z dronami i fachowym doradztwem. \u2705 Tutaj kupisz produkty DJI, Yuneec, Parrot, Syma i wiele innych, a tak\u017ce kursy i licencje na operatora drona.","breadcrumb":{"@id":"https:\/\/ironsky.pl\/sklep\/produkt\/zestaw-insta360-x5-essentials-bundle\/#breadcrumb"},"inLanguage":"pl-PL","potentialAction":[{"@type":"ReadAction","target":["https:\/\/ironsky.pl\/sklep\/produkt\/zestaw-insta360-x5-essentials-bundle\/"]}]},{"@type":"ImageObject","inLanguage":"pl-PL","@id":"https:\/\/ironsky.pl\/sklep\/produkt\/zestaw-insta360-x5-essentials-bundle\/#primaryimage","url":"https:\/\/ironsky.pl\/sklep\/wp-content\/uploads\/2025\/05\/51809_10.jpg","contentUrl":"https:\/\/ironsky.pl\/sklep\/wp-content\/uploads\/2025\/05\/51809_10.jpg","width":800,"height":800},{"@type":"BreadcrumbList","@id":"https:\/\/ironsky.pl\/sklep\/produkt\/zestaw-insta360-x5-essentials-bundle\/#breadcrumb","itemListElement":[{"@type":"ListItem","position":1,"name":"Strona g\u0142\u00f3wna","item":"https:\/\/ironsky.pl\/sklep\/"},{"@type":"ListItem","position":2,"name":"Wszystkie produkty","item":"https:\/\/ironsky.pl\/sklep\/produkty\/"},{"@type":"ListItem","position":3,"name":"Zestaw Insta360 X5 Essentials Bundle"}]},{"@type":"WebSite","@id":"https:\/\/ironsky.pl\/sklep\/#website","url":"https:\/\/ironsky.pl\/sklep\/","name":"IRONSKY.PL Sklep z Dronami","description":"IRONSKY.PL Sklep z Dronami","potentialAction":[{"@type":"SearchAction","target":{"@type":"EntryPoint","urlTemplate":"https:\/\/ironsky.pl\/sklep\/?s={search_term_string}"},"query-input":{"@type":"PropertyValueSpecification","valueRequired":true,"valueName":"search_term_string"}}],"inLanguage":"pl-PL"}]}},"_links":{"self":[{"href":"https:\/\/ironsky.pl\/sklep\/wp-json\/wp\/v2\/product\/40329","targetHints":{"allow":["GET"]}}],"collection":[{"href":"https:\/\/ironsky.pl\/sklep\/wp-json\/wp\/v2\/product"}],"about":[{"href":"https:\/\/ironsky.pl\/sklep\/wp-json\/wp\/v2\/types\/product"}],"replies":[{"embeddable":true,"href":"https:\/\/ironsky.pl\/sklep\/wp-json\/wp\/v2\/comments?post=40329"}],"wp:featuredmedia":[{"embeddable":true,"href":"https:\/\/ironsky.pl\/sklep\/wp-json\/wp\/v2\/media\/40330"}],"wp:attachment":[{"href":"https:\/\/ironsky.pl\/sklep\/wp-json\/wp\/v2\/media?parent=40329"}],"wp:term":[{"taxonomy":"product_brand","embeddable":true,"href":"https:\/\/ironsky.pl\/sklep\/wp-json\/wp\/v2\/product_brand?post=40329"},{"taxonomy":"product_cat","embeddable":true,"href":"https:\/\/ironsky.pl\/sklep\/wp-json\/wp\/v2\/product_cat?post=40329"},{"taxonomy":"product_tag","embeddable":true,"href":"https:\/\/ironsky.pl\/sklep\/wp-json\/wp\/v2\/product_tag?post=40329"}],"curies":[{"name":"wp","href":"https:\/\/api.w.org\/{rel}","templated":true}]}}