{"id":39961,"date":"2025-05-26T17:55:00","date_gmt":"2025-05-26T15:55:00","guid":{"rendered":"https:\/\/ironsky.pl\/drony-sklep\/produkt\/dron-dji-mini-2-fly-more-combo-mavic-mini-2-fly-more-combo\/"},"modified":"2026-03-05T16:21:29","modified_gmt":"2026-03-05T15:21:29","slug":"dron-dji-mini-2-fly-more-combo-mavic-mini-2-fly-more-combo","status":"publish","type":"product","link":"https:\/\/ironsky.pl\/sklep\/produkt\/dron-dji-mini-2-fly-more-combo-mavic-mini-2-fly-more-combo\/","title":{"rendered":"Dron DJI Mini 2 Fly More Combo (Mavic Mini 2 Fly More Combo)"},"content":{"rendered":"<h3>DJI Mini 2 &#8211; zyskaj now\u0105, lepsz\u0105 perspektyw\u0119<\/h3>\n<p>Niezwykle lekki i kompaktowy, zapewniaj\u0105cy doskona\u0142ej jako\u015bci wideo 4K\/30 FPS oraz zasi\u0119g transmisji do 6 km &#8211; nowy DJI Mini 2 pozwoli Ci zyska\u0107 unikaln\u0105 perspektyw\u0119 i tworzy\u0107 jedyne w swoim rodzaju materia\u0142y wsz\u0119dzie tam, gdzie chcesz &#8211; podczas g\u00f3rskiej wyprawy, w mie\u015bcie czy w trakcie rodzinnej uroczysto\u015bci. Czas lotu do 31 minut umo\u017cliwia planowanie perfekcyjnych uj\u0119\u0107, a dzi\u0119ki inteligentnym trybom osi\u0105gniesz jeszcze bardziej imponuj\u0105ce rezultaty.<\/p>\n<p><img decoding=\"async\" src=\"\/data\/include\/cms\/PiotrP\/DJI\/Mini2\/01.png\"><\/p>\n<h3>Wymarzony towarzysz podr\u00f3\u017cy<\/h3>\n<p>Dlaczego DJI Mini 2 mo\u017ce sta\u0107 si\u0119 Twoim idealnym towarzyszem podr\u00f3\u017cy? Mi\u0119dzy innymi ze wzgl\u0119du na jego niewielkie rozmiary, sk\u0142adan\u0105 konstrukcj\u0119 oraz ultralekk\u0105 wag\u0119, kt\u00f3ra nie przekracza 249 g. Dzi\u0119ki tak niezwyk\u0142ej kompaktowo\u015bci drona z \u0142atwo\u015bci\u0105 zabierzesz go ze sob\u0105 niemal wsz\u0119dzie i zyskasz mo\u017cliwo\u015b\u0107 spojrzenia na \u015bwiat z zupe\u0142nie nowej perspektywy.<\/p>\n<p><img decoding=\"async\" src=\"\/data\/include\/cms\/PiotrP\/DJI\/Mini2\/02.png\"><\/p>\n<h3>Niewielki, ale pot\u0119\u017cny<\/h3>\n<p>W tak niewielkiej konstrukcji DJI Mini 2 mie\u015bci si\u0119 pot\u0119\u017cna moc. Maksymalny czas lotu wynosi a\u017c 31 minut &#8211; to wystarczaj\u0105co du\u017co, aby da\u0107 Ci szans\u0119 stworzenia dok\u0142adnie takiego uj\u0119cia, na jakim Ci zale\u017cy. Co wi\u0119cej, dronowi nie przeszkodzi nawet wiatr o sile 5 stopni w skali Beauforta &#8211; urz\u0105dzenie wyr\u00f3\u017cnia si\u0119 bardzo du\u017c\u0105 odporno\u015bci\u0105. Mo\u017cesz wi\u0119c swobodnie lata\u0107, gdzie chcesz &#8211; na przyk\u0142ad wzd\u0142u\u017c wietrznego wybrze\u017ca czy nad g\u00f3rskim lasem.<\/p>\n<p><img decoding=\"async\" src=\"\/data\/include\/cms\/PiotrP\/DJI\/Mini2\/03.png\"><\/p>\n<h3>Zachwycaj\u0105ca jako\u015b\u0107 obrazu<\/h3>\n<p>Daj si\u0119 zaskoczy\u0107 wyj\u0105tkowej jako\u015bci obrazu. Zaawansowana kamera umo\u017cliwia nagrywanie wideo 4K\/30 FPS, dzi\u0119ki czemu Twoje najpi\u0119kniejsze wspomnienia ponownie o\u017cyj\u0105 na ekranie. 4-krotny cyfrowy zoom u\u0142atwia kr\u0119cenie z r\u00f3\u017cnych dystans\u00f3w, a 3-osiowy gimbal zapewnia niezawodn\u0105 stabilizacj\u0119, dzi\u0119ki kt\u00f3rej Twoje nagrania b\u0119d\u0105 p\u0142ynniejsze ni\u017c kiedykolwiek wcze\u015bniej. Niewa\u017cne, czy pilotujesz wyj\u0105tkowo ostro\u017cnie, czy cieszysz si\u0119 brawurowym lotem &#8211; z DJI Mini 2 zyskasz imponuj\u0105ce, zachwycaj\u0105ce jako\u015bci\u0105 materia\u0142y w niemal ka\u017cdych warunkach.<\/p>\n<p><img decoding=\"async\" src=\"\/data\/include\/cms\/PiotrP\/DJI\/Mini2\/04.png\"><\/p>\n<h3>Ciesz si\u0119 stabiln\u0105 transmisj\u0105<\/h3>\n<p>Poznaj zalety nowoczesnego systemu OcuSync 2.0. Umo\u017cliwia on niezawodn\u0105 transmisj\u0119 wideo w jako\u015bci HD. Zasi\u0119g do 6 km, wyj\u0105tkowa stabilno\u015b\u0107 po\u0142\u0105czenia oraz skuteczna eliminacja zak\u0142\u00f3ce\u0144 &#8211; wszystko to sprawia, \u017ce z DJI Mini 2 polecisz dalej i zobaczysz wi\u0119cej.<\/p>\n<p><img decoding=\"async\" src=\"\/data\/include\/cms\/PiotrP\/DJI\/Mini2\/05.png\"><\/p>\n<h3>Tw\u00f3rz arcydzie\u0142a z pomoc\u0105 inteligentnych funkcji<\/h3>\n<p>Nagrywaj jeszcze bardziej atrakcyjne materia\u0142y z pomoc\u0105 inteligentnych funkcji DJI Mini 2. QuickShots umo\u017cliwiaj\u0105 tworzenie zr\u00f3\u017cnicowanych, imponuj\u0105cych i profesjonalnych uj\u0119\u0107 bez najmniejszego wysi\u0142ku. R\u00f3\u017cne tryby Panoramy pozwol\u0105 Ci b\u0142yskawicznie przygotowywa\u0107 prawdziwe fotograficzne arcydzie\u0142a, kt\u00f3rymi z dum\u0105 pochwalisz si\u0119 znajomym czy rodzinie. Funkcje takie jak Return to Home, automatyczny start oraz zawis usprawniaj\u0105 sterowanie dronem i zwi\u0119kszaj\u0105 bezpiecze\u0144stwo jego u\u017cytkowania.<\/p>\n<p><img decoding=\"async\" src=\"\/data\/include\/cms\/PiotrP\/DJI\/Mini2\/06.png\"><\/p>\n<h3>Z aplikacj\u0105 DJI Fly mo\u017cesz wi\u0119cej<\/h3>\n<p>Sprawd\u017a, co mo\u017ce Ci zaoferowa\u0107 aplikacja DJI Fly. Umo\u017cliwia ona mi\u0119dzy innymi automatyczn\u0105 optymalizacj\u0119 obrazu, dzi\u0119ki czemu b\u0119dziesz cieszy\u0107 si\u0119 pi\u0119knymi, kolorowymi i bogatymi w szczeg\u00f3\u0142y materia\u0142ami, kt\u00f3re niemal natychmiast udost\u0119pnisz w mediach spo\u0142eczno\u015bciowych. Znajdziesz w niej tak\u017ce zaawansowany edytor, kt\u00f3ry zawiera mn\u00f3stwo kreatywnych szablon\u00f3w. Pobieranie zdj\u0119\u0107 i film\u00f3w na telefon upraszczaj\u0105 dodatkowe tryby, takie jak Trimmed Download, kt\u00f3ry umo\u017cliwia \u0142atwe przycinanie materia\u0142\u00f3w do edycji, a tak\u017ce QuickTransfer zapewniaj\u0105cy synchronizacj\u0119 plik\u00f3w z pr\u0119dko\u015bci\u0105 nawet 20 MB\/s. Przegl\u0105danie i edytowanie materia\u0142\u00f3w jeszcze nigdy nie by\u0142o takie proste!<\/p>\n<p><img decoding=\"async\" src=\"\/data\/include\/cms\/PiotrP\/DJI\/Mini2\/07.png\"><\/p>\n<h3>Dodatkowe akcesoria &#8211; dodatkowe mo\u017cliwo\u015bci<\/h3>\n<p>W zestawie DJI Mini 2 Combo znajdziesz r\u00f3wnie\u017c przydatne, dodatkowe akcesoria. W opakowaniu umieszczono a\u017c 3 akumulatory (w standardowej wersji jest tylko 1), kt\u00f3re w po\u0142\u0105czeniu z \u0142aduj\u0105cym je wszystkie sekwencyjnie hubem \u0142adowania umo\u017cliwiaj\u0105 przed\u0142u\u017cenie czasu pracy urz\u0105dzenia. Specjalna blokada na \u015bmig\u0142a zapewnia bezpieczniejszy transport drona, a dedykowana torba umo\u017cliwia jego wygodne przechowywanie i przenoszenie. Do zestawu do\u0142\u0105czono r\u00f3wnie\u017c praktyczn\u0105 \u0142adowark\u0119 USB DJI 18 W.<\/p>\n<p><img decoding=\"async\" src=\"\/data\/include\/cms\/PiotrP\/DJI\/Mini2\/08.png\"><\/p>\n<h3>W zestawie <\/h3>\n<ul>\n<li>DJI Mini 2<\/li>\n<li>Aparatura steruj\u0105ca<\/li>\n<li>Inteligentny akumulator (3 sztuki)<\/li>\n<li>\u015amig\u0142a (3 Pary) <\/li>\n<li>Kabel Typu-C<\/li>\n<li>Os\u0142ona gimbala<\/li>\n<li>Kabel do aparatury (Micro USB)<\/li>\n<li>Kabel do aparatury (USB-C)<\/li>\n<li>Kabel do aparatury (Lightning)<\/li>\n<li>Zapasowe Dr\u0105\u017cki aparatury (Para)<\/li>\n<li>Zapasowe \u015arubki do \u015bmigie\u0142 (18 sztuk)<\/li>\n<li>\u015arubokr\u0119t<\/li>\n<li>Blokada \u015bmigie\u0142 <\/li>\n<li>Hub \u0142adowania 2w1<\/li>\n<li>\u0141adowarka USB DJI 18W<\/li>\n<li>Torba transportowa <\/li>\n<\/ul>\n<div class=\"table-wrapper\">\n<table>\n<tbody>\n<tr>\n<th>Producent <\/th>\n<td>DJI<\/td>\n<\/tr>\n<tr>\n<th>Model<\/th>\n<td>CP.MA.00000307.01<\/td>\n<\/tr>\n<tr>\n<th>Masa <\/th>\n<td>249 g<\/td>\n<\/tr>\n<tr>\n<th>Wymiary <\/th>\n<td>Z\u0142o\u017cony: 138\u00d781\u00d758 mm; Roz\u0142o\u017cony: 159\u00d7203\u00d756 mm ; Roz\u0142o\u017cony: (ze \u015bmig\u0142ami): 245\u00d7289\u00d756 mm <\/td>\n<\/tr>\n<tr>\n<th>Maksymalna pr\u0119dko\u015b\u0107 wznoszenia  <\/th>\n<td>5m\/s (tryb S); 3m\/s (tryb N); 2m\/s (tryb C)<\/td>\n<\/tr>\n<tr>\n<th>Przek\u0105tna <\/th>\n<td>213 mm<\/td>\n<\/tr>\n<tr>\n<th>Maksymalna pr\u0119dko\u015b\u0107 opadania <\/th>\n<td>3.5 m\/s (Tryb S); 3 m\/s (Tryb N); 1.5 m\/s (Tryb C)<\/td>\n<\/tr>\n<tr>\n<th>Maksymalna pr\u0119dko\u015b\u0107 (na poziomie morza, bez wiatru) <\/th>\n<td>16 m\/s (Tryb S); 10 m\/s (Tryb N); 6 m\/s (Tryb C)<\/td>\n<\/tr>\n<tr>\n<th>Maksymalny pu\u0142ap lotu (nad poziomem morza) <\/th>\n<td>4000m; 2000m (startuj\u0105c z os\u0142onami na \u015bmig\u0142a<\/td>\n<\/tr>\n<tr>\n<th>Maksymalny czas lotu <\/th>\n<td>31 minut<\/td>\n<\/tr>\n<tr>\n<th>Odporno\u015b\u0107 na wiatr<\/th>\n<td>8,5-10,5m\/s<\/td>\n<\/tr>\n<tr>\n<th>Maksymalny k\u0105t lotu <\/th>\n<td>40 stopni (Tryb S); 25\u00b0 (Tryb N i Tryb C)<\/td>\n<\/tr>\n<tr>\n<th>Maksymalna pr\u0119dko\u015b\u0107 k\u0105towa <\/th>\n<td>130\u00b0\/s (Tryb S); 60\u00b0\/s (Tryb N); 30\u00b0\/s (Tryb C) <\/td>\n<\/tr>\n<tr>\n<th>Zakres temperatury pracy <\/th>\n<td>0\u00b0 do 40\u00b0C<\/td>\n<\/tr>\n<tr>\n<th>Cz\u0119stotliwo\u015b\u0107 pracy <\/th>\n<td>2.400-2.4835 GHz, 5.725-5.850 GHz<\/td>\n<\/tr>\n<tr>\n<th>System pozycjonowania  <\/th>\n<td>GPS+GLONASS+GALILEO<\/td>\n<\/tr>\n<tr>\n<th>Dok\u0142adno\u015b\u0107 zawisu <\/th>\n<td>Pionowa: \u00b10.1 m (z pozycjonowaniem wizyjnym), \u00b10.5 m (z pozycjonowaniem GPS); Pozioma: \u00b10.3 m (z pozycjonowaniem wizyjnym), \u00b11.5 m (z pozycjonowaniem GPS) <\/td>\n<\/tr>\n<\/tbody>\n<\/table>\n<\/div>\n","protected":false},"excerpt":{"rendered":"<p>DJI Mini 2 &#8211; zyskaj now\u0105, lepsz\u0105 perspektyw\u0119 Niezwykle lekki i kompaktowy, zapewniaj\u0105cy doskona\u0142ej jako\u015bci wideo 4K\/30 FPS oraz zasi\u0119g<\/p>\n","protected":false},"featured_media":39962,"comment_status":"closed","ping_status":"open","template":"","meta":{"_acf_changed":false},"product_brand":[],"product_cat":[5647,6088,5735,5715,5729,5737,5707],"product_tag":[],"class_list":{"0":"post-39961","1":"product","2":"type-product","3":"status-publish","4":"has-post-thumbnail","6":"product_cat-mini","7":"product_cat-drony-dji","8":"product_cat-dla-dzieci","9":"product_cat-do-250g","10":"product_cat-do-4000zl","11":"product_cat-4k","12":"product_cat-c0","13":"pa_okres-gwarancji-5757","14":"pa_producent-dji","16":"first","17":"outofstock","18":"taxable","19":"shipping-taxable","20":"purchasable","21":"product-type-simple"},"acf":[],"yoast_head":"<!-- This site is optimized with the Yoast SEO plugin v27.2 - https:\/\/yoast.com\/product\/yoast-seo-wordpress\/ -->\n<title>Dron DJI Mini 2 Fly More Combo (Mavic Mini 2 Fly More Combo) - IRONSKY.PL Sklep z Dronami<\/title>\n<meta name=\"description\" content=\"Dron DJI Mini 2 Fly More Combo (Mavic Mini 2 Fly More Combo) - \u2705 sklep z dronami i fachowym doradztwem. \u2705 Tutaj kupisz produkty DJI, Yuneec, Parrot, Syma i wiele innych, a tak\u017ce kursy i licencje na operatora drona.\" \/>\n<meta name=\"robots\" content=\"index, follow, max-snippet:-1, max-image-preview:large, max-video-preview:-1\" \/>\n<link rel=\"canonical\" href=\"https:\/\/ironsky.pl\/sklep\/produkt\/dron-dji-mini-2-fly-more-combo-mavic-mini-2-fly-more-combo\/\" \/>\n<meta property=\"og:locale\" content=\"pl_PL\" \/>\n<meta property=\"og:type\" content=\"article\" \/>\n<meta property=\"og:title\" content=\"Dron DJI Mini 2 Fly More Combo (Mavic Mini 2 Fly More Combo) - IRONSKY.PL Sklep z Dronami\" \/>\n<meta property=\"og:description\" content=\"Dron DJI Mini 2 Fly More Combo (Mavic Mini 2 Fly More Combo) - \u2705 sklep z dronami i fachowym doradztwem. \u2705 Tutaj kupisz produkty DJI, Yuneec, Parrot, Syma i wiele innych, a tak\u017ce kursy i licencje na operatora drona.\" \/>\n<meta property=\"og:url\" content=\"https:\/\/ironsky.pl\/sklep\/produkt\/dron-dji-mini-2-fly-more-combo-mavic-mini-2-fly-more-combo\/\" \/>\n<meta property=\"og:site_name\" content=\"IRONSKY.PL Sklep z Dronami\" \/>\n<meta property=\"article:modified_time\" content=\"2026-03-05T15:21:29+00:00\" \/>\n<meta property=\"og:image\" content=\"https:\/\/ironsky.pl\/sklep\/wp-content\/uploads\/2025\/05\/19328_1.jpg\" \/>\n\t<meta property=\"og:image:width\" content=\"800\" \/>\n\t<meta property=\"og:image:height\" content=\"800\" \/>\n\t<meta property=\"og:image:type\" content=\"image\/jpeg\" \/>\n<meta name=\"twitter:card\" content=\"summary_large_image\" \/>\n<meta name=\"twitter:label1\" content=\"Szacowany czas czytania\" \/>\n\t<meta name=\"twitter:data1\" content=\"4 minuty\" \/>\n<script type=\"application\/ld+json\" class=\"yoast-schema-graph\">{\"@context\":\"https:\/\/schema.org\",\"@graph\":[{\"@type\":\"WebPage\",\"@id\":\"https:\/\/ironsky.pl\/sklep\/produkt\/dron-dji-mini-2-fly-more-combo-mavic-mini-2-fly-more-combo\/\",\"url\":\"https:\/\/ironsky.pl\/sklep\/produkt\/dron-dji-mini-2-fly-more-combo-mavic-mini-2-fly-more-combo\/\",\"name\":\"Dron DJI Mini 2 Fly More Combo (Mavic Mini 2 Fly More Combo) - IRONSKY.PL Sklep z Dronami\",\"isPartOf\":{\"@id\":\"https:\/\/ironsky.pl\/sklep\/#website\"},\"primaryImageOfPage\":{\"@id\":\"https:\/\/ironsky.pl\/sklep\/produkt\/dron-dji-mini-2-fly-more-combo-mavic-mini-2-fly-more-combo\/#primaryimage\"},\"image\":{\"@id\":\"https:\/\/ironsky.pl\/sklep\/produkt\/dron-dji-mini-2-fly-more-combo-mavic-mini-2-fly-more-combo\/#primaryimage\"},\"thumbnailUrl\":\"https:\/\/ironsky.pl\/sklep\/wp-content\/uploads\/2025\/05\/19328_1.jpg\",\"datePublished\":\"2025-05-26T15:55:00+00:00\",\"dateModified\":\"2026-03-05T15:21:29+00:00\",\"description\":\"Dron DJI Mini 2 Fly More Combo (Mavic Mini 2 Fly More Combo) - \u2705 sklep z dronami i fachowym doradztwem. \u2705 Tutaj kupisz produkty DJI, Yuneec, Parrot, Syma i wiele innych, a tak\u017ce kursy i licencje na operatora drona.\",\"breadcrumb\":{\"@id\":\"https:\/\/ironsky.pl\/sklep\/produkt\/dron-dji-mini-2-fly-more-combo-mavic-mini-2-fly-more-combo\/#breadcrumb\"},\"inLanguage\":\"pl-PL\",\"potentialAction\":[{\"@type\":\"ReadAction\",\"target\":[\"https:\/\/ironsky.pl\/sklep\/produkt\/dron-dji-mini-2-fly-more-combo-mavic-mini-2-fly-more-combo\/\"]}]},{\"@type\":\"ImageObject\",\"inLanguage\":\"pl-PL\",\"@id\":\"https:\/\/ironsky.pl\/sklep\/produkt\/dron-dji-mini-2-fly-more-combo-mavic-mini-2-fly-more-combo\/#primaryimage\",\"url\":\"https:\/\/ironsky.pl\/sklep\/wp-content\/uploads\/2025\/05\/19328_1.jpg\",\"contentUrl\":\"https:\/\/ironsky.pl\/sklep\/wp-content\/uploads\/2025\/05\/19328_1.jpg\",\"width\":800,\"height\":800},{\"@type\":\"BreadcrumbList\",\"@id\":\"https:\/\/ironsky.pl\/sklep\/produkt\/dron-dji-mini-2-fly-more-combo-mavic-mini-2-fly-more-combo\/#breadcrumb\",\"itemListElement\":[{\"@type\":\"ListItem\",\"position\":1,\"name\":\"Strona g\u0142\u00f3wna\",\"item\":\"https:\/\/ironsky.pl\/sklep\/\"},{\"@type\":\"ListItem\",\"position\":2,\"name\":\"Wszystkie produkty\",\"item\":\"https:\/\/ironsky.pl\/sklep\/produkty\/\"},{\"@type\":\"ListItem\",\"position\":3,\"name\":\"Dron DJI Mini 2 Fly More Combo (Mavic Mini 2 Fly More Combo)\"}]},{\"@type\":\"WebSite\",\"@id\":\"https:\/\/ironsky.pl\/sklep\/#website\",\"url\":\"https:\/\/ironsky.pl\/sklep\/\",\"name\":\"IRONSKY.PL Sklep z Dronami\",\"description\":\"IRONSKY.PL Sklep z Dronami\",\"potentialAction\":[{\"@type\":\"SearchAction\",\"target\":{\"@type\":\"EntryPoint\",\"urlTemplate\":\"https:\/\/ironsky.pl\/sklep\/?s={search_term_string}\"},\"query-input\":{\"@type\":\"PropertyValueSpecification\",\"valueRequired\":true,\"valueName\":\"search_term_string\"}}],\"inLanguage\":\"pl-PL\"}]}<\/script>\n<!-- \/ Yoast SEO plugin. -->","yoast_head_json":{"title":"Dron DJI Mini 2 Fly More Combo (Mavic Mini 2 Fly More Combo) - IRONSKY.PL Sklep z Dronami","description":"Dron DJI Mini 2 Fly More Combo (Mavic Mini 2 Fly More Combo) - \u2705 sklep z dronami i fachowym doradztwem. \u2705 Tutaj kupisz produkty DJI, Yuneec, Parrot, Syma i wiele innych, a tak\u017ce kursy i licencje na operatora drona.","robots":{"index":"index","follow":"follow","max-snippet":"max-snippet:-1","max-image-preview":"max-image-preview:large","max-video-preview":"max-video-preview:-1"},"canonical":"https:\/\/ironsky.pl\/sklep\/produkt\/dron-dji-mini-2-fly-more-combo-mavic-mini-2-fly-more-combo\/","og_locale":"pl_PL","og_type":"article","og_title":"Dron DJI Mini 2 Fly More Combo (Mavic Mini 2 Fly More Combo) - IRONSKY.PL Sklep z Dronami","og_description":"Dron DJI Mini 2 Fly More Combo (Mavic Mini 2 Fly More Combo) - \u2705 sklep z dronami i fachowym doradztwem. \u2705 Tutaj kupisz produkty DJI, Yuneec, Parrot, Syma i wiele innych, a tak\u017ce kursy i licencje na operatora drona.","og_url":"https:\/\/ironsky.pl\/sklep\/produkt\/dron-dji-mini-2-fly-more-combo-mavic-mini-2-fly-more-combo\/","og_site_name":"IRONSKY.PL Sklep z Dronami","article_modified_time":"2026-03-05T15:21:29+00:00","og_image":[{"width":800,"height":800,"url":"https:\/\/ironsky.pl\/sklep\/wp-content\/uploads\/2025\/05\/19328_1.jpg","type":"image\/jpeg"}],"twitter_card":"summary_large_image","twitter_misc":{"Szacowany czas czytania":"4 minuty"},"schema":{"@context":"https:\/\/schema.org","@graph":[{"@type":"WebPage","@id":"https:\/\/ironsky.pl\/sklep\/produkt\/dron-dji-mini-2-fly-more-combo-mavic-mini-2-fly-more-combo\/","url":"https:\/\/ironsky.pl\/sklep\/produkt\/dron-dji-mini-2-fly-more-combo-mavic-mini-2-fly-more-combo\/","name":"Dron DJI Mini 2 Fly More Combo (Mavic Mini 2 Fly More Combo) - IRONSKY.PL Sklep z Dronami","isPartOf":{"@id":"https:\/\/ironsky.pl\/sklep\/#website"},"primaryImageOfPage":{"@id":"https:\/\/ironsky.pl\/sklep\/produkt\/dron-dji-mini-2-fly-more-combo-mavic-mini-2-fly-more-combo\/#primaryimage"},"image":{"@id":"https:\/\/ironsky.pl\/sklep\/produkt\/dron-dji-mini-2-fly-more-combo-mavic-mini-2-fly-more-combo\/#primaryimage"},"thumbnailUrl":"https:\/\/ironsky.pl\/sklep\/wp-content\/uploads\/2025\/05\/19328_1.jpg","datePublished":"2025-05-26T15:55:00+00:00","dateModified":"2026-03-05T15:21:29+00:00","description":"Dron DJI Mini 2 Fly More Combo (Mavic Mini 2 Fly More Combo) - \u2705 sklep z dronami i fachowym doradztwem. \u2705 Tutaj kupisz produkty DJI, Yuneec, Parrot, Syma i wiele innych, a tak\u017ce kursy i licencje na operatora drona.","breadcrumb":{"@id":"https:\/\/ironsky.pl\/sklep\/produkt\/dron-dji-mini-2-fly-more-combo-mavic-mini-2-fly-more-combo\/#breadcrumb"},"inLanguage":"pl-PL","potentialAction":[{"@type":"ReadAction","target":["https:\/\/ironsky.pl\/sklep\/produkt\/dron-dji-mini-2-fly-more-combo-mavic-mini-2-fly-more-combo\/"]}]},{"@type":"ImageObject","inLanguage":"pl-PL","@id":"https:\/\/ironsky.pl\/sklep\/produkt\/dron-dji-mini-2-fly-more-combo-mavic-mini-2-fly-more-combo\/#primaryimage","url":"https:\/\/ironsky.pl\/sklep\/wp-content\/uploads\/2025\/05\/19328_1.jpg","contentUrl":"https:\/\/ironsky.pl\/sklep\/wp-content\/uploads\/2025\/05\/19328_1.jpg","width":800,"height":800},{"@type":"BreadcrumbList","@id":"https:\/\/ironsky.pl\/sklep\/produkt\/dron-dji-mini-2-fly-more-combo-mavic-mini-2-fly-more-combo\/#breadcrumb","itemListElement":[{"@type":"ListItem","position":1,"name":"Strona g\u0142\u00f3wna","item":"https:\/\/ironsky.pl\/sklep\/"},{"@type":"ListItem","position":2,"name":"Wszystkie produkty","item":"https:\/\/ironsky.pl\/sklep\/produkty\/"},{"@type":"ListItem","position":3,"name":"Dron DJI Mini 2 Fly More Combo (Mavic Mini 2 Fly More Combo)"}]},{"@type":"WebSite","@id":"https:\/\/ironsky.pl\/sklep\/#website","url":"https:\/\/ironsky.pl\/sklep\/","name":"IRONSKY.PL Sklep z Dronami","description":"IRONSKY.PL Sklep z Dronami","potentialAction":[{"@type":"SearchAction","target":{"@type":"EntryPoint","urlTemplate":"https:\/\/ironsky.pl\/sklep\/?s={search_term_string}"},"query-input":{"@type":"PropertyValueSpecification","valueRequired":true,"valueName":"search_term_string"}}],"inLanguage":"pl-PL"}]}},"_links":{"self":[{"href":"https:\/\/ironsky.pl\/sklep\/wp-json\/wp\/v2\/product\/39961","targetHints":{"allow":["GET"]}}],"collection":[{"href":"https:\/\/ironsky.pl\/sklep\/wp-json\/wp\/v2\/product"}],"about":[{"href":"https:\/\/ironsky.pl\/sklep\/wp-json\/wp\/v2\/types\/product"}],"replies":[{"embeddable":true,"href":"https:\/\/ironsky.pl\/sklep\/wp-json\/wp\/v2\/comments?post=39961"}],"wp:featuredmedia":[{"embeddable":true,"href":"https:\/\/ironsky.pl\/sklep\/wp-json\/wp\/v2\/media\/39962"}],"wp:attachment":[{"href":"https:\/\/ironsky.pl\/sklep\/wp-json\/wp\/v2\/media?parent=39961"}],"wp:term":[{"taxonomy":"product_brand","embeddable":true,"href":"https:\/\/ironsky.pl\/sklep\/wp-json\/wp\/v2\/product_brand?post=39961"},{"taxonomy":"product_cat","embeddable":true,"href":"https:\/\/ironsky.pl\/sklep\/wp-json\/wp\/v2\/product_cat?post=39961"},{"taxonomy":"product_tag","embeddable":true,"href":"https:\/\/ironsky.pl\/sklep\/wp-json\/wp\/v2\/product_tag?post=39961"}],"curies":[{"name":"wp","href":"https:\/\/api.w.org\/{rel}","templated":true}]}}