{"id":39230,"date":"2025-04-01T13:52:59","date_gmt":"2025-04-01T11:52:59","guid":{"rendered":"https:\/\/ironsky.pl\/drony-sklep\/produkt\/dji-mavic-pro-platinum-combo\/"},"modified":"2026-03-05T15:55:53","modified_gmt":"2026-03-05T14:55:53","slug":"dji-mavic-pro-platinum-combo","status":"publish","type":"product","link":"https:\/\/ironsky.pl\/sklep\/produkt\/dji-mavic-pro-platinum-combo\/","title":{"rendered":"DJI Mavic Pro Platinum Combo"},"content":{"rendered":"<style><!--\ntable {\n    border-collapse: collapse;\n    width: 100%;\n}\n\nth, td {\n    padding: 8px;\n    text-align: left;\n    border-bottom: 1px solid #ddd;\n}\n\ntr:hover{background-color:#f5f5f5}\n--><\/style>\n<h1 class=\"iai_top\"><img decoding=\"async\" style=\"display: block; margin-left: auto; margin-right: auto;\" src=\"https:\/\/rcpro.pl\/data\/include\/cms\/Mavic-Platinum\/f_copy.jpg\" border=\"0\" width=\"678\" height=\"323\" \/><\/h1>\n<h1>\u00a0<\/h1>\n<h1 class=\"iai_top\"><span style=\"color: #333333; font-size: 12pt;\"><span style=\"color: #333333; font-size: 12pt;\"><span style=\"color: #999999; font-size: 14pt;\"><strong>DJI MAVIC PRO PLATINUM<br \/><\/strong><\/span><\/span><\/span><\/h1>\n<hr \/>\n<div style=\"text-align: center;\" class=\"iai_top\"><\/div>\n<div style=\"text-align: center;\" class=\"iai_top\"><span style=\"color: #333333; font-size: 14pt;\"><strong><br \/>Poznaj DJI Mavic Pro Platinum<br \/><\/strong><\/span><\/div>\n<div class=\"iai_top\"><span style=\"color: #333333; font-size: 12pt;\"><\/span><\/div>\n<div style=\"text-align: justify;\" class=\"iai_top\"><span style=\"color: #333333; font-size: 12pt;\">DJI Mavic Pro Platinum to najnowszy quadrocopter zaprojektowany z my\u015bl\u0105 o podr\u00f3\u017cy. Ulepszona obudowa, nowy nietuzinkowy design to tylko kilka z nowych zmian w wersji Platinum. Nowy, ulepszony 30 minutowy czas lotu w po\u0142\u0105czeniu z redukcj\u0105 ha\u0142asu o 60% sprawia, \u017ce DJI Mavic Pro Platinum jest aktualnie najlepszym przeno\u015bnym dronem. Mavic zaimponuje swoimi funkcjami i mo\u017cliwo\u015bciami nawet najbardziej do\u015bwiadczonym pilotom. <br \/><\/span><\/div>\n<div class=\"iai_top\"><span style=\"color: #333333; font-size: 12pt;\"><\/span><\/div>\n<div class=\"iai_mid\">\n<div class=\"iai_left\"><img decoding=\"async\" src=\"\/data\/include\/cms\/Mavic-Platinum\/2.jpg\" border=\"0\" width=\"399\" height=\"453\" \/><\/p>\n<\/div>\n<div style=\"padding-left: 30px; text-align: justify;\" class=\"iai_right\"><span style=\"color: #333333; font-size: 12pt;\">DJI Mavic Pro Platinum to przede wszystkim inteligentny system z zaimplementowan\u0105 funkcj\u0105 unikania przeszk\u00f3d (znana z Phantoma 4). Wyposa\u017cony jest w 5 kamer-czujnik\u00f3w kt\u00f3re bez przerwy monitoruj\u0105 otoczenie Mavica. GPS wspierany systemem GLONASS zapewnia doskona\u0142\u0105 stabilizacj\u0119 i ultra dok\u0142adne informacje o aktualnym po\u0142o\u017ceniu. Tw\u00f3rz niesamowite nagrania wideo oraz zdj\u0119cia z lotu ptaka, a stabilno\u015b\u0107 obrazu zapewni trzyosiowy gimbal. Dzi\u0119ki aplikacji DJI GO masz dost\u0119p do wszystkich funkcji lot\u00f3w, parametr\u00f3w kamery i podgl\u0105du obrazu na \u017cywo w smartfonie w jako\u015bci HD. Jego zasi\u0119g to a\u017c 4 km.<\/p>\n<p><\/span><\/div>\n<div style=\"padding-left: 30px;\" class=\"iai_right\"><span style=\"color: #333333; font-size: 12pt;\"><img decoding=\"async\" src=\"\/data\/include\/cms\/Mavic-Platinum\/3.jpg\" border=\"0\" width=\"398\" height=\"185\" \/><\/p>\n<p><\/span><\/div>\n<\/div>\n<div style=\"text-align: center;\" class=\"iai_bottom\">\n<hr \/>\n<p><span style=\"font-size: 14pt; color: #333333;\"><\/span><\/div>\n<div style=\"text-align: center;\" class=\"iai_bottom\"><span style=\"font-size: 14pt; color: #333333;\"><strong><br \/>Wi\u0119ksza wydajno\u015b\u0107<br \/><\/strong><\/span><\/div>\n<div class=\"iai_bottom\"><span style=\"font-size: 12pt; color: #333333;\"><\/span><\/div>\n<div style=\"text-align: justify;\" class=\"iai_bottom\"><span style=\"font-size: 12pt; color: #333333;\">DJI Mavic Pro Platinum dzi\u0119ki modernizacji uk\u0142adu nap\u0119dowego, dysponuje silnikami z nowej serii wraz z nowymi \u015bmig\u0142ami 8331. Dzi\u0119ki zastosowaniu nowej technologii Mavic Platinum zapewnia wi\u0119ksz\u0105 redukcj\u0119 szumu a\u017c do 4 dB.<br \/><\/span><\/div>\n<div style=\"text-align: justify;\" class=\"iai_bottom\"><span style=\"font-size: 12pt; color: #333333;\"><\/span><\/div>\n<div style=\"text-align: center;\" class=\"iai_bottom\"><span style=\"font-size: 12pt; color: #333333;\"><span style=\"font-size: 12pt; color: #333333;\"><br \/><img decoding=\"async\" style=\"display: block; margin-left: auto; margin-right: auto;\" src=\"\/data\/include\/cms\/Mavic-Platinum\/5.jpg\" border=\"0\" width=\"755\" height=\"101\" \/><\/span><\/span><\/div>\n<div style=\"text-align: center;\" class=\"iai_bottom\"><span style=\"font-size: 12pt; color: #333333;\"><span style=\"font-size: 12pt; color: #333333;\"><\/span><\/span><\/div>\n<div style=\"text-align: center;\" class=\"iai_bottom\"><span style=\"font-size: 12pt; color: #333333;\"><span style=\"font-size: 12pt; color: #333333;\"><img decoding=\"async\" src=\"\/data\/include\/cms\/Mavic-Platinum\/6.jpg\" border=\"0\" alt=\"\" width=\"1920\" height=\"640\" \/><br \/><\/span><\/span><\/p>\n<hr \/>\n<\/div>\n<div class=\"iai_mid\">\n<div style=\"padding-left: 30px;\" class=\"iai_right\">\n<div style=\"text-align: center;\" class=\"iai_top\"><\/div>\n<\/div>\n<\/div>\n<div style=\"text-align: center;\" class=\"iai_bottom\">\n<div style=\"text-align: center;\" class=\"iai_top\">\n<div style=\"text-align: center;\" class=\"iai_top\"><span style=\"color: #333333; font-size: 14pt;\"><strong><br \/>Szybko\u015b\u0107 i precyzja<br \/><\/strong><\/span><\/div>\n<div class=\"iai_top\"><span style=\"color: #333333; font-size: 12pt;\"><\/span><\/div>\n<div style=\"text-align: justify;\" class=\"iai_top\"><span style=\"color: #333333;\"><span style=\"font-size: 16px;\">Osi\u0105gaj niezwyk\u0142e pr\u0119dko\u015bci i miej jednocze\u015bnie pe\u0142n\u0105 kontrol\u0119. DJI Mavic Pro Platinum w trybie Sport mo\u017ce porusza\u0107 si\u0119 nawet z pr\u0119dko\u015bci\u0105 65 km\/h przy czym nadal jest niezwykle \u0142atwy w kontroli i niezwykle stabilny w powietrzu. Kamera w kt\u00f3r\u0105 wyposa\u017cony jest Mavic pozwoli nam nagrywa\u0107 w jako\u015bci 4K przy 30 klatkach na sekund\u0119 a tak\u017ce tworzy\u0107 niesamowite 12-megapikselowe zdj\u0119cia. Kamera ma mo\u017cliwo\u015b\u0107 tworzenia plik\u00f3w w formacje Adobe DNG RAW co znacznie u\u0142atwi profesjonaln\u0105 obr\u00f3bk\u0119.<br \/><\/span><\/span><\/div>\n<div style=\"text-align: justify;\" class=\"iai_top\"><span style=\"color: #333333; font-size: 12pt;\"><\/span><\/div>\n<div class=\"iai_mid\">\n<div class=\"iai_left\"><img decoding=\"async\" src=\"\/data\/include\/cms\/Mavic-Platinum\/7_800x360.jpg\" border=\"0\" width=\"399\" height=\"453\" \/><\/p>\n<\/div>\n<div style=\"padding-left: 30px; text-align: justify;\" class=\"iai_right\"><span style=\"color: #333333; font-size: 12pt;\">\u00a0<\/span><\/div>\n<div style=\"padding-left: 30px;\" class=\"iai_right\"><span style=\"color: #333333; font-size: 12pt;\"><\/p>\n<p><\/span><\/div>\n<\/div>\n<div style=\"text-align: center;\" class=\"iai_bottom\">\n<hr \/>\n<p><span style=\"font-size: 14pt; color: #333333;\"><\/span><\/div>\n<div style=\"text-align: center;\" class=\"iai_bottom\"><\/div>\n<\/div>\n<div style=\"text-align: center;\" class=\"iai_top\"><span style=\"color: #333333; font-size: 14pt;\"><strong><br \/>Miej pe\u0142n\u0105 kontrol\u0119<\/strong><\/span><\/div>\n<div class=\"iai_top\"><span style=\"color: #333333; font-size: 12pt;\"><\/span><\/div>\n<div style=\"text-align: justify;\" class=\"iai_top\"><span style=\"color: #333333;\"><span style=\"font-size: 16px;\">Pe\u0142n\u0105 kontrol\u0119 nad statkiem powietrznym zapewnia do\u0142\u0105czona do zestawu aparatura sterowania. W po\u0142\u0105czeniu ze smartfonem (maksymalna d\u0142ugo\u015b\u0107 to 160 mm a zalecana grubo\u015b\u0107 6,5-8,5 mm) mamy dost\u0119p do podgl\u0105du na \u017cywo z kamery w jako\u015bci HD. Mo\u017cesz sterowa\u0107 tak\u017ce sam\u0105 aparatur\u0105 (bez smartfona) lub samym smartfonem.<br \/><\/span><\/span><\/div>\n<div class=\"iai_top\"><span style=\"color: #333333; font-size: 12pt;\"><\/span><\/div>\n<div class=\"iai_mid\">\n<div class=\"iai_left\"><img decoding=\"async\" src=\"\/data\/include\/cms\/Blazej-grafiki\/DJI\/mavic\/7.jpg\" border=\"0\" width=\"286\" height=\"325\" \/><\/p>\n<\/div>\n<div style=\"padding-left: 30px; text-align: justify;\" class=\"iai_right\"><span style=\"color: #333333; font-size: 12pt;\">Do zestawu mo\u017cemy zakupi\u0107\u00a0gogle FPV od DJI kt\u00f3re zapewni\u0105 nam niezapomniane wra\u017cenia. Widok z pierwszej osoby w jako\u015bci FULL HD zapewni niezapomniane wra\u017cenia! Gogle \u0142\u0105cz\u0105 si\u0119 z Mavicem bezprzewodowo lub za pomoc\u0105 kabla.\u00a0<\/p>\n<p><\/span><\/div>\n<div style=\"padding-left: 30px;\" class=\"iai_right\"><span style=\"color: #333333; font-size: 12pt;\"><img decoding=\"async\" src=\"\/data\/include\/cms\/Blazej-grafiki\/DJI\/mavic\/8.jpg\" border=\"0\" width=\"353\" height=\"164\" \/><\/span><\/div>\n<\/div>\n<\/div>\n<div style=\"text-align: center;\" class=\"iai_bottom\">\n<hr \/>\n<p><span style=\"font-size: 14pt;\"><strong><span style=\"color: #333333;\">D\u0142ugi czas lotu<\/p>\n<p><\/span><\/strong><\/span><\/div>\n<div style=\"text-align: justify;\" class=\"iai_bottom\"><span style=\"font-size: 12pt;\"><span style=\"font-size: 12pt;\"><span style=\"color: #333333;\">DJI Mavic Pro Platinum posiada specjalnie zaprojektowany inteligentny akumulator. Pozwala on na ok. 30 minutowy lot. Dodatkowe akumulatory pozwol\u0105 efektywnie wyd\u0142u\u017cy\u0107 czas lotu.\u00a0Czas \u0142adowania akumulatora wynosi\u00a0oko\u0142o 1,5 h.\u00a0<\/p>\n<p><img decoding=\"async\" style=\"display: block; margin-left: auto; margin-right: auto;\" src=\"\/data\/include\/cms\/Blazej-grafiki\/DJI\/mavic\/9.jpg\" border=\"0\" width=\"800\" height=\"202\" \/><br \/><\/span><\/span><\/span><\/p>\n<hr \/>\n<\/div>\n<div style=\"text-align: center;\" class=\"iai_bottom\"><span style=\"font-size: 12pt;\"><span style=\"color: #333333;\"><span style=\"font-size: 14pt;\"><\/span><\/span><\/span><\/div>\n<div style=\"text-align: center;\" class=\"iai_bottom\"><span style=\"font-size: 12pt;\"><span style=\"color: #333333;\"><span style=\"font-size: 14pt;\"><strong><br \/>Miej wszystko w zasi\u0119gu<\/p>\n<p><\/strong><\/span><\/span><\/span><\/div>\n<div style=\"text-align: justify;\" class=\"iai_bottom\"><span style=\"font-size: 12pt;\"><span style=\"font-size: 12pt;\"><span style=\"color: #333333;\">DJI Mavic Pro Platinum posiada wiele przydatnych funkcji. Jedn\u0105 z nich jest m.in utrzymywanie sta\u0142ej wysoko\u015bci nad ziemi\u0105 w trybie follow me, dzi\u0119ki temu przy w\u0119dr\u00f3wkach w g\u00f3ry stworzone wideo b\u0119dzie nieprzerwanie skupia\u0107 si\u0119 na Tobie.\u00a0<\/p>\n<p><img decoding=\"async\" style=\"display: block; margin-left: auto; margin-right: auto;\" src=\"\/data\/include\/cms\/Blazej-grafiki\/DJI\/mavic\/10.jpg\" border=\"0\" width=\"800\" height=\"202\" \/><\/p>\n<p><\/span><\/span><\/span><\/p>\n<hr \/>\n<p><span style=\"font-size: 12pt;\"><span style=\"color: #333333;\"><\/span><\/span><\/div>\n<div style=\"text-align: center;\" class=\"iai_bottom\"><span style=\"font-size: 12pt;\"><span style=\"color: #333333;\"><\/span><\/span><\/div>\n<div style=\"text-align: center;\" class=\"iai_bottom\">\n<div style=\"text-align: center;\" class=\"iai_bottom\"><span style=\"font-size: 12pt;\"><span style=\"color: #333333;\"><span style=\"font-size: 14pt;\"><strong><br \/>Steruj za pomoc\u0105 gest\u00f3w<\/p>\n<p><\/strong><\/span><\/span><\/span><\/div>\n<div style=\"text-align: justify;\" class=\"iai_bottom\"><span style=\"font-size: 12pt;\"><span style=\"font-size: 12pt;\"><span style=\"color: #333333;\">Nowo wprowadzon\u0105 technologi\u0105 jest sterowanie gestami. Chcesz zrobi\u0107 sobie selfie a nie masz w d\u0142oniach aparatury? Poka\u017c Mavicowi ustalony gest a on wykona niesamowite powietrzne selfie z Tob\u0105 w roli g\u0142\u00f3wnej.<\/p>\n<p><img decoding=\"async\" style=\"display: block; margin-left: auto; margin-right: auto;\" src=\"\/data\/include\/cms\/Blazej-grafiki\/DJI\/mavic\/11.jpg\" border=\"0\" width=\"800\" height=\"202\" \/><\/span><\/span><\/span><\/div>\n<\/div>\n<div style=\"text-align: left;\" class=\"iai_bottom\"><span style=\"font-size: 12pt;\"><span style=\"font-size: 12pt;\"><span style=\"font-size: 12pt;\"><span style=\"color: #333333;\"><span style=\"font-size: 14pt; color: #999999;\"><strong><br \/><\/strong><\/span><\/span><\/span><\/span><\/span><span style=\"font-size: 12pt;\"><span style=\"font-size: 12pt;\"><span style=\"color: #333333;\"><span style=\"font-size: 14pt; color: #999999;\"><\/span><\/span><\/span><\/span><span style=\"font-size: 12pt;\"><span style=\"color: #333333;\"><span style=\"font-size: 14pt; color: #999999;\"><\/span><\/span><\/span><\/div>\n<div style=\"text-align: justify;\" class=\"iai_bottom\"><\/div>\n<p><strong><span style=\"color: #999999; font-size: 14pt;\">W zestawie\u00a0<br \/><\/span><\/strong><\/p>\n<hr \/>\n<p>\u00a0<\/p>\n<div class=\"iai_bottom\">\n<div style=\"text-align: center;\" class=\"iai_bottom\"><span style=\"font-size: 12pt;\"><span style=\"color: #333333;\"><span style=\"font-size: 14pt; color: #999999;\">\u00a0<strong><br \/><\/strong><\/span><\/span><\/span><\/div>\n<table style=\"margin-left: auto; margin-right: auto;\" cellspacing=\"10\">\n<tbody>\n<tr style=\"height: 20px;\">\n<th style=\"text-align: left; padding-left: 390px;\"><span style=\"font-size: 10pt;\">DJI Mavic Pro Platinum<br \/><\/span><\/th>\n<\/tr>\n<tr style=\"padding-left: 390px; background-color: #f7f7f7;\">\n<td style=\"text-align: left; padding-left: 390px;\"><span style=\"font-size: 10pt;\">Akumulator x3<\/span><\/td>\n<\/tr>\n<tr style=\"padding-left: 390px;\">\n<td style=\"text-align: left; padding-left: 390px;\"><span style=\"font-size: 10pt;\">Kontroler<\/span><\/td>\n<\/tr>\n<tr style=\"padding-left: 390px; background-color: #f7f7f7;\">\n<td style=\"text-align: left; padding-left: 390px;\"><span style=\"font-size: 10pt;\">Para \u015bmigie\u0142 z\u0142otych x2, Para \u015bmigie\u0142 platynowych x3<br \/><\/span><\/td>\n<\/tr>\n<tr style=\"padding-left: 390px;\">\n<td style=\"text-align: left; padding-left: 390px;\"><span style=\"font-size: 10pt;\">Blokada gimbala<\/span><\/td>\n<\/tr>\n<tr style=\"padding-left: 390px; background-color: #f7f7f7;\">\n<td style=\"text-align: left; padding-left: 390px;\"><span style=\"font-size: 10pt;\">Karta micro SD 16GB<\/span><\/td>\n<\/tr>\n<tr style=\"padding-left: 390px;\">\n<td style=\"text-align: left; padding-left: 390px;\"><span style=\"font-size: 10pt;\">Kabel micro USB<\/span><\/td>\n<\/tr>\n<tr style=\"padding-left: 390px; background-color: #f7f7f7;\">\n<td style=\"text-align: left; padding-left: 390px;\"><span style=\"font-size: 10pt;\">Kabel RC ( iOS )<\/span><\/td>\n<\/tr>\n<tr style=\"padding-left: 390px;\">\n<td style=\"text-align: left; padding-left: 390px;\"><span style=\"font-size: 10pt;\">Kabel RC ( android )<\/span><\/td>\n<\/tr>\n<tr style=\"padding-left: 390px; background-color: #f7f7f7;\">\n<td style=\"text-align: left; padding-left: 390px;\"><span style=\"font-size: 10pt;\">\u0141adowarka sieciowa<\/span><\/td>\n<\/tr>\n<tr style=\"padding-left: 390px;\">\n<td style=\"text-align: left; padding-left: 390px;\"><span style=\"font-size: 10pt;\">\u0141adowarka samochodowa<\/span><\/td>\n<\/tr>\n<tr style=\"padding-left: 390px; background-color: #f7f7f7;\">\n<td style=\"text-align: left; padding-left: 390px;\"><span style=\"font-size: 10pt;\">Hub do \u0142adowania<br \/><\/span><\/td>\n<\/tr>\n<tr style=\"padding-left: 390px;\">\n<td style=\"text-align: left; padding-left: 390px;\"><span style=\"font-size: 10pt;\">Adapter zmieniaj\u0105cy bateri\u0119 w Power Bank<\/span><\/td>\n<\/tr>\n<tr style=\"padding-left: 390px; background-color: #f7f7f7;\">\n<td style=\"text-align: left; padding-left: 390px;\"><span style=\"font-size: 10pt;\">Dedykowana torba<br \/><\/span><\/td>\n<\/tr>\n<\/tbody>\n<\/table>\n<\/div>\n","protected":false},"excerpt":{"rendered":"<p>\u00a0 DJI MAVIC PRO PLATINUM Poznaj DJI Mavic Pro Platinum DJI Mavic Pro Platinum to najnowszy quadrocopter zaprojektowany z my\u015bl\u0105<\/p>\n","protected":false},"featured_media":39231,"comment_status":"closed","ping_status":"open","template":"","meta":{"_acf_changed":false},"product_brand":[],"product_cat":[5646,6088,5729,5718,5737],"product_tag":[],"class_list":{"0":"post-39230","1":"product","2":"type-product","3":"status-publish","4":"has-post-thumbnail","6":"product_cat-mavic","7":"product_cat-drony-dji","8":"product_cat-do-4000zl","9":"product_cat-do-900g","10":"product_cat-4k","11":"pa_okres-gwarancji-5757","12":"pa_producent-dji","14":"first","15":"outofstock","16":"taxable","17":"shipping-taxable","18":"purchasable","19":"product-type-simple"},"acf":[],"yoast_head":"<!-- This site is optimized with the Yoast SEO plugin v27.2 - https:\/\/yoast.com\/product\/yoast-seo-wordpress\/ -->\n<title>DJI Mavic Pro Platinum Combo - IRONSKY.PL Sklep z Dronami<\/title>\n<meta name=\"description\" content=\"DJI Mavic Pro Platinum Combo - \u2705 sklep z dronami i fachowym doradztwem. \u2705 Tutaj kupisz produkty DJI, Yuneec, Parrot, Syma i wiele innych, a tak\u017ce kursy i licencje na operatora drona.\" \/>\n<meta name=\"robots\" content=\"index, follow, max-snippet:-1, max-image-preview:large, max-video-preview:-1\" \/>\n<link rel=\"canonical\" href=\"https:\/\/ironsky.pl\/sklep\/produkt\/dji-mavic-pro-platinum-combo\/\" \/>\n<meta property=\"og:locale\" content=\"pl_PL\" \/>\n<meta property=\"og:type\" content=\"article\" \/>\n<meta property=\"og:title\" content=\"DJI Mavic Pro Platinum Combo - IRONSKY.PL Sklep z Dronami\" \/>\n<meta property=\"og:description\" content=\"DJI Mavic Pro Platinum Combo - \u2705 sklep z dronami i fachowym doradztwem. \u2705 Tutaj kupisz produkty DJI, Yuneec, Parrot, Syma i wiele innych, a tak\u017ce kursy i licencje na operatora drona.\" \/>\n<meta property=\"og:url\" content=\"https:\/\/ironsky.pl\/sklep\/produkt\/dji-mavic-pro-platinum-combo\/\" \/>\n<meta property=\"og:site_name\" content=\"IRONSKY.PL Sklep z Dronami\" \/>\n<meta property=\"article:modified_time\" content=\"2026-03-05T14:55:53+00:00\" \/>\n<meta property=\"og:image\" content=\"https:\/\/ironsky.pl\/sklep\/wp-content\/uploads\/2025\/04\/32022_1.png\" \/>\n\t<meta property=\"og:image:width\" content=\"800\" \/>\n\t<meta property=\"og:image:height\" content=\"800\" \/>\n\t<meta property=\"og:image:type\" content=\"image\/png\" \/>\n<meta name=\"twitter:card\" content=\"summary_large_image\" \/>\n<meta name=\"twitter:label1\" content=\"Szacowany czas czytania\" \/>\n\t<meta name=\"twitter:data1\" content=\"3 minuty\" \/>\n<script type=\"application\/ld+json\" class=\"yoast-schema-graph\">{\"@context\":\"https:\/\/schema.org\",\"@graph\":[{\"@type\":\"WebPage\",\"@id\":\"https:\/\/ironsky.pl\/sklep\/produkt\/dji-mavic-pro-platinum-combo\/\",\"url\":\"https:\/\/ironsky.pl\/sklep\/produkt\/dji-mavic-pro-platinum-combo\/\",\"name\":\"DJI Mavic Pro Platinum Combo - IRONSKY.PL Sklep z Dronami\",\"isPartOf\":{\"@id\":\"https:\/\/ironsky.pl\/sklep\/#website\"},\"primaryImageOfPage\":{\"@id\":\"https:\/\/ironsky.pl\/sklep\/produkt\/dji-mavic-pro-platinum-combo\/#primaryimage\"},\"image\":{\"@id\":\"https:\/\/ironsky.pl\/sklep\/produkt\/dji-mavic-pro-platinum-combo\/#primaryimage\"},\"thumbnailUrl\":\"https:\/\/ironsky.pl\/sklep\/wp-content\/uploads\/2025\/04\/32022_1.png\",\"datePublished\":\"2025-04-01T11:52:59+00:00\",\"dateModified\":\"2026-03-05T14:55:53+00:00\",\"description\":\"DJI Mavic Pro Platinum Combo - \u2705 sklep z dronami i fachowym doradztwem. \u2705 Tutaj kupisz produkty DJI, Yuneec, Parrot, Syma i wiele innych, a tak\u017ce kursy i licencje na operatora drona.\",\"breadcrumb\":{\"@id\":\"https:\/\/ironsky.pl\/sklep\/produkt\/dji-mavic-pro-platinum-combo\/#breadcrumb\"},\"inLanguage\":\"pl-PL\",\"potentialAction\":[{\"@type\":\"ReadAction\",\"target\":[\"https:\/\/ironsky.pl\/sklep\/produkt\/dji-mavic-pro-platinum-combo\/\"]}]},{\"@type\":\"ImageObject\",\"inLanguage\":\"pl-PL\",\"@id\":\"https:\/\/ironsky.pl\/sklep\/produkt\/dji-mavic-pro-platinum-combo\/#primaryimage\",\"url\":\"https:\/\/ironsky.pl\/sklep\/wp-content\/uploads\/2025\/04\/32022_1.png\",\"contentUrl\":\"https:\/\/ironsky.pl\/sklep\/wp-content\/uploads\/2025\/04\/32022_1.png\",\"width\":800,\"height\":800},{\"@type\":\"BreadcrumbList\",\"@id\":\"https:\/\/ironsky.pl\/sklep\/produkt\/dji-mavic-pro-platinum-combo\/#breadcrumb\",\"itemListElement\":[{\"@type\":\"ListItem\",\"position\":1,\"name\":\"Strona g\u0142\u00f3wna\",\"item\":\"https:\/\/ironsky.pl\/sklep\/\"},{\"@type\":\"ListItem\",\"position\":2,\"name\":\"Wszystkie produkty\",\"item\":\"https:\/\/ironsky.pl\/sklep\/produkty\/\"},{\"@type\":\"ListItem\",\"position\":3,\"name\":\"DJI Mavic Pro Platinum Combo\"}]},{\"@type\":\"WebSite\",\"@id\":\"https:\/\/ironsky.pl\/sklep\/#website\",\"url\":\"https:\/\/ironsky.pl\/sklep\/\",\"name\":\"IRONSKY.PL Sklep z Dronami\",\"description\":\"IRONSKY.PL Sklep z Dronami\",\"potentialAction\":[{\"@type\":\"SearchAction\",\"target\":{\"@type\":\"EntryPoint\",\"urlTemplate\":\"https:\/\/ironsky.pl\/sklep\/?s={search_term_string}\"},\"query-input\":{\"@type\":\"PropertyValueSpecification\",\"valueRequired\":true,\"valueName\":\"search_term_string\"}}],\"inLanguage\":\"pl-PL\"}]}<\/script>\n<!-- \/ Yoast SEO plugin. -->","yoast_head_json":{"title":"DJI Mavic Pro Platinum Combo - IRONSKY.PL Sklep z Dronami","description":"DJI Mavic Pro Platinum Combo - \u2705 sklep z dronami i fachowym doradztwem. \u2705 Tutaj kupisz produkty DJI, Yuneec, Parrot, Syma i wiele innych, a tak\u017ce kursy i licencje na operatora drona.","robots":{"index":"index","follow":"follow","max-snippet":"max-snippet:-1","max-image-preview":"max-image-preview:large","max-video-preview":"max-video-preview:-1"},"canonical":"https:\/\/ironsky.pl\/sklep\/produkt\/dji-mavic-pro-platinum-combo\/","og_locale":"pl_PL","og_type":"article","og_title":"DJI Mavic Pro Platinum Combo - IRONSKY.PL Sklep z Dronami","og_description":"DJI Mavic Pro Platinum Combo - \u2705 sklep z dronami i fachowym doradztwem. \u2705 Tutaj kupisz produkty DJI, Yuneec, Parrot, Syma i wiele innych, a tak\u017ce kursy i licencje na operatora drona.","og_url":"https:\/\/ironsky.pl\/sklep\/produkt\/dji-mavic-pro-platinum-combo\/","og_site_name":"IRONSKY.PL Sklep z Dronami","article_modified_time":"2026-03-05T14:55:53+00:00","og_image":[{"width":800,"height":800,"url":"https:\/\/ironsky.pl\/sklep\/wp-content\/uploads\/2025\/04\/32022_1.png","type":"image\/png"}],"twitter_card":"summary_large_image","twitter_misc":{"Szacowany czas czytania":"3 minuty"},"schema":{"@context":"https:\/\/schema.org","@graph":[{"@type":"WebPage","@id":"https:\/\/ironsky.pl\/sklep\/produkt\/dji-mavic-pro-platinum-combo\/","url":"https:\/\/ironsky.pl\/sklep\/produkt\/dji-mavic-pro-platinum-combo\/","name":"DJI Mavic Pro Platinum Combo - IRONSKY.PL Sklep z Dronami","isPartOf":{"@id":"https:\/\/ironsky.pl\/sklep\/#website"},"primaryImageOfPage":{"@id":"https:\/\/ironsky.pl\/sklep\/produkt\/dji-mavic-pro-platinum-combo\/#primaryimage"},"image":{"@id":"https:\/\/ironsky.pl\/sklep\/produkt\/dji-mavic-pro-platinum-combo\/#primaryimage"},"thumbnailUrl":"https:\/\/ironsky.pl\/sklep\/wp-content\/uploads\/2025\/04\/32022_1.png","datePublished":"2025-04-01T11:52:59+00:00","dateModified":"2026-03-05T14:55:53+00:00","description":"DJI Mavic Pro Platinum Combo - \u2705 sklep z dronami i fachowym doradztwem. \u2705 Tutaj kupisz produkty DJI, Yuneec, Parrot, Syma i wiele innych, a tak\u017ce kursy i licencje na operatora drona.","breadcrumb":{"@id":"https:\/\/ironsky.pl\/sklep\/produkt\/dji-mavic-pro-platinum-combo\/#breadcrumb"},"inLanguage":"pl-PL","potentialAction":[{"@type":"ReadAction","target":["https:\/\/ironsky.pl\/sklep\/produkt\/dji-mavic-pro-platinum-combo\/"]}]},{"@type":"ImageObject","inLanguage":"pl-PL","@id":"https:\/\/ironsky.pl\/sklep\/produkt\/dji-mavic-pro-platinum-combo\/#primaryimage","url":"https:\/\/ironsky.pl\/sklep\/wp-content\/uploads\/2025\/04\/32022_1.png","contentUrl":"https:\/\/ironsky.pl\/sklep\/wp-content\/uploads\/2025\/04\/32022_1.png","width":800,"height":800},{"@type":"BreadcrumbList","@id":"https:\/\/ironsky.pl\/sklep\/produkt\/dji-mavic-pro-platinum-combo\/#breadcrumb","itemListElement":[{"@type":"ListItem","position":1,"name":"Strona g\u0142\u00f3wna","item":"https:\/\/ironsky.pl\/sklep\/"},{"@type":"ListItem","position":2,"name":"Wszystkie produkty","item":"https:\/\/ironsky.pl\/sklep\/produkty\/"},{"@type":"ListItem","position":3,"name":"DJI Mavic Pro Platinum Combo"}]},{"@type":"WebSite","@id":"https:\/\/ironsky.pl\/sklep\/#website","url":"https:\/\/ironsky.pl\/sklep\/","name":"IRONSKY.PL Sklep z Dronami","description":"IRONSKY.PL Sklep z Dronami","potentialAction":[{"@type":"SearchAction","target":{"@type":"EntryPoint","urlTemplate":"https:\/\/ironsky.pl\/sklep\/?s={search_term_string}"},"query-input":{"@type":"PropertyValueSpecification","valueRequired":true,"valueName":"search_term_string"}}],"inLanguage":"pl-PL"}]}},"_links":{"self":[{"href":"https:\/\/ironsky.pl\/sklep\/wp-json\/wp\/v2\/product\/39230","targetHints":{"allow":["GET"]}}],"collection":[{"href":"https:\/\/ironsky.pl\/sklep\/wp-json\/wp\/v2\/product"}],"about":[{"href":"https:\/\/ironsky.pl\/sklep\/wp-json\/wp\/v2\/types\/product"}],"replies":[{"embeddable":true,"href":"https:\/\/ironsky.pl\/sklep\/wp-json\/wp\/v2\/comments?post=39230"}],"wp:featuredmedia":[{"embeddable":true,"href":"https:\/\/ironsky.pl\/sklep\/wp-json\/wp\/v2\/media\/39231"}],"wp:attachment":[{"href":"https:\/\/ironsky.pl\/sklep\/wp-json\/wp\/v2\/media?parent=39230"}],"wp:term":[{"taxonomy":"product_brand","embeddable":true,"href":"https:\/\/ironsky.pl\/sklep\/wp-json\/wp\/v2\/product_brand?post=39230"},{"taxonomy":"product_cat","embeddable":true,"href":"https:\/\/ironsky.pl\/sklep\/wp-json\/wp\/v2\/product_cat?post=39230"},{"taxonomy":"product_tag","embeddable":true,"href":"https:\/\/ironsky.pl\/sklep\/wp-json\/wp\/v2\/product_tag?post=39230"}],"curies":[{"name":"wp","href":"https:\/\/api.w.org\/{rel}","templated":true}]}}