{"id":38830,"date":"2025-03-06T12:36:18","date_gmt":"2025-03-06T11:36:18","guid":{"rendered":"https:\/\/ironsky.pl\/drony-sklep\/produkt\/dron-dji-mini-3-fly-more-combo-rc-n1\/"},"modified":"2026-03-05T16:21:29","modified_gmt":"2026-03-05T15:21:29","slug":"dron-dji-mini-3-fly-more-combo-rc-n1","status":"publish","type":"product","link":"https:\/\/ironsky.pl\/sklep\/produkt\/dron-dji-mini-3-fly-more-combo-rc-n1\/","title":{"rendered":"Dron DJI Mini 3 Fly More Combo (RC-N1)"},"content":{"rendered":"<h3>DJI Mini 3 &#8211; So Fly<\/h3>\n<p>Uchwy\u0107 ka\u017cd\u0105 cenn\u0105 chwil\u0119 z niecodziennej perspektywy. DJI Mini 3 to wyj\u0105tkowo lekki i kompaktowy dron, kt\u00f3ry wa\u017cy mniej ni\u017c 249 g i charakteryzuje si\u0119 sk\u0142adan\u0105 konstrukcj\u0105. Dzi\u0119ki temu mo\u017ce Ci towarzyszy\u0107 niemal wsz\u0119dzie! Za jego pomoc\u0105 z \u0142atwo\u015bci\u0105 przygotujesz zachwycaj\u0105ce filmy 4K HDR, dost\u0119pna jest r\u00f3wnie\u017c funkcja True Vertical Shooting, kt\u00f3ra umo\u017cliwia wygodne nagrywanie w pionie. Dron wyr\u00f3\u017cnia si\u0119 tak\u017ce d\u0142ugim czasem lotu i odporno\u015bci\u0105 na wiatr do ok. 38 km\/h. To idealny towarzysz podr\u00f3\u017cy! W sk\u0142ad zestawu wchodzi te\u017c kilka praktycznych akcesori\u00f3w oraz aparatura steruj\u0105ca DJI RC-N1.<\/p>\n<p><img decoding=\"async\" src=\"https:\/\/b2b.innpro.pl\/data\/include\/cms\/12DJI\/Mini-3-Fly-More-Combo-DJI-RC-N1\/1.png\"><\/p>\n<h3>Zawsze z Tob\u0105<\/h3>\n<p>Cz\u0119sto podr\u00f3\u017cujesz? A mo\u017ce chcesz w ciekawy spos\u00f3b uwiecznia\u0107 r\u00f3\u017cne wyj\u0105tkowe momenty? DJI Mini 3 spieszy z pomoc\u0105! Dron wa\u017cy mniej ni\u017c 249 g, co w po\u0142\u0105czeniu z jego sk\u0142adan\u0105 konstrukcj\u0105 sprawia, \u017ce mo\u017cesz bez przeszk\u00f3d zabra\u0107 go ze sob\u0105, gdzie tylko chcesz \u2013 na przyk\u0142ad na wypraw\u0119 w g\u00f3ry albo spotkanie z przyjaci\u00f3\u0142mi na pla\u017cy. Po prostu schowaj go do plecaka lub nawet do kieszeni \u2013 jego transport nie sprawi Ci \u017cadnego problemu!<\/p>\n<p><img decoding=\"async\" src=\"https:\/\/b2b.innpro.pl\/data\/include\/cms\/12DJI\/Mini-3-Fly-More-Combo-DJI-RC-N1\/2.png\"><\/p>\n<h3>Swobodnie eksploruj przestworza<\/h3>\n<p>Lataj tak d\u0142ugo, jak chcesz \u2013 nie obawiaj si\u0119, \u017ce dron zbyt szybko odm\u00f3wi Ci pos\u0142usze\u0144stwa. DJI Mini 3 zosta\u0142 wyposa\u017cony w wydajny akumulator, dzi\u0119ki kt\u00f3remu mo\u017ce zapewni\u0107 czas lotu do 38 minut. To wystarczaj\u0105co d\u0142ugo, aby zwiedzi\u0107 okolic\u0119 i skomponowa\u0107 idealne uj\u0119cie! Dron obs\u0142uguje te\u017c cyfrow\u0105 transmisj\u0119 wideo DJI O2, kt\u00f3ra cechuje si\u0119 zasi\u0119giem do 6 km i du\u017c\u0105 odporno\u015bci\u0105 na zak\u0142\u00f3cenia. Co wi\u0119cej, DJI Mini 3 jest odporny na podmuchy wiatru do 10,7 m\/s \u2013 doskonale poradzi sobie nawet w g\u00f3rach lub nad morzem!<\/p>\n<p><img decoding=\"async\" src=\"https:\/\/b2b.innpro.pl\/data\/include\/cms\/12DJI\/Mini-3-Fly-More-Combo-DJI-RC-N1\/3.png\"><\/p>\n<h3>Pole do popisu dla Twojej wyobra\u017ani<\/h3>\n<p>Spraw, \u017ce wszystkie wyj\u0105tkowe momenty ponownie o\u017cyj\u0105 na ekranie. DJI Mini 3 zosta\u0142 wyposa\u017cony w kamer\u0119 z 1\/1,3-calow\u0105 matryc\u0105 CMOS, kt\u00f3ra pozwala tworzy\u0107 bogate w szczeg\u00f3\u0142y filmy 4K. Do dyspozycji masz tak\u017ce technologi\u0119 HDR, podw\u00f3jne ISO natywne, przys\u0142on\u0119 f\/1.7 oraz 4-krotny zoom. Dzi\u0119ki temu z \u0142atwo\u015bci\u0105 przygotujesz mn\u00f3stwo ciekawych materia\u0142\u00f3w wideo, kt\u00f3re zachwyc\u0105 Ci\u0119 naturaln\u0105, wiernie odwzorowan\u0105 kolorystyk\u0105 \u2013 nawet gdy nagrywasz w s\u0142abych warunkach o\u015bwietleniowych.<\/p>\n<p><img decoding=\"async\" src=\"https:\/\/b2b.innpro.pl\/data\/include\/cms\/12DJI\/Mini-3-Fly-More-Combo-DJI-RC-N1\/4.png\"><\/p>\n<h3>Mo\u017cliwo\u015b\u0107 nagrywania w pionie<\/h3>\n<p>Chcesz uchwyci\u0107 majestatyczny, wysoki budynek? A mo\u017ce pracujesz nad tworzeniem oryginalnych materia\u0142\u00f3w do swoich medi\u00f3w spo\u0142eczno\u015bciowych? DJI Mini 3 Ci\u0119 nie zawiedzie! Gimbal drona wyr\u00f3\u017cnia si\u0119 innowacyjn\u0105 konstrukcj\u0105, kt\u00f3ra pozwala przechyla\u0107 kamer\u0119 nawet pod szerokimi k\u0105tami. Dost\u0119pny jest r\u00f3wnie\u017c specjalny tryb True Vertical Shooting, kt\u00f3ry umo\u017cliwia szybkie prze\u0142\u0105czanie si\u0119 na nagrywanie w pionie. Przekonaj si\u0119, jak niewiele dzieli Ci\u0119 od przygotowania fantastycznych uj\u0119\u0107 do social medi\u00f3w!<\/p>\n<p><img decoding=\"async\" src=\"https:\/\/b2b.innpro.pl\/data\/include\/cms\/12DJI\/Mini-3-Fly-More-Combo-DJI-RC-N1\/5.png\"><\/p>\n<h3>Doskona\u0142y dla pocz\u0105tkuj\u0105cych<\/h3>\n<p>Chcesz zacz\u0105\u0107 swoj\u0105 przygod\u0119 z lataniem, ale nie masz pewno\u015bci, czy sobie poradzisz? Wybierz DJI Mini 3 i o nic si\u0119 nie obawiaj! To idealny dron dla pocz\u0105tkuj\u0105cych \u2013 oferuje szereg funkcji, kt\u00f3re znacznie u\u0142atwiaj\u0105 jego obs\u0142ug\u0119. Auto Takeoff pomo\u017ce Ci wystartowa\u0107, a po\u0142\u0105czenie dolnego systemu wizyjnego, systemu wykrywania podczerwieni oraz GNSS zapewni stabilny zawis. Ponadto funkcja RTH (obejmuj\u0105ca Smart RTH, Low Battery RTH i Failsafe RTH) sprawia, \u017ce DJI Mini 3 automatycznie wr\u00f3ci do punktu startu, je\u015bli na przyk\u0142ad akumulator b\u0119dzie bliski roz\u0142adowania lub pojawi\u0105 si\u0119 problemy z sygna\u0142em.<\/p>\n<p><img decoding=\"async\" src=\"https:\/\/b2b.innpro.pl\/data\/include\/cms\/12DJI\/Mini-3-Fly-More-Combo-DJI-RC-N1\/6.png\"><\/p>\n<h3>Wypr\u00f3buj dost\u0119pne funkcje<\/h3>\n<p>Przekonaj si\u0119, \u017ce tworzenie profesjonalnych materia\u0142\u00f3w wcale nie musi wymaga\u0107 du\u017cego wysi\u0142ku. DJI Mini 3 obs\u0142uguje tryby QuickShots (Dronie, Circle, Helix, Rocket, Boomerang), kt\u00f3re umo\u017cliwiaj\u0105 nagrywanie z\u0142o\u017conych uj\u0119\u0107 jednym dotkni\u0119ciem. Do dyspozycji masz r\u00f3wnie\u017c tryb Panorama (180\u00b0, Wide Angle, Sphere), kt\u00f3ry pozwoli Ci wykonywa\u0107 du\u017ce, nasycone szczeg\u00f3\u0142ami zdj\u0119cia. Teraz bez trudu zmie\u015bcisz w kadrze wszystko, co chcesz! Gotowe materia\u0142y mo\u017cesz szybko przes\u0142a\u0107 na telefon za pomoc\u0105 funkcji QuickTransfer.<\/p>\n<p><img decoding=\"async\" src=\"https:\/\/b2b.innpro.pl\/data\/include\/cms\/12DJI\/Mini-3-Fly-More-Combo-DJI-RC-N1\/7.png\"><\/p>\n<h3>Aparatura DJI RC-N1 w zestawie<\/h3>\n<p>W sk\u0142ad zestawu wchodzi r\u00f3wnie\u017c standardowa aparatura steruj\u0105ca DJI RC-N1, kt\u00f3ra jest wyj\u0105tkowo prosta i wygodna w obs\u0142udze. Musisz tylko pod\u0142\u0105czy\u0107 do niej telefon lub tablet z zainstalowan\u0105 aplikacj\u0105 DJI Fly. Tak niewiele potrzeba, aby cieszy\u0107 si\u0119 niezapomnian\u0105 podr\u00f3\u017c\u0105 w przestworzach! Kontroler fantastycznie le\u017cy w d\u0142oniach i umo\u017cliwia bezproblemowe sterowanie dronem.<\/p>\n<p><img decoding=\"async\" src=\"https:\/\/b2b.innpro.pl\/data\/include\/cms\/12DJI\/Mini-3-Fly-More-Combo-DJI-RC-N1\/8.png\"><\/p>\n<h3>Rozszerzony zestaw Fly More Combo<\/h3>\n<p>Wydob\u0105d\u017a pe\u0142en potencja\u0142 swojego drona. Zestaw DJI Mini 3 Fly More Combo zawiera kilka dodatkowych akcesori\u00f3w. Znajdziesz w nim na przyk\u0142ad a\u017c 3 akumulatory (w wariancie podstawowym jest tylko jeden), a tak\u017ce zapasowe \u015bmig\u0142a i \u015bruby. Ciekawym dodatkiem jest te\u017c torba na rami\u0119, kt\u00f3ra jeszcze bardziej u\u0142atwi Ci transport drona. W sk\u0142ad zestawu wchodzi r\u00f3wnie\u017c dwukierunkowy hub, kt\u00f3ry umo\u017cliwia sekwencyjne \u0142adowanie aparatury steruj\u0105cej i trzech akumulator\u00f3w.<\/p>\n<p><img decoding=\"async\" src=\"https:\/\/b2b.innpro.pl\/data\/include\/cms\/12DJI\/Mini-3-Fly-More-Combo-DJI-RC-N1\/9.png\"><\/p>\n<h3>W zestawie<\/h3>\n<p>Dron<\/p>\n<p><img decoding=\"async\" src=\"https:\/\/b2b.innpro.pl\/data\/include\/cms\/12DJI\/Mini-3-Fly-More-Combo-DJI-RC-N1\/10.png\"><\/p>\n<h3>Aparatura steruj\u0105ca DJI RC-N12,400-2,4835 GHz: < 26 dBm (FCC) < 20 dBm (CE \/ SRRC \/ MIC);5,725-5,850 GHZ: < 26 dBm (FCC), < 23 dBm (SRRC), < 14 dBm (CE);<\/h3>\n<ul>\n<li>DJI Mini 3 x1<\/li>\n<li>DJI RC-N1 Aparatura steruj\u0105ca x1<\/li>\n<li>DJI RC-N1 RC Kabel (z\u0142\u0105cze USB typu-C) x1<\/li>\n<li>DJI RC-N1 RC Kabel (z\u0142\u0105cze Lightning) x1<\/li>\n<li>DJI RC-N1 RC Kabel (standardowe z\u0142\u0105cze Micro-USB) x1<\/li>\n<li>Akumulator x3<\/li>\n<li>\u015amig\u0142a zapasowe (para) x3<\/li>\n<li>\u015aruby zapasowe x18<\/li>\n<li>\u015arubokr\u0119t x1<\/li>\n<li>Zabezpieczenie gimbala x1<\/li>\n<li>Kabel PD typ-C do typ-C x1<\/li>\n<li>Kabel USB-C x1<\/li>\n<li>Torba na rami\u0119 x1<\/li>\n<li>Dwukierunkowy hub \u0142aduj\u0105cy x1<\/li>\n<\/ul>\n<div class=\"table-wrapper\">\n<table>\n<tbody>\n<tr>\n<th>Masa startowa<\/th>\n<td>&lt; 249 g<\/p>\n<p>*Standardowa waga drona (wliczaj\u0105c akumulator, \u015bmig\u0142a i kart\u0119 microSD). Waga rzeczywistego produktu mo\u017ce si\u0119 r\u00f3\u017cni\u0107 ze wzgl\u0119du na r\u00f3\u017cnice w materia\u0142ach u\u017cytych w procesie produkcji oraz czynniki zewn\u0119trzne. Rejestracja nie jest wymagana w niekt\u00f3rych pa\u0144stwach i regionach. Przed u\u017cyciem nale\u017cy sprawdzi\u0107 obowi\u0105zuj\u0105ce lokalnie przepisy. Powy\u017csza specyfikacja zosta\u0142a okre\u015blona na podstawie test\u00f3w przeprowadzonych przy u\u017cyciu najnowszego oprogramowania sprz\u0119towego. Aktualizacje oprogramowania mog\u0105 poprawi\u0107 wydajno\u015b\u0107 urz\u0105dzenia, dlatego zalecamy ich przeprowadzanie.<\/td>\n<\/tr>\n<tr>\n<th>Wymiary<\/th>\n<td>Z\u0142o\u017cony (bez \u015bmigie\u0142): 148 x 90 x 62 mm (D x S x W);<br \/>Roz\u0142o\u017cony (ze \u015bmig\u0142ami): 251 x 362 x 72 mm (D x S x W);<\/td>\n<\/tr>\n<tr>\n<th>Maks. pr\u0119dko\u015b\u0107 wznoszenia<\/th>\n<td>5 m\/s<\/td>\n<\/tr>\n<tr>\n<th>Maks. pr\u0119dko\u015b\u0107 opadania<\/th>\n<td>3,5 m\/s<\/td>\n<\/tr>\n<tr>\n<th>Maks. pr\u0119dko\u015b\u0107 horyzontalna (na poziomie morza, bez wiatru)<\/th>\n<td>16 m\/s<\/p>\n<p>*Maksymalna pr\u0119dko\u015b\u0107 horyzontalna zale\u017cy od lokalnych ogranicze\u0144. Podczas lotu nale\u017cy przestrzega\u0107 obowi\u0105zuj\u0105cych przepis\u00f3w.<\/td>\n<\/tr>\n<tr>\n<th>Maks. pu\u0142ap<\/th>\n<td>Z akumulatorem Intelligent Flight Battery: 4000 m n.p.m.<\/td>\n<\/tr>\n<tr>\n<th>Maks. czas lotu<\/th>\n<td>38 minut (z akumulatorem Intelligent Flight Battery)<\/p>\n<p>*Zmierzono w kontrolowanym \u015brodowisku testowym. Szczeg\u00f3\u0142owe warunki testu by\u0142y nast\u0119puj\u0105ce: lot do przodu ze sta\u0142\u0105 pr\u0119dko\u015bci\u0105 21,6 km\/h w bezwietrznym \u015brodowisku laboratoryjnym, w trybie photo (bez wykonywania zdj\u0119\u0107 podczas lotu) i od 100% poziomu na\u0142adowania akumulatora do 0%. Wyniki mog\u0105 si\u0119 r\u00f3\u017cni\u0107 w zale\u017cno\u015bci od \u015brodowiska, rzeczywistego u\u017cytkowania i wersji oprogramowania sprz\u0119towego.<\/td>\n<\/tr>\n<tr>\n<th>Maks. czas zawisu<\/th>\n<td>33 minuty (z akumulatorem Intelligent Flight Battery)<\/p>\n<p>*Zmierzono w kontrolowanym \u015brodowisku testowym. Szczeg\u00f3\u0142owe warunki testu by\u0142y nast\u0119puj\u0105ce: zawis w bezwietrznym \u015brodowisku laboratoryjnym, w trybie photo (bez wykonywania zdj\u0119\u0107 podczas lotu) i od 100% poziomu na\u0142adowania akumulatora do 0%. Wyniki mog\u0105 si\u0119 r\u00f3\u017cni\u0107 w zale\u017cno\u015bci od \u015brodowiska, rzeczywistego u\u017cytkowania i wersji oprogramowania sprz\u0119towego.<\/td>\n<\/tr>\n<tr>\n<th>Maks. dystans lotu<\/th>\n<td>18 km (z akumulatorem Intelligent Flight Battery, zmierzono podczas lotu z pr\u0119dko\u015bci\u0105 43,2 km\/h w warunkach bezwietrznych)<\/td>\n<\/tr>\n<tr>\n<th>Maks. odporno\u015b\u0107 na wiatr<\/th>\n<td>10,7 m\/s<\/td>\n<\/tr>\n<tr>\n<th>Maks. k\u0105t nachylenia<\/th>\n<td>40\u00b0<\/td>\n<\/tr>\n<tr>\n<th>Temperatura pracy<\/th>\n<td>Od -10\u00b0C do 40\u00b0C (od 14\u00b0F do 104\u00b0F)<\/td>\n<\/tr>\n<tr>\n<th>GNSS<\/th>\n<td>GPS + GLONASS + Galileo<\/td>\n<\/tr>\n<tr>\n<th>Zakres dok\u0142adno\u015bci zawisu<\/th>\n<td>Pionowo: \u00b10,1 m (z pozycjonowaniem wizyjnym), \u00b10,5 m (z pozycjonowaniem GNSS);<br \/>Poziomo: \u00b10,3 m (z pozycjonowaniem wizyjnym), \u00b11,5 m (z pozycjonowaniem GNSS);<\/td>\n<\/tr>\n<tr>\n<th>Pami\u0119\u0107 wewn\u0119trzna<\/th>\n<td>Nie dotyczy<\/td>\n<\/tr>\n<\/tbody>\n<\/table>\n<\/div>\n","protected":false},"excerpt":{"rendered":"<p>DJI Mini 3 &#8211; So Fly Uchwy\u0107 ka\u017cd\u0105 cenn\u0105 chwil\u0119 z niecodziennej perspektywy. DJI Mini 3 to wyj\u0105tkowo lekki i<\/p>\n","protected":false},"featured_media":38831,"comment_status":"closed","ping_status":"open","template":"","meta":{"_acf_changed":false},"product_brand":[],"product_cat":[5655,6088,5735,5715,5729,5737,5707],"product_tag":[],"class_list":{"0":"post-38830","1":"product","2":"type-product","3":"status-publish","4":"has-post-thumbnail","6":"product_cat-dji-mini-3","7":"product_cat-drony-dji","8":"product_cat-dla-dzieci","9":"product_cat-do-250g","10":"product_cat-do-4000zl","11":"product_cat-4k","12":"product_cat-c0","13":"pa_okres-gwarancji-5757","14":"pa_producent-dji","16":"first","17":"outofstock","18":"taxable","19":"shipping-taxable","20":"purchasable","21":"product-type-simple"},"acf":[],"yoast_head":"<!-- This site is optimized with the Yoast SEO plugin v27.2 - https:\/\/yoast.com\/product\/yoast-seo-wordpress\/ -->\n<title>Dron DJI Mini 3 Fly More Combo (RC-N1) - IRONSKY.PL Sklep z Dronami<\/title>\n<meta name=\"description\" content=\"Dron DJI Mini 3 Fly More Combo (RC-N1) - \u2705 sklep z dronami i fachowym doradztwem. \u2705 Tutaj kupisz produkty DJI, Yuneec, Parrot, Syma i wiele innych, a tak\u017ce kursy i licencje na operatora drona.\" \/>\n<meta name=\"robots\" content=\"index, follow, max-snippet:-1, max-image-preview:large, max-video-preview:-1\" \/>\n<link rel=\"canonical\" href=\"https:\/\/ironsky.pl\/sklep\/produkt\/dron-dji-mini-3-fly-more-combo-rc-n1\/\" \/>\n<meta property=\"og:locale\" content=\"pl_PL\" \/>\n<meta property=\"og:type\" content=\"article\" \/>\n<meta property=\"og:title\" content=\"Dron DJI Mini 3 Fly More Combo (RC-N1) - IRONSKY.PL Sklep z Dronami\" \/>\n<meta property=\"og:description\" content=\"Dron DJI Mini 3 Fly More Combo (RC-N1) - \u2705 sklep z dronami i fachowym doradztwem. \u2705 Tutaj kupisz produkty DJI, Yuneec, Parrot, Syma i wiele innych, a tak\u017ce kursy i licencje na operatora drona.\" \/>\n<meta property=\"og:url\" content=\"https:\/\/ironsky.pl\/sklep\/produkt\/dron-dji-mini-3-fly-more-combo-rc-n1\/\" \/>\n<meta property=\"og:site_name\" content=\"IRONSKY.PL Sklep z Dronami\" \/>\n<meta property=\"article:modified_time\" content=\"2026-03-05T15:21:29+00:00\" \/>\n<meta property=\"og:image\" content=\"https:\/\/ironsky.pl\/sklep\/wp-content\/uploads\/2025\/03\/27470_13.jpg\" \/>\n\t<meta property=\"og:image:width\" content=\"800\" \/>\n\t<meta property=\"og:image:height\" content=\"800\" \/>\n\t<meta property=\"og:image:type\" content=\"image\/jpeg\" \/>\n<meta name=\"twitter:card\" content=\"summary_large_image\" \/>\n<meta name=\"twitter:label1\" content=\"Szacowany czas czytania\" \/>\n\t<meta name=\"twitter:data1\" content=\"6 minut\" \/>\n<script type=\"application\/ld+json\" class=\"yoast-schema-graph\">{\"@context\":\"https:\/\/schema.org\",\"@graph\":[{\"@type\":\"WebPage\",\"@id\":\"https:\/\/ironsky.pl\/sklep\/produkt\/dron-dji-mini-3-fly-more-combo-rc-n1\/\",\"url\":\"https:\/\/ironsky.pl\/sklep\/produkt\/dron-dji-mini-3-fly-more-combo-rc-n1\/\",\"name\":\"Dron DJI Mini 3 Fly More Combo (RC-N1) - IRONSKY.PL Sklep z Dronami\",\"isPartOf\":{\"@id\":\"https:\/\/ironsky.pl\/sklep\/#website\"},\"primaryImageOfPage\":{\"@id\":\"https:\/\/ironsky.pl\/sklep\/produkt\/dron-dji-mini-3-fly-more-combo-rc-n1\/#primaryimage\"},\"image\":{\"@id\":\"https:\/\/ironsky.pl\/sklep\/produkt\/dron-dji-mini-3-fly-more-combo-rc-n1\/#primaryimage\"},\"thumbnailUrl\":\"https:\/\/ironsky.pl\/sklep\/wp-content\/uploads\/2025\/03\/27470_13.jpg\",\"datePublished\":\"2025-03-06T11:36:18+00:00\",\"dateModified\":\"2026-03-05T15:21:29+00:00\",\"description\":\"Dron DJI Mini 3 Fly More Combo (RC-N1) - \u2705 sklep z dronami i fachowym doradztwem. \u2705 Tutaj kupisz produkty DJI, Yuneec, Parrot, Syma i wiele innych, a tak\u017ce kursy i licencje na operatora drona.\",\"breadcrumb\":{\"@id\":\"https:\/\/ironsky.pl\/sklep\/produkt\/dron-dji-mini-3-fly-more-combo-rc-n1\/#breadcrumb\"},\"inLanguage\":\"pl-PL\",\"potentialAction\":[{\"@type\":\"ReadAction\",\"target\":[\"https:\/\/ironsky.pl\/sklep\/produkt\/dron-dji-mini-3-fly-more-combo-rc-n1\/\"]}]},{\"@type\":\"ImageObject\",\"inLanguage\":\"pl-PL\",\"@id\":\"https:\/\/ironsky.pl\/sklep\/produkt\/dron-dji-mini-3-fly-more-combo-rc-n1\/#primaryimage\",\"url\":\"https:\/\/ironsky.pl\/sklep\/wp-content\/uploads\/2025\/03\/27470_13.jpg\",\"contentUrl\":\"https:\/\/ironsky.pl\/sklep\/wp-content\/uploads\/2025\/03\/27470_13.jpg\",\"width\":800,\"height\":800},{\"@type\":\"BreadcrumbList\",\"@id\":\"https:\/\/ironsky.pl\/sklep\/produkt\/dron-dji-mini-3-fly-more-combo-rc-n1\/#breadcrumb\",\"itemListElement\":[{\"@type\":\"ListItem\",\"position\":1,\"name\":\"Strona g\u0142\u00f3wna\",\"item\":\"https:\/\/ironsky.pl\/sklep\/\"},{\"@type\":\"ListItem\",\"position\":2,\"name\":\"Wszystkie produkty\",\"item\":\"https:\/\/ironsky.pl\/sklep\/produkty\/\"},{\"@type\":\"ListItem\",\"position\":3,\"name\":\"Dron DJI Mini 3 Fly More Combo (RC-N1)\"}]},{\"@type\":\"WebSite\",\"@id\":\"https:\/\/ironsky.pl\/sklep\/#website\",\"url\":\"https:\/\/ironsky.pl\/sklep\/\",\"name\":\"IRONSKY.PL Sklep z Dronami\",\"description\":\"IRONSKY.PL Sklep z Dronami\",\"potentialAction\":[{\"@type\":\"SearchAction\",\"target\":{\"@type\":\"EntryPoint\",\"urlTemplate\":\"https:\/\/ironsky.pl\/sklep\/?s={search_term_string}\"},\"query-input\":{\"@type\":\"PropertyValueSpecification\",\"valueRequired\":true,\"valueName\":\"search_term_string\"}}],\"inLanguage\":\"pl-PL\"}]}<\/script>\n<!-- \/ Yoast SEO plugin. -->","yoast_head_json":{"title":"Dron DJI Mini 3 Fly More Combo (RC-N1) - IRONSKY.PL Sklep z Dronami","description":"Dron DJI Mini 3 Fly More Combo (RC-N1) - \u2705 sklep z dronami i fachowym doradztwem. \u2705 Tutaj kupisz produkty DJI, Yuneec, Parrot, Syma i wiele innych, a tak\u017ce kursy i licencje na operatora drona.","robots":{"index":"index","follow":"follow","max-snippet":"max-snippet:-1","max-image-preview":"max-image-preview:large","max-video-preview":"max-video-preview:-1"},"canonical":"https:\/\/ironsky.pl\/sklep\/produkt\/dron-dji-mini-3-fly-more-combo-rc-n1\/","og_locale":"pl_PL","og_type":"article","og_title":"Dron DJI Mini 3 Fly More Combo (RC-N1) - IRONSKY.PL Sklep z Dronami","og_description":"Dron DJI Mini 3 Fly More Combo (RC-N1) - \u2705 sklep z dronami i fachowym doradztwem. \u2705 Tutaj kupisz produkty DJI, Yuneec, Parrot, Syma i wiele innych, a tak\u017ce kursy i licencje na operatora drona.","og_url":"https:\/\/ironsky.pl\/sklep\/produkt\/dron-dji-mini-3-fly-more-combo-rc-n1\/","og_site_name":"IRONSKY.PL Sklep z Dronami","article_modified_time":"2026-03-05T15:21:29+00:00","og_image":[{"width":800,"height":800,"url":"https:\/\/ironsky.pl\/sklep\/wp-content\/uploads\/2025\/03\/27470_13.jpg","type":"image\/jpeg"}],"twitter_card":"summary_large_image","twitter_misc":{"Szacowany czas czytania":"6 minut"},"schema":{"@context":"https:\/\/schema.org","@graph":[{"@type":"WebPage","@id":"https:\/\/ironsky.pl\/sklep\/produkt\/dron-dji-mini-3-fly-more-combo-rc-n1\/","url":"https:\/\/ironsky.pl\/sklep\/produkt\/dron-dji-mini-3-fly-more-combo-rc-n1\/","name":"Dron DJI Mini 3 Fly More Combo (RC-N1) - IRONSKY.PL Sklep z Dronami","isPartOf":{"@id":"https:\/\/ironsky.pl\/sklep\/#website"},"primaryImageOfPage":{"@id":"https:\/\/ironsky.pl\/sklep\/produkt\/dron-dji-mini-3-fly-more-combo-rc-n1\/#primaryimage"},"image":{"@id":"https:\/\/ironsky.pl\/sklep\/produkt\/dron-dji-mini-3-fly-more-combo-rc-n1\/#primaryimage"},"thumbnailUrl":"https:\/\/ironsky.pl\/sklep\/wp-content\/uploads\/2025\/03\/27470_13.jpg","datePublished":"2025-03-06T11:36:18+00:00","dateModified":"2026-03-05T15:21:29+00:00","description":"Dron DJI Mini 3 Fly More Combo (RC-N1) - \u2705 sklep z dronami i fachowym doradztwem. \u2705 Tutaj kupisz produkty DJI, Yuneec, Parrot, Syma i wiele innych, a tak\u017ce kursy i licencje na operatora drona.","breadcrumb":{"@id":"https:\/\/ironsky.pl\/sklep\/produkt\/dron-dji-mini-3-fly-more-combo-rc-n1\/#breadcrumb"},"inLanguage":"pl-PL","potentialAction":[{"@type":"ReadAction","target":["https:\/\/ironsky.pl\/sklep\/produkt\/dron-dji-mini-3-fly-more-combo-rc-n1\/"]}]},{"@type":"ImageObject","inLanguage":"pl-PL","@id":"https:\/\/ironsky.pl\/sklep\/produkt\/dron-dji-mini-3-fly-more-combo-rc-n1\/#primaryimage","url":"https:\/\/ironsky.pl\/sklep\/wp-content\/uploads\/2025\/03\/27470_13.jpg","contentUrl":"https:\/\/ironsky.pl\/sklep\/wp-content\/uploads\/2025\/03\/27470_13.jpg","width":800,"height":800},{"@type":"BreadcrumbList","@id":"https:\/\/ironsky.pl\/sklep\/produkt\/dron-dji-mini-3-fly-more-combo-rc-n1\/#breadcrumb","itemListElement":[{"@type":"ListItem","position":1,"name":"Strona g\u0142\u00f3wna","item":"https:\/\/ironsky.pl\/sklep\/"},{"@type":"ListItem","position":2,"name":"Wszystkie produkty","item":"https:\/\/ironsky.pl\/sklep\/produkty\/"},{"@type":"ListItem","position":3,"name":"Dron DJI Mini 3 Fly More Combo (RC-N1)"}]},{"@type":"WebSite","@id":"https:\/\/ironsky.pl\/sklep\/#website","url":"https:\/\/ironsky.pl\/sklep\/","name":"IRONSKY.PL Sklep z Dronami","description":"IRONSKY.PL Sklep z Dronami","potentialAction":[{"@type":"SearchAction","target":{"@type":"EntryPoint","urlTemplate":"https:\/\/ironsky.pl\/sklep\/?s={search_term_string}"},"query-input":{"@type":"PropertyValueSpecification","valueRequired":true,"valueName":"search_term_string"}}],"inLanguage":"pl-PL"}]}},"_links":{"self":[{"href":"https:\/\/ironsky.pl\/sklep\/wp-json\/wp\/v2\/product\/38830","targetHints":{"allow":["GET"]}}],"collection":[{"href":"https:\/\/ironsky.pl\/sklep\/wp-json\/wp\/v2\/product"}],"about":[{"href":"https:\/\/ironsky.pl\/sklep\/wp-json\/wp\/v2\/types\/product"}],"replies":[{"embeddable":true,"href":"https:\/\/ironsky.pl\/sklep\/wp-json\/wp\/v2\/comments?post=38830"}],"wp:featuredmedia":[{"embeddable":true,"href":"https:\/\/ironsky.pl\/sklep\/wp-json\/wp\/v2\/media\/38831"}],"wp:attachment":[{"href":"https:\/\/ironsky.pl\/sklep\/wp-json\/wp\/v2\/media?parent=38830"}],"wp:term":[{"taxonomy":"product_brand","embeddable":true,"href":"https:\/\/ironsky.pl\/sklep\/wp-json\/wp\/v2\/product_brand?post=38830"},{"taxonomy":"product_cat","embeddable":true,"href":"https:\/\/ironsky.pl\/sklep\/wp-json\/wp\/v2\/product_cat?post=38830"},{"taxonomy":"product_tag","embeddable":true,"href":"https:\/\/ironsky.pl\/sklep\/wp-json\/wp\/v2\/product_tag?post=38830"}],"curies":[{"name":"wp","href":"https:\/\/api.w.org\/{rel}","templated":true}]}}