{"id":37950,"date":"2025-02-13T17:08:22","date_gmt":"2025-02-13T16:08:22","guid":{"rendered":"https:\/\/ironsky.pl\/drony-sklep\/produkt\/etui-ochronne-sunnylife-na-2-akumulatory-do-dji-neo\/"},"modified":"2026-03-05T15:55:19","modified_gmt":"2026-03-05T14:55:19","slug":"etui-ochronne-sunnylife-na-2-akumulatory-do-dji-neo","status":"publish","type":"product","link":"https:\/\/ironsky.pl\/sklep\/produkt\/etui-ochronne-sunnylife-na-2-akumulatory-do-dji-neo\/","title":{"rendered":"Etui ochronne SUNNYLIFE na 2 akumulatory do DJI Neo"},"content":{"rendered":"<h3>Etui ochronne SUNNYLIFE na 2 akumulatory do DJI Neo<\/h3>\n<p>Etui ochronne SUNNYLIFE zabezpiecza akumulator DJI Neo przed ekstremalnymi warunkami. Dzi\u0119ki odporno\u015bci na wysokie temperatury i ochronie przed przegrzaniem mo\u017cesz cieszy\u0107 si\u0119 spokojem ducha podczas transportu i przechowywania akumulatora. W sprzeda\u017cy dost\u0119pne s\u0105 r\u00f3wnie\u017c inne warianty produktu \u2013 na jeden akumulator (NE-DC848) lub na trzy (NE-DC850).<\/p>\n<p>\n<img decoding=\"async\" src=\"https:\/\/assets.innpro.pl\/10269\/12072\/1.jpg\" border=\"0\" \/>\n<\/p>\n<h3>Praktyczny design<\/h3>\n<p>Dzi\u0119ki zapi\u0119ciu na rzep etui SUNNYLIFE jest \u0142atwe w u\u017cyciu i zapewnia szybki, wygodny dost\u0119p do akumulatora. Produkt jest lekki (30 g) \u2013 mo\u017cesz wi\u0119c wygodnie podr\u00f3\u017cowa\u0107 ze swoim sprz\u0119tem.<\/p>\n<p>\n<img decoding=\"async\" src=\"https:\/\/assets.innpro.pl\/10269\/12072\/4.jpg\" border=\"0\" \/>\n<\/p>\n<div class=\"table-wrapper\">\n<p>\u00a0<\/p>\n<h3><\/h3>\n<table>\n<tbody>\n<tr>\n<th>Producent<\/th>\n<td>Sunnylife<\/td>\n<\/tr>\n<tr>\n<th>Kod producenta<\/th>\n<td>NE-DC849<\/td>\n<\/tr>\n<tr>\n<th>Przeznaczenie<\/th>\n<td>Dwa akumulatory do DJI Neo<\/td>\n<\/tr>\n<tr>\n<th>Waga<\/th>\n<td>30 g<\/td>\n<\/tr>\n<\/tbody>\n<\/table>\n<\/div>\n","protected":false},"excerpt":{"rendered":"<p>Etui ochronne SUNNYLIFE na 2 akumulatory do DJI Neo Etui ochronne SUNNYLIFE zabezpiecza akumulator DJI Neo przed ekstremalnymi warunkami. Dzi\u0119ki<\/p>\n","protected":false},"featured_media":37951,"comment_status":"closed","ping_status":"open","template":"","meta":{"_acf_changed":false},"product_brand":[],"product_cat":[5584,1090,1091,1183,6093,1088],"product_tag":[],"class_list":{"0":"post-37950","1":"product","2":"type-product","3":"status-publish","4":"has-post-thumbnail","6":"product_cat-neo-1","7":"product_cat-akcesoria","8":"product_cat-dji","9":"product_cat-litowe-i-nimh","10":"product_cat-baterie-do-dronow","11":"product_cat-drony","12":"pa_okres-gwarancji-5757","13":"pa_producent-sunnylife","15":"first","16":"outofstock","17":"taxable","18":"shipping-taxable","19":"purchasable","20":"product-type-simple"},"acf":[],"yoast_head":"<!-- This site is optimized with the Yoast SEO plugin v27.2 - https:\/\/yoast.com\/product\/yoast-seo-wordpress\/ -->\n<title>Etui ochronne SUNNYLIFE na 2 akumulatory do DJI Neo - IRONSKY.PL Sklep z Dronami<\/title>\n<meta name=\"description\" content=\"Etui ochronne SUNNYLIFE na 2 akumulatory do DJI Neo - \u2705 sklep z dronami i fachowym doradztwem. \u2705 Tutaj kupisz produkty DJI, Yuneec, Parrot, Syma i wiele innych, a tak\u017ce kursy i licencje na operatora drona.\" \/>\n<meta name=\"robots\" content=\"index, follow, max-snippet:-1, max-image-preview:large, max-video-preview:-1\" \/>\n<link rel=\"canonical\" href=\"https:\/\/ironsky.pl\/sklep\/produkt\/etui-ochronne-sunnylife-na-2-akumulatory-do-dji-neo\/\" \/>\n<meta property=\"og:locale\" content=\"pl_PL\" \/>\n<meta property=\"og:type\" content=\"article\" \/>\n<meta property=\"og:title\" content=\"Etui ochronne SUNNYLIFE na 2 akumulatory do DJI Neo - IRONSKY.PL Sklep z Dronami\" \/>\n<meta property=\"og:description\" content=\"Etui ochronne SUNNYLIFE na 2 akumulatory do DJI Neo - \u2705 sklep z dronami i fachowym doradztwem. \u2705 Tutaj kupisz produkty DJI, Yuneec, Parrot, Syma i wiele innych, a tak\u017ce kursy i licencje na operatora drona.\" \/>\n<meta property=\"og:url\" content=\"https:\/\/ironsky.pl\/sklep\/produkt\/etui-ochronne-sunnylife-na-2-akumulatory-do-dji-neo\/\" \/>\n<meta property=\"og:site_name\" content=\"IRONSKY.PL Sklep z Dronami\" \/>\n<meta property=\"article:modified_time\" content=\"2026-03-05T14:55:19+00:00\" \/>\n<meta property=\"og:image\" content=\"https:\/\/ironsky.pl\/sklep\/wp-content\/uploads\/2025\/02\/47655_1.jpg\" \/>\n\t<meta property=\"og:image:width\" content=\"800\" \/>\n\t<meta property=\"og:image:height\" content=\"800\" \/>\n\t<meta property=\"og:image:type\" content=\"image\/jpeg\" \/>\n<meta name=\"twitter:card\" content=\"summary_large_image\" \/>\n<meta name=\"twitter:label1\" content=\"Szacowany czas czytania\" \/>\n\t<meta name=\"twitter:data1\" content=\"1 minuta\" \/>\n<script type=\"application\/ld+json\" class=\"yoast-schema-graph\">{\"@context\":\"https:\/\/schema.org\",\"@graph\":[{\"@type\":\"WebPage\",\"@id\":\"https:\/\/ironsky.pl\/sklep\/produkt\/etui-ochronne-sunnylife-na-2-akumulatory-do-dji-neo\/\",\"url\":\"https:\/\/ironsky.pl\/sklep\/produkt\/etui-ochronne-sunnylife-na-2-akumulatory-do-dji-neo\/\",\"name\":\"Etui ochronne SUNNYLIFE na 2 akumulatory do DJI Neo - IRONSKY.PL Sklep z Dronami\",\"isPartOf\":{\"@id\":\"https:\/\/ironsky.pl\/sklep\/#website\"},\"primaryImageOfPage\":{\"@id\":\"https:\/\/ironsky.pl\/sklep\/produkt\/etui-ochronne-sunnylife-na-2-akumulatory-do-dji-neo\/#primaryimage\"},\"image\":{\"@id\":\"https:\/\/ironsky.pl\/sklep\/produkt\/etui-ochronne-sunnylife-na-2-akumulatory-do-dji-neo\/#primaryimage\"},\"thumbnailUrl\":\"https:\/\/ironsky.pl\/sklep\/wp-content\/uploads\/2025\/02\/47655_1.jpg\",\"datePublished\":\"2025-02-13T16:08:22+00:00\",\"dateModified\":\"2026-03-05T14:55:19+00:00\",\"description\":\"Etui ochronne SUNNYLIFE na 2 akumulatory do DJI Neo - \u2705 sklep z dronami i fachowym doradztwem. \u2705 Tutaj kupisz produkty DJI, Yuneec, Parrot, Syma i wiele innych, a tak\u017ce kursy i licencje na operatora drona.\",\"breadcrumb\":{\"@id\":\"https:\/\/ironsky.pl\/sklep\/produkt\/etui-ochronne-sunnylife-na-2-akumulatory-do-dji-neo\/#breadcrumb\"},\"inLanguage\":\"pl-PL\",\"potentialAction\":[{\"@type\":\"ReadAction\",\"target\":[\"https:\/\/ironsky.pl\/sklep\/produkt\/etui-ochronne-sunnylife-na-2-akumulatory-do-dji-neo\/\"]}]},{\"@type\":\"ImageObject\",\"inLanguage\":\"pl-PL\",\"@id\":\"https:\/\/ironsky.pl\/sklep\/produkt\/etui-ochronne-sunnylife-na-2-akumulatory-do-dji-neo\/#primaryimage\",\"url\":\"https:\/\/ironsky.pl\/sklep\/wp-content\/uploads\/2025\/02\/47655_1.jpg\",\"contentUrl\":\"https:\/\/ironsky.pl\/sklep\/wp-content\/uploads\/2025\/02\/47655_1.jpg\",\"width\":800,\"height\":800},{\"@type\":\"BreadcrumbList\",\"@id\":\"https:\/\/ironsky.pl\/sklep\/produkt\/etui-ochronne-sunnylife-na-2-akumulatory-do-dji-neo\/#breadcrumb\",\"itemListElement\":[{\"@type\":\"ListItem\",\"position\":1,\"name\":\"Strona g\u0142\u00f3wna\",\"item\":\"https:\/\/ironsky.pl\/sklep\/\"},{\"@type\":\"ListItem\",\"position\":2,\"name\":\"Wszystkie produkty\",\"item\":\"https:\/\/ironsky.pl\/sklep\/produkty\/\"},{\"@type\":\"ListItem\",\"position\":3,\"name\":\"Etui ochronne SUNNYLIFE na 2 akumulatory do DJI Neo\"}]},{\"@type\":\"WebSite\",\"@id\":\"https:\/\/ironsky.pl\/sklep\/#website\",\"url\":\"https:\/\/ironsky.pl\/sklep\/\",\"name\":\"IRONSKY.PL Sklep z Dronami\",\"description\":\"IRONSKY.PL Sklep z Dronami\",\"potentialAction\":[{\"@type\":\"SearchAction\",\"target\":{\"@type\":\"EntryPoint\",\"urlTemplate\":\"https:\/\/ironsky.pl\/sklep\/?s={search_term_string}\"},\"query-input\":{\"@type\":\"PropertyValueSpecification\",\"valueRequired\":true,\"valueName\":\"search_term_string\"}}],\"inLanguage\":\"pl-PL\"}]}<\/script>\n<!-- \/ Yoast SEO plugin. -->","yoast_head_json":{"title":"Etui ochronne SUNNYLIFE na 2 akumulatory do DJI Neo - IRONSKY.PL Sklep z Dronami","description":"Etui ochronne SUNNYLIFE na 2 akumulatory do DJI Neo - \u2705 sklep z dronami i fachowym doradztwem. \u2705 Tutaj kupisz produkty DJI, Yuneec, Parrot, Syma i wiele innych, a tak\u017ce kursy i licencje na operatora drona.","robots":{"index":"index","follow":"follow","max-snippet":"max-snippet:-1","max-image-preview":"max-image-preview:large","max-video-preview":"max-video-preview:-1"},"canonical":"https:\/\/ironsky.pl\/sklep\/produkt\/etui-ochronne-sunnylife-na-2-akumulatory-do-dji-neo\/","og_locale":"pl_PL","og_type":"article","og_title":"Etui ochronne SUNNYLIFE na 2 akumulatory do DJI Neo - IRONSKY.PL Sklep z Dronami","og_description":"Etui ochronne SUNNYLIFE na 2 akumulatory do DJI Neo - \u2705 sklep z dronami i fachowym doradztwem. \u2705 Tutaj kupisz produkty DJI, Yuneec, Parrot, Syma i wiele innych, a tak\u017ce kursy i licencje na operatora drona.","og_url":"https:\/\/ironsky.pl\/sklep\/produkt\/etui-ochronne-sunnylife-na-2-akumulatory-do-dji-neo\/","og_site_name":"IRONSKY.PL Sklep z Dronami","article_modified_time":"2026-03-05T14:55:19+00:00","og_image":[{"width":800,"height":800,"url":"https:\/\/ironsky.pl\/sklep\/wp-content\/uploads\/2025\/02\/47655_1.jpg","type":"image\/jpeg"}],"twitter_card":"summary_large_image","twitter_misc":{"Szacowany czas czytania":"1 minuta"},"schema":{"@context":"https:\/\/schema.org","@graph":[{"@type":"WebPage","@id":"https:\/\/ironsky.pl\/sklep\/produkt\/etui-ochronne-sunnylife-na-2-akumulatory-do-dji-neo\/","url":"https:\/\/ironsky.pl\/sklep\/produkt\/etui-ochronne-sunnylife-na-2-akumulatory-do-dji-neo\/","name":"Etui ochronne SUNNYLIFE na 2 akumulatory do DJI Neo - IRONSKY.PL Sklep z Dronami","isPartOf":{"@id":"https:\/\/ironsky.pl\/sklep\/#website"},"primaryImageOfPage":{"@id":"https:\/\/ironsky.pl\/sklep\/produkt\/etui-ochronne-sunnylife-na-2-akumulatory-do-dji-neo\/#primaryimage"},"image":{"@id":"https:\/\/ironsky.pl\/sklep\/produkt\/etui-ochronne-sunnylife-na-2-akumulatory-do-dji-neo\/#primaryimage"},"thumbnailUrl":"https:\/\/ironsky.pl\/sklep\/wp-content\/uploads\/2025\/02\/47655_1.jpg","datePublished":"2025-02-13T16:08:22+00:00","dateModified":"2026-03-05T14:55:19+00:00","description":"Etui ochronne SUNNYLIFE na 2 akumulatory do DJI Neo - \u2705 sklep z dronami i fachowym doradztwem. \u2705 Tutaj kupisz produkty DJI, Yuneec, Parrot, Syma i wiele innych, a tak\u017ce kursy i licencje na operatora drona.","breadcrumb":{"@id":"https:\/\/ironsky.pl\/sklep\/produkt\/etui-ochronne-sunnylife-na-2-akumulatory-do-dji-neo\/#breadcrumb"},"inLanguage":"pl-PL","potentialAction":[{"@type":"ReadAction","target":["https:\/\/ironsky.pl\/sklep\/produkt\/etui-ochronne-sunnylife-na-2-akumulatory-do-dji-neo\/"]}]},{"@type":"ImageObject","inLanguage":"pl-PL","@id":"https:\/\/ironsky.pl\/sklep\/produkt\/etui-ochronne-sunnylife-na-2-akumulatory-do-dji-neo\/#primaryimage","url":"https:\/\/ironsky.pl\/sklep\/wp-content\/uploads\/2025\/02\/47655_1.jpg","contentUrl":"https:\/\/ironsky.pl\/sklep\/wp-content\/uploads\/2025\/02\/47655_1.jpg","width":800,"height":800},{"@type":"BreadcrumbList","@id":"https:\/\/ironsky.pl\/sklep\/produkt\/etui-ochronne-sunnylife-na-2-akumulatory-do-dji-neo\/#breadcrumb","itemListElement":[{"@type":"ListItem","position":1,"name":"Strona g\u0142\u00f3wna","item":"https:\/\/ironsky.pl\/sklep\/"},{"@type":"ListItem","position":2,"name":"Wszystkie produkty","item":"https:\/\/ironsky.pl\/sklep\/produkty\/"},{"@type":"ListItem","position":3,"name":"Etui ochronne SUNNYLIFE na 2 akumulatory do DJI Neo"}]},{"@type":"WebSite","@id":"https:\/\/ironsky.pl\/sklep\/#website","url":"https:\/\/ironsky.pl\/sklep\/","name":"IRONSKY.PL Sklep z Dronami","description":"IRONSKY.PL Sklep z Dronami","potentialAction":[{"@type":"SearchAction","target":{"@type":"EntryPoint","urlTemplate":"https:\/\/ironsky.pl\/sklep\/?s={search_term_string}"},"query-input":{"@type":"PropertyValueSpecification","valueRequired":true,"valueName":"search_term_string"}}],"inLanguage":"pl-PL"}]}},"_links":{"self":[{"href":"https:\/\/ironsky.pl\/sklep\/wp-json\/wp\/v2\/product\/37950","targetHints":{"allow":["GET"]}}],"collection":[{"href":"https:\/\/ironsky.pl\/sklep\/wp-json\/wp\/v2\/product"}],"about":[{"href":"https:\/\/ironsky.pl\/sklep\/wp-json\/wp\/v2\/types\/product"}],"replies":[{"embeddable":true,"href":"https:\/\/ironsky.pl\/sklep\/wp-json\/wp\/v2\/comments?post=37950"}],"wp:featuredmedia":[{"embeddable":true,"href":"https:\/\/ironsky.pl\/sklep\/wp-json\/wp\/v2\/media\/37951"}],"wp:attachment":[{"href":"https:\/\/ironsky.pl\/sklep\/wp-json\/wp\/v2\/media?parent=37950"}],"wp:term":[{"taxonomy":"product_brand","embeddable":true,"href":"https:\/\/ironsky.pl\/sklep\/wp-json\/wp\/v2\/product_brand?post=37950"},{"taxonomy":"product_cat","embeddable":true,"href":"https:\/\/ironsky.pl\/sklep\/wp-json\/wp\/v2\/product_cat?post=37950"},{"taxonomy":"product_tag","embeddable":true,"href":"https:\/\/ironsky.pl\/sklep\/wp-json\/wp\/v2\/product_tag?post=37950"}],"curies":[{"name":"wp","href":"https:\/\/api.w.org\/{rel}","templated":true}]}}