{"id":36866,"date":"2025-02-13T17:00:53","date_gmt":"2025-02-13T16:00:53","guid":{"rendered":"https:\/\/ironsky.pl\/drony-sklep\/produkt\/system-wizyjno-dzwiekowy-h150-dla-dji-matrice-300-350-rtk\/"},"modified":"2026-04-20T04:19:50","modified_gmt":"2026-04-20T02:19:50","slug":"system-wizyjno-dzwiekowy-h150-dla-dji-matrice-300-350-rtk","status":"publish","type":"product","link":"https:\/\/ironsky.pl\/sklep\/produkt\/system-wizyjno-dzwiekowy-h150-dla-dji-matrice-300-350-rtk\/","title":{"rendered":"System wizyjno-d\u017awi\u0119kowy H150 dla DJI Matrice 300\/350 RTK"},"content":{"rendered":"<h3>System\u00a0wizualno-d\u017awi\u0119kowy<br \/><img decoding=\"async\" src=\"\/data\/include\/cms\/.product\/9\/1\/44119\/JZSP000501.webp\" border=\"0\" width=\"450\" height=\"450\" \/><\/h3>\n<p>H150 to najbardziej zaawansowane urz\u0105dzenie akustyczne dalekiego zasi\u0119gu (LRAD) na rynku. Opr\u00f3cz wbudowanej kamery wideo w centralnej cz\u0119\u015bci g\u0142o\u015bnika, urz\u0105dzenie charakteryzuje si\u0119 wysokiej jako\u015bci d\u017awi\u0119kiem, siln\u0105 transmisj\u0105, niewielkimi rozmiarami, nisk\u0105 wag\u0105 i niskim zu\u017cyciem energii.<\/p>\n<div class=\"table-wrapper\">\n<table style=\"height: 195px;\" width=\"416\">\n<tbody>\n<tr>\n<th>Model<\/th>\n<td><span>H150S<\/span><\/td>\n<\/tr>\n<tr>\n<th>Kompatybilno\u015b\u0107<\/th>\n<td><span>Matrice 300\/350 RTK<\/span><\/td>\n<\/tr>\n<tr>\n<th>Wymiary<\/th>\n<td>154\u00d7155\u00d7130mm<\/td>\n<\/tr>\n<tr>\n<th>Waga<\/th>\n<td><span>&lt;520g<\/span><\/td>\n<\/tr>\n<tr>\n<th>Maksymalne nat\u0119\u017cenie d\u017awi\u0119ku<\/th>\n<td>130db<\/td>\n<\/tr>\n<tr>\n<th>Stopie\u0144 ochrony IP<\/th>\n<td><span>IP4X<\/span><\/td>\n<\/tr>\n<tr>\n<th>Odleg\u0142o\u015b\u0107 transmisji d\u017awi\u0119ku<\/th>\n<td>&gt;800m<\/td>\n<\/tr>\n<tr>\n<th>Funkcja g\u0142o\u015bnika<\/th>\n<td>Nadawanie tekstu;<br \/>Transmisja w czasie rzeczywistym;<br \/>Nagrywanie-emitowanie;<br \/>Odtwarzanie plik\u00f3w audio;<\/td>\n<\/tr>\n<tr>\n<th>Rozdzielczo\u015b\u0107<\/th>\n<td>1080p<\/td>\n<\/tr>\n<tr>\n<th>Format kodowania<\/th>\n<td>H264<\/td>\n<\/tr>\n<tr>\n<th>Funkcje kamery<\/th>\n<td>Fotografia,<br \/>nagrywanie wideo,<br \/>odtwarzanie wideo,<br \/>pobieranie wideo<\/td>\n<\/tr>\n<tr>\n<th>System gimbala<\/th>\n<td>G\u0142owica steruj\u0105ca geer<\/td>\n<\/tr>\n<tr>\n<th>Zakres obrotu<\/th>\n<td>k\u0105t nachylenia\uff1a-90\u00b0~0<\/td>\n<\/tr>\n<tr>\n<th>Temperatura pracy<\/th>\n<td>-10\u2103-50\u2103<\/td>\n<\/tr>\n<tr>\n<th>Temperatura przechowywania<\/th>\n<td>-20\u2103-60\u2103<\/td>\n<\/tr>\n<\/tbody>\n<\/table>\n<\/div>\n","protected":false},"excerpt":{"rendered":"<p>System\u00a0wizualno-d\u017awi\u0119kowy H150 to najbardziej zaawansowane urz\u0105dzenie akustyczne dalekiego zasi\u0119gu (LRAD) na rynku. Opr\u00f3cz wbudowanej kamery wideo w centralnej cz\u0119\u015bci g\u0142o\u015bnika,<\/p>\n","protected":false},"featured_media":36867,"comment_status":"closed","ping_status":"open","template":"","meta":{"_acf_changed":false},"product_brand":[],"product_cat":[5663,1093],"product_tag":[],"class_list":{"0":"post-36866","1":"product","2":"type-product","3":"status-publish","4":"has-post-thumbnail","6":"product_cat-matrice-350-rtk","7":"product_cat-urzadzenia-i-akcesoria","8":"pa_producent-jz","10":"first","11":"instock","12":"taxable","13":"shipping-taxable","14":"purchasable","15":"product-type-simple"},"acf":[],"yoast_head":"<!-- This site is optimized with the Yoast SEO plugin v27.2 - https:\/\/yoast.com\/product\/yoast-seo-wordpress\/ -->\n<title>System wizyjno-d\u017awi\u0119kowy H150 dla DJI Matrice 300\/350 RTK - IRONSKY.PL Sklep z Dronami<\/title>\n<meta name=\"description\" content=\"System wizyjno-d\u017awi\u0119kowy H150 dla DJI Matrice 300\/350 RTK - \u2705 sklep z dronami i fachowym doradztwem. \u2705 Tutaj kupisz produkty DJI, Yuneec, Parrot, Syma i wiele innych, a tak\u017ce kursy i licencje na operatora drona.\" \/>\n<meta name=\"robots\" content=\"index, follow, max-snippet:-1, max-image-preview:large, max-video-preview:-1\" \/>\n<link rel=\"canonical\" href=\"https:\/\/ironsky.pl\/sklep\/produkt\/system-wizyjno-dzwiekowy-h150-dla-dji-matrice-300-350-rtk\/\" \/>\n<meta property=\"og:locale\" content=\"pl_PL\" \/>\n<meta property=\"og:type\" content=\"article\" \/>\n<meta property=\"og:title\" content=\"System wizyjno-d\u017awi\u0119kowy H150 dla DJI Matrice 300\/350 RTK - IRONSKY.PL Sklep z Dronami\" \/>\n<meta property=\"og:description\" content=\"System wizyjno-d\u017awi\u0119kowy H150 dla DJI Matrice 300\/350 RTK - \u2705 sklep z dronami i fachowym doradztwem. \u2705 Tutaj kupisz produkty DJI, Yuneec, Parrot, Syma i wiele innych, a tak\u017ce kursy i licencje na operatora drona.\" \/>\n<meta property=\"og:url\" content=\"https:\/\/ironsky.pl\/sklep\/produkt\/system-wizyjno-dzwiekowy-h150-dla-dji-matrice-300-350-rtk\/\" \/>\n<meta property=\"og:site_name\" content=\"IRONSKY.PL Sklep z Dronami\" \/>\n<meta property=\"article:modified_time\" content=\"2026-04-20T02:19:50+00:00\" \/>\n<meta property=\"og:image\" content=\"https:\/\/ironsky.pl\/sklep\/wp-content\/uploads\/2025\/02\/44119_1.webp\" \/>\n\t<meta property=\"og:image:width\" content=\"1200\" \/>\n\t<meta property=\"og:image:height\" content=\"1200\" \/>\n\t<meta property=\"og:image:type\" content=\"image\/webp\" \/>\n<meta name=\"twitter:card\" content=\"summary_large_image\" \/>\n<meta name=\"twitter:label1\" content=\"Szacowany czas czytania\" \/>\n\t<meta name=\"twitter:data1\" content=\"1 minuta\" \/>\n<script type=\"application\/ld+json\" class=\"yoast-schema-graph\">{\"@context\":\"https:\/\/schema.org\",\"@graph\":[{\"@type\":\"WebPage\",\"@id\":\"https:\/\/ironsky.pl\/sklep\/produkt\/system-wizyjno-dzwiekowy-h150-dla-dji-matrice-300-350-rtk\/\",\"url\":\"https:\/\/ironsky.pl\/sklep\/produkt\/system-wizyjno-dzwiekowy-h150-dla-dji-matrice-300-350-rtk\/\",\"name\":\"System wizyjno-d\u017awi\u0119kowy H150 dla DJI Matrice 300\/350 RTK - IRONSKY.PL Sklep z Dronami\",\"isPartOf\":{\"@id\":\"https:\/\/ironsky.pl\/sklep\/#website\"},\"primaryImageOfPage\":{\"@id\":\"https:\/\/ironsky.pl\/sklep\/produkt\/system-wizyjno-dzwiekowy-h150-dla-dji-matrice-300-350-rtk\/#primaryimage\"},\"image\":{\"@id\":\"https:\/\/ironsky.pl\/sklep\/produkt\/system-wizyjno-dzwiekowy-h150-dla-dji-matrice-300-350-rtk\/#primaryimage\"},\"thumbnailUrl\":\"https:\/\/ironsky.pl\/sklep\/wp-content\/uploads\/2025\/02\/44119_1.webp\",\"datePublished\":\"2025-02-13T16:00:53+00:00\",\"dateModified\":\"2026-04-20T02:19:50+00:00\",\"description\":\"System wizyjno-d\u017awi\u0119kowy H150 dla DJI Matrice 300\/350 RTK - \u2705 sklep z dronami i fachowym doradztwem. \u2705 Tutaj kupisz produkty DJI, Yuneec, Parrot, Syma i wiele innych, a tak\u017ce kursy i licencje na operatora drona.\",\"breadcrumb\":{\"@id\":\"https:\/\/ironsky.pl\/sklep\/produkt\/system-wizyjno-dzwiekowy-h150-dla-dji-matrice-300-350-rtk\/#breadcrumb\"},\"inLanguage\":\"pl-PL\",\"potentialAction\":[{\"@type\":\"ReadAction\",\"target\":[\"https:\/\/ironsky.pl\/sklep\/produkt\/system-wizyjno-dzwiekowy-h150-dla-dji-matrice-300-350-rtk\/\"]}]},{\"@type\":\"ImageObject\",\"inLanguage\":\"pl-PL\",\"@id\":\"https:\/\/ironsky.pl\/sklep\/produkt\/system-wizyjno-dzwiekowy-h150-dla-dji-matrice-300-350-rtk\/#primaryimage\",\"url\":\"https:\/\/ironsky.pl\/sklep\/wp-content\/uploads\/2025\/02\/44119_1.webp\",\"contentUrl\":\"https:\/\/ironsky.pl\/sklep\/wp-content\/uploads\/2025\/02\/44119_1.webp\",\"width\":1200,\"height\":1200},{\"@type\":\"BreadcrumbList\",\"@id\":\"https:\/\/ironsky.pl\/sklep\/produkt\/system-wizyjno-dzwiekowy-h150-dla-dji-matrice-300-350-rtk\/#breadcrumb\",\"itemListElement\":[{\"@type\":\"ListItem\",\"position\":1,\"name\":\"Strona g\u0142\u00f3wna\",\"item\":\"https:\/\/ironsky.pl\/sklep\/\"},{\"@type\":\"ListItem\",\"position\":2,\"name\":\"Wszystkie produkty\",\"item\":\"https:\/\/ironsky.pl\/sklep\/produkty\/\"},{\"@type\":\"ListItem\",\"position\":3,\"name\":\"System wizyjno-d\u017awi\u0119kowy H150 dla DJI Matrice 300\/350 RTK\"}]},{\"@type\":\"WebSite\",\"@id\":\"https:\/\/ironsky.pl\/sklep\/#website\",\"url\":\"https:\/\/ironsky.pl\/sklep\/\",\"name\":\"IRONSKY.PL Sklep z Dronami\",\"description\":\"IRONSKY.PL Sklep z Dronami\",\"potentialAction\":[{\"@type\":\"SearchAction\",\"target\":{\"@type\":\"EntryPoint\",\"urlTemplate\":\"https:\/\/ironsky.pl\/sklep\/?s={search_term_string}\"},\"query-input\":{\"@type\":\"PropertyValueSpecification\",\"valueRequired\":true,\"valueName\":\"search_term_string\"}}],\"inLanguage\":\"pl-PL\"}]}<\/script>\n<!-- \/ Yoast SEO plugin. -->","yoast_head_json":{"title":"System wizyjno-d\u017awi\u0119kowy H150 dla DJI Matrice 300\/350 RTK - IRONSKY.PL Sklep z Dronami","description":"System wizyjno-d\u017awi\u0119kowy H150 dla DJI Matrice 300\/350 RTK - \u2705 sklep z dronami i fachowym doradztwem. \u2705 Tutaj kupisz produkty DJI, Yuneec, Parrot, Syma i wiele innych, a tak\u017ce kursy i licencje na operatora drona.","robots":{"index":"index","follow":"follow","max-snippet":"max-snippet:-1","max-image-preview":"max-image-preview:large","max-video-preview":"max-video-preview:-1"},"canonical":"https:\/\/ironsky.pl\/sklep\/produkt\/system-wizyjno-dzwiekowy-h150-dla-dji-matrice-300-350-rtk\/","og_locale":"pl_PL","og_type":"article","og_title":"System wizyjno-d\u017awi\u0119kowy H150 dla DJI Matrice 300\/350 RTK - IRONSKY.PL Sklep z Dronami","og_description":"System wizyjno-d\u017awi\u0119kowy H150 dla DJI Matrice 300\/350 RTK - \u2705 sklep z dronami i fachowym doradztwem. \u2705 Tutaj kupisz produkty DJI, Yuneec, Parrot, Syma i wiele innych, a tak\u017ce kursy i licencje na operatora drona.","og_url":"https:\/\/ironsky.pl\/sklep\/produkt\/system-wizyjno-dzwiekowy-h150-dla-dji-matrice-300-350-rtk\/","og_site_name":"IRONSKY.PL Sklep z Dronami","article_modified_time":"2026-04-20T02:19:50+00:00","og_image":[{"width":1200,"height":1200,"url":"https:\/\/ironsky.pl\/sklep\/wp-content\/uploads\/2025\/02\/44119_1.webp","type":"image\/webp"}],"twitter_card":"summary_large_image","twitter_misc":{"Szacowany czas czytania":"1 minuta"},"schema":{"@context":"https:\/\/schema.org","@graph":[{"@type":"WebPage","@id":"https:\/\/ironsky.pl\/sklep\/produkt\/system-wizyjno-dzwiekowy-h150-dla-dji-matrice-300-350-rtk\/","url":"https:\/\/ironsky.pl\/sklep\/produkt\/system-wizyjno-dzwiekowy-h150-dla-dji-matrice-300-350-rtk\/","name":"System wizyjno-d\u017awi\u0119kowy H150 dla DJI Matrice 300\/350 RTK - IRONSKY.PL Sklep z Dronami","isPartOf":{"@id":"https:\/\/ironsky.pl\/sklep\/#website"},"primaryImageOfPage":{"@id":"https:\/\/ironsky.pl\/sklep\/produkt\/system-wizyjno-dzwiekowy-h150-dla-dji-matrice-300-350-rtk\/#primaryimage"},"image":{"@id":"https:\/\/ironsky.pl\/sklep\/produkt\/system-wizyjno-dzwiekowy-h150-dla-dji-matrice-300-350-rtk\/#primaryimage"},"thumbnailUrl":"https:\/\/ironsky.pl\/sklep\/wp-content\/uploads\/2025\/02\/44119_1.webp","datePublished":"2025-02-13T16:00:53+00:00","dateModified":"2026-04-20T02:19:50+00:00","description":"System wizyjno-d\u017awi\u0119kowy H150 dla DJI Matrice 300\/350 RTK - \u2705 sklep z dronami i fachowym doradztwem. \u2705 Tutaj kupisz produkty DJI, Yuneec, Parrot, Syma i wiele innych, a tak\u017ce kursy i licencje na operatora drona.","breadcrumb":{"@id":"https:\/\/ironsky.pl\/sklep\/produkt\/system-wizyjno-dzwiekowy-h150-dla-dji-matrice-300-350-rtk\/#breadcrumb"},"inLanguage":"pl-PL","potentialAction":[{"@type":"ReadAction","target":["https:\/\/ironsky.pl\/sklep\/produkt\/system-wizyjno-dzwiekowy-h150-dla-dji-matrice-300-350-rtk\/"]}]},{"@type":"ImageObject","inLanguage":"pl-PL","@id":"https:\/\/ironsky.pl\/sklep\/produkt\/system-wizyjno-dzwiekowy-h150-dla-dji-matrice-300-350-rtk\/#primaryimage","url":"https:\/\/ironsky.pl\/sklep\/wp-content\/uploads\/2025\/02\/44119_1.webp","contentUrl":"https:\/\/ironsky.pl\/sklep\/wp-content\/uploads\/2025\/02\/44119_1.webp","width":1200,"height":1200},{"@type":"BreadcrumbList","@id":"https:\/\/ironsky.pl\/sklep\/produkt\/system-wizyjno-dzwiekowy-h150-dla-dji-matrice-300-350-rtk\/#breadcrumb","itemListElement":[{"@type":"ListItem","position":1,"name":"Strona g\u0142\u00f3wna","item":"https:\/\/ironsky.pl\/sklep\/"},{"@type":"ListItem","position":2,"name":"Wszystkie produkty","item":"https:\/\/ironsky.pl\/sklep\/produkty\/"},{"@type":"ListItem","position":3,"name":"System wizyjno-d\u017awi\u0119kowy H150 dla DJI Matrice 300\/350 RTK"}]},{"@type":"WebSite","@id":"https:\/\/ironsky.pl\/sklep\/#website","url":"https:\/\/ironsky.pl\/sklep\/","name":"IRONSKY.PL Sklep z Dronami","description":"IRONSKY.PL Sklep z Dronami","potentialAction":[{"@type":"SearchAction","target":{"@type":"EntryPoint","urlTemplate":"https:\/\/ironsky.pl\/sklep\/?s={search_term_string}"},"query-input":{"@type":"PropertyValueSpecification","valueRequired":true,"valueName":"search_term_string"}}],"inLanguage":"pl-PL"}]}},"_links":{"self":[{"href":"https:\/\/ironsky.pl\/sklep\/wp-json\/wp\/v2\/product\/36866","targetHints":{"allow":["GET"]}}],"collection":[{"href":"https:\/\/ironsky.pl\/sklep\/wp-json\/wp\/v2\/product"}],"about":[{"href":"https:\/\/ironsky.pl\/sklep\/wp-json\/wp\/v2\/types\/product"}],"replies":[{"embeddable":true,"href":"https:\/\/ironsky.pl\/sklep\/wp-json\/wp\/v2\/comments?post=36866"}],"wp:featuredmedia":[{"embeddable":true,"href":"https:\/\/ironsky.pl\/sklep\/wp-json\/wp\/v2\/media\/36867"}],"wp:attachment":[{"href":"https:\/\/ironsky.pl\/sklep\/wp-json\/wp\/v2\/media?parent=36866"}],"wp:term":[{"taxonomy":"product_brand","embeddable":true,"href":"https:\/\/ironsky.pl\/sklep\/wp-json\/wp\/v2\/product_brand?post=36866"},{"taxonomy":"product_cat","embeddable":true,"href":"https:\/\/ironsky.pl\/sklep\/wp-json\/wp\/v2\/product_cat?post=36866"},{"taxonomy":"product_tag","embeddable":true,"href":"https:\/\/ironsky.pl\/sklep\/wp-json\/wp\/v2\/product_tag?post=36866"}],"curies":[{"name":"wp","href":"https:\/\/api.w.org\/{rel}","templated":true}]}}