{"id":29707,"date":"2024-09-16T20:57:50","date_gmt":"2024-09-16T18:57:50","guid":{"rendered":"http:\/\/gvshalph.pro-linuxpl.com\/ironskyprodukty\/produkt\/wielofunkcyjne-pudelko-do-programowania-hobbywing-lcd-pro\/"},"modified":"2026-03-05T15:54:19","modified_gmt":"2026-03-05T14:54:19","slug":"wielofunkcyjne-pudelko-do-programowania-hobbywing-lcd-pro","status":"publish","type":"product","link":"https:\/\/ironsky.pl\/sklep\/produkt\/wielofunkcyjne-pudelko-do-programowania-hobbywing-lcd-pro\/","title":{"rendered":"Wielofunkcyjne pude\u0142ko do programowania Hobbywing LCD PRO"},"content":{"rendered":"<h3>Wielofunkcyjne pude\u0142ko do programowania Hobbywing LCD PRO<\/h3>\n<p>Wielofunkcyjne pude\u0142ko Hobbywing LCD PRO to narz\u0119dzie przeznaczone do programowania i konfiguracji regulator\u00f3w obrot\u00f3w marki Hobbywing. Umo\u017cliwia precyzyjne dostosowanie parametr\u00f3w ESC, co pozwala na optymalizacj\u0119 wydajno\u015bci i dostosowanie pracy do indywidualnych potrzeb. Pude\u0142ko jest zasilane przez z\u0142\u0105cze zasilaj\u0105ce w zakresie od 5 do 12.6 V lub przez z\u0142\u0105cze programuj\u0105ce ESC w zakresie od 5 do 8.4 V, co zapewnia elastyczno\u015b\u0107 i wygod\u0119 u\u017cytkowania. Kompaktowe wymiary (105.6 mm d\u0142ugo\u015bci, 59 mm szeroko\u015bci, 24.4 mm wysoko\u015bci) oraz niska waga (85 g) sprawiaj\u0105, \u017ce urz\u0105dzenie jest \u0142atwe do przenoszenia i u\u017cytkowania w r\u00f3\u017cnych warunkach. Wbudowany wy\u015bwietlacz LCD umo\u017cliwia \u0142atwe odczytywanie parametr\u00f3w i dokonanie szybkich zmian ustawie\u0144, co czyni proces programowania intuicyjnym i wygodnym. Hobbywing LCD PRO to niezast\u0105pione narz\u0119dzie dla ka\u017cdego entuzjasty modeli RC, kt\u00f3ry chce w pe\u0142ni wykorzysta\u0107 mo\u017cliwo\u015bci swoich regulator\u00f3w obrot\u00f3w.<\/p>\n<p>\n<img decoding=\"async\" src=\"https:\/\/assets.innpro.pl\/7298\/8498\/1.jpg\" border=\"0\" \/>\n<\/p>\n<div class=\"table-wrapper\">\n<p>\u00a0<\/p>\n<h3><\/h3>\n<table>\n<tbody>\n<tr>\n<th>Producent<\/th>\n<td>Hobbywing<\/td>\n<\/tr>\n<tr>\n<th>Model<\/th>\n<td>HW30502002<\/td>\n<\/tr>\n<tr>\n<th>Zasilanie (przez z\u0142\u0105cze zasilaj\u0105ce)<\/th>\n<td>5 &#8211; 12.6 V<\/td>\n<\/tr>\n<tr>\n<th>Zasilanie (przez z\u0142\u0105cze programuj\u0105ce ESC)<\/th>\n<td>5 &#8211; 8.4 V<\/td>\n<\/tr>\n<tr>\n<th>D\u0142ugo\u015b\u0107<\/th>\n<td>105.6 mm<\/td>\n<\/tr>\n<tr>\n<th>Szeroko\u015b\u0107<\/th>\n<td>59 mm<\/td>\n<\/tr>\n<tr>\n<th>Wysoko\u015b\u0107<\/th>\n<td>24.4 mm<\/td>\n<\/tr>\n<tr>\n<th>Waga<\/th>\n<td>85 g<\/td>\n<\/tr>\n<\/tbody>\n<\/table>\n<\/div>\n","protected":false},"excerpt":{"rendered":"<p>Wielofunkcyjne pude\u0142ko do programowania Hobbywing LCD PRO Wielofunkcyjne pude\u0142ko Hobbywing LCD PRO to narz\u0119dzie przeznaczone do programowania i konfiguracji regulator\u00f3w<\/p>\n","protected":false},"featured_media":29708,"comment_status":"closed","ping_status":"open","template":"","meta":{"_acf_changed":false},"product_brand":[],"product_cat":[1186,1169,1180],"product_tag":[],"class_list":{"0":"post-29707","1":"product","2":"type-product","3":"status-publish","4":"has-post-thumbnail","6":"product_cat-karty-programujace","7":"product_cat-modele-rc","8":"product_cat-napedy","9":"pa_box-height-5485","10":"pa_box-length-5486","11":"pa_box-width-2308","12":"pa_gross-weight-3082","13":"pa_net-weight-2565","15":"first","16":"outofstock","17":"taxable","18":"shipping-taxable","19":"purchasable","20":"product-type-simple"},"acf":[],"yoast_head":"<!-- This site is optimized with the Yoast SEO plugin v27.2 - https:\/\/yoast.com\/product\/yoast-seo-wordpress\/ -->\n<title>Wielofunkcyjne pude\u0142ko do programowania Hobbywing LCD PRO - IRONSKY.PL Sklep z Dronami<\/title>\n<meta name=\"description\" content=\"Wielofunkcyjne pude\u0142ko do programowania Hobbywing LCD PRO - \u2705 sklep z dronami i fachowym doradztwem. \u2705 Tutaj kupisz produkty DJI, Yuneec, Parrot, Syma i wiele innych, a tak\u017ce kursy i licencje na operatora drona.\" \/>\n<meta name=\"robots\" content=\"index, follow, max-snippet:-1, max-image-preview:large, max-video-preview:-1\" \/>\n<link rel=\"canonical\" href=\"https:\/\/ironsky.pl\/sklep\/produkt\/wielofunkcyjne-pudelko-do-programowania-hobbywing-lcd-pro\/\" \/>\n<meta property=\"og:locale\" content=\"pl_PL\" \/>\n<meta property=\"og:type\" content=\"article\" \/>\n<meta property=\"og:title\" content=\"Wielofunkcyjne pude\u0142ko do programowania Hobbywing LCD PRO - IRONSKY.PL Sklep z Dronami\" \/>\n<meta property=\"og:description\" content=\"Wielofunkcyjne pude\u0142ko do programowania Hobbywing LCD PRO - \u2705 sklep z dronami i fachowym doradztwem. \u2705 Tutaj kupisz produkty DJI, Yuneec, Parrot, Syma i wiele innych, a tak\u017ce kursy i licencje na operatora drona.\" \/>\n<meta property=\"og:url\" content=\"https:\/\/ironsky.pl\/sklep\/produkt\/wielofunkcyjne-pudelko-do-programowania-hobbywing-lcd-pro\/\" \/>\n<meta property=\"og:site_name\" content=\"IRONSKY.PL Sklep z Dronami\" \/>\n<meta property=\"article:modified_time\" content=\"2026-03-05T14:54:19+00:00\" \/>\n<meta property=\"og:image\" content=\"https:\/\/ironsky.pl\/sklep\/wp-content\/uploads\/2024\/09\/44408_1.jpg\" \/>\n\t<meta property=\"og:image:width\" content=\"300\" \/>\n\t<meta property=\"og:image:height\" content=\"300\" \/>\n\t<meta property=\"og:image:type\" content=\"image\/jpeg\" \/>\n<meta name=\"twitter:card\" content=\"summary_large_image\" \/>\n<meta name=\"twitter:label1\" content=\"Szacowany czas czytania\" \/>\n\t<meta name=\"twitter:data1\" content=\"1 minuta\" \/>\n<script type=\"application\/ld+json\" class=\"yoast-schema-graph\">{\"@context\":\"https:\/\/schema.org\",\"@graph\":[{\"@type\":\"WebPage\",\"@id\":\"https:\/\/ironsky.pl\/sklep\/produkt\/wielofunkcyjne-pudelko-do-programowania-hobbywing-lcd-pro\/\",\"url\":\"https:\/\/ironsky.pl\/sklep\/produkt\/wielofunkcyjne-pudelko-do-programowania-hobbywing-lcd-pro\/\",\"name\":\"Wielofunkcyjne pude\u0142ko do programowania Hobbywing LCD PRO - IRONSKY.PL Sklep z Dronami\",\"isPartOf\":{\"@id\":\"https:\/\/ironsky.pl\/sklep\/#website\"},\"primaryImageOfPage\":{\"@id\":\"https:\/\/ironsky.pl\/sklep\/produkt\/wielofunkcyjne-pudelko-do-programowania-hobbywing-lcd-pro\/#primaryimage\"},\"image\":{\"@id\":\"https:\/\/ironsky.pl\/sklep\/produkt\/wielofunkcyjne-pudelko-do-programowania-hobbywing-lcd-pro\/#primaryimage\"},\"thumbnailUrl\":\"https:\/\/ironsky.pl\/sklep\/wp-content\/uploads\/2024\/09\/44408_1.jpg\",\"datePublished\":\"2024-09-16T18:57:50+00:00\",\"dateModified\":\"2026-03-05T14:54:19+00:00\",\"description\":\"Wielofunkcyjne pude\u0142ko do programowania Hobbywing LCD PRO - \u2705 sklep z dronami i fachowym doradztwem. \u2705 Tutaj kupisz produkty DJI, Yuneec, Parrot, Syma i wiele innych, a tak\u017ce kursy i licencje na operatora drona.\",\"breadcrumb\":{\"@id\":\"https:\/\/ironsky.pl\/sklep\/produkt\/wielofunkcyjne-pudelko-do-programowania-hobbywing-lcd-pro\/#breadcrumb\"},\"inLanguage\":\"pl-PL\",\"potentialAction\":[{\"@type\":\"ReadAction\",\"target\":[\"https:\/\/ironsky.pl\/sklep\/produkt\/wielofunkcyjne-pudelko-do-programowania-hobbywing-lcd-pro\/\"]}]},{\"@type\":\"ImageObject\",\"inLanguage\":\"pl-PL\",\"@id\":\"https:\/\/ironsky.pl\/sklep\/produkt\/wielofunkcyjne-pudelko-do-programowania-hobbywing-lcd-pro\/#primaryimage\",\"url\":\"https:\/\/ironsky.pl\/sklep\/wp-content\/uploads\/2024\/09\/44408_1.jpg\",\"contentUrl\":\"https:\/\/ironsky.pl\/sklep\/wp-content\/uploads\/2024\/09\/44408_1.jpg\",\"width\":300,\"height\":300},{\"@type\":\"BreadcrumbList\",\"@id\":\"https:\/\/ironsky.pl\/sklep\/produkt\/wielofunkcyjne-pudelko-do-programowania-hobbywing-lcd-pro\/#breadcrumb\",\"itemListElement\":[{\"@type\":\"ListItem\",\"position\":1,\"name\":\"Strona g\u0142\u00f3wna\",\"item\":\"https:\/\/ironsky.pl\/sklep\/\"},{\"@type\":\"ListItem\",\"position\":2,\"name\":\"Wszystkie produkty\",\"item\":\"https:\/\/ironsky.pl\/sklep\/produkty\/\"},{\"@type\":\"ListItem\",\"position\":3,\"name\":\"Wielofunkcyjne pude\u0142ko do programowania Hobbywing LCD PRO\"}]},{\"@type\":\"WebSite\",\"@id\":\"https:\/\/ironsky.pl\/sklep\/#website\",\"url\":\"https:\/\/ironsky.pl\/sklep\/\",\"name\":\"IRONSKY.PL Sklep z Dronami\",\"description\":\"IRONSKY.PL Sklep z Dronami\",\"potentialAction\":[{\"@type\":\"SearchAction\",\"target\":{\"@type\":\"EntryPoint\",\"urlTemplate\":\"https:\/\/ironsky.pl\/sklep\/?s={search_term_string}\"},\"query-input\":{\"@type\":\"PropertyValueSpecification\",\"valueRequired\":true,\"valueName\":\"search_term_string\"}}],\"inLanguage\":\"pl-PL\"}]}<\/script>\n<!-- \/ Yoast SEO plugin. -->","yoast_head_json":{"title":"Wielofunkcyjne pude\u0142ko do programowania Hobbywing LCD PRO - IRONSKY.PL Sklep z Dronami","description":"Wielofunkcyjne pude\u0142ko do programowania Hobbywing LCD PRO - \u2705 sklep z dronami i fachowym doradztwem. \u2705 Tutaj kupisz produkty DJI, Yuneec, Parrot, Syma i wiele innych, a tak\u017ce kursy i licencje na operatora drona.","robots":{"index":"index","follow":"follow","max-snippet":"max-snippet:-1","max-image-preview":"max-image-preview:large","max-video-preview":"max-video-preview:-1"},"canonical":"https:\/\/ironsky.pl\/sklep\/produkt\/wielofunkcyjne-pudelko-do-programowania-hobbywing-lcd-pro\/","og_locale":"pl_PL","og_type":"article","og_title":"Wielofunkcyjne pude\u0142ko do programowania Hobbywing LCD PRO - IRONSKY.PL Sklep z Dronami","og_description":"Wielofunkcyjne pude\u0142ko do programowania Hobbywing LCD PRO - \u2705 sklep z dronami i fachowym doradztwem. \u2705 Tutaj kupisz produkty DJI, Yuneec, Parrot, Syma i wiele innych, a tak\u017ce kursy i licencje na operatora drona.","og_url":"https:\/\/ironsky.pl\/sklep\/produkt\/wielofunkcyjne-pudelko-do-programowania-hobbywing-lcd-pro\/","og_site_name":"IRONSKY.PL Sklep z Dronami","article_modified_time":"2026-03-05T14:54:19+00:00","og_image":[{"width":300,"height":300,"url":"https:\/\/ironsky.pl\/sklep\/wp-content\/uploads\/2024\/09\/44408_1.jpg","type":"image\/jpeg"}],"twitter_card":"summary_large_image","twitter_misc":{"Szacowany czas czytania":"1 minuta"},"schema":{"@context":"https:\/\/schema.org","@graph":[{"@type":"WebPage","@id":"https:\/\/ironsky.pl\/sklep\/produkt\/wielofunkcyjne-pudelko-do-programowania-hobbywing-lcd-pro\/","url":"https:\/\/ironsky.pl\/sklep\/produkt\/wielofunkcyjne-pudelko-do-programowania-hobbywing-lcd-pro\/","name":"Wielofunkcyjne pude\u0142ko do programowania Hobbywing LCD PRO - IRONSKY.PL Sklep z Dronami","isPartOf":{"@id":"https:\/\/ironsky.pl\/sklep\/#website"},"primaryImageOfPage":{"@id":"https:\/\/ironsky.pl\/sklep\/produkt\/wielofunkcyjne-pudelko-do-programowania-hobbywing-lcd-pro\/#primaryimage"},"image":{"@id":"https:\/\/ironsky.pl\/sklep\/produkt\/wielofunkcyjne-pudelko-do-programowania-hobbywing-lcd-pro\/#primaryimage"},"thumbnailUrl":"https:\/\/ironsky.pl\/sklep\/wp-content\/uploads\/2024\/09\/44408_1.jpg","datePublished":"2024-09-16T18:57:50+00:00","dateModified":"2026-03-05T14:54:19+00:00","description":"Wielofunkcyjne pude\u0142ko do programowania Hobbywing LCD PRO - \u2705 sklep z dronami i fachowym doradztwem. \u2705 Tutaj kupisz produkty DJI, Yuneec, Parrot, Syma i wiele innych, a tak\u017ce kursy i licencje na operatora drona.","breadcrumb":{"@id":"https:\/\/ironsky.pl\/sklep\/produkt\/wielofunkcyjne-pudelko-do-programowania-hobbywing-lcd-pro\/#breadcrumb"},"inLanguage":"pl-PL","potentialAction":[{"@type":"ReadAction","target":["https:\/\/ironsky.pl\/sklep\/produkt\/wielofunkcyjne-pudelko-do-programowania-hobbywing-lcd-pro\/"]}]},{"@type":"ImageObject","inLanguage":"pl-PL","@id":"https:\/\/ironsky.pl\/sklep\/produkt\/wielofunkcyjne-pudelko-do-programowania-hobbywing-lcd-pro\/#primaryimage","url":"https:\/\/ironsky.pl\/sklep\/wp-content\/uploads\/2024\/09\/44408_1.jpg","contentUrl":"https:\/\/ironsky.pl\/sklep\/wp-content\/uploads\/2024\/09\/44408_1.jpg","width":300,"height":300},{"@type":"BreadcrumbList","@id":"https:\/\/ironsky.pl\/sklep\/produkt\/wielofunkcyjne-pudelko-do-programowania-hobbywing-lcd-pro\/#breadcrumb","itemListElement":[{"@type":"ListItem","position":1,"name":"Strona g\u0142\u00f3wna","item":"https:\/\/ironsky.pl\/sklep\/"},{"@type":"ListItem","position":2,"name":"Wszystkie produkty","item":"https:\/\/ironsky.pl\/sklep\/produkty\/"},{"@type":"ListItem","position":3,"name":"Wielofunkcyjne pude\u0142ko do programowania Hobbywing LCD PRO"}]},{"@type":"WebSite","@id":"https:\/\/ironsky.pl\/sklep\/#website","url":"https:\/\/ironsky.pl\/sklep\/","name":"IRONSKY.PL Sklep z Dronami","description":"IRONSKY.PL Sklep z Dronami","potentialAction":[{"@type":"SearchAction","target":{"@type":"EntryPoint","urlTemplate":"https:\/\/ironsky.pl\/sklep\/?s={search_term_string}"},"query-input":{"@type":"PropertyValueSpecification","valueRequired":true,"valueName":"search_term_string"}}],"inLanguage":"pl-PL"}]}},"_links":{"self":[{"href":"https:\/\/ironsky.pl\/sklep\/wp-json\/wp\/v2\/product\/29707","targetHints":{"allow":["GET"]}}],"collection":[{"href":"https:\/\/ironsky.pl\/sklep\/wp-json\/wp\/v2\/product"}],"about":[{"href":"https:\/\/ironsky.pl\/sklep\/wp-json\/wp\/v2\/types\/product"}],"replies":[{"embeddable":true,"href":"https:\/\/ironsky.pl\/sklep\/wp-json\/wp\/v2\/comments?post=29707"}],"wp:featuredmedia":[{"embeddable":true,"href":"https:\/\/ironsky.pl\/sklep\/wp-json\/wp\/v2\/media\/29708"}],"wp:attachment":[{"href":"https:\/\/ironsky.pl\/sklep\/wp-json\/wp\/v2\/media?parent=29707"}],"wp:term":[{"taxonomy":"product_brand","embeddable":true,"href":"https:\/\/ironsky.pl\/sklep\/wp-json\/wp\/v2\/product_brand?post=29707"},{"taxonomy":"product_cat","embeddable":true,"href":"https:\/\/ironsky.pl\/sklep\/wp-json\/wp\/v2\/product_cat?post=29707"},{"taxonomy":"product_tag","embeddable":true,"href":"https:\/\/ironsky.pl\/sklep\/wp-json\/wp\/v2\/product_tag?post=29707"}],"curies":[{"name":"wp","href":"https:\/\/api.w.org\/{rel}","templated":true}]}}