{"id":29683,"date":"2024-09-16T20:57:50","date_gmt":"2024-09-16T18:57:50","guid":{"rendered":"http:\/\/gvshalph.pro-linuxpl.com\/ironskyprodukty\/produkt\/regulator-seaking-60a-v3\/"},"modified":"2026-03-05T15:54:18","modified_gmt":"2026-03-05T14:54:18","slug":"regulator-seaking-60a-v3","status":"publish","type":"product","link":"https:\/\/ironsky.pl\/sklep\/produkt\/regulator-seaking-60a-v3\/","title":{"rendered":"Regulator SEAKING-60A-V3"},"content":{"rendered":"<h3>Regulator SEAKING-60A-V3<\/h3>\n<p>Regulator SEAKING-60A-V3 to prawdziwy gwarant niezawodno\u015bci i solidnej jako\u015bci wykonania. Hobbywing HW30302200 nie tylko oferuje imponuj\u0105cy zakres konfiguracyjny, ale tak\u017ce zapewnia u\u017cytkownikom pewno\u015b\u0107 dzia\u0142ania w ka\u017cdych warunkach. Dzi\u0119ki innowacyjnej karcie programowania LED dostosowanie parametr\u00f3w pracy do indywidualnych potrzeb staje si\u0119 proste i intuicyjne. Dodatkowo liczne ochronne funkcje, takie jak doskona\u0142y system ch\u0142odzenia i wbudowany BEC, nie tylko podnosz\u0105 wydajno\u015b\u0107, ale tak\u017ce znacz\u0105co wyd\u0142u\u017caj\u0105 \u017cywotno\u015b\u0107 regulatora. Wodoszczelno\u015b\u0107 to kolejny atut tego urz\u0105dzenia, dzi\u0119ki czemu mo\u017ce by\u0107 u\u017cywany nawet w najtrudniejszych warunkach pogodowych, czyni\u0105c go doskona\u0142ym wyborem do zastosowa\u0144 w \u0142odziach RC.<\/p>\n<p>\n<img decoding=\"async\" src=\"https:\/\/assets.innpro.pl\/6784\/7896\/1.jpg\" border=\"0\" \/>\n<\/p>\n<h3>Komfort u\u017cytkowania <\/h3>\n<p>Regulator SEAKING-60A-V3 to nie tylko symbol niezawodno\u015bci, ale tak\u017ce przyk\u0142ad doskona\u0142ej konfigurowalno\u015bci i \u0142atwo\u015bci monta\u017cu. Dzi\u0119ki mo\u017cliwo\u015bci programowania zar\u00f3wno z aparatury, jak i za pomoc\u0105 karty LED, u\u017cytkownicy maj\u0105 pe\u0142n\u0105 kontrol\u0119 nad dzia\u0142aniem urz\u0105dzenia, dostosowuj\u0105c je do swoich preferencji. Pomimo zaawansowanych funkcji, kompaktowe wymiary oraz niska waga sprawiaj\u0105, \u017ce monta\u017c regulatora jest niezwykle prosty, a jego zastosowanie w \u0142odziach RC nie tylko gwarantuje wysok\u0105 wydajno\u015b\u0107, ale tak\u017ce zapewnia u\u017cytkownikom niezwyk\u0142\u0105 prostot\u0119 obs\u0142ugi.<\/p>\n<p>\n<img decoding=\"async\" src=\"https:\/\/assets.innpro.pl\/6784\/7896\/5.jpg\" border=\"0\" \/>\n<\/p>\n<div class=\"table-wrapper\">\n<p>\u00a0<\/p>\n<h3><\/h3>\n<table>\n<tbody>\n<tr>\n<th>Producent <\/th>\n<td>Hobbywing <\/td>\n<\/tr>\n<tr>\n<th>Model<\/th>\n<td>HW30302200<\/td>\n<\/tr>\n<tr>\n<th>Pr\u0105d ci\u0105g\u0142y i chwilowy <\/th>\n<td>60A \/ 360A<\/td>\n<\/tr>\n<tr>\n<th>Ilo\u015b\u0107 Cel LiPo <\/th>\n<td>2-3S<\/td>\n<\/tr>\n<tr>\n<th>Wyj\u015bcie BEC <\/th>\n<td>Tryb Prze\u0142\u0105cznika, 6V,3A<\/td>\n<\/tr>\n<tr>\n<th>Kable wej\u015bcia <\/th>\n<td>Czerwony &#8211; 14AWG-150mm \/ Czarny -14AWG-150mm<\/td>\n<\/tr>\n<tr>\n<th>Kable wyj\u015bcia <\/th>\n<td>Czarny -14AWG-100mm *3<\/td>\n<\/tr>\n<tr>\n<th>Konektor wej\u015bcia<\/th>\n<td>brak<\/td>\n<\/tr>\n<tr>\n<th>Konektor wyj\u015bcia <\/th>\n<td>brak<\/td>\n<\/tr>\n<tr>\n<th>Programowanie ESC z aparatury<\/th>\n<td>Aktywne<\/td>\n<\/tr>\n<tr>\n<th>Programowanie ESC z karty programowania LED<\/th>\n<td>Aktywne<\/td>\n<\/tr>\n<tr>\n<th>Programowanie ESC z program boxu LED <\/th>\n<td>Nieaktywne<\/td>\n<\/tr>\n<tr>\n<th>Programowanie ESC z program boxu LCD <\/th>\n<td>Nieaktywne<\/td>\n<\/tr>\n<tr>\n<th>Modu\u0142 WiFi <\/th>\n<td>Nieaktywne<\/td>\n<\/tr>\n<tr>\n<th>Uaktualnienia oprogramowania<\/th>\n<td>Nieaktywne<\/td>\n<\/tr>\n<tr>\n<th>Rozmiar <\/th>\n<td>60.5 \u00d7 38.5 \u00d7 25.6 mm<\/td>\n<\/tr>\n<tr>\n<th>Waga <\/th>\n<td>95 gram<\/td>\n<\/tr>\n<tr>\n<th>Dedykowane <\/th>\n<td>\u0141odzie RC<\/td>\n<\/tr>\n<\/tbody>\n<\/table>\n<\/div>\n","protected":false},"excerpt":{"rendered":"<p>Regulator SEAKING-60A-V3 Regulator SEAKING-60A-V3 to prawdziwy gwarant niezawodno\u015bci i solidnej jako\u015bci wykonania. Hobbywing HW30302200 nie tylko oferuje imponuj\u0105cy zakres konfiguracyjny,<\/p>\n","protected":false},"featured_media":29684,"comment_status":"closed","ping_status":"open","template":"","meta":{"_acf_changed":false},"product_brand":[],"product_cat":[1169,1180,1181],"product_tag":[],"class_list":{"0":"post-29683","1":"product","2":"type-product","3":"status-publish","4":"has-post-thumbnail","6":"product_cat-modele-rc","7":"product_cat-napedy","8":"product_cat-regulatory","9":"pa_box-height-5428","10":"pa_box-length-5429","11":"pa_box-width-5427","12":"pa_gross-weight-5430","13":"pa_net-weight-3218","14":"pa_waga-netto-g-1522","15":"pa_wlasciwosci-wodoodporne","17":"first","18":"outofstock","19":"taxable","20":"shipping-taxable","21":"purchasable","22":"product-type-simple"},"acf":[],"yoast_head":"<!-- This site is optimized with the Yoast SEO plugin v27.2 - https:\/\/yoast.com\/product\/yoast-seo-wordpress\/ -->\n<title>Regulator SEAKING-60A-V3 - IRONSKY.PL Sklep z Dronami<\/title>\n<meta name=\"description\" content=\"Regulator SEAKING-60A-V3 - \u2705 sklep z dronami i fachowym doradztwem. \u2705 Tutaj kupisz produkty DJI, Yuneec, Parrot, Syma i wiele innych, a tak\u017ce kursy i licencje na operatora drona.\" \/>\n<meta name=\"robots\" content=\"index, follow, max-snippet:-1, max-image-preview:large, max-video-preview:-1\" \/>\n<link rel=\"canonical\" href=\"https:\/\/ironsky.pl\/sklep\/produkt\/regulator-seaking-60a-v3\/\" \/>\n<meta property=\"og:locale\" content=\"pl_PL\" \/>\n<meta property=\"og:type\" content=\"article\" \/>\n<meta property=\"og:title\" content=\"Regulator SEAKING-60A-V3 - IRONSKY.PL Sklep z Dronami\" \/>\n<meta property=\"og:description\" content=\"Regulator SEAKING-60A-V3 - \u2705 sklep z dronami i fachowym doradztwem. \u2705 Tutaj kupisz produkty DJI, Yuneec, Parrot, Syma i wiele innych, a tak\u017ce kursy i licencje na operatora drona.\" \/>\n<meta property=\"og:url\" content=\"https:\/\/ironsky.pl\/sklep\/produkt\/regulator-seaking-60a-v3\/\" \/>\n<meta property=\"og:site_name\" content=\"IRONSKY.PL Sklep z Dronami\" \/>\n<meta property=\"article:modified_time\" content=\"2026-03-05T14:54:18+00:00\" \/>\n<meta property=\"og:image\" content=\"https:\/\/ironsky.pl\/sklep\/wp-content\/uploads\/2024\/09\/43627_1.jpg\" \/>\n\t<meta property=\"og:image:width\" content=\"800\" \/>\n\t<meta property=\"og:image:height\" content=\"800\" \/>\n\t<meta property=\"og:image:type\" content=\"image\/jpeg\" \/>\n<meta name=\"twitter:card\" content=\"summary_large_image\" \/>\n<meta name=\"twitter:label1\" content=\"Szacowany czas czytania\" \/>\n\t<meta name=\"twitter:data1\" content=\"1 minuta\" \/>\n<script type=\"application\/ld+json\" class=\"yoast-schema-graph\">{\"@context\":\"https:\/\/schema.org\",\"@graph\":[{\"@type\":\"WebPage\",\"@id\":\"https:\/\/ironsky.pl\/sklep\/produkt\/regulator-seaking-60a-v3\/\",\"url\":\"https:\/\/ironsky.pl\/sklep\/produkt\/regulator-seaking-60a-v3\/\",\"name\":\"Regulator SEAKING-60A-V3 - IRONSKY.PL Sklep z Dronami\",\"isPartOf\":{\"@id\":\"https:\/\/ironsky.pl\/sklep\/#website\"},\"primaryImageOfPage\":{\"@id\":\"https:\/\/ironsky.pl\/sklep\/produkt\/regulator-seaking-60a-v3\/#primaryimage\"},\"image\":{\"@id\":\"https:\/\/ironsky.pl\/sklep\/produkt\/regulator-seaking-60a-v3\/#primaryimage\"},\"thumbnailUrl\":\"https:\/\/ironsky.pl\/sklep\/wp-content\/uploads\/2024\/09\/43627_1.jpg\",\"datePublished\":\"2024-09-16T18:57:50+00:00\",\"dateModified\":\"2026-03-05T14:54:18+00:00\",\"description\":\"Regulator SEAKING-60A-V3 - \u2705 sklep z dronami i fachowym doradztwem. \u2705 Tutaj kupisz produkty DJI, Yuneec, Parrot, Syma i wiele innych, a tak\u017ce kursy i licencje na operatora drona.\",\"breadcrumb\":{\"@id\":\"https:\/\/ironsky.pl\/sklep\/produkt\/regulator-seaking-60a-v3\/#breadcrumb\"},\"inLanguage\":\"pl-PL\",\"potentialAction\":[{\"@type\":\"ReadAction\",\"target\":[\"https:\/\/ironsky.pl\/sklep\/produkt\/regulator-seaking-60a-v3\/\"]}]},{\"@type\":\"ImageObject\",\"inLanguage\":\"pl-PL\",\"@id\":\"https:\/\/ironsky.pl\/sklep\/produkt\/regulator-seaking-60a-v3\/#primaryimage\",\"url\":\"https:\/\/ironsky.pl\/sklep\/wp-content\/uploads\/2024\/09\/43627_1.jpg\",\"contentUrl\":\"https:\/\/ironsky.pl\/sklep\/wp-content\/uploads\/2024\/09\/43627_1.jpg\",\"width\":800,\"height\":800},{\"@type\":\"BreadcrumbList\",\"@id\":\"https:\/\/ironsky.pl\/sklep\/produkt\/regulator-seaking-60a-v3\/#breadcrumb\",\"itemListElement\":[{\"@type\":\"ListItem\",\"position\":1,\"name\":\"Strona g\u0142\u00f3wna\",\"item\":\"https:\/\/ironsky.pl\/sklep\/\"},{\"@type\":\"ListItem\",\"position\":2,\"name\":\"Wszystkie produkty\",\"item\":\"https:\/\/ironsky.pl\/sklep\/produkty\/\"},{\"@type\":\"ListItem\",\"position\":3,\"name\":\"Regulator SEAKING-60A-V3\"}]},{\"@type\":\"WebSite\",\"@id\":\"https:\/\/ironsky.pl\/sklep\/#website\",\"url\":\"https:\/\/ironsky.pl\/sklep\/\",\"name\":\"IRONSKY.PL Sklep z Dronami\",\"description\":\"IRONSKY.PL Sklep z Dronami\",\"potentialAction\":[{\"@type\":\"SearchAction\",\"target\":{\"@type\":\"EntryPoint\",\"urlTemplate\":\"https:\/\/ironsky.pl\/sklep\/?s={search_term_string}\"},\"query-input\":{\"@type\":\"PropertyValueSpecification\",\"valueRequired\":true,\"valueName\":\"search_term_string\"}}],\"inLanguage\":\"pl-PL\"}]}<\/script>\n<!-- \/ Yoast SEO plugin. -->","yoast_head_json":{"title":"Regulator SEAKING-60A-V3 - IRONSKY.PL Sklep z Dronami","description":"Regulator SEAKING-60A-V3 - \u2705 sklep z dronami i fachowym doradztwem. \u2705 Tutaj kupisz produkty DJI, Yuneec, Parrot, Syma i wiele innych, a tak\u017ce kursy i licencje na operatora drona.","robots":{"index":"index","follow":"follow","max-snippet":"max-snippet:-1","max-image-preview":"max-image-preview:large","max-video-preview":"max-video-preview:-1"},"canonical":"https:\/\/ironsky.pl\/sklep\/produkt\/regulator-seaking-60a-v3\/","og_locale":"pl_PL","og_type":"article","og_title":"Regulator SEAKING-60A-V3 - IRONSKY.PL Sklep z Dronami","og_description":"Regulator SEAKING-60A-V3 - \u2705 sklep z dronami i fachowym doradztwem. \u2705 Tutaj kupisz produkty DJI, Yuneec, Parrot, Syma i wiele innych, a tak\u017ce kursy i licencje na operatora drona.","og_url":"https:\/\/ironsky.pl\/sklep\/produkt\/regulator-seaking-60a-v3\/","og_site_name":"IRONSKY.PL Sklep z Dronami","article_modified_time":"2026-03-05T14:54:18+00:00","og_image":[{"width":800,"height":800,"url":"https:\/\/ironsky.pl\/sklep\/wp-content\/uploads\/2024\/09\/43627_1.jpg","type":"image\/jpeg"}],"twitter_card":"summary_large_image","twitter_misc":{"Szacowany czas czytania":"1 minuta"},"schema":{"@context":"https:\/\/schema.org","@graph":[{"@type":"WebPage","@id":"https:\/\/ironsky.pl\/sklep\/produkt\/regulator-seaking-60a-v3\/","url":"https:\/\/ironsky.pl\/sklep\/produkt\/regulator-seaking-60a-v3\/","name":"Regulator SEAKING-60A-V3 - IRONSKY.PL Sklep z Dronami","isPartOf":{"@id":"https:\/\/ironsky.pl\/sklep\/#website"},"primaryImageOfPage":{"@id":"https:\/\/ironsky.pl\/sklep\/produkt\/regulator-seaking-60a-v3\/#primaryimage"},"image":{"@id":"https:\/\/ironsky.pl\/sklep\/produkt\/regulator-seaking-60a-v3\/#primaryimage"},"thumbnailUrl":"https:\/\/ironsky.pl\/sklep\/wp-content\/uploads\/2024\/09\/43627_1.jpg","datePublished":"2024-09-16T18:57:50+00:00","dateModified":"2026-03-05T14:54:18+00:00","description":"Regulator SEAKING-60A-V3 - \u2705 sklep z dronami i fachowym doradztwem. \u2705 Tutaj kupisz produkty DJI, Yuneec, Parrot, Syma i wiele innych, a tak\u017ce kursy i licencje na operatora drona.","breadcrumb":{"@id":"https:\/\/ironsky.pl\/sklep\/produkt\/regulator-seaking-60a-v3\/#breadcrumb"},"inLanguage":"pl-PL","potentialAction":[{"@type":"ReadAction","target":["https:\/\/ironsky.pl\/sklep\/produkt\/regulator-seaking-60a-v3\/"]}]},{"@type":"ImageObject","inLanguage":"pl-PL","@id":"https:\/\/ironsky.pl\/sklep\/produkt\/regulator-seaking-60a-v3\/#primaryimage","url":"https:\/\/ironsky.pl\/sklep\/wp-content\/uploads\/2024\/09\/43627_1.jpg","contentUrl":"https:\/\/ironsky.pl\/sklep\/wp-content\/uploads\/2024\/09\/43627_1.jpg","width":800,"height":800},{"@type":"BreadcrumbList","@id":"https:\/\/ironsky.pl\/sklep\/produkt\/regulator-seaking-60a-v3\/#breadcrumb","itemListElement":[{"@type":"ListItem","position":1,"name":"Strona g\u0142\u00f3wna","item":"https:\/\/ironsky.pl\/sklep\/"},{"@type":"ListItem","position":2,"name":"Wszystkie produkty","item":"https:\/\/ironsky.pl\/sklep\/produkty\/"},{"@type":"ListItem","position":3,"name":"Regulator SEAKING-60A-V3"}]},{"@type":"WebSite","@id":"https:\/\/ironsky.pl\/sklep\/#website","url":"https:\/\/ironsky.pl\/sklep\/","name":"IRONSKY.PL Sklep z Dronami","description":"IRONSKY.PL Sklep z Dronami","potentialAction":[{"@type":"SearchAction","target":{"@type":"EntryPoint","urlTemplate":"https:\/\/ironsky.pl\/sklep\/?s={search_term_string}"},"query-input":{"@type":"PropertyValueSpecification","valueRequired":true,"valueName":"search_term_string"}}],"inLanguage":"pl-PL"}]}},"_links":{"self":[{"href":"https:\/\/ironsky.pl\/sklep\/wp-json\/wp\/v2\/product\/29683","targetHints":{"allow":["GET"]}}],"collection":[{"href":"https:\/\/ironsky.pl\/sklep\/wp-json\/wp\/v2\/product"}],"about":[{"href":"https:\/\/ironsky.pl\/sklep\/wp-json\/wp\/v2\/types\/product"}],"replies":[{"embeddable":true,"href":"https:\/\/ironsky.pl\/sklep\/wp-json\/wp\/v2\/comments?post=29683"}],"wp:featuredmedia":[{"embeddable":true,"href":"https:\/\/ironsky.pl\/sklep\/wp-json\/wp\/v2\/media\/29684"}],"wp:attachment":[{"href":"https:\/\/ironsky.pl\/sklep\/wp-json\/wp\/v2\/media?parent=29683"}],"wp:term":[{"taxonomy":"product_brand","embeddable":true,"href":"https:\/\/ironsky.pl\/sklep\/wp-json\/wp\/v2\/product_brand?post=29683"},{"taxonomy":"product_cat","embeddable":true,"href":"https:\/\/ironsky.pl\/sklep\/wp-json\/wp\/v2\/product_cat?post=29683"},{"taxonomy":"product_tag","embeddable":true,"href":"https:\/\/ironsky.pl\/sklep\/wp-json\/wp\/v2\/product_tag?post=29683"}],"curies":[{"name":"wp","href":"https:\/\/api.w.org\/{rel}","templated":true}]}}