{"id":29677,"date":"2024-09-16T20:57:50","date_gmt":"2024-09-16T18:57:50","guid":{"rendered":"http:\/\/gvshalph.pro-linuxpl.com\/ironskyprodukty\/produkt\/silnik-hobbywing-xerun-3660-sd-3600kv-g2-czarny\/"},"modified":"2026-03-05T15:54:18","modified_gmt":"2026-03-05T14:54:18","slug":"silnik-hobbywing-xerun-3660-sd-3600kv-g2-czarny","status":"publish","type":"product","link":"https:\/\/ironsky.pl\/sklep\/produkt\/silnik-hobbywing-xerun-3660-sd-3600kv-g2-czarny\/","title":{"rendered":"Silnik Hobbywing XERUN 3660 SD, 3600Kv &#8211; G2 &#8211; czarny"},"content":{"rendered":"<h3>Silnik Hobbywing XERUN 3660 SD, 3600Kv &#8211; G2 &#8211; czarny<\/h3>\n<p>Silnik Hobbywing XERUN 3660 SD o mocy 3600Kv to zaawansowane rozwi\u0105zanie dla entuzjast\u00f3w modelarstwa, kt\u00f3re oferuje niezwyk\u0142\u0105 wydajno\u015b\u0107 i precyzyjn\u0105 kontrol\u0119. Dzi\u0119ki trybowi pe\u0142nego czujnika oraz innowacyjnym technologiom ten silnik zapewnia niezr\u00f3wnan\u0105 p\u0142ynno\u015b\u0107 pracy i trwa\u0142o\u015b\u0107. Jest to pierwszy 4-biegunowy silnik ze wbudowanym chipem, kt\u00f3ry umo\u017cliwia regulatorowi pr\u0119dko\u015bci rozpoznanie silnika jako produkt firmy HOBBYWING, tworz\u0105c kompleksowy system wsp\u00f3\u0142pracuj\u0105cy w trybie czujnika przez ca\u0142y czas. Dzi\u0119ki temu u\u017cytkownicy mog\u0105 cieszy\u0107 si\u0119 lepsz\u0105 wydajno\u015bci\u0105 i p\u0142ynniejsz\u0105 kontrol\u0105. Warto jednak pami\u0119ta\u0107, \u017ce pe\u0142na funkcjonalno\u015b\u0107 trybu czujnika jest dost\u0119pna tylko w po\u0142\u0105czeniu ze sterownikami serii XeRun XR8.<\/p>\n<p>\n<img decoding=\"async\" src=\"https:\/\/assets.innpro.pl\/6826\/7952\/1.jpg\" border=\"0\" \/>\n<\/p>\n<h3>Technologia rozrz\u0105du turbo<\/h3>\n<p>Silnik wyposa\u017cony jest w technologi\u0119 rozrz\u0105du turbo, kt\u00f3ra jest szeroko stosowana w wy\u015bcigach On-Road w skali 1\/10. Technologia ta pozwala uwolni\u0107 najwy\u017csz\u0105 moc silnika, zw\u0142aszcza w po\u0142\u0105czeniu z kontrolerami XeRun XR8, co przek\u0142ada si\u0119 na doskona\u0142e osi\u0105gi. Posuw mechaniczny w silniku mo\u017cna regulowa\u0107 w zakresie od 20\u00b0 do 40\u00b0 (domy\u015blnie ustawiony na 30\u00b0). Dzi\u0119ki temu silnik mo\u017ce spe\u0142nia\u0107 r\u00f3\u017cne wymagania dotycz\u0105ce wydajno\u015bci w zale\u017cno\u015bci od rodzaju zastosowania, zar\u00f3wno w kierunku zgodnym, jak i przeciwnym do ruchu wskaz\u00f3wek zegara.<\/p>\n<p>\n<img decoding=\"async\" src=\"https:\/\/assets.innpro.pl\/6826\/7952\/2.jpg\" border=\"0\" \/>\n<\/p>\n<h3>Rozszerzony system czujnik\u00f3w Halla<\/h3>\n<p>Opatentowany \u201ebezb\u0142\u0119dny\u201d czujnik Halla zapewnia stabiln\u0105 prac\u0119 w trybie czujnikowym, wspierany przez dodatkowy, precyzyjny czujnik. Dzi\u0119ki temu u\u017cytkownicy mog\u0105 cieszy\u0107 si\u0119 niezawodn\u0105 i p\u0142ynn\u0105 prac\u0105 silnika. Innowacyjny 4-biegunowy magnes z 8-cz\u0119\u015bciowym wirnikiem, znany jako \u201emagnes z podzia\u0142k\u0105\u201d, zapewnia wyj\u0105tkowo niski efekt \u201ez\u0119b\u00f3w\u201d oraz nisk\u0105 pulsacj\u0119 momentu obrotowego. To rozwi\u0105zanie przek\u0142ada si\u0119 na niespotykan\u0105 p\u0142ynno\u015b\u0107 pr\u0119dko\u015bci obrotowej silnika.<\/p>\n<p>\n<img decoding=\"async\" src=\"https:\/\/assets.innpro.pl\/6826\/7952\/3.jpg\" border=\"0\" \/>\n<\/p>\n<h3>Wysokiej jako\u015bci materia\u0142y i doskona\u0142y design<\/h3>\n<p>Silnik zosta\u0142 wykonany z podw\u00f3jnie izolowanych uzwoje\u0144 wytrzymuj\u0105cych do 200\u00b0C, kleju o wysokiej wytrzyma\u0142o\u015bci do 300\u2103, japo\u0144skich \u0142o\u017cysk oraz blach stalowych powlekanych silikonem. Te materia\u0142y gwarantuj\u0105 doskona\u0142e osi\u0105gi i d\u0142ug\u0105 \u017cywotno\u015b\u0107 silnika. Konstrukcja piasty dzwon\u00f3w przednich i tylnych zmniejsza mas\u0119 silnika, co wp\u0142ywa na jego efektywno\u015b\u0107. Wirnik silnika ma kszta\u0142t turbiny, co przyspiesza wewn\u0119trzny obieg powietrza, skutecznie obni\u017caj\u0105c temperatur\u0119 i utrzymuj\u0105c silnik w niskiej temperaturze pracy. To rozwi\u0105zanie zapobiega przegrzewaniu i zwi\u0119ksza trwa\u0142o\u015b\u0107 urz\u0105dzenia. Silnik G2 XeRun 3652\/3660 w po\u0142\u0105czeniu z kontrolerem Hobbwing XeRun XR8 ESC tworzy idealnie dopasowany zesp\u00f3\u0142 nap\u0119dowy, kt\u00f3ry charakteryzuje si\u0119 wysokim momentem obrotowym oraz p\u0142ynn\u0105 i liniow\u0105 prac\u0105. Dzi\u0119ki temu zestawowi u\u017cytkownicy mog\u0105 cieszy\u0107 si\u0119 niezr\u00f3wnan\u0105 precyzj\u0105 i wydajno\u015bci\u0105.<\/p>\n<p>\n<img decoding=\"async\" src=\"https:\/\/assets.innpro.pl\/6826\/7952\/4.jpg\" border=\"0\" \/>\n<\/p>\n<div class=\"table-wrapper\">\n<p>\u00a0<\/p>\n<h3><\/h3>\n<table>\n<tbody>\n<tr>\n<th>Producent <\/th>\n<td>Hobbywing <\/td>\n<\/tr>\n<tr>\n<th>Model<\/th>\n<td>HW30401151<\/td>\n<\/tr>\n<tr>\n<th>\u015arednica [mm]\t<\/th>\n<td>36<\/td>\n<\/tr>\n<tr>\n<th>D\u0142ugo\u015b\u0107 [mm]\t<\/th>\n<td>62<\/td>\n<\/tr>\n<tr>\n<th>Waga [g]\t<\/th>\n<td>214<\/td>\n<\/tr>\n<tr>\n<th>\u015arednica wa\u0142u [mm]\t<\/th>\n<td>5<\/td>\n<\/tr>\n<tr>\n<th>Pr\u0119dko\u015b\u0107 wolta [obr\/min \/ V]\t<\/th>\n<td>3600<\/td>\n<\/tr>\n<tr>\n<th>Pr\u0105d ja\u0142owy [A]\t<\/th>\n<td>4.1<\/td>\n<\/tr>\n<tr>\n<th>Li-Po [Sztuka]\t<\/th>\n<td>2 &#8211; 3<\/td>\n<\/tr>\n<tr>\n<th>Rezystancja wewn\u0119trzna [mOhm]\t<\/th>\n<td>5,6<\/td>\n<\/tr>\n<tr>\n<th>Czas [\u00b0]\t<\/th>\n<td>20 &#8211; 40<\/td>\n<\/tr>\n<\/tbody>\n<\/table>\n<\/div>\n","protected":false},"excerpt":{"rendered":"<p>Silnik Hobbywing XERUN 3660 SD, 3600Kv &#8211; G2 &#8211; czarny Silnik Hobbywing XERUN 3660 SD o mocy 3600Kv to zaawansowane<\/p>\n","protected":false},"featured_media":29678,"comment_status":"closed","ping_status":"open","template":"","meta":{"_acf_changed":false},"product_brand":[],"product_cat":[1169,1180,1185],"product_tag":[],"class_list":{"0":"post-29677","1":"product","2":"type-product","3":"status-publish","4":"has-post-thumbnail","6":"product_cat-modele-rc","7":"product_cat-napedy","8":"product_cat-silniki-elektryczne","9":"pa_box-height-2578","10":"pa_box-length-4011","11":"pa_box-width-2767","12":"pa_gross-weight-5426","13":"pa_net-weight-5425","14":"pa_typ-bezszczotkowe","16":"first","17":"outofstock","18":"taxable","19":"shipping-taxable","20":"purchasable","21":"product-type-simple"},"acf":[],"yoast_head":"<!-- This site is optimized with the Yoast SEO plugin v27.2 - https:\/\/yoast.com\/product\/yoast-seo-wordpress\/ -->\n<title>Silnik Hobbywing XERUN 3660 SD, 3600Kv - G2 - czarny - IRONSKY.PL Sklep z Dronami<\/title>\n<meta name=\"description\" content=\"Silnik Hobbywing XERUN 3660 SD, 3600Kv - G2 - czarny - \u2705 sklep z dronami i fachowym doradztwem. \u2705 Tutaj kupisz produkty DJI, Yuneec, Parrot, Syma i wiele innych, a tak\u017ce kursy i licencje na operatora drona.\" \/>\n<meta name=\"robots\" content=\"index, follow, max-snippet:-1, max-image-preview:large, max-video-preview:-1\" \/>\n<link rel=\"canonical\" href=\"https:\/\/ironsky.pl\/sklep\/produkt\/silnik-hobbywing-xerun-3660-sd-3600kv-g2-czarny\/\" \/>\n<meta property=\"og:locale\" content=\"pl_PL\" \/>\n<meta property=\"og:type\" content=\"article\" \/>\n<meta property=\"og:title\" content=\"Silnik Hobbywing XERUN 3660 SD, 3600Kv - G2 - czarny - IRONSKY.PL Sklep z Dronami\" \/>\n<meta property=\"og:description\" content=\"Silnik Hobbywing XERUN 3660 SD, 3600Kv - G2 - czarny - \u2705 sklep z dronami i fachowym doradztwem. \u2705 Tutaj kupisz produkty DJI, Yuneec, Parrot, Syma i wiele innych, a tak\u017ce kursy i licencje na operatora drona.\" \/>\n<meta property=\"og:url\" content=\"https:\/\/ironsky.pl\/sklep\/produkt\/silnik-hobbywing-xerun-3660-sd-3600kv-g2-czarny\/\" \/>\n<meta property=\"og:site_name\" content=\"IRONSKY.PL Sklep z Dronami\" \/>\n<meta property=\"article:modified_time\" content=\"2026-03-05T14:54:18+00:00\" \/>\n<meta property=\"og:image\" content=\"https:\/\/ironsky.pl\/sklep\/wp-content\/uploads\/2024\/09\/43625_3.jpg\" \/>\n\t<meta property=\"og:image:width\" content=\"800\" \/>\n\t<meta property=\"og:image:height\" content=\"800\" \/>\n\t<meta property=\"og:image:type\" content=\"image\/jpeg\" \/>\n<meta name=\"twitter:card\" content=\"summary_large_image\" \/>\n<meta name=\"twitter:label1\" content=\"Szacowany czas czytania\" \/>\n\t<meta name=\"twitter:data1\" content=\"2 minuty\" \/>\n<script type=\"application\/ld+json\" class=\"yoast-schema-graph\">{\"@context\":\"https:\/\/schema.org\",\"@graph\":[{\"@type\":\"WebPage\",\"@id\":\"https:\/\/ironsky.pl\/sklep\/produkt\/silnik-hobbywing-xerun-3660-sd-3600kv-g2-czarny\/\",\"url\":\"https:\/\/ironsky.pl\/sklep\/produkt\/silnik-hobbywing-xerun-3660-sd-3600kv-g2-czarny\/\",\"name\":\"Silnik Hobbywing XERUN 3660 SD, 3600Kv - G2 - czarny - IRONSKY.PL Sklep z Dronami\",\"isPartOf\":{\"@id\":\"https:\/\/ironsky.pl\/sklep\/#website\"},\"primaryImageOfPage\":{\"@id\":\"https:\/\/ironsky.pl\/sklep\/produkt\/silnik-hobbywing-xerun-3660-sd-3600kv-g2-czarny\/#primaryimage\"},\"image\":{\"@id\":\"https:\/\/ironsky.pl\/sklep\/produkt\/silnik-hobbywing-xerun-3660-sd-3600kv-g2-czarny\/#primaryimage\"},\"thumbnailUrl\":\"https:\/\/ironsky.pl\/sklep\/wp-content\/uploads\/2024\/09\/43625_3.jpg\",\"datePublished\":\"2024-09-16T18:57:50+00:00\",\"dateModified\":\"2026-03-05T14:54:18+00:00\",\"description\":\"Silnik Hobbywing XERUN 3660 SD, 3600Kv - G2 - czarny - \u2705 sklep z dronami i fachowym doradztwem. \u2705 Tutaj kupisz produkty DJI, Yuneec, Parrot, Syma i wiele innych, a tak\u017ce kursy i licencje na operatora drona.\",\"breadcrumb\":{\"@id\":\"https:\/\/ironsky.pl\/sklep\/produkt\/silnik-hobbywing-xerun-3660-sd-3600kv-g2-czarny\/#breadcrumb\"},\"inLanguage\":\"pl-PL\",\"potentialAction\":[{\"@type\":\"ReadAction\",\"target\":[\"https:\/\/ironsky.pl\/sklep\/produkt\/silnik-hobbywing-xerun-3660-sd-3600kv-g2-czarny\/\"]}]},{\"@type\":\"ImageObject\",\"inLanguage\":\"pl-PL\",\"@id\":\"https:\/\/ironsky.pl\/sklep\/produkt\/silnik-hobbywing-xerun-3660-sd-3600kv-g2-czarny\/#primaryimage\",\"url\":\"https:\/\/ironsky.pl\/sklep\/wp-content\/uploads\/2024\/09\/43625_3.jpg\",\"contentUrl\":\"https:\/\/ironsky.pl\/sklep\/wp-content\/uploads\/2024\/09\/43625_3.jpg\",\"width\":800,\"height\":800},{\"@type\":\"BreadcrumbList\",\"@id\":\"https:\/\/ironsky.pl\/sklep\/produkt\/silnik-hobbywing-xerun-3660-sd-3600kv-g2-czarny\/#breadcrumb\",\"itemListElement\":[{\"@type\":\"ListItem\",\"position\":1,\"name\":\"Strona g\u0142\u00f3wna\",\"item\":\"https:\/\/ironsky.pl\/sklep\/\"},{\"@type\":\"ListItem\",\"position\":2,\"name\":\"Wszystkie produkty\",\"item\":\"https:\/\/ironsky.pl\/sklep\/produkty\/\"},{\"@type\":\"ListItem\",\"position\":3,\"name\":\"Silnik Hobbywing XERUN 3660 SD, 3600Kv &#8211; G2 &#8211; czarny\"}]},{\"@type\":\"WebSite\",\"@id\":\"https:\/\/ironsky.pl\/sklep\/#website\",\"url\":\"https:\/\/ironsky.pl\/sklep\/\",\"name\":\"IRONSKY.PL Sklep z Dronami\",\"description\":\"IRONSKY.PL Sklep z Dronami\",\"potentialAction\":[{\"@type\":\"SearchAction\",\"target\":{\"@type\":\"EntryPoint\",\"urlTemplate\":\"https:\/\/ironsky.pl\/sklep\/?s={search_term_string}\"},\"query-input\":{\"@type\":\"PropertyValueSpecification\",\"valueRequired\":true,\"valueName\":\"search_term_string\"}}],\"inLanguage\":\"pl-PL\"}]}<\/script>\n<!-- \/ Yoast SEO plugin. -->","yoast_head_json":{"title":"Silnik Hobbywing XERUN 3660 SD, 3600Kv - G2 - czarny - IRONSKY.PL Sklep z Dronami","description":"Silnik Hobbywing XERUN 3660 SD, 3600Kv - G2 - czarny - \u2705 sklep z dronami i fachowym doradztwem. \u2705 Tutaj kupisz produkty DJI, Yuneec, Parrot, Syma i wiele innych, a tak\u017ce kursy i licencje na operatora drona.","robots":{"index":"index","follow":"follow","max-snippet":"max-snippet:-1","max-image-preview":"max-image-preview:large","max-video-preview":"max-video-preview:-1"},"canonical":"https:\/\/ironsky.pl\/sklep\/produkt\/silnik-hobbywing-xerun-3660-sd-3600kv-g2-czarny\/","og_locale":"pl_PL","og_type":"article","og_title":"Silnik Hobbywing XERUN 3660 SD, 3600Kv - G2 - czarny - IRONSKY.PL Sklep z Dronami","og_description":"Silnik Hobbywing XERUN 3660 SD, 3600Kv - G2 - czarny - \u2705 sklep z dronami i fachowym doradztwem. \u2705 Tutaj kupisz produkty DJI, Yuneec, Parrot, Syma i wiele innych, a tak\u017ce kursy i licencje na operatora drona.","og_url":"https:\/\/ironsky.pl\/sklep\/produkt\/silnik-hobbywing-xerun-3660-sd-3600kv-g2-czarny\/","og_site_name":"IRONSKY.PL Sklep z Dronami","article_modified_time":"2026-03-05T14:54:18+00:00","og_image":[{"width":800,"height":800,"url":"https:\/\/ironsky.pl\/sklep\/wp-content\/uploads\/2024\/09\/43625_3.jpg","type":"image\/jpeg"}],"twitter_card":"summary_large_image","twitter_misc":{"Szacowany czas czytania":"2 minuty"},"schema":{"@context":"https:\/\/schema.org","@graph":[{"@type":"WebPage","@id":"https:\/\/ironsky.pl\/sklep\/produkt\/silnik-hobbywing-xerun-3660-sd-3600kv-g2-czarny\/","url":"https:\/\/ironsky.pl\/sklep\/produkt\/silnik-hobbywing-xerun-3660-sd-3600kv-g2-czarny\/","name":"Silnik Hobbywing XERUN 3660 SD, 3600Kv - G2 - czarny - IRONSKY.PL Sklep z Dronami","isPartOf":{"@id":"https:\/\/ironsky.pl\/sklep\/#website"},"primaryImageOfPage":{"@id":"https:\/\/ironsky.pl\/sklep\/produkt\/silnik-hobbywing-xerun-3660-sd-3600kv-g2-czarny\/#primaryimage"},"image":{"@id":"https:\/\/ironsky.pl\/sklep\/produkt\/silnik-hobbywing-xerun-3660-sd-3600kv-g2-czarny\/#primaryimage"},"thumbnailUrl":"https:\/\/ironsky.pl\/sklep\/wp-content\/uploads\/2024\/09\/43625_3.jpg","datePublished":"2024-09-16T18:57:50+00:00","dateModified":"2026-03-05T14:54:18+00:00","description":"Silnik Hobbywing XERUN 3660 SD, 3600Kv - G2 - czarny - \u2705 sklep z dronami i fachowym doradztwem. \u2705 Tutaj kupisz produkty DJI, Yuneec, Parrot, Syma i wiele innych, a tak\u017ce kursy i licencje na operatora drona.","breadcrumb":{"@id":"https:\/\/ironsky.pl\/sklep\/produkt\/silnik-hobbywing-xerun-3660-sd-3600kv-g2-czarny\/#breadcrumb"},"inLanguage":"pl-PL","potentialAction":[{"@type":"ReadAction","target":["https:\/\/ironsky.pl\/sklep\/produkt\/silnik-hobbywing-xerun-3660-sd-3600kv-g2-czarny\/"]}]},{"@type":"ImageObject","inLanguage":"pl-PL","@id":"https:\/\/ironsky.pl\/sklep\/produkt\/silnik-hobbywing-xerun-3660-sd-3600kv-g2-czarny\/#primaryimage","url":"https:\/\/ironsky.pl\/sklep\/wp-content\/uploads\/2024\/09\/43625_3.jpg","contentUrl":"https:\/\/ironsky.pl\/sklep\/wp-content\/uploads\/2024\/09\/43625_3.jpg","width":800,"height":800},{"@type":"BreadcrumbList","@id":"https:\/\/ironsky.pl\/sklep\/produkt\/silnik-hobbywing-xerun-3660-sd-3600kv-g2-czarny\/#breadcrumb","itemListElement":[{"@type":"ListItem","position":1,"name":"Strona g\u0142\u00f3wna","item":"https:\/\/ironsky.pl\/sklep\/"},{"@type":"ListItem","position":2,"name":"Wszystkie produkty","item":"https:\/\/ironsky.pl\/sklep\/produkty\/"},{"@type":"ListItem","position":3,"name":"Silnik Hobbywing XERUN 3660 SD, 3600Kv &#8211; G2 &#8211; czarny"}]},{"@type":"WebSite","@id":"https:\/\/ironsky.pl\/sklep\/#website","url":"https:\/\/ironsky.pl\/sklep\/","name":"IRONSKY.PL Sklep z Dronami","description":"IRONSKY.PL Sklep z Dronami","potentialAction":[{"@type":"SearchAction","target":{"@type":"EntryPoint","urlTemplate":"https:\/\/ironsky.pl\/sklep\/?s={search_term_string}"},"query-input":{"@type":"PropertyValueSpecification","valueRequired":true,"valueName":"search_term_string"}}],"inLanguage":"pl-PL"}]}},"_links":{"self":[{"href":"https:\/\/ironsky.pl\/sklep\/wp-json\/wp\/v2\/product\/29677","targetHints":{"allow":["GET"]}}],"collection":[{"href":"https:\/\/ironsky.pl\/sklep\/wp-json\/wp\/v2\/product"}],"about":[{"href":"https:\/\/ironsky.pl\/sklep\/wp-json\/wp\/v2\/types\/product"}],"replies":[{"embeddable":true,"href":"https:\/\/ironsky.pl\/sklep\/wp-json\/wp\/v2\/comments?post=29677"}],"wp:featuredmedia":[{"embeddable":true,"href":"https:\/\/ironsky.pl\/sklep\/wp-json\/wp\/v2\/media\/29678"}],"wp:attachment":[{"href":"https:\/\/ironsky.pl\/sklep\/wp-json\/wp\/v2\/media?parent=29677"}],"wp:term":[{"taxonomy":"product_brand","embeddable":true,"href":"https:\/\/ironsky.pl\/sklep\/wp-json\/wp\/v2\/product_brand?post=29677"},{"taxonomy":"product_cat","embeddable":true,"href":"https:\/\/ironsky.pl\/sklep\/wp-json\/wp\/v2\/product_cat?post=29677"},{"taxonomy":"product_tag","embeddable":true,"href":"https:\/\/ironsky.pl\/sklep\/wp-json\/wp\/v2\/product_tag?post=29677"}],"curies":[{"name":"wp","href":"https:\/\/api.w.org\/{rel}","templated":true}]}}