{"id":28850,"date":"2024-09-16T20:41:48","date_gmt":"2024-09-16T18:41:48","guid":{"rendered":"http:\/\/gvshalph.pro-linuxpl.com\/ironskyprodukty\/produkt\/bateria-lipo-gens-ace-saddle-airsoft-gun-1200mah-11-1v-3s1p-25c\/"},"modified":"2026-03-05T15:53:50","modified_gmt":"2026-03-05T14:53:50","slug":"bateria-lipo-gens-ace-saddle-airsoft-gun-1200mah-11-1v-3s1p-25c","status":"publish","type":"product","link":"https:\/\/ironsky.pl\/sklep\/produkt\/bateria-lipo-gens-ace-saddle-airsoft-gun-1200mah-11-1v-3s1p-25c\/","title":{"rendered":"Bateria Lipo GENS ACE SADDLE AIRSOFT GUN 1200mAh 11.1V 3S1P 25C"},"content":{"rendered":"<h3>Bateria Lipo GENS ACE SADDLE AIRSOFT GUN 1200mAh 11.1V 3S1P 25C<\/h3>\n<p><p>Bateria Lipo GENS ACE SADDLE AIRSOFT GUN cechuje si\u0119 pojemno\u015bci\u0105 1200 mAh i jest wyposa\u017cona we wtyczk\u0119 Mini-Tamiya. Zosta\u0142a stworzona specjalnie z my\u015bl\u0105 o zasilaniu broni typu AirSoft \u2013 bez utraty mocy. Nadaje si\u0119 do rur buforowych i AEG, w kt\u00f3rych miejsce na akumulator jest ograniczone. Sprawdza si\u0119 w wypadku magazynk\u00f3w CRANE i pasuje do M4, M16, HK416 i nie tylko.<\/p>\n<\/p>\n<p><img decoding=\"async\" src=\"https:\/\/assets.innpro.pl\/4323\/4854\/1.jpg\" border=\"0\" alt=\"\"><\/p>\n<div class=\"table-wrapper\">\n<p>&nbsp;<\/p>\n<h3><\/h3>\n<table>\n<tbody>\n<tr>\n<th>Producent<\/th>\n<td>Gens Ace<\/td>\n<\/tr>\n<tr>\n<th>Nazwa<\/th>\n<td>GENS ACE SADDLE AIRSOFT GUN<\/td>\n<\/tr>\n<tr>\n<th>Model<\/th>\n<td>GEA12003S25T2<\/td>\n<\/tr>\n<tr>\n<th>Rodzaj ogniwa<\/th>\n<td>Litowo-polimerowe<\/td>\n<\/tr>\n<tr>\n<th>Pojemno\u015b\u0107<\/th>\n<td>1200 mAh<\/td>\n<\/tr>\n<tr>\n<th>Napi\u0119cie<\/th>\n<td>3S 11,1 V<\/td>\n<\/tr>\n<tr>\n<th>Wsp\u00f3\u0142czynnik roz\u0142adowania<\/th>\n<td>25C<\/td>\n<\/tr>\n<tr>\n<th>Z\u0142\u0105cze<\/th>\n<td>Wtyczka Mini-Tamiya<\/td>\n<\/tr>\n<tr>\n<th>Po\u0142\u0105czenie r\u00f3wnoleg\u0142e<\/th>\n<td>1<\/td>\n<\/tr>\n<tr>\n<th>\u015arednica przewodu<\/th>\n<td>16#<\/td>\n<\/tr>\n<tr>\n<th>D\u0142ugo\u015b\u0107 przewodu (C\/D)<\/th>\n<td>45 mm \/ 85 mm<\/td>\n<\/tr>\n<tr>\n<th>Typ z\u0142\u0105cza balansera<\/th>\n<td>JST-XH<\/td>\n<\/tr>\n<tr>\n<th>Wymiary<\/th>\n<td>Ok. 126 x 22 x 16 mm<\/td>\n<\/tr>\n<tr>\n<th>Waga<\/th>\n<td>Ok. 87 g<\/td>\n<\/tr>\n<\/tbody>\n<\/table>\n<\/div>\n","protected":false},"excerpt":{"rendered":"<p>Bateria Lipo GENS ACE SADDLE AIRSOFT GUN 1200mAh 11.1V 3S1P 25C Bateria Lipo GENS ACE SADDLE AIRSOFT GUN cechuje si\u0119<\/p>\n","protected":false},"featured_media":28851,"comment_status":"closed","ping_status":"open","template":"","meta":{"_acf_changed":false},"product_brand":[],"product_cat":[1183,1182,1169],"product_tag":[],"class_list":{"0":"post-28850","1":"product","2":"type-product","3":"status-publish","4":"has-post-thumbnail","6":"product_cat-litowe-i-nimh","7":"product_cat-akumulatory","8":"product_cat-modele-rc","9":"pa_box-height-1796","10":"pa_box-length-2782","11":"pa_box-width-2955","12":"pa_gross-weight-2753","13":"pa_hs-code-1427","14":"pa_napiecie-v-11-1","15":"pa_net-weight-2166","16":"pa_pojemnosc-mah-4781","17":"pa_prad-rozladowania-c-4782","18":"pa_waga-g-1313","20":"first","21":"outofstock","22":"taxable","23":"shipping-taxable","24":"purchasable","25":"product-type-simple"},"acf":[],"yoast_head":"<!-- This site is optimized with the Yoast SEO plugin v27.2 - https:\/\/yoast.com\/product\/yoast-seo-wordpress\/ -->\n<title>Bateria Lipo GENS ACE SADDLE AIRSOFT GUN 1200mAh 11.1V 3S1P 25C - IRONSKY.PL Sklep z Dronami<\/title>\n<meta name=\"description\" content=\"Bateria Lipo GENS ACE SADDLE AIRSOFT GUN 1200mAh 11.1V 3S1P 25C - \u2705 sklep z dronami i fachowym doradztwem. \u2705 Tutaj kupisz produkty DJI, Yuneec, Parrot, Syma i wiele innych, a tak\u017ce kursy i licencje na operatora drona.\" \/>\n<meta name=\"robots\" content=\"index, follow, max-snippet:-1, max-image-preview:large, max-video-preview:-1\" \/>\n<link rel=\"canonical\" href=\"https:\/\/ironsky.pl\/sklep\/produkt\/bateria-lipo-gens-ace-saddle-airsoft-gun-1200mah-11-1v-3s1p-25c\/\" \/>\n<meta property=\"og:locale\" content=\"pl_PL\" \/>\n<meta property=\"og:type\" content=\"article\" \/>\n<meta property=\"og:title\" content=\"Bateria Lipo GENS ACE SADDLE AIRSOFT GUN 1200mAh 11.1V 3S1P 25C - IRONSKY.PL Sklep z Dronami\" \/>\n<meta property=\"og:description\" content=\"Bateria Lipo GENS ACE SADDLE AIRSOFT GUN 1200mAh 11.1V 3S1P 25C - \u2705 sklep z dronami i fachowym doradztwem. \u2705 Tutaj kupisz produkty DJI, Yuneec, Parrot, Syma i wiele innych, a tak\u017ce kursy i licencje na operatora drona.\" \/>\n<meta property=\"og:url\" content=\"https:\/\/ironsky.pl\/sklep\/produkt\/bateria-lipo-gens-ace-saddle-airsoft-gun-1200mah-11-1v-3s1p-25c\/\" \/>\n<meta property=\"og:site_name\" content=\"IRONSKY.PL Sklep z Dronami\" \/>\n<meta property=\"article:modified_time\" content=\"2026-03-05T14:53:50+00:00\" \/>\n<meta property=\"og:image\" content=\"https:\/\/ironsky.pl\/sklep\/wp-content\/uploads\/2024\/09\/38090_1.jpg\" \/>\n\t<meta property=\"og:image:width\" content=\"800\" \/>\n\t<meta property=\"og:image:height\" content=\"800\" \/>\n\t<meta property=\"og:image:type\" content=\"image\/jpeg\" \/>\n<meta name=\"twitter:card\" content=\"summary_large_image\" \/>\n<meta name=\"twitter:label1\" content=\"Szacowany czas czytania\" \/>\n\t<meta name=\"twitter:data1\" content=\"1 minuta\" \/>\n<script type=\"application\/ld+json\" class=\"yoast-schema-graph\">{\"@context\":\"https:\/\/schema.org\",\"@graph\":[{\"@type\":\"WebPage\",\"@id\":\"https:\/\/ironsky.pl\/sklep\/produkt\/bateria-lipo-gens-ace-saddle-airsoft-gun-1200mah-11-1v-3s1p-25c\/\",\"url\":\"https:\/\/ironsky.pl\/sklep\/produkt\/bateria-lipo-gens-ace-saddle-airsoft-gun-1200mah-11-1v-3s1p-25c\/\",\"name\":\"Bateria Lipo GENS ACE SADDLE AIRSOFT GUN 1200mAh 11.1V 3S1P 25C - IRONSKY.PL Sklep z Dronami\",\"isPartOf\":{\"@id\":\"https:\/\/ironsky.pl\/sklep\/#website\"},\"primaryImageOfPage\":{\"@id\":\"https:\/\/ironsky.pl\/sklep\/produkt\/bateria-lipo-gens-ace-saddle-airsoft-gun-1200mah-11-1v-3s1p-25c\/#primaryimage\"},\"image\":{\"@id\":\"https:\/\/ironsky.pl\/sklep\/produkt\/bateria-lipo-gens-ace-saddle-airsoft-gun-1200mah-11-1v-3s1p-25c\/#primaryimage\"},\"thumbnailUrl\":\"https:\/\/ironsky.pl\/sklep\/wp-content\/uploads\/2024\/09\/38090_1.jpg\",\"datePublished\":\"2024-09-16T18:41:48+00:00\",\"dateModified\":\"2026-03-05T14:53:50+00:00\",\"description\":\"Bateria Lipo GENS ACE SADDLE AIRSOFT GUN 1200mAh 11.1V 3S1P 25C - \u2705 sklep z dronami i fachowym doradztwem. \u2705 Tutaj kupisz produkty DJI, Yuneec, Parrot, Syma i wiele innych, a tak\u017ce kursy i licencje na operatora drona.\",\"breadcrumb\":{\"@id\":\"https:\/\/ironsky.pl\/sklep\/produkt\/bateria-lipo-gens-ace-saddle-airsoft-gun-1200mah-11-1v-3s1p-25c\/#breadcrumb\"},\"inLanguage\":\"pl-PL\",\"potentialAction\":[{\"@type\":\"ReadAction\",\"target\":[\"https:\/\/ironsky.pl\/sklep\/produkt\/bateria-lipo-gens-ace-saddle-airsoft-gun-1200mah-11-1v-3s1p-25c\/\"]}]},{\"@type\":\"ImageObject\",\"inLanguage\":\"pl-PL\",\"@id\":\"https:\/\/ironsky.pl\/sklep\/produkt\/bateria-lipo-gens-ace-saddle-airsoft-gun-1200mah-11-1v-3s1p-25c\/#primaryimage\",\"url\":\"https:\/\/ironsky.pl\/sklep\/wp-content\/uploads\/2024\/09\/38090_1.jpg\",\"contentUrl\":\"https:\/\/ironsky.pl\/sklep\/wp-content\/uploads\/2024\/09\/38090_1.jpg\",\"width\":800,\"height\":800},{\"@type\":\"BreadcrumbList\",\"@id\":\"https:\/\/ironsky.pl\/sklep\/produkt\/bateria-lipo-gens-ace-saddle-airsoft-gun-1200mah-11-1v-3s1p-25c\/#breadcrumb\",\"itemListElement\":[{\"@type\":\"ListItem\",\"position\":1,\"name\":\"Strona g\u0142\u00f3wna\",\"item\":\"https:\/\/ironsky.pl\/sklep\/\"},{\"@type\":\"ListItem\",\"position\":2,\"name\":\"Wszystkie produkty\",\"item\":\"https:\/\/ironsky.pl\/sklep\/produkty\/\"},{\"@type\":\"ListItem\",\"position\":3,\"name\":\"Bateria Lipo GENS ACE SADDLE AIRSOFT GUN 1200mAh 11.1V 3S1P 25C\"}]},{\"@type\":\"WebSite\",\"@id\":\"https:\/\/ironsky.pl\/sklep\/#website\",\"url\":\"https:\/\/ironsky.pl\/sklep\/\",\"name\":\"IRONSKY.PL Sklep z Dronami\",\"description\":\"IRONSKY.PL Sklep z Dronami\",\"potentialAction\":[{\"@type\":\"SearchAction\",\"target\":{\"@type\":\"EntryPoint\",\"urlTemplate\":\"https:\/\/ironsky.pl\/sklep\/?s={search_term_string}\"},\"query-input\":{\"@type\":\"PropertyValueSpecification\",\"valueRequired\":true,\"valueName\":\"search_term_string\"}}],\"inLanguage\":\"pl-PL\"}]}<\/script>\n<!-- \/ Yoast SEO plugin. -->","yoast_head_json":{"title":"Bateria Lipo GENS ACE SADDLE AIRSOFT GUN 1200mAh 11.1V 3S1P 25C - IRONSKY.PL Sklep z Dronami","description":"Bateria Lipo GENS ACE SADDLE AIRSOFT GUN 1200mAh 11.1V 3S1P 25C - \u2705 sklep z dronami i fachowym doradztwem. \u2705 Tutaj kupisz produkty DJI, Yuneec, Parrot, Syma i wiele innych, a tak\u017ce kursy i licencje na operatora drona.","robots":{"index":"index","follow":"follow","max-snippet":"max-snippet:-1","max-image-preview":"max-image-preview:large","max-video-preview":"max-video-preview:-1"},"canonical":"https:\/\/ironsky.pl\/sklep\/produkt\/bateria-lipo-gens-ace-saddle-airsoft-gun-1200mah-11-1v-3s1p-25c\/","og_locale":"pl_PL","og_type":"article","og_title":"Bateria Lipo GENS ACE SADDLE AIRSOFT GUN 1200mAh 11.1V 3S1P 25C - IRONSKY.PL Sklep z Dronami","og_description":"Bateria Lipo GENS ACE SADDLE AIRSOFT GUN 1200mAh 11.1V 3S1P 25C - \u2705 sklep z dronami i fachowym doradztwem. \u2705 Tutaj kupisz produkty DJI, Yuneec, Parrot, Syma i wiele innych, a tak\u017ce kursy i licencje na operatora drona.","og_url":"https:\/\/ironsky.pl\/sklep\/produkt\/bateria-lipo-gens-ace-saddle-airsoft-gun-1200mah-11-1v-3s1p-25c\/","og_site_name":"IRONSKY.PL Sklep z Dronami","article_modified_time":"2026-03-05T14:53:50+00:00","og_image":[{"width":800,"height":800,"url":"https:\/\/ironsky.pl\/sklep\/wp-content\/uploads\/2024\/09\/38090_1.jpg","type":"image\/jpeg"}],"twitter_card":"summary_large_image","twitter_misc":{"Szacowany czas czytania":"1 minuta"},"schema":{"@context":"https:\/\/schema.org","@graph":[{"@type":"WebPage","@id":"https:\/\/ironsky.pl\/sklep\/produkt\/bateria-lipo-gens-ace-saddle-airsoft-gun-1200mah-11-1v-3s1p-25c\/","url":"https:\/\/ironsky.pl\/sklep\/produkt\/bateria-lipo-gens-ace-saddle-airsoft-gun-1200mah-11-1v-3s1p-25c\/","name":"Bateria Lipo GENS ACE SADDLE AIRSOFT GUN 1200mAh 11.1V 3S1P 25C - IRONSKY.PL Sklep z Dronami","isPartOf":{"@id":"https:\/\/ironsky.pl\/sklep\/#website"},"primaryImageOfPage":{"@id":"https:\/\/ironsky.pl\/sklep\/produkt\/bateria-lipo-gens-ace-saddle-airsoft-gun-1200mah-11-1v-3s1p-25c\/#primaryimage"},"image":{"@id":"https:\/\/ironsky.pl\/sklep\/produkt\/bateria-lipo-gens-ace-saddle-airsoft-gun-1200mah-11-1v-3s1p-25c\/#primaryimage"},"thumbnailUrl":"https:\/\/ironsky.pl\/sklep\/wp-content\/uploads\/2024\/09\/38090_1.jpg","datePublished":"2024-09-16T18:41:48+00:00","dateModified":"2026-03-05T14:53:50+00:00","description":"Bateria Lipo GENS ACE SADDLE AIRSOFT GUN 1200mAh 11.1V 3S1P 25C - \u2705 sklep z dronami i fachowym doradztwem. \u2705 Tutaj kupisz produkty DJI, Yuneec, Parrot, Syma i wiele innych, a tak\u017ce kursy i licencje na operatora drona.","breadcrumb":{"@id":"https:\/\/ironsky.pl\/sklep\/produkt\/bateria-lipo-gens-ace-saddle-airsoft-gun-1200mah-11-1v-3s1p-25c\/#breadcrumb"},"inLanguage":"pl-PL","potentialAction":[{"@type":"ReadAction","target":["https:\/\/ironsky.pl\/sklep\/produkt\/bateria-lipo-gens-ace-saddle-airsoft-gun-1200mah-11-1v-3s1p-25c\/"]}]},{"@type":"ImageObject","inLanguage":"pl-PL","@id":"https:\/\/ironsky.pl\/sklep\/produkt\/bateria-lipo-gens-ace-saddle-airsoft-gun-1200mah-11-1v-3s1p-25c\/#primaryimage","url":"https:\/\/ironsky.pl\/sklep\/wp-content\/uploads\/2024\/09\/38090_1.jpg","contentUrl":"https:\/\/ironsky.pl\/sklep\/wp-content\/uploads\/2024\/09\/38090_1.jpg","width":800,"height":800},{"@type":"BreadcrumbList","@id":"https:\/\/ironsky.pl\/sklep\/produkt\/bateria-lipo-gens-ace-saddle-airsoft-gun-1200mah-11-1v-3s1p-25c\/#breadcrumb","itemListElement":[{"@type":"ListItem","position":1,"name":"Strona g\u0142\u00f3wna","item":"https:\/\/ironsky.pl\/sklep\/"},{"@type":"ListItem","position":2,"name":"Wszystkie produkty","item":"https:\/\/ironsky.pl\/sklep\/produkty\/"},{"@type":"ListItem","position":3,"name":"Bateria Lipo GENS ACE SADDLE AIRSOFT GUN 1200mAh 11.1V 3S1P 25C"}]},{"@type":"WebSite","@id":"https:\/\/ironsky.pl\/sklep\/#website","url":"https:\/\/ironsky.pl\/sklep\/","name":"IRONSKY.PL Sklep z Dronami","description":"IRONSKY.PL Sklep z Dronami","potentialAction":[{"@type":"SearchAction","target":{"@type":"EntryPoint","urlTemplate":"https:\/\/ironsky.pl\/sklep\/?s={search_term_string}"},"query-input":{"@type":"PropertyValueSpecification","valueRequired":true,"valueName":"search_term_string"}}],"inLanguage":"pl-PL"}]}},"_links":{"self":[{"href":"https:\/\/ironsky.pl\/sklep\/wp-json\/wp\/v2\/product\/28850","targetHints":{"allow":["GET"]}}],"collection":[{"href":"https:\/\/ironsky.pl\/sklep\/wp-json\/wp\/v2\/product"}],"about":[{"href":"https:\/\/ironsky.pl\/sklep\/wp-json\/wp\/v2\/types\/product"}],"replies":[{"embeddable":true,"href":"https:\/\/ironsky.pl\/sklep\/wp-json\/wp\/v2\/comments?post=28850"}],"wp:featuredmedia":[{"embeddable":true,"href":"https:\/\/ironsky.pl\/sklep\/wp-json\/wp\/v2\/media\/28851"}],"wp:attachment":[{"href":"https:\/\/ironsky.pl\/sklep\/wp-json\/wp\/v2\/media?parent=28850"}],"wp:term":[{"taxonomy":"product_brand","embeddable":true,"href":"https:\/\/ironsky.pl\/sklep\/wp-json\/wp\/v2\/product_brand?post=28850"},{"taxonomy":"product_cat","embeddable":true,"href":"https:\/\/ironsky.pl\/sklep\/wp-json\/wp\/v2\/product_cat?post=28850"},{"taxonomy":"product_tag","embeddable":true,"href":"https:\/\/ironsky.pl\/sklep\/wp-json\/wp\/v2\/product_tag?post=28850"}],"curies":[{"name":"wp","href":"https:\/\/api.w.org\/{rel}","templated":true}]}}