{"id":28559,"date":"2024-09-16T20:37:34","date_gmt":"2024-09-16T18:37:34","guid":{"rendered":"http:\/\/gvshalph.pro-linuxpl.com\/ironskyprodukty\/produkt\/odbiornik-flysky-fs-r7p-7-kanalow-afhds-3\/"},"modified":"2026-03-05T15:53:40","modified_gmt":"2026-03-05T14:53:40","slug":"odbiornik-flysky-fs-r7p-7-kanalow-afhds-3","status":"publish","type":"product","link":"https:\/\/ironsky.pl\/sklep\/produkt\/odbiornik-flysky-fs-r7p-7-kanalow-afhds-3\/","title":{"rendered":"Odbiornik FlySky FS-R7P, 7 kana\u0142\u00f3w AFHDS 3"},"content":{"rendered":"<h3>Odbiornik FlySky FS-R7P<\/h3>\n<p>7-kana\u0142owy odbiornik FS-R7P pracuje z cz\u0119stotliwo\u015bci\u0105 wynosz\u0105c\u0105 2.4 GHz. Wyr\u00f3\u017cnia si\u0119 zasi\u0119giem si\u0119gaj\u0105cym nawet 300 m na powierzchni. Jego wymiary wynosz\u0105 zaledwie 35 x 23.3 x 13.3 mm, a waga \u2013 jedynie 8 g. Zaprojektowany zosta\u0142 dla nadajnik\u00f3w FS-G4P i FS-G7P i korzysta ze stabilnego protoko\u0142u ANT. Obs\u0142uguje wska\u017anik mocy RSSI i zapewnia wodoszczelno\u015b\u0107 na poziomie PPX4.<\/p>\n<p><img decoding=\"async\" src=\"https:\/\/b2b.innpro.pl\/data\/include\/cms\/FlySky\/FS-R7P\/5.jpg\"><\/p>\n<div class=\"table-wrapper\">\n<table>\n<tbody>\n<tr>\n<th>Producent<\/th>\n<td>FlySky<\/td>\n<\/tr>\n<tr>\n<th>Model<\/th>\n<td>FS-R7P<\/td>\n<\/tr>\n<tr>\n<th>Ilo\u015b\u0107 kana\u0142\u00f3w PWM<\/th>\n<td>7<\/td>\n<\/tr>\n<tr>\n<th>Cz\u0119stotliwo\u015b\u0107 bezprzewodowa<\/th>\n<td>2.4GHz <\/td>\n<\/tr>\n<tr>\n<th>Protok\u00f3\u0142<\/th>\n<td>ANT<\/td>\n<\/tr>\n<tr>\n<th>Zasi\u0119g <\/th>\n<td>do 300 m (na powierzchni)<\/td>\n<\/tr>\n<tr>\n<th>Moc<\/th>\n<td>20dBm (maks.)<\/td>\n<\/tr>\n<tr>\n<th>Antena<\/th>\n<td>Pojedyncza<\/td>\n<\/tr>\n<tr>\n<th>Moc wej\u015bciowa<\/th>\n<td>3.5-8.4V\/DC<\/td>\n<\/tr>\n<tr>\n<th>RSSI<\/th>\n<td>Obs\u0142ugiwane<\/td>\n<\/tr>\n<tr>\n<th>Sygna\u0142 wyj\u015bciowy<\/th>\n<td>PWM<\/td>\n<\/tr>\n<tr>\n<th>Temperatura robocza <\/th>\n<td>od -10\u2103 do 60\u2103 <\/td>\n<\/tr>\n<tr>\n<th>Zakres wilgotno\u015bci<\/th>\n<td>od 20% do 95% <\/td>\n<\/tr>\n<tr>\n<th>Poziom wodoszczelno\u015bci<\/th>\n<td>PPX4<\/td>\n<\/tr>\n<tr>\n<th>Aktualizacja online <\/th>\n<td>Tak<\/td>\n<\/tr>\n<tr>\n<th>Wymiary<\/th>\n<td>35 x 23.3 x 13.3 mm<\/td>\n<\/tr>\n<tr>\n<th>Waga<\/th>\n<td>8 g<\/td>\n<\/tr>\n<tr>\n<th>Certyfikaty<\/th>\n<td>CE, FCC ID:2A2UNR7P00<\/td>\n<\/tr>\n<tr>\n<th>Kompatybilno\u015b\u0107<\/th>\n<td>FS-G4P i FS-G7P<\/td>\n<\/tr>\n<\/tbody>\n<\/table>\n<\/div>\n","protected":false},"excerpt":{"rendered":"<p>Odbiornik FlySky FS-R7P 7-kana\u0142owy odbiornik FS-R7P pracuje z cz\u0119stotliwo\u015bci\u0105 wynosz\u0105c\u0105 2.4 GHz. Wyr\u00f3\u017cnia si\u0119 zasi\u0119giem si\u0119gaj\u0105cym nawet 300 m na<\/p>\n","protected":false},"featured_media":28560,"comment_status":"closed","ping_status":"open","template":"","meta":{"_acf_changed":false},"product_brand":[],"product_cat":[1177,1169,1179],"product_tag":[],"class_list":{"0":"post-28559","1":"product","2":"type-product","3":"status-publish","4":"has-post-thumbnail","6":"product_cat-aparatury","7":"product_cat-modele-rc","8":"product_cat-odbiorniki","9":"pa_box-height-1573","10":"pa_box-length-3375","11":"pa_box-width-2888","12":"pa_gross-weight-1569","13":"pa_hs-code-1413","14":"pa_ilosc-kanalow-3263","15":"pa_net-weight-1571","16":"pa_waga-netto-g-1570","18":"first","19":"outofstock","20":"taxable","21":"shipping-taxable","22":"purchasable","23":"product-type-simple"},"acf":[],"yoast_head":"<!-- This site is optimized with the Yoast SEO plugin v27.2 - https:\/\/yoast.com\/product\/yoast-seo-wordpress\/ -->\n<title>Odbiornik FlySky FS-R7P, 7 kana\u0142\u00f3w AFHDS 3 - IRONSKY.PL Sklep z Dronami<\/title>\n<meta name=\"description\" content=\"Odbiornik FlySky FS-R7P, 7 kana\u0142\u00f3w AFHDS 3 - \u2705 sklep z dronami i fachowym doradztwem. \u2705 Tutaj kupisz produkty DJI, Yuneec, Parrot, Syma i wiele innych, a tak\u017ce kursy i licencje na operatora drona.\" \/>\n<meta name=\"robots\" content=\"index, follow, max-snippet:-1, max-image-preview:large, max-video-preview:-1\" \/>\n<link rel=\"canonical\" href=\"https:\/\/ironsky.pl\/sklep\/produkt\/odbiornik-flysky-fs-r7p-7-kanalow-afhds-3\/\" \/>\n<meta property=\"og:locale\" content=\"pl_PL\" \/>\n<meta property=\"og:type\" content=\"article\" \/>\n<meta property=\"og:title\" content=\"Odbiornik FlySky FS-R7P, 7 kana\u0142\u00f3w AFHDS 3 - IRONSKY.PL Sklep z Dronami\" \/>\n<meta property=\"og:description\" content=\"Odbiornik FlySky FS-R7P, 7 kana\u0142\u00f3w AFHDS 3 - \u2705 sklep z dronami i fachowym doradztwem. \u2705 Tutaj kupisz produkty DJI, Yuneec, Parrot, Syma i wiele innych, a tak\u017ce kursy i licencje na operatora drona.\" \/>\n<meta property=\"og:url\" content=\"https:\/\/ironsky.pl\/sklep\/produkt\/odbiornik-flysky-fs-r7p-7-kanalow-afhds-3\/\" \/>\n<meta property=\"og:site_name\" content=\"IRONSKY.PL Sklep z Dronami\" \/>\n<meta property=\"article:modified_time\" content=\"2026-03-05T14:53:40+00:00\" \/>\n<meta property=\"og:image\" content=\"https:\/\/ironsky.pl\/sklep\/wp-content\/uploads\/2024\/09\/28670_1.jpg\" \/>\n\t<meta property=\"og:image:width\" content=\"800\" \/>\n\t<meta property=\"og:image:height\" content=\"798\" \/>\n\t<meta property=\"og:image:type\" content=\"image\/jpeg\" \/>\n<meta name=\"twitter:card\" content=\"summary_large_image\" \/>\n<meta name=\"twitter:label1\" content=\"Szacowany czas czytania\" \/>\n\t<meta name=\"twitter:data1\" content=\"1 minuta\" \/>\n<script type=\"application\/ld+json\" class=\"yoast-schema-graph\">{\"@context\":\"https:\/\/schema.org\",\"@graph\":[{\"@type\":\"WebPage\",\"@id\":\"https:\/\/ironsky.pl\/sklep\/produkt\/odbiornik-flysky-fs-r7p-7-kanalow-afhds-3\/\",\"url\":\"https:\/\/ironsky.pl\/sklep\/produkt\/odbiornik-flysky-fs-r7p-7-kanalow-afhds-3\/\",\"name\":\"Odbiornik FlySky FS-R7P, 7 kana\u0142\u00f3w AFHDS 3 - IRONSKY.PL Sklep z Dronami\",\"isPartOf\":{\"@id\":\"https:\/\/ironsky.pl\/sklep\/#website\"},\"primaryImageOfPage\":{\"@id\":\"https:\/\/ironsky.pl\/sklep\/produkt\/odbiornik-flysky-fs-r7p-7-kanalow-afhds-3\/#primaryimage\"},\"image\":{\"@id\":\"https:\/\/ironsky.pl\/sklep\/produkt\/odbiornik-flysky-fs-r7p-7-kanalow-afhds-3\/#primaryimage\"},\"thumbnailUrl\":\"https:\/\/ironsky.pl\/sklep\/wp-content\/uploads\/2024\/09\/28670_1.jpg\",\"datePublished\":\"2024-09-16T18:37:34+00:00\",\"dateModified\":\"2026-03-05T14:53:40+00:00\",\"description\":\"Odbiornik FlySky FS-R7P, 7 kana\u0142\u00f3w AFHDS 3 - \u2705 sklep z dronami i fachowym doradztwem. \u2705 Tutaj kupisz produkty DJI, Yuneec, Parrot, Syma i wiele innych, a tak\u017ce kursy i licencje na operatora drona.\",\"breadcrumb\":{\"@id\":\"https:\/\/ironsky.pl\/sklep\/produkt\/odbiornik-flysky-fs-r7p-7-kanalow-afhds-3\/#breadcrumb\"},\"inLanguage\":\"pl-PL\",\"potentialAction\":[{\"@type\":\"ReadAction\",\"target\":[\"https:\/\/ironsky.pl\/sklep\/produkt\/odbiornik-flysky-fs-r7p-7-kanalow-afhds-3\/\"]}]},{\"@type\":\"ImageObject\",\"inLanguage\":\"pl-PL\",\"@id\":\"https:\/\/ironsky.pl\/sklep\/produkt\/odbiornik-flysky-fs-r7p-7-kanalow-afhds-3\/#primaryimage\",\"url\":\"https:\/\/ironsky.pl\/sklep\/wp-content\/uploads\/2024\/09\/28670_1.jpg\",\"contentUrl\":\"https:\/\/ironsky.pl\/sklep\/wp-content\/uploads\/2024\/09\/28670_1.jpg\",\"width\":800,\"height\":798},{\"@type\":\"BreadcrumbList\",\"@id\":\"https:\/\/ironsky.pl\/sklep\/produkt\/odbiornik-flysky-fs-r7p-7-kanalow-afhds-3\/#breadcrumb\",\"itemListElement\":[{\"@type\":\"ListItem\",\"position\":1,\"name\":\"Strona g\u0142\u00f3wna\",\"item\":\"https:\/\/ironsky.pl\/sklep\/\"},{\"@type\":\"ListItem\",\"position\":2,\"name\":\"Wszystkie produkty\",\"item\":\"https:\/\/ironsky.pl\/sklep\/produkty\/\"},{\"@type\":\"ListItem\",\"position\":3,\"name\":\"Odbiornik FlySky FS-R7P, 7 kana\u0142\u00f3w AFHDS 3\"}]},{\"@type\":\"WebSite\",\"@id\":\"https:\/\/ironsky.pl\/sklep\/#website\",\"url\":\"https:\/\/ironsky.pl\/sklep\/\",\"name\":\"IRONSKY.PL Sklep z Dronami\",\"description\":\"IRONSKY.PL Sklep z Dronami\",\"potentialAction\":[{\"@type\":\"SearchAction\",\"target\":{\"@type\":\"EntryPoint\",\"urlTemplate\":\"https:\/\/ironsky.pl\/sklep\/?s={search_term_string}\"},\"query-input\":{\"@type\":\"PropertyValueSpecification\",\"valueRequired\":true,\"valueName\":\"search_term_string\"}}],\"inLanguage\":\"pl-PL\"}]}<\/script>\n<!-- \/ Yoast SEO plugin. -->","yoast_head_json":{"title":"Odbiornik FlySky FS-R7P, 7 kana\u0142\u00f3w AFHDS 3 - IRONSKY.PL Sklep z Dronami","description":"Odbiornik FlySky FS-R7P, 7 kana\u0142\u00f3w AFHDS 3 - \u2705 sklep z dronami i fachowym doradztwem. \u2705 Tutaj kupisz produkty DJI, Yuneec, Parrot, Syma i wiele innych, a tak\u017ce kursy i licencje na operatora drona.","robots":{"index":"index","follow":"follow","max-snippet":"max-snippet:-1","max-image-preview":"max-image-preview:large","max-video-preview":"max-video-preview:-1"},"canonical":"https:\/\/ironsky.pl\/sklep\/produkt\/odbiornik-flysky-fs-r7p-7-kanalow-afhds-3\/","og_locale":"pl_PL","og_type":"article","og_title":"Odbiornik FlySky FS-R7P, 7 kana\u0142\u00f3w AFHDS 3 - IRONSKY.PL Sklep z Dronami","og_description":"Odbiornik FlySky FS-R7P, 7 kana\u0142\u00f3w AFHDS 3 - \u2705 sklep z dronami i fachowym doradztwem. \u2705 Tutaj kupisz produkty DJI, Yuneec, Parrot, Syma i wiele innych, a tak\u017ce kursy i licencje na operatora drona.","og_url":"https:\/\/ironsky.pl\/sklep\/produkt\/odbiornik-flysky-fs-r7p-7-kanalow-afhds-3\/","og_site_name":"IRONSKY.PL Sklep z Dronami","article_modified_time":"2026-03-05T14:53:40+00:00","og_image":[{"width":800,"height":798,"url":"https:\/\/ironsky.pl\/sklep\/wp-content\/uploads\/2024\/09\/28670_1.jpg","type":"image\/jpeg"}],"twitter_card":"summary_large_image","twitter_misc":{"Szacowany czas czytania":"1 minuta"},"schema":{"@context":"https:\/\/schema.org","@graph":[{"@type":"WebPage","@id":"https:\/\/ironsky.pl\/sklep\/produkt\/odbiornik-flysky-fs-r7p-7-kanalow-afhds-3\/","url":"https:\/\/ironsky.pl\/sklep\/produkt\/odbiornik-flysky-fs-r7p-7-kanalow-afhds-3\/","name":"Odbiornik FlySky FS-R7P, 7 kana\u0142\u00f3w AFHDS 3 - IRONSKY.PL Sklep z Dronami","isPartOf":{"@id":"https:\/\/ironsky.pl\/sklep\/#website"},"primaryImageOfPage":{"@id":"https:\/\/ironsky.pl\/sklep\/produkt\/odbiornik-flysky-fs-r7p-7-kanalow-afhds-3\/#primaryimage"},"image":{"@id":"https:\/\/ironsky.pl\/sklep\/produkt\/odbiornik-flysky-fs-r7p-7-kanalow-afhds-3\/#primaryimage"},"thumbnailUrl":"https:\/\/ironsky.pl\/sklep\/wp-content\/uploads\/2024\/09\/28670_1.jpg","datePublished":"2024-09-16T18:37:34+00:00","dateModified":"2026-03-05T14:53:40+00:00","description":"Odbiornik FlySky FS-R7P, 7 kana\u0142\u00f3w AFHDS 3 - \u2705 sklep z dronami i fachowym doradztwem. \u2705 Tutaj kupisz produkty DJI, Yuneec, Parrot, Syma i wiele innych, a tak\u017ce kursy i licencje na operatora drona.","breadcrumb":{"@id":"https:\/\/ironsky.pl\/sklep\/produkt\/odbiornik-flysky-fs-r7p-7-kanalow-afhds-3\/#breadcrumb"},"inLanguage":"pl-PL","potentialAction":[{"@type":"ReadAction","target":["https:\/\/ironsky.pl\/sklep\/produkt\/odbiornik-flysky-fs-r7p-7-kanalow-afhds-3\/"]}]},{"@type":"ImageObject","inLanguage":"pl-PL","@id":"https:\/\/ironsky.pl\/sklep\/produkt\/odbiornik-flysky-fs-r7p-7-kanalow-afhds-3\/#primaryimage","url":"https:\/\/ironsky.pl\/sklep\/wp-content\/uploads\/2024\/09\/28670_1.jpg","contentUrl":"https:\/\/ironsky.pl\/sklep\/wp-content\/uploads\/2024\/09\/28670_1.jpg","width":800,"height":798},{"@type":"BreadcrumbList","@id":"https:\/\/ironsky.pl\/sklep\/produkt\/odbiornik-flysky-fs-r7p-7-kanalow-afhds-3\/#breadcrumb","itemListElement":[{"@type":"ListItem","position":1,"name":"Strona g\u0142\u00f3wna","item":"https:\/\/ironsky.pl\/sklep\/"},{"@type":"ListItem","position":2,"name":"Wszystkie produkty","item":"https:\/\/ironsky.pl\/sklep\/produkty\/"},{"@type":"ListItem","position":3,"name":"Odbiornik FlySky FS-R7P, 7 kana\u0142\u00f3w AFHDS 3"}]},{"@type":"WebSite","@id":"https:\/\/ironsky.pl\/sklep\/#website","url":"https:\/\/ironsky.pl\/sklep\/","name":"IRONSKY.PL Sklep z Dronami","description":"IRONSKY.PL Sklep z Dronami","potentialAction":[{"@type":"SearchAction","target":{"@type":"EntryPoint","urlTemplate":"https:\/\/ironsky.pl\/sklep\/?s={search_term_string}"},"query-input":{"@type":"PropertyValueSpecification","valueRequired":true,"valueName":"search_term_string"}}],"inLanguage":"pl-PL"}]}},"_links":{"self":[{"href":"https:\/\/ironsky.pl\/sklep\/wp-json\/wp\/v2\/product\/28559","targetHints":{"allow":["GET"]}}],"collection":[{"href":"https:\/\/ironsky.pl\/sklep\/wp-json\/wp\/v2\/product"}],"about":[{"href":"https:\/\/ironsky.pl\/sklep\/wp-json\/wp\/v2\/types\/product"}],"replies":[{"embeddable":true,"href":"https:\/\/ironsky.pl\/sklep\/wp-json\/wp\/v2\/comments?post=28559"}],"wp:featuredmedia":[{"embeddable":true,"href":"https:\/\/ironsky.pl\/sklep\/wp-json\/wp\/v2\/media\/28560"}],"wp:attachment":[{"href":"https:\/\/ironsky.pl\/sklep\/wp-json\/wp\/v2\/media?parent=28559"}],"wp:term":[{"taxonomy":"product_brand","embeddable":true,"href":"https:\/\/ironsky.pl\/sklep\/wp-json\/wp\/v2\/product_brand?post=28559"},{"taxonomy":"product_cat","embeddable":true,"href":"https:\/\/ironsky.pl\/sklep\/wp-json\/wp\/v2\/product_cat?post=28559"},{"taxonomy":"product_tag","embeddable":true,"href":"https:\/\/ironsky.pl\/sklep\/wp-json\/wp\/v2\/product_tag?post=28559"}],"curies":[{"name":"wp","href":"https:\/\/api.w.org\/{rel}","templated":true}]}}