{"id":28368,"date":"2024-09-16T20:33:52","date_gmt":"2024-09-16T18:33:52","guid":{"rendered":"http:\/\/gvshalph.pro-linuxpl.com\/ironskyprodukty\/produkt\/akumulator-gens-ace-2700mah-111v-tx-3s1p-futaba-jst-xhr-jst-syp\/"},"modified":"2026-03-05T15:53:33","modified_gmt":"2026-03-05T14:53:33","slug":"akumulator-gens-ace-2700mah-111v-tx-3s1p-futaba-jst-xhr-jst-syp","status":"publish","type":"product","link":"https:\/\/ironsky.pl\/sklep\/produkt\/akumulator-gens-ace-2700mah-111v-tx-3s1p-futaba-jst-xhr-jst-syp\/","title":{"rendered":"Akumulator Gens Ace 2700mAh 11,1V TX 3S1P Futaba\/JST-XHR\/JST-SYP"},"content":{"rendered":"<div style=\"text-align: left;\" class=\"iai_top\"><span style=\"font-size: 14pt;\"><strong><span style=\"color: #999999;\">Opis produktu<\/span><\/strong><\/span><\/p>\n<hr \/>\n<\/div>\n<div class=\"iai_mid\">\n<div class=\"iai_left\"><span style=\"font-size: 12pt; color: #333333;\"><strong>Napi\u0119cie &#8211;<\/strong>\u00a011,1 V <\/span><br \/><span style=\"font-size: 12pt; color: #333333;\"><strong>Pojemno\u015b\u0107 &#8211;<\/strong>\u00a02700 mAh <\/span><br \/><span style=\"font-size: 12pt; color: #333333;\"><strong>Ilo\u015b\u0107 cell &#8211;<\/strong>\u00a03\u00a0<\/span><br \/><span style=\"font-size: 12pt; color: #333333;\"><strong>Typ konektora &#8211;<\/strong>\u00a0FUTABA\/JST-XHR-3P\/JST-SYP<\/span><br \/><span style=\"font-size: 12pt; color: #333333;\"><strong>Typ balancera &#8211;<\/strong> JST-XH<\/span><br \/><span style=\"font-size: 12pt; color: #333333;\"><strong>Pr\u0105d roz\u0142adowania &#8211;<\/strong>\u00a01C<\/span><br \/><span style=\"font-size: 12pt; color: #333333;\"><strong>D\u0142ugo\u015b\u0107 &#8211;<\/strong>\u00a093 mm <\/span><br \/><span style=\"font-size: 12pt; color: #333333;\"><strong>Szeroko\u015b\u0107 &#8211;<\/strong>\u00a031 mm <\/span><br \/><span style=\"font-size: 12pt; color: #333333;\"><strong>Wysoko\u015b\u0107 &#8211;<\/strong>\u00a024 mm <\/span><br \/><span style=\"font-size: 12pt; color: #333333;\"><strong>Waga &#8211;<\/strong>\u00a0200 g<\/span><\/div>\n<div style=\"text-align: center;\" class=\"iai_top\"><\/div>\n<div style=\"text-align: left;\" class=\"iai_top\"><\/div>\n<div style=\"text-align: left;\" class=\"iai_top\"><span style=\"font-size: 12pt; color: #333333;\"><span style=\"font-size: 12pt; color: #333333;\"><span><span>\u00a0<\/span><\/span><\/span><\/span><\/div>\n<div style=\"text-align: center;\" class=\"iai_top\">\n<div style=\"text-align: left;\" class=\"iai_top\"><span><span style=\"color: #999999; font-size: 14pt;\"><strong>Instrukcja bezpiecze\u0144stwa<\/strong><\/span><br \/><\/span><\/p>\n<hr \/>\n<\/div>\n<div class=\"iai_mid\"><\/div>\n<\/div>\n<div style=\"text-align: left;\" class=\"iai_top\"><span style=\"color: #333333; font-size: 12pt;\"><span style=\"color: #333333; font-size: 12pt;\">Nie roz\u0142adowywa\u0107 poni\u017cej 3,0V na cel\u0119. \u0141adowa\u0107 tylko przy u\u017cyciu \u0142adowarki mikroprocesorowej w trybie \u0142adowania pakiet\u00f3w litowo-polimerowych.<\/p>\n<p>Nie zwiera\u0107 biegun\u00f3w, nie przebija\u0107, nie wystawia\u0107 na bezpo\u015brednie dzia\u0142anie promieni s\u0142onecznych, przechowywa\u0107 z dala od przedmiot\u00f3w \u0142atwopalnych, utylizowa\u0107 w specjalnie przygotowanych pojemnikach<\/span><\/span><\/div>\n<\/div>\n","protected":false},"excerpt":{"rendered":"<p>Opis produktu Napi\u0119cie &#8211;\u00a011,1 V Pojemno\u015b\u0107 &#8211;\u00a02700 mAh Ilo\u015b\u0107 cell &#8211;\u00a03\u00a0Typ konektora &#8211;\u00a0FUTABA\/JST-XHR-3P\/JST-SYPTyp balancera &#8211; JST-XHPr\u0105d roz\u0142adowania &#8211;\u00a01CD\u0142ugo\u015b\u0107 &#8211;\u00a093 mm<\/p>\n","protected":false},"featured_media":28369,"comment_status":"closed","ping_status":"open","template":"","meta":{"_acf_changed":false},"product_brand":[],"product_cat":[1183,1182,1169],"product_tag":[],"class_list":{"0":"post-28368","1":"product","2":"type-product","3":"status-publish","4":"has-post-thumbnail","6":"product_cat-litowe-i-nimh","7":"product_cat-akumulatory","8":"product_cat-modele-rc","9":"pa_box-height-1326","10":"pa_box-length-1630","11":"pa_box-width-2759","12":"pa_gross-weight-1385","13":"pa_hs-code-2295","14":"pa_napiecie-v-2678","15":"pa_net-weight-2373","16":"pa_pojemnosc-mah-2700","17":"pa_prad-rozladowania-c-1812","18":"pa_waga-g-1290","20":"first","21":"outofstock","22":"taxable","23":"shipping-taxable","24":"purchasable","25":"product-type-simple"},"acf":[],"yoast_head":"<!-- This site is optimized with the Yoast SEO plugin v27.2 - https:\/\/yoast.com\/product\/yoast-seo-wordpress\/ -->\n<title>Akumulator Gens Ace 2700mAh 11,1V TX 3S1P Futaba\/JST-XHR\/JST-SYP - IRONSKY.PL Sklep z Dronami<\/title>\n<meta name=\"description\" content=\"Akumulator Gens Ace 2700mAh 11,1V TX 3S1P Futaba\/JST-XHR\/JST-SYP - \u2705 sklep z dronami i fachowym doradztwem. \u2705 Tutaj kupisz produkty DJI, Yuneec, Parrot, Syma i wiele innych, a tak\u017ce kursy i licencje na operatora drona.\" \/>\n<meta name=\"robots\" content=\"index, follow, max-snippet:-1, max-image-preview:large, max-video-preview:-1\" \/>\n<link rel=\"canonical\" href=\"https:\/\/ironsky.pl\/sklep\/produkt\/akumulator-gens-ace-2700mah-111v-tx-3s1p-futaba-jst-xhr-jst-syp\/\" \/>\n<meta property=\"og:locale\" content=\"pl_PL\" \/>\n<meta property=\"og:type\" content=\"article\" \/>\n<meta property=\"og:title\" content=\"Akumulator Gens Ace 2700mAh 11,1V TX 3S1P Futaba\/JST-XHR\/JST-SYP - IRONSKY.PL Sklep z Dronami\" \/>\n<meta property=\"og:description\" content=\"Akumulator Gens Ace 2700mAh 11,1V TX 3S1P Futaba\/JST-XHR\/JST-SYP - \u2705 sklep z dronami i fachowym doradztwem. \u2705 Tutaj kupisz produkty DJI, Yuneec, Parrot, Syma i wiele innych, a tak\u017ce kursy i licencje na operatora drona.\" \/>\n<meta property=\"og:url\" content=\"https:\/\/ironsky.pl\/sklep\/produkt\/akumulator-gens-ace-2700mah-111v-tx-3s1p-futaba-jst-xhr-jst-syp\/\" \/>\n<meta property=\"og:site_name\" content=\"IRONSKY.PL Sklep z Dronami\" \/>\n<meta property=\"article:modified_time\" content=\"2026-03-05T14:53:33+00:00\" \/>\n<meta property=\"og:image\" content=\"https:\/\/ironsky.pl\/sklep\/wp-content\/uploads\/2024\/09\/23888_1.jpg\" \/>\n\t<meta property=\"og:image:width\" content=\"800\" \/>\n\t<meta property=\"og:image:height\" content=\"800\" \/>\n\t<meta property=\"og:image:type\" content=\"image\/jpeg\" \/>\n<meta name=\"twitter:card\" content=\"summary_large_image\" \/>\n<script type=\"application\/ld+json\" class=\"yoast-schema-graph\">{\"@context\":\"https:\/\/schema.org\",\"@graph\":[{\"@type\":\"WebPage\",\"@id\":\"https:\/\/ironsky.pl\/sklep\/produkt\/akumulator-gens-ace-2700mah-111v-tx-3s1p-futaba-jst-xhr-jst-syp\/\",\"url\":\"https:\/\/ironsky.pl\/sklep\/produkt\/akumulator-gens-ace-2700mah-111v-tx-3s1p-futaba-jst-xhr-jst-syp\/\",\"name\":\"Akumulator Gens Ace 2700mAh 11,1V TX 3S1P Futaba\/JST-XHR\/JST-SYP - IRONSKY.PL Sklep z Dronami\",\"isPartOf\":{\"@id\":\"https:\/\/ironsky.pl\/sklep\/#website\"},\"primaryImageOfPage\":{\"@id\":\"https:\/\/ironsky.pl\/sklep\/produkt\/akumulator-gens-ace-2700mah-111v-tx-3s1p-futaba-jst-xhr-jst-syp\/#primaryimage\"},\"image\":{\"@id\":\"https:\/\/ironsky.pl\/sklep\/produkt\/akumulator-gens-ace-2700mah-111v-tx-3s1p-futaba-jst-xhr-jst-syp\/#primaryimage\"},\"thumbnailUrl\":\"https:\/\/ironsky.pl\/sklep\/wp-content\/uploads\/2024\/09\/23888_1.jpg\",\"datePublished\":\"2024-09-16T18:33:52+00:00\",\"dateModified\":\"2026-03-05T14:53:33+00:00\",\"description\":\"Akumulator Gens Ace 2700mAh 11,1V TX 3S1P Futaba\/JST-XHR\/JST-SYP - \u2705 sklep z dronami i fachowym doradztwem. \u2705 Tutaj kupisz produkty DJI, Yuneec, Parrot, Syma i wiele innych, a tak\u017ce kursy i licencje na operatora drona.\",\"breadcrumb\":{\"@id\":\"https:\/\/ironsky.pl\/sklep\/produkt\/akumulator-gens-ace-2700mah-111v-tx-3s1p-futaba-jst-xhr-jst-syp\/#breadcrumb\"},\"inLanguage\":\"pl-PL\",\"potentialAction\":[{\"@type\":\"ReadAction\",\"target\":[\"https:\/\/ironsky.pl\/sklep\/produkt\/akumulator-gens-ace-2700mah-111v-tx-3s1p-futaba-jst-xhr-jst-syp\/\"]}]},{\"@type\":\"ImageObject\",\"inLanguage\":\"pl-PL\",\"@id\":\"https:\/\/ironsky.pl\/sklep\/produkt\/akumulator-gens-ace-2700mah-111v-tx-3s1p-futaba-jst-xhr-jst-syp\/#primaryimage\",\"url\":\"https:\/\/ironsky.pl\/sklep\/wp-content\/uploads\/2024\/09\/23888_1.jpg\",\"contentUrl\":\"https:\/\/ironsky.pl\/sklep\/wp-content\/uploads\/2024\/09\/23888_1.jpg\",\"width\":800,\"height\":800},{\"@type\":\"BreadcrumbList\",\"@id\":\"https:\/\/ironsky.pl\/sklep\/produkt\/akumulator-gens-ace-2700mah-111v-tx-3s1p-futaba-jst-xhr-jst-syp\/#breadcrumb\",\"itemListElement\":[{\"@type\":\"ListItem\",\"position\":1,\"name\":\"Strona g\u0142\u00f3wna\",\"item\":\"https:\/\/ironsky.pl\/sklep\/\"},{\"@type\":\"ListItem\",\"position\":2,\"name\":\"Wszystkie produkty\",\"item\":\"https:\/\/ironsky.pl\/sklep\/produkty\/\"},{\"@type\":\"ListItem\",\"position\":3,\"name\":\"Akumulator Gens Ace 2700mAh 11,1V TX 3S1P Futaba\/JST-XHR\/JST-SYP\"}]},{\"@type\":\"WebSite\",\"@id\":\"https:\/\/ironsky.pl\/sklep\/#website\",\"url\":\"https:\/\/ironsky.pl\/sklep\/\",\"name\":\"IRONSKY.PL Sklep z Dronami\",\"description\":\"IRONSKY.PL Sklep z Dronami\",\"potentialAction\":[{\"@type\":\"SearchAction\",\"target\":{\"@type\":\"EntryPoint\",\"urlTemplate\":\"https:\/\/ironsky.pl\/sklep\/?s={search_term_string}\"},\"query-input\":{\"@type\":\"PropertyValueSpecification\",\"valueRequired\":true,\"valueName\":\"search_term_string\"}}],\"inLanguage\":\"pl-PL\"}]}<\/script>\n<!-- \/ Yoast SEO plugin. -->","yoast_head_json":{"title":"Akumulator Gens Ace 2700mAh 11,1V TX 3S1P Futaba\/JST-XHR\/JST-SYP - IRONSKY.PL Sklep z Dronami","description":"Akumulator Gens Ace 2700mAh 11,1V TX 3S1P Futaba\/JST-XHR\/JST-SYP - \u2705 sklep z dronami i fachowym doradztwem. \u2705 Tutaj kupisz produkty DJI, Yuneec, Parrot, Syma i wiele innych, a tak\u017ce kursy i licencje na operatora drona.","robots":{"index":"index","follow":"follow","max-snippet":"max-snippet:-1","max-image-preview":"max-image-preview:large","max-video-preview":"max-video-preview:-1"},"canonical":"https:\/\/ironsky.pl\/sklep\/produkt\/akumulator-gens-ace-2700mah-111v-tx-3s1p-futaba-jst-xhr-jst-syp\/","og_locale":"pl_PL","og_type":"article","og_title":"Akumulator Gens Ace 2700mAh 11,1V TX 3S1P Futaba\/JST-XHR\/JST-SYP - IRONSKY.PL Sklep z Dronami","og_description":"Akumulator Gens Ace 2700mAh 11,1V TX 3S1P Futaba\/JST-XHR\/JST-SYP - \u2705 sklep z dronami i fachowym doradztwem. \u2705 Tutaj kupisz produkty DJI, Yuneec, Parrot, Syma i wiele innych, a tak\u017ce kursy i licencje na operatora drona.","og_url":"https:\/\/ironsky.pl\/sklep\/produkt\/akumulator-gens-ace-2700mah-111v-tx-3s1p-futaba-jst-xhr-jst-syp\/","og_site_name":"IRONSKY.PL Sklep z Dronami","article_modified_time":"2026-03-05T14:53:33+00:00","og_image":[{"width":800,"height":800,"url":"https:\/\/ironsky.pl\/sklep\/wp-content\/uploads\/2024\/09\/23888_1.jpg","type":"image\/jpeg"}],"twitter_card":"summary_large_image","schema":{"@context":"https:\/\/schema.org","@graph":[{"@type":"WebPage","@id":"https:\/\/ironsky.pl\/sklep\/produkt\/akumulator-gens-ace-2700mah-111v-tx-3s1p-futaba-jst-xhr-jst-syp\/","url":"https:\/\/ironsky.pl\/sklep\/produkt\/akumulator-gens-ace-2700mah-111v-tx-3s1p-futaba-jst-xhr-jst-syp\/","name":"Akumulator Gens Ace 2700mAh 11,1V TX 3S1P Futaba\/JST-XHR\/JST-SYP - IRONSKY.PL Sklep z Dronami","isPartOf":{"@id":"https:\/\/ironsky.pl\/sklep\/#website"},"primaryImageOfPage":{"@id":"https:\/\/ironsky.pl\/sklep\/produkt\/akumulator-gens-ace-2700mah-111v-tx-3s1p-futaba-jst-xhr-jst-syp\/#primaryimage"},"image":{"@id":"https:\/\/ironsky.pl\/sklep\/produkt\/akumulator-gens-ace-2700mah-111v-tx-3s1p-futaba-jst-xhr-jst-syp\/#primaryimage"},"thumbnailUrl":"https:\/\/ironsky.pl\/sklep\/wp-content\/uploads\/2024\/09\/23888_1.jpg","datePublished":"2024-09-16T18:33:52+00:00","dateModified":"2026-03-05T14:53:33+00:00","description":"Akumulator Gens Ace 2700mAh 11,1V TX 3S1P Futaba\/JST-XHR\/JST-SYP - \u2705 sklep z dronami i fachowym doradztwem. \u2705 Tutaj kupisz produkty DJI, Yuneec, Parrot, Syma i wiele innych, a tak\u017ce kursy i licencje na operatora drona.","breadcrumb":{"@id":"https:\/\/ironsky.pl\/sklep\/produkt\/akumulator-gens-ace-2700mah-111v-tx-3s1p-futaba-jst-xhr-jst-syp\/#breadcrumb"},"inLanguage":"pl-PL","potentialAction":[{"@type":"ReadAction","target":["https:\/\/ironsky.pl\/sklep\/produkt\/akumulator-gens-ace-2700mah-111v-tx-3s1p-futaba-jst-xhr-jst-syp\/"]}]},{"@type":"ImageObject","inLanguage":"pl-PL","@id":"https:\/\/ironsky.pl\/sklep\/produkt\/akumulator-gens-ace-2700mah-111v-tx-3s1p-futaba-jst-xhr-jst-syp\/#primaryimage","url":"https:\/\/ironsky.pl\/sklep\/wp-content\/uploads\/2024\/09\/23888_1.jpg","contentUrl":"https:\/\/ironsky.pl\/sklep\/wp-content\/uploads\/2024\/09\/23888_1.jpg","width":800,"height":800},{"@type":"BreadcrumbList","@id":"https:\/\/ironsky.pl\/sklep\/produkt\/akumulator-gens-ace-2700mah-111v-tx-3s1p-futaba-jst-xhr-jst-syp\/#breadcrumb","itemListElement":[{"@type":"ListItem","position":1,"name":"Strona g\u0142\u00f3wna","item":"https:\/\/ironsky.pl\/sklep\/"},{"@type":"ListItem","position":2,"name":"Wszystkie produkty","item":"https:\/\/ironsky.pl\/sklep\/produkty\/"},{"@type":"ListItem","position":3,"name":"Akumulator Gens Ace 2700mAh 11,1V TX 3S1P Futaba\/JST-XHR\/JST-SYP"}]},{"@type":"WebSite","@id":"https:\/\/ironsky.pl\/sklep\/#website","url":"https:\/\/ironsky.pl\/sklep\/","name":"IRONSKY.PL Sklep z Dronami","description":"IRONSKY.PL Sklep z Dronami","potentialAction":[{"@type":"SearchAction","target":{"@type":"EntryPoint","urlTemplate":"https:\/\/ironsky.pl\/sklep\/?s={search_term_string}"},"query-input":{"@type":"PropertyValueSpecification","valueRequired":true,"valueName":"search_term_string"}}],"inLanguage":"pl-PL"}]}},"_links":{"self":[{"href":"https:\/\/ironsky.pl\/sklep\/wp-json\/wp\/v2\/product\/28368","targetHints":{"allow":["GET"]}}],"collection":[{"href":"https:\/\/ironsky.pl\/sklep\/wp-json\/wp\/v2\/product"}],"about":[{"href":"https:\/\/ironsky.pl\/sklep\/wp-json\/wp\/v2\/types\/product"}],"replies":[{"embeddable":true,"href":"https:\/\/ironsky.pl\/sklep\/wp-json\/wp\/v2\/comments?post=28368"}],"wp:featuredmedia":[{"embeddable":true,"href":"https:\/\/ironsky.pl\/sklep\/wp-json\/wp\/v2\/media\/28369"}],"wp:attachment":[{"href":"https:\/\/ironsky.pl\/sklep\/wp-json\/wp\/v2\/media?parent=28368"}],"wp:term":[{"taxonomy":"product_brand","embeddable":true,"href":"https:\/\/ironsky.pl\/sklep\/wp-json\/wp\/v2\/product_brand?post=28368"},{"taxonomy":"product_cat","embeddable":true,"href":"https:\/\/ironsky.pl\/sklep\/wp-json\/wp\/v2\/product_cat?post=28368"},{"taxonomy":"product_tag","embeddable":true,"href":"https:\/\/ironsky.pl\/sklep\/wp-json\/wp\/v2\/product_tag?post=28368"}],"curies":[{"name":"wp","href":"https:\/\/api.w.org\/{rel}","templated":true}]}}