{"id":27471,"date":"2024-09-16T20:18:20","date_gmt":"2024-09-16T18:18:20","guid":{"rendered":"http:\/\/gvshalph.pro-linuxpl.com\/ironskyprodukty\/produkt\/regulator-hobbywing-ezrun-max5-v3\/"},"modified":"2026-03-05T15:53:09","modified_gmt":"2026-03-05T14:53:09","slug":"regulator-hobbywing-ezrun-max5-v3","status":"publish","type":"product","link":"https:\/\/ironsky.pl\/sklep\/produkt\/regulator-hobbywing-ezrun-max5-v3\/","title":{"rendered":"Regulator Hobbywing EZRUN MAX5 V3"},"content":{"rendered":"<h3>Regulator Hobbywing EZRUN MAX5 V3<\/h3>\n<p>Regulator bezszczotkowy EZRUN MAX5 do modeli samochod\u00f3w w skali 1:5. Du\u017ca moc, elastyczno\u015b\u0107 i swoboda dzia\u0142ania. Regulator ca\u0142kowicie wodoodporny, szczelny i wydajny. Jako pierwszy w bran\u017cy posiada wbudowany maksymalny pr\u0105d wyj\u015bciowy 25A. Wysoki moment obrotowy serwa sprawia, \u017ce sterowanie jest jeszcze prostsze. Oprogramowanie regulatora mo\u017cna aktualizowa\u0107 przez internet. Regulator jest bezproblemowy, opr\u00f3cz rutynowej konserwacji wentylatora, jest ca\u0142kowicie bezobs\u0142ugowy.<\/p>\n<div class=\"table-wrapper\">\n<table>\n<tbody>\n<tr>\n<th>Producent<\/th>\n<td>Hobbywing<\/td>\n<\/tr>\n<tr>\n<th>Model<\/th>\n<td>HW30104000<\/td>\n<\/tr>\n<tr>\n<th>Pr\u0105d ci\u0105g\u0142y i chwilowy<\/th>\n<td>200 A \/ 160 A<\/td>\n<\/tr>\n<tr>\n<th>Ilo\u015b\u0107 Cel LiPo<\/th>\n<td>3-8S (9-24S NiMH)<\/td>\n<\/tr>\n<tr>\n<th>Wyj\u015bcie BEC<\/th>\n<td>Impulsowy 6 V\/7.2 V, 6 A<\/td>\n<\/tr>\n<tr>\n<th>Ochrona kondensator\u00f3w<\/th>\n<td>Tak<\/td>\n<\/tr>\n<tr>\n<th>Wodoodporno\u015b\u0107<\/th>\n<td>Tak<\/td>\n<\/tr>\n<tr>\n<th>Konektor wej\u015bcia<\/th>\n<td>brak<\/td>\n<\/tr>\n<tr>\n<th>Konektor wyj\u015bcia<\/th>\n<td>6,5 mm \u017ce\u0144ski poz\u0142acany konektor (przylutowany do p\u0142ytki PCB regulatora)<\/td>\n<\/tr>\n<tr>\n<th>Limit silnika<\/th>\n<td>P8S: KV\u22641000 (rozmiar silnika:58110), bezsensorowy<\/td>\n<\/tr>\n<tr>\n<th>Programowanie Karta LED<\/th>\n<td>Aktywne<\/td>\n<\/tr>\n<tr>\n<th>Programowanie LED Box<\/th>\n<td>Aktywne<\/td>\n<\/tr>\n<tr>\n<th>Programowanie LCD Box<\/th>\n<td>Aktywne<\/td>\n<\/tr>\n<tr>\n<th>Modu\u0142 WiFi<\/th>\n<td>Aktywne<\/td>\n<\/tr>\n<tr>\n<th>Port Programowania<\/th>\n<td>Port wentylatora<\/td>\n<\/tr>\n<tr>\n<th>Aktualizacja oprogramowanie<\/th>\n<td>Aktywne<\/td>\n<\/tr>\n<tr>\n<th>Rozmiar\t<\/th>\n<td>93 x 58 x 48 mm<\/td>\n<\/tr>\n<tr>\n<th>Waga\t<\/th>\n<td>342 g<\/td>\n<\/tr>\n<tr>\n<th>Dedykowane\t<\/th>\n<td>Samochody Touring, Buggy, Truggy i Truck w skali 1:5<\/td>\n<\/tr>\n<\/tbody>\n<\/table>\n<\/div>\n","protected":false},"excerpt":{"rendered":"<p>Regulator Hobbywing EZRUN MAX5 V3 Regulator bezszczotkowy EZRUN MAX5 do modeli samochod\u00f3w w skali 1:5. Du\u017ca moc, elastyczno\u015b\u0107 i swoboda<\/p>\n","protected":false},"featured_media":27472,"comment_status":"closed","ping_status":"open","template":"","meta":{"_acf_changed":false},"product_brand":[],"product_cat":[1169,1180,1181],"product_tag":[],"class_list":{"0":"post-27471","1":"product","2":"type-product","3":"status-publish","4":"has-post-thumbnail","6":"product_cat-modele-rc","7":"product_cat-napedy","8":"product_cat-regulatory","9":"pa_box-height-1524","10":"pa_box-length-1525","11":"pa_box-width-1439","12":"pa_gross-weight-1526","13":"pa_net-weight-1523","14":"pa_waga-netto-g-1527","15":"pa_wlasciwosci-wodoodporne-bezszczotkowe","17":"first","18":"outofstock","19":"taxable","20":"shipping-taxable","21":"purchasable","22":"product-type-simple"},"acf":[],"yoast_head":"<!-- This site is optimized with the Yoast SEO plugin v27.2 - https:\/\/yoast.com\/product\/yoast-seo-wordpress\/ -->\n<title>Regulator Hobbywing EZRUN MAX5 V3 - IRONSKY.PL Sklep z Dronami<\/title>\n<meta name=\"description\" content=\"Regulator Hobbywing EZRUN MAX5 V3 - \u2705 sklep z dronami i fachowym doradztwem. \u2705 Tutaj kupisz produkty DJI, Yuneec, Parrot, Syma i wiele innych, a tak\u017ce kursy i licencje na operatora drona.\" \/>\n<meta name=\"robots\" content=\"index, follow, max-snippet:-1, max-image-preview:large, max-video-preview:-1\" \/>\n<link rel=\"canonical\" href=\"https:\/\/ironsky.pl\/sklep\/produkt\/regulator-hobbywing-ezrun-max5-v3\/\" \/>\n<meta property=\"og:locale\" content=\"pl_PL\" \/>\n<meta property=\"og:type\" content=\"article\" \/>\n<meta property=\"og:title\" content=\"Regulator Hobbywing EZRUN MAX5 V3 - IRONSKY.PL Sklep z Dronami\" \/>\n<meta property=\"og:description\" content=\"Regulator Hobbywing EZRUN MAX5 V3 - \u2705 sklep z dronami i fachowym doradztwem. \u2705 Tutaj kupisz produkty DJI, Yuneec, Parrot, Syma i wiele innych, a tak\u017ce kursy i licencje na operatora drona.\" \/>\n<meta property=\"og:url\" content=\"https:\/\/ironsky.pl\/sklep\/produkt\/regulator-hobbywing-ezrun-max5-v3\/\" \/>\n<meta property=\"og:site_name\" content=\"IRONSKY.PL Sklep z Dronami\" \/>\n<meta property=\"article:modified_time\" content=\"2026-03-05T14:53:09+00:00\" \/>\n<meta property=\"og:image\" content=\"https:\/\/ironsky.pl\/sklep\/wp-content\/uploads\/2024\/09\/8382_1.jpg\" \/>\n\t<meta property=\"og:image:width\" content=\"576\" \/>\n\t<meta property=\"og:image:height\" content=\"600\" \/>\n\t<meta property=\"og:image:type\" content=\"image\/jpeg\" \/>\n<meta name=\"twitter:card\" content=\"summary_large_image\" \/>\n<meta name=\"twitter:label1\" content=\"Szacowany czas czytania\" \/>\n\t<meta name=\"twitter:data1\" content=\"1 minuta\" \/>\n<script type=\"application\/ld+json\" class=\"yoast-schema-graph\">{\"@context\":\"https:\/\/schema.org\",\"@graph\":[{\"@type\":\"WebPage\",\"@id\":\"https:\/\/ironsky.pl\/sklep\/produkt\/regulator-hobbywing-ezrun-max5-v3\/\",\"url\":\"https:\/\/ironsky.pl\/sklep\/produkt\/regulator-hobbywing-ezrun-max5-v3\/\",\"name\":\"Regulator Hobbywing EZRUN MAX5 V3 - IRONSKY.PL Sklep z Dronami\",\"isPartOf\":{\"@id\":\"https:\/\/ironsky.pl\/sklep\/#website\"},\"primaryImageOfPage\":{\"@id\":\"https:\/\/ironsky.pl\/sklep\/produkt\/regulator-hobbywing-ezrun-max5-v3\/#primaryimage\"},\"image\":{\"@id\":\"https:\/\/ironsky.pl\/sklep\/produkt\/regulator-hobbywing-ezrun-max5-v3\/#primaryimage\"},\"thumbnailUrl\":\"https:\/\/ironsky.pl\/sklep\/wp-content\/uploads\/2024\/09\/8382_1.jpg\",\"datePublished\":\"2024-09-16T18:18:20+00:00\",\"dateModified\":\"2026-03-05T14:53:09+00:00\",\"description\":\"Regulator Hobbywing EZRUN MAX5 V3 - \u2705 sklep z dronami i fachowym doradztwem. \u2705 Tutaj kupisz produkty DJI, Yuneec, Parrot, Syma i wiele innych, a tak\u017ce kursy i licencje na operatora drona.\",\"breadcrumb\":{\"@id\":\"https:\/\/ironsky.pl\/sklep\/produkt\/regulator-hobbywing-ezrun-max5-v3\/#breadcrumb\"},\"inLanguage\":\"pl-PL\",\"potentialAction\":[{\"@type\":\"ReadAction\",\"target\":[\"https:\/\/ironsky.pl\/sklep\/produkt\/regulator-hobbywing-ezrun-max5-v3\/\"]}]},{\"@type\":\"ImageObject\",\"inLanguage\":\"pl-PL\",\"@id\":\"https:\/\/ironsky.pl\/sklep\/produkt\/regulator-hobbywing-ezrun-max5-v3\/#primaryimage\",\"url\":\"https:\/\/ironsky.pl\/sklep\/wp-content\/uploads\/2024\/09\/8382_1.jpg\",\"contentUrl\":\"https:\/\/ironsky.pl\/sklep\/wp-content\/uploads\/2024\/09\/8382_1.jpg\",\"width\":576,\"height\":600},{\"@type\":\"BreadcrumbList\",\"@id\":\"https:\/\/ironsky.pl\/sklep\/produkt\/regulator-hobbywing-ezrun-max5-v3\/#breadcrumb\",\"itemListElement\":[{\"@type\":\"ListItem\",\"position\":1,\"name\":\"Strona g\u0142\u00f3wna\",\"item\":\"https:\/\/ironsky.pl\/sklep\/\"},{\"@type\":\"ListItem\",\"position\":2,\"name\":\"Wszystkie produkty\",\"item\":\"https:\/\/ironsky.pl\/sklep\/produkty\/\"},{\"@type\":\"ListItem\",\"position\":3,\"name\":\"Regulator Hobbywing EZRUN MAX5 V3\"}]},{\"@type\":\"WebSite\",\"@id\":\"https:\/\/ironsky.pl\/sklep\/#website\",\"url\":\"https:\/\/ironsky.pl\/sklep\/\",\"name\":\"IRONSKY.PL Sklep z Dronami\",\"description\":\"IRONSKY.PL Sklep z Dronami\",\"potentialAction\":[{\"@type\":\"SearchAction\",\"target\":{\"@type\":\"EntryPoint\",\"urlTemplate\":\"https:\/\/ironsky.pl\/sklep\/?s={search_term_string}\"},\"query-input\":{\"@type\":\"PropertyValueSpecification\",\"valueRequired\":true,\"valueName\":\"search_term_string\"}}],\"inLanguage\":\"pl-PL\"}]}<\/script>\n<!-- \/ Yoast SEO plugin. -->","yoast_head_json":{"title":"Regulator Hobbywing EZRUN MAX5 V3 - IRONSKY.PL Sklep z Dronami","description":"Regulator Hobbywing EZRUN MAX5 V3 - \u2705 sklep z dronami i fachowym doradztwem. \u2705 Tutaj kupisz produkty DJI, Yuneec, Parrot, Syma i wiele innych, a tak\u017ce kursy i licencje na operatora drona.","robots":{"index":"index","follow":"follow","max-snippet":"max-snippet:-1","max-image-preview":"max-image-preview:large","max-video-preview":"max-video-preview:-1"},"canonical":"https:\/\/ironsky.pl\/sklep\/produkt\/regulator-hobbywing-ezrun-max5-v3\/","og_locale":"pl_PL","og_type":"article","og_title":"Regulator Hobbywing EZRUN MAX5 V3 - IRONSKY.PL Sklep z Dronami","og_description":"Regulator Hobbywing EZRUN MAX5 V3 - \u2705 sklep z dronami i fachowym doradztwem. \u2705 Tutaj kupisz produkty DJI, Yuneec, Parrot, Syma i wiele innych, a tak\u017ce kursy i licencje na operatora drona.","og_url":"https:\/\/ironsky.pl\/sklep\/produkt\/regulator-hobbywing-ezrun-max5-v3\/","og_site_name":"IRONSKY.PL Sklep z Dronami","article_modified_time":"2026-03-05T14:53:09+00:00","og_image":[{"width":576,"height":600,"url":"https:\/\/ironsky.pl\/sklep\/wp-content\/uploads\/2024\/09\/8382_1.jpg","type":"image\/jpeg"}],"twitter_card":"summary_large_image","twitter_misc":{"Szacowany czas czytania":"1 minuta"},"schema":{"@context":"https:\/\/schema.org","@graph":[{"@type":"WebPage","@id":"https:\/\/ironsky.pl\/sklep\/produkt\/regulator-hobbywing-ezrun-max5-v3\/","url":"https:\/\/ironsky.pl\/sklep\/produkt\/regulator-hobbywing-ezrun-max5-v3\/","name":"Regulator Hobbywing EZRUN MAX5 V3 - IRONSKY.PL Sklep z Dronami","isPartOf":{"@id":"https:\/\/ironsky.pl\/sklep\/#website"},"primaryImageOfPage":{"@id":"https:\/\/ironsky.pl\/sklep\/produkt\/regulator-hobbywing-ezrun-max5-v3\/#primaryimage"},"image":{"@id":"https:\/\/ironsky.pl\/sklep\/produkt\/regulator-hobbywing-ezrun-max5-v3\/#primaryimage"},"thumbnailUrl":"https:\/\/ironsky.pl\/sklep\/wp-content\/uploads\/2024\/09\/8382_1.jpg","datePublished":"2024-09-16T18:18:20+00:00","dateModified":"2026-03-05T14:53:09+00:00","description":"Regulator Hobbywing EZRUN MAX5 V3 - \u2705 sklep z dronami i fachowym doradztwem. \u2705 Tutaj kupisz produkty DJI, Yuneec, Parrot, Syma i wiele innych, a tak\u017ce kursy i licencje na operatora drona.","breadcrumb":{"@id":"https:\/\/ironsky.pl\/sklep\/produkt\/regulator-hobbywing-ezrun-max5-v3\/#breadcrumb"},"inLanguage":"pl-PL","potentialAction":[{"@type":"ReadAction","target":["https:\/\/ironsky.pl\/sklep\/produkt\/regulator-hobbywing-ezrun-max5-v3\/"]}]},{"@type":"ImageObject","inLanguage":"pl-PL","@id":"https:\/\/ironsky.pl\/sklep\/produkt\/regulator-hobbywing-ezrun-max5-v3\/#primaryimage","url":"https:\/\/ironsky.pl\/sklep\/wp-content\/uploads\/2024\/09\/8382_1.jpg","contentUrl":"https:\/\/ironsky.pl\/sklep\/wp-content\/uploads\/2024\/09\/8382_1.jpg","width":576,"height":600},{"@type":"BreadcrumbList","@id":"https:\/\/ironsky.pl\/sklep\/produkt\/regulator-hobbywing-ezrun-max5-v3\/#breadcrumb","itemListElement":[{"@type":"ListItem","position":1,"name":"Strona g\u0142\u00f3wna","item":"https:\/\/ironsky.pl\/sklep\/"},{"@type":"ListItem","position":2,"name":"Wszystkie produkty","item":"https:\/\/ironsky.pl\/sklep\/produkty\/"},{"@type":"ListItem","position":3,"name":"Regulator Hobbywing EZRUN MAX5 V3"}]},{"@type":"WebSite","@id":"https:\/\/ironsky.pl\/sklep\/#website","url":"https:\/\/ironsky.pl\/sklep\/","name":"IRONSKY.PL Sklep z Dronami","description":"IRONSKY.PL Sklep z Dronami","potentialAction":[{"@type":"SearchAction","target":{"@type":"EntryPoint","urlTemplate":"https:\/\/ironsky.pl\/sklep\/?s={search_term_string}"},"query-input":{"@type":"PropertyValueSpecification","valueRequired":true,"valueName":"search_term_string"}}],"inLanguage":"pl-PL"}]}},"_links":{"self":[{"href":"https:\/\/ironsky.pl\/sklep\/wp-json\/wp\/v2\/product\/27471","targetHints":{"allow":["GET"]}}],"collection":[{"href":"https:\/\/ironsky.pl\/sklep\/wp-json\/wp\/v2\/product"}],"about":[{"href":"https:\/\/ironsky.pl\/sklep\/wp-json\/wp\/v2\/types\/product"}],"replies":[{"embeddable":true,"href":"https:\/\/ironsky.pl\/sklep\/wp-json\/wp\/v2\/comments?post=27471"}],"wp:featuredmedia":[{"embeddable":true,"href":"https:\/\/ironsky.pl\/sklep\/wp-json\/wp\/v2\/media\/27472"}],"wp:attachment":[{"href":"https:\/\/ironsky.pl\/sklep\/wp-json\/wp\/v2\/media?parent=27471"}],"wp:term":[{"taxonomy":"product_brand","embeddable":true,"href":"https:\/\/ironsky.pl\/sklep\/wp-json\/wp\/v2\/product_brand?post=27471"},{"taxonomy":"product_cat","embeddable":true,"href":"https:\/\/ironsky.pl\/sklep\/wp-json\/wp\/v2\/product_cat?post=27471"},{"taxonomy":"product_tag","embeddable":true,"href":"https:\/\/ironsky.pl\/sklep\/wp-json\/wp\/v2\/product_tag?post=27471"}],"curies":[{"name":"wp","href":"https:\/\/api.w.org\/{rel}","templated":true}]}}