{"id":27453,"date":"2024-09-16T20:18:20","date_gmt":"2024-09-16T18:18:20","guid":{"rendered":"http:\/\/gvshalph.pro-linuxpl.com\/ironskyprodukty\/produkt\/zestaw-flysky-nadajnik-fs-gt2g-220-odbiornik-fs-a3-3-kanaly-afhds\/"},"modified":"2026-03-05T15:53:09","modified_gmt":"2026-03-05T14:53:09","slug":"zestaw-flysky-nadajnik-fs-gt2g-220-odbiornik-fs-a3-3-kanaly-afhds","status":"publish","type":"product","link":"https:\/\/ironsky.pl\/sklep\/produkt\/zestaw-flysky-nadajnik-fs-gt2g-220-odbiornik-fs-a3-3-kanaly-afhds\/","title":{"rendered":"Zestaw FlySky nadajnik FS-GT2G-220 + odbiornik FS-A3, 3 kana\u0142y AFHDS"},"content":{"rendered":"<h3>Zestaw nadajnik FlySky GT2G + odbiornik FS-A3<\/h3>\n<p>Doskona\u0142a aparatura marki FlySky przeznaczona dla samochod\u00f3w i \u0142\u00f3dek. Najcz\u0119\u015bciej wybierana przez pocz\u0105tkuj\u0105cych ale spe\u0142nia oczekiwania tak\u017ce bardziej do\u015bwiadczonych modelarzy. \u015awietny stosunek jako\u015bci do ceny.<\/p>\n<h3>W zestawie:<\/h3>\n<ul>\n<li>Aparatura GT2G<\/li>\n<li>Odbiornik A3<\/li>\n<li>Zestaw kabli<\/li>\n<\/ul>\n<div class=\"table-wrapper\">\n<table>\n<tbody>\n<tr>\n<th>Producent<\/th>\n<td>FlySky<\/td>\n<\/tr>\n<tr>\n<th>Model<\/th>\n<td>FS-GT2G-220 + FS-A3<\/td>\n<\/tr>\n<tr>\n<th>Ilo\u015b\u0107 kana\u0142\u00f3w<\/th>\n<td>2<\/td>\n<\/tr>\n<tr>\n<th>Przeznaczenie<\/th>\n<td>Samoch\u00f3d \/ \u0141\u00f3d\u017a<\/td>\n<\/tr>\n<tr>\n<th>Cz\u0119stotliwo\u015b\u0107 <\/th>\n<td>2.4GHz<\/td>\n<\/tr>\n<tr>\n<th>Modulacja<\/th>\n<td>GFSK<\/td>\n<\/tr>\n<tr>\n<th>Zasilanie<\/th>\n<td>4x akumulatory AA<\/td>\n<\/tr>\n<tr>\n<th>Pasmo<\/th>\n<td>500KHz<\/td>\n<\/tr>\n<\/tbody>\n<\/table>\n<\/div>\n","protected":false},"excerpt":{"rendered":"<p>Zestaw nadajnik FlySky GT2G + odbiornik FS-A3 Doskona\u0142a aparatura marki FlySky przeznaczona dla samochod\u00f3w i \u0142\u00f3dek. Najcz\u0119\u015bciej wybierana przez pocz\u0105tkuj\u0105cych<\/p>\n","protected":false},"featured_media":27454,"comment_status":"closed","ping_status":"open","template":"","meta":{"_acf_changed":false},"product_brand":[],"product_cat":[1177,1169,1178],"product_tag":[],"class_list":{"0":"post-27453","1":"product","2":"type-product","3":"status-publish","4":"has-post-thumbnail","6":"product_cat-aparatury","7":"product_cat-modele-rc","8":"product_cat-nadajniki","9":"pa_box-height-1402","10":"pa_box-length-1332","11":"pa_box-width-1515","12":"pa_gross-weight-1516","13":"pa_hs-code-1396","14":"pa_ilosc-kanalow-1517","15":"pa_net-weight-1514","16":"pa_zasilanie-bateryjne","18":"first","19":"outofstock","20":"taxable","21":"shipping-taxable","22":"purchasable","23":"product-type-simple"},"acf":[],"yoast_head":"<!-- This site is optimized with the Yoast SEO plugin v27.2 - https:\/\/yoast.com\/product\/yoast-seo-wordpress\/ -->\n<title>Zestaw FlySky nadajnik FS-GT2G-220 + odbiornik FS-A3, 3 kana\u0142y AFHDS - IRONSKY.PL Sklep z Dronami<\/title>\n<meta name=\"description\" content=\"Zestaw FlySky nadajnik FS-GT2G-220 + odbiornik FS-A3, 3 kana\u0142y AFHDS - \u2705 sklep z dronami i fachowym doradztwem. \u2705 Tutaj kupisz produkty DJI, Yuneec, Parrot, Syma i wiele innych, a tak\u017ce kursy i licencje na operatora drona.\" \/>\n<meta name=\"robots\" content=\"index, follow, max-snippet:-1, max-image-preview:large, max-video-preview:-1\" \/>\n<link rel=\"canonical\" href=\"https:\/\/ironsky.pl\/sklep\/produkt\/zestaw-flysky-nadajnik-fs-gt2g-220-odbiornik-fs-a3-3-kanaly-afhds\/\" \/>\n<meta property=\"og:locale\" content=\"pl_PL\" \/>\n<meta property=\"og:type\" content=\"article\" \/>\n<meta property=\"og:title\" content=\"Zestaw FlySky nadajnik FS-GT2G-220 + odbiornik FS-A3, 3 kana\u0142y AFHDS - IRONSKY.PL Sklep z Dronami\" \/>\n<meta property=\"og:description\" content=\"Zestaw FlySky nadajnik FS-GT2G-220 + odbiornik FS-A3, 3 kana\u0142y AFHDS - \u2705 sklep z dronami i fachowym doradztwem. \u2705 Tutaj kupisz produkty DJI, Yuneec, Parrot, Syma i wiele innych, a tak\u017ce kursy i licencje na operatora drona.\" \/>\n<meta property=\"og:url\" content=\"https:\/\/ironsky.pl\/sklep\/produkt\/zestaw-flysky-nadajnik-fs-gt2g-220-odbiornik-fs-a3-3-kanaly-afhds\/\" \/>\n<meta property=\"og:site_name\" content=\"IRONSKY.PL Sklep z Dronami\" \/>\n<meta property=\"article:modified_time\" content=\"2026-03-05T14:53:09+00:00\" \/>\n<meta property=\"og:image\" content=\"https:\/\/ironsky.pl\/sklep\/wp-content\/uploads\/2024\/09\/7596_1.jpg\" \/>\n\t<meta property=\"og:image:width\" content=\"545\" \/>\n\t<meta property=\"og:image:height\" content=\"600\" \/>\n\t<meta property=\"og:image:type\" content=\"image\/jpeg\" \/>\n<meta name=\"twitter:card\" content=\"summary_large_image\" \/>\n<script type=\"application\/ld+json\" class=\"yoast-schema-graph\">{\"@context\":\"https:\/\/schema.org\",\"@graph\":[{\"@type\":\"WebPage\",\"@id\":\"https:\/\/ironsky.pl\/sklep\/produkt\/zestaw-flysky-nadajnik-fs-gt2g-220-odbiornik-fs-a3-3-kanaly-afhds\/\",\"url\":\"https:\/\/ironsky.pl\/sklep\/produkt\/zestaw-flysky-nadajnik-fs-gt2g-220-odbiornik-fs-a3-3-kanaly-afhds\/\",\"name\":\"Zestaw FlySky nadajnik FS-GT2G-220 + odbiornik FS-A3, 3 kana\u0142y AFHDS - IRONSKY.PL Sklep z Dronami\",\"isPartOf\":{\"@id\":\"https:\/\/ironsky.pl\/sklep\/#website\"},\"primaryImageOfPage\":{\"@id\":\"https:\/\/ironsky.pl\/sklep\/produkt\/zestaw-flysky-nadajnik-fs-gt2g-220-odbiornik-fs-a3-3-kanaly-afhds\/#primaryimage\"},\"image\":{\"@id\":\"https:\/\/ironsky.pl\/sklep\/produkt\/zestaw-flysky-nadajnik-fs-gt2g-220-odbiornik-fs-a3-3-kanaly-afhds\/#primaryimage\"},\"thumbnailUrl\":\"https:\/\/ironsky.pl\/sklep\/wp-content\/uploads\/2024\/09\/7596_1.jpg\",\"datePublished\":\"2024-09-16T18:18:20+00:00\",\"dateModified\":\"2026-03-05T14:53:09+00:00\",\"description\":\"Zestaw FlySky nadajnik FS-GT2G-220 + odbiornik FS-A3, 3 kana\u0142y AFHDS - \u2705 sklep z dronami i fachowym doradztwem. \u2705 Tutaj kupisz produkty DJI, Yuneec, Parrot, Syma i wiele innych, a tak\u017ce kursy i licencje na operatora drona.\",\"breadcrumb\":{\"@id\":\"https:\/\/ironsky.pl\/sklep\/produkt\/zestaw-flysky-nadajnik-fs-gt2g-220-odbiornik-fs-a3-3-kanaly-afhds\/#breadcrumb\"},\"inLanguage\":\"pl-PL\",\"potentialAction\":[{\"@type\":\"ReadAction\",\"target\":[\"https:\/\/ironsky.pl\/sklep\/produkt\/zestaw-flysky-nadajnik-fs-gt2g-220-odbiornik-fs-a3-3-kanaly-afhds\/\"]}]},{\"@type\":\"ImageObject\",\"inLanguage\":\"pl-PL\",\"@id\":\"https:\/\/ironsky.pl\/sklep\/produkt\/zestaw-flysky-nadajnik-fs-gt2g-220-odbiornik-fs-a3-3-kanaly-afhds\/#primaryimage\",\"url\":\"https:\/\/ironsky.pl\/sklep\/wp-content\/uploads\/2024\/09\/7596_1.jpg\",\"contentUrl\":\"https:\/\/ironsky.pl\/sklep\/wp-content\/uploads\/2024\/09\/7596_1.jpg\",\"width\":545,\"height\":600},{\"@type\":\"BreadcrumbList\",\"@id\":\"https:\/\/ironsky.pl\/sklep\/produkt\/zestaw-flysky-nadajnik-fs-gt2g-220-odbiornik-fs-a3-3-kanaly-afhds\/#breadcrumb\",\"itemListElement\":[{\"@type\":\"ListItem\",\"position\":1,\"name\":\"Strona g\u0142\u00f3wna\",\"item\":\"https:\/\/ironsky.pl\/sklep\/\"},{\"@type\":\"ListItem\",\"position\":2,\"name\":\"Wszystkie produkty\",\"item\":\"https:\/\/ironsky.pl\/sklep\/produkty\/\"},{\"@type\":\"ListItem\",\"position\":3,\"name\":\"Zestaw FlySky nadajnik FS-GT2G-220 + odbiornik FS-A3, 3 kana\u0142y AFHDS\"}]},{\"@type\":\"WebSite\",\"@id\":\"https:\/\/ironsky.pl\/sklep\/#website\",\"url\":\"https:\/\/ironsky.pl\/sklep\/\",\"name\":\"IRONSKY.PL Sklep z Dronami\",\"description\":\"IRONSKY.PL Sklep z Dronami\",\"potentialAction\":[{\"@type\":\"SearchAction\",\"target\":{\"@type\":\"EntryPoint\",\"urlTemplate\":\"https:\/\/ironsky.pl\/sklep\/?s={search_term_string}\"},\"query-input\":{\"@type\":\"PropertyValueSpecification\",\"valueRequired\":true,\"valueName\":\"search_term_string\"}}],\"inLanguage\":\"pl-PL\"}]}<\/script>\n<!-- \/ Yoast SEO plugin. -->","yoast_head_json":{"title":"Zestaw FlySky nadajnik FS-GT2G-220 + odbiornik FS-A3, 3 kana\u0142y AFHDS - IRONSKY.PL Sklep z Dronami","description":"Zestaw FlySky nadajnik FS-GT2G-220 + odbiornik FS-A3, 3 kana\u0142y AFHDS - \u2705 sklep z dronami i fachowym doradztwem. \u2705 Tutaj kupisz produkty DJI, Yuneec, Parrot, Syma i wiele innych, a tak\u017ce kursy i licencje na operatora drona.","robots":{"index":"index","follow":"follow","max-snippet":"max-snippet:-1","max-image-preview":"max-image-preview:large","max-video-preview":"max-video-preview:-1"},"canonical":"https:\/\/ironsky.pl\/sklep\/produkt\/zestaw-flysky-nadajnik-fs-gt2g-220-odbiornik-fs-a3-3-kanaly-afhds\/","og_locale":"pl_PL","og_type":"article","og_title":"Zestaw FlySky nadajnik FS-GT2G-220 + odbiornik FS-A3, 3 kana\u0142y AFHDS - IRONSKY.PL Sklep z Dronami","og_description":"Zestaw FlySky nadajnik FS-GT2G-220 + odbiornik FS-A3, 3 kana\u0142y AFHDS - \u2705 sklep z dronami i fachowym doradztwem. \u2705 Tutaj kupisz produkty DJI, Yuneec, Parrot, Syma i wiele innych, a tak\u017ce kursy i licencje na operatora drona.","og_url":"https:\/\/ironsky.pl\/sklep\/produkt\/zestaw-flysky-nadajnik-fs-gt2g-220-odbiornik-fs-a3-3-kanaly-afhds\/","og_site_name":"IRONSKY.PL Sklep z Dronami","article_modified_time":"2026-03-05T14:53:09+00:00","og_image":[{"width":545,"height":600,"url":"https:\/\/ironsky.pl\/sklep\/wp-content\/uploads\/2024\/09\/7596_1.jpg","type":"image\/jpeg"}],"twitter_card":"summary_large_image","schema":{"@context":"https:\/\/schema.org","@graph":[{"@type":"WebPage","@id":"https:\/\/ironsky.pl\/sklep\/produkt\/zestaw-flysky-nadajnik-fs-gt2g-220-odbiornik-fs-a3-3-kanaly-afhds\/","url":"https:\/\/ironsky.pl\/sklep\/produkt\/zestaw-flysky-nadajnik-fs-gt2g-220-odbiornik-fs-a3-3-kanaly-afhds\/","name":"Zestaw FlySky nadajnik FS-GT2G-220 + odbiornik FS-A3, 3 kana\u0142y AFHDS - IRONSKY.PL Sklep z Dronami","isPartOf":{"@id":"https:\/\/ironsky.pl\/sklep\/#website"},"primaryImageOfPage":{"@id":"https:\/\/ironsky.pl\/sklep\/produkt\/zestaw-flysky-nadajnik-fs-gt2g-220-odbiornik-fs-a3-3-kanaly-afhds\/#primaryimage"},"image":{"@id":"https:\/\/ironsky.pl\/sklep\/produkt\/zestaw-flysky-nadajnik-fs-gt2g-220-odbiornik-fs-a3-3-kanaly-afhds\/#primaryimage"},"thumbnailUrl":"https:\/\/ironsky.pl\/sklep\/wp-content\/uploads\/2024\/09\/7596_1.jpg","datePublished":"2024-09-16T18:18:20+00:00","dateModified":"2026-03-05T14:53:09+00:00","description":"Zestaw FlySky nadajnik FS-GT2G-220 + odbiornik FS-A3, 3 kana\u0142y AFHDS - \u2705 sklep z dronami i fachowym doradztwem. \u2705 Tutaj kupisz produkty DJI, Yuneec, Parrot, Syma i wiele innych, a tak\u017ce kursy i licencje na operatora drona.","breadcrumb":{"@id":"https:\/\/ironsky.pl\/sklep\/produkt\/zestaw-flysky-nadajnik-fs-gt2g-220-odbiornik-fs-a3-3-kanaly-afhds\/#breadcrumb"},"inLanguage":"pl-PL","potentialAction":[{"@type":"ReadAction","target":["https:\/\/ironsky.pl\/sklep\/produkt\/zestaw-flysky-nadajnik-fs-gt2g-220-odbiornik-fs-a3-3-kanaly-afhds\/"]}]},{"@type":"ImageObject","inLanguage":"pl-PL","@id":"https:\/\/ironsky.pl\/sklep\/produkt\/zestaw-flysky-nadajnik-fs-gt2g-220-odbiornik-fs-a3-3-kanaly-afhds\/#primaryimage","url":"https:\/\/ironsky.pl\/sklep\/wp-content\/uploads\/2024\/09\/7596_1.jpg","contentUrl":"https:\/\/ironsky.pl\/sklep\/wp-content\/uploads\/2024\/09\/7596_1.jpg","width":545,"height":600},{"@type":"BreadcrumbList","@id":"https:\/\/ironsky.pl\/sklep\/produkt\/zestaw-flysky-nadajnik-fs-gt2g-220-odbiornik-fs-a3-3-kanaly-afhds\/#breadcrumb","itemListElement":[{"@type":"ListItem","position":1,"name":"Strona g\u0142\u00f3wna","item":"https:\/\/ironsky.pl\/sklep\/"},{"@type":"ListItem","position":2,"name":"Wszystkie produkty","item":"https:\/\/ironsky.pl\/sklep\/produkty\/"},{"@type":"ListItem","position":3,"name":"Zestaw FlySky nadajnik FS-GT2G-220 + odbiornik FS-A3, 3 kana\u0142y AFHDS"}]},{"@type":"WebSite","@id":"https:\/\/ironsky.pl\/sklep\/#website","url":"https:\/\/ironsky.pl\/sklep\/","name":"IRONSKY.PL Sklep z Dronami","description":"IRONSKY.PL Sklep z Dronami","potentialAction":[{"@type":"SearchAction","target":{"@type":"EntryPoint","urlTemplate":"https:\/\/ironsky.pl\/sklep\/?s={search_term_string}"},"query-input":{"@type":"PropertyValueSpecification","valueRequired":true,"valueName":"search_term_string"}}],"inLanguage":"pl-PL"}]}},"_links":{"self":[{"href":"https:\/\/ironsky.pl\/sklep\/wp-json\/wp\/v2\/product\/27453","targetHints":{"allow":["GET"]}}],"collection":[{"href":"https:\/\/ironsky.pl\/sklep\/wp-json\/wp\/v2\/product"}],"about":[{"href":"https:\/\/ironsky.pl\/sklep\/wp-json\/wp\/v2\/types\/product"}],"replies":[{"embeddable":true,"href":"https:\/\/ironsky.pl\/sklep\/wp-json\/wp\/v2\/comments?post=27453"}],"wp:featuredmedia":[{"embeddable":true,"href":"https:\/\/ironsky.pl\/sklep\/wp-json\/wp\/v2\/media\/27454"}],"wp:attachment":[{"href":"https:\/\/ironsky.pl\/sklep\/wp-json\/wp\/v2\/media?parent=27453"}],"wp:term":[{"taxonomy":"product_brand","embeddable":true,"href":"https:\/\/ironsky.pl\/sklep\/wp-json\/wp\/v2\/product_brand?post=27453"},{"taxonomy":"product_cat","embeddable":true,"href":"https:\/\/ironsky.pl\/sklep\/wp-json\/wp\/v2\/product_cat?post=27453"},{"taxonomy":"product_tag","embeddable":true,"href":"https:\/\/ironsky.pl\/sklep\/wp-json\/wp\/v2\/product_tag?post=27453"}],"curies":[{"name":"wp","href":"https:\/\/api.w.org\/{rel}","templated":true}]}}