{"id":27343,"date":"2024-09-16T20:17:25","date_gmt":"2024-09-16T18:17:25","guid":{"rendered":"http:\/\/gvshalph.pro-linuxpl.com\/ironskyprodukty\/produkt\/samolot-z-balsy-guillows-dhc-2-beave-rozpietosc-610mm\/"},"modified":"2026-03-05T15:53:05","modified_gmt":"2026-03-05T14:53:05","slug":"samolot-z-balsy-guillows-dhc-2-beave-rozpietosc-610mm","status":"publish","type":"product","link":"https:\/\/ironsky.pl\/sklep\/produkt\/samolot-z-balsy-guillows-dhc-2-beave-rozpietosc-610mm\/","title":{"rendered":"Samolot z balsy Guillow&#8217;s DHC-2 Beave rozpi\u0119to\u015b\u0107 610mm"},"content":{"rendered":"<h3>Samolot z balsy Guillow&#8217;s DHC-2 Beave rozpi\u0119to\u015b\u0107 610mm<\/h3>\n<p>Makieta samolotu DHC-2 Beaver typu STOL. Pierwotnie by\u0142 on wykorzystywany do lot\u00f3w nad puszczami jako samolot transportowy i pasa\u017cerski. Ta minimakieta wyprodukowana przez ameryka\u0144sk\u0105 firm\u0119 Guillows to niezwykle stabilny w locie model z nap\u0119dem gumowym.<\/p>\n<p><img decoding=\"async\" src=\"https:\/\/b2b.innpro.pl\/data\/include\/cms\/Guillow\/4SH0305LC\/1.jpg\" alt=\"Guillow\/4SH0305LC\/1\"><\/p>\n<h3>W zestawie:<\/h3>\n<ul>\n<li>laserowo wyci\u0119te balsowe elementy konstrukcyjne<\/li>\n<li>plastikowa maska silnika, kabinka (do wyci\u0119cia i pomalowania)<\/li>\n<li>guma modelarska i \u015bmig\u0142o do nap\u0119du gumowego<\/li>\n<li>pr\u0119t na podwozie i plastikowe ko\u0142a<\/li>\n<li>komplet kalkomanii<\/li>\n<li>materia\u0142 pokryciowy (papier japo\u0144ski)<\/li>\n<li>dok\u0142adny plan wraz z instrukcj\u0105 z\u0142o\u017cenia krok po kroku<\/li>\n<\/ul>\n<div class=\"table-wrapper\">\n<table>\n<tbody>\n<tr>\n<th>Producent<\/th>\n<td>Guillow<\/td>\n<\/tr>\n<tr>\n<th>Model<\/th>\n<td>4SH0305LC<\/td>\n<\/tr>\n<tr>\n<th>Rozpi\u0119to\u015b\u0107<\/th>\n<td>610mm<\/td>\n<\/tr>\n<tr>\n<th>Skala<\/th>\n<td>1:24<\/td>\n<\/tr>\n<\/tbody>\n<\/table>\n<\/div>\n","protected":false},"excerpt":{"rendered":"<p>Samolot z balsy Guillow&#8217;s DHC-2 Beave rozpi\u0119to\u015b\u0107 610mm Makieta samolotu DHC-2 Beaver typu STOL. Pierwotnie by\u0142 on wykorzystywany do lot\u00f3w<\/p>\n","protected":false},"featured_media":27344,"comment_status":"closed","ping_status":"open","template":"","meta":{"_acf_changed":false},"product_brand":[],"product_cat":[1169,1172],"product_tag":[],"class_list":{"0":"post-27343","1":"product","2":"type-product","3":"status-publish","4":"has-post-thumbnail","6":"product_cat-modele-rc","7":"product_cat-modele-zdalnie-sterowane","8":"pa_box-height-1326","9":"pa_box-length-1327","10":"pa_box-width-1325","11":"pa_gross-weight-1328","12":"pa_net-weight-1324","14":"first","15":"outofstock","16":"taxable","17":"shipping-taxable","18":"purchasable","19":"product-type-simple"},"acf":[],"yoast_head":"<!-- This site is optimized with the Yoast SEO plugin v27.2 - https:\/\/yoast.com\/product\/yoast-seo-wordpress\/ -->\n<title>Samolot z balsy Guillow&#039;s DHC-2 Beave rozpi\u0119to\u015b\u0107 610mm - IRONSKY.PL Sklep z Dronami<\/title>\n<meta name=\"description\" content=\"Samolot z balsy Guillow&#039;s DHC-2 Beave rozpi\u0119to\u015b\u0107 610mm - \u2705 sklep z dronami i fachowym doradztwem. \u2705 Tutaj kupisz produkty DJI, Yuneec, Parrot, Syma i wiele innych, a tak\u017ce kursy i licencje na operatora drona.\" \/>\n<meta name=\"robots\" content=\"index, follow, max-snippet:-1, max-image-preview:large, max-video-preview:-1\" \/>\n<link rel=\"canonical\" href=\"https:\/\/ironsky.pl\/sklep\/produkt\/samolot-z-balsy-guillows-dhc-2-beave-rozpietosc-610mm\/\" \/>\n<meta property=\"og:locale\" content=\"pl_PL\" \/>\n<meta property=\"og:type\" content=\"article\" \/>\n<meta property=\"og:title\" content=\"Samolot z balsy Guillow&#039;s DHC-2 Beave rozpi\u0119to\u015b\u0107 610mm - IRONSKY.PL Sklep z Dronami\" \/>\n<meta property=\"og:description\" content=\"Samolot z balsy Guillow&#039;s DHC-2 Beave rozpi\u0119to\u015b\u0107 610mm - \u2705 sklep z dronami i fachowym doradztwem. \u2705 Tutaj kupisz produkty DJI, Yuneec, Parrot, Syma i wiele innych, a tak\u017ce kursy i licencje na operatora drona.\" \/>\n<meta property=\"og:url\" content=\"https:\/\/ironsky.pl\/sklep\/produkt\/samolot-z-balsy-guillows-dhc-2-beave-rozpietosc-610mm\/\" \/>\n<meta property=\"og:site_name\" content=\"IRONSKY.PL Sklep z Dronami\" \/>\n<meta property=\"article:modified_time\" content=\"2026-03-05T14:53:05+00:00\" \/>\n<meta property=\"og:image\" content=\"https:\/\/ironsky.pl\/sklep\/wp-content\/uploads\/2024\/09\/3742_1.jpg\" \/>\n\t<meta property=\"og:image:width\" content=\"800\" \/>\n\t<meta property=\"og:image:height\" content=\"799\" \/>\n\t<meta property=\"og:image:type\" content=\"image\/jpeg\" \/>\n<meta name=\"twitter:card\" content=\"summary_large_image\" \/>\n<meta name=\"twitter:label1\" content=\"Szacowany czas czytania\" \/>\n\t<meta name=\"twitter:data1\" content=\"1 minuta\" \/>\n<script type=\"application\/ld+json\" class=\"yoast-schema-graph\">{\"@context\":\"https:\/\/schema.org\",\"@graph\":[{\"@type\":\"WebPage\",\"@id\":\"https:\/\/ironsky.pl\/sklep\/produkt\/samolot-z-balsy-guillows-dhc-2-beave-rozpietosc-610mm\/\",\"url\":\"https:\/\/ironsky.pl\/sklep\/produkt\/samolot-z-balsy-guillows-dhc-2-beave-rozpietosc-610mm\/\",\"name\":\"Samolot z balsy Guillow's DHC-2 Beave rozpi\u0119to\u015b\u0107 610mm - IRONSKY.PL Sklep z Dronami\",\"isPartOf\":{\"@id\":\"https:\/\/ironsky.pl\/sklep\/#website\"},\"primaryImageOfPage\":{\"@id\":\"https:\/\/ironsky.pl\/sklep\/produkt\/samolot-z-balsy-guillows-dhc-2-beave-rozpietosc-610mm\/#primaryimage\"},\"image\":{\"@id\":\"https:\/\/ironsky.pl\/sklep\/produkt\/samolot-z-balsy-guillows-dhc-2-beave-rozpietosc-610mm\/#primaryimage\"},\"thumbnailUrl\":\"https:\/\/ironsky.pl\/sklep\/wp-content\/uploads\/2024\/09\/3742_1.jpg\",\"datePublished\":\"2024-09-16T18:17:25+00:00\",\"dateModified\":\"2026-03-05T14:53:05+00:00\",\"description\":\"Samolot z balsy Guillow's DHC-2 Beave rozpi\u0119to\u015b\u0107 610mm - \u2705 sklep z dronami i fachowym doradztwem. \u2705 Tutaj kupisz produkty DJI, Yuneec, Parrot, Syma i wiele innych, a tak\u017ce kursy i licencje na operatora drona.\",\"breadcrumb\":{\"@id\":\"https:\/\/ironsky.pl\/sklep\/produkt\/samolot-z-balsy-guillows-dhc-2-beave-rozpietosc-610mm\/#breadcrumb\"},\"inLanguage\":\"pl-PL\",\"potentialAction\":[{\"@type\":\"ReadAction\",\"target\":[\"https:\/\/ironsky.pl\/sklep\/produkt\/samolot-z-balsy-guillows-dhc-2-beave-rozpietosc-610mm\/\"]}]},{\"@type\":\"ImageObject\",\"inLanguage\":\"pl-PL\",\"@id\":\"https:\/\/ironsky.pl\/sklep\/produkt\/samolot-z-balsy-guillows-dhc-2-beave-rozpietosc-610mm\/#primaryimage\",\"url\":\"https:\/\/ironsky.pl\/sklep\/wp-content\/uploads\/2024\/09\/3742_1.jpg\",\"contentUrl\":\"https:\/\/ironsky.pl\/sklep\/wp-content\/uploads\/2024\/09\/3742_1.jpg\",\"width\":800,\"height\":799},{\"@type\":\"BreadcrumbList\",\"@id\":\"https:\/\/ironsky.pl\/sklep\/produkt\/samolot-z-balsy-guillows-dhc-2-beave-rozpietosc-610mm\/#breadcrumb\",\"itemListElement\":[{\"@type\":\"ListItem\",\"position\":1,\"name\":\"Strona g\u0142\u00f3wna\",\"item\":\"https:\/\/ironsky.pl\/sklep\/\"},{\"@type\":\"ListItem\",\"position\":2,\"name\":\"Wszystkie produkty\",\"item\":\"https:\/\/ironsky.pl\/sklep\/produkty\/\"},{\"@type\":\"ListItem\",\"position\":3,\"name\":\"Samolot z balsy Guillow&#8217;s DHC-2 Beave rozpi\u0119to\u015b\u0107 610mm\"}]},{\"@type\":\"WebSite\",\"@id\":\"https:\/\/ironsky.pl\/sklep\/#website\",\"url\":\"https:\/\/ironsky.pl\/sklep\/\",\"name\":\"IRONSKY.PL Sklep z Dronami\",\"description\":\"IRONSKY.PL Sklep z Dronami\",\"potentialAction\":[{\"@type\":\"SearchAction\",\"target\":{\"@type\":\"EntryPoint\",\"urlTemplate\":\"https:\/\/ironsky.pl\/sklep\/?s={search_term_string}\"},\"query-input\":{\"@type\":\"PropertyValueSpecification\",\"valueRequired\":true,\"valueName\":\"search_term_string\"}}],\"inLanguage\":\"pl-PL\"}]}<\/script>\n<!-- \/ Yoast SEO plugin. -->","yoast_head_json":{"title":"Samolot z balsy Guillow's DHC-2 Beave rozpi\u0119to\u015b\u0107 610mm - IRONSKY.PL Sklep z Dronami","description":"Samolot z balsy Guillow's DHC-2 Beave rozpi\u0119to\u015b\u0107 610mm - \u2705 sklep z dronami i fachowym doradztwem. \u2705 Tutaj kupisz produkty DJI, Yuneec, Parrot, Syma i wiele innych, a tak\u017ce kursy i licencje na operatora drona.","robots":{"index":"index","follow":"follow","max-snippet":"max-snippet:-1","max-image-preview":"max-image-preview:large","max-video-preview":"max-video-preview:-1"},"canonical":"https:\/\/ironsky.pl\/sklep\/produkt\/samolot-z-balsy-guillows-dhc-2-beave-rozpietosc-610mm\/","og_locale":"pl_PL","og_type":"article","og_title":"Samolot z balsy Guillow's DHC-2 Beave rozpi\u0119to\u015b\u0107 610mm - IRONSKY.PL Sklep z Dronami","og_description":"Samolot z balsy Guillow's DHC-2 Beave rozpi\u0119to\u015b\u0107 610mm - \u2705 sklep z dronami i fachowym doradztwem. \u2705 Tutaj kupisz produkty DJI, Yuneec, Parrot, Syma i wiele innych, a tak\u017ce kursy i licencje na operatora drona.","og_url":"https:\/\/ironsky.pl\/sklep\/produkt\/samolot-z-balsy-guillows-dhc-2-beave-rozpietosc-610mm\/","og_site_name":"IRONSKY.PL Sklep z Dronami","article_modified_time":"2026-03-05T14:53:05+00:00","og_image":[{"width":800,"height":799,"url":"https:\/\/ironsky.pl\/sklep\/wp-content\/uploads\/2024\/09\/3742_1.jpg","type":"image\/jpeg"}],"twitter_card":"summary_large_image","twitter_misc":{"Szacowany czas czytania":"1 minuta"},"schema":{"@context":"https:\/\/schema.org","@graph":[{"@type":"WebPage","@id":"https:\/\/ironsky.pl\/sklep\/produkt\/samolot-z-balsy-guillows-dhc-2-beave-rozpietosc-610mm\/","url":"https:\/\/ironsky.pl\/sklep\/produkt\/samolot-z-balsy-guillows-dhc-2-beave-rozpietosc-610mm\/","name":"Samolot z balsy Guillow's DHC-2 Beave rozpi\u0119to\u015b\u0107 610mm - IRONSKY.PL Sklep z Dronami","isPartOf":{"@id":"https:\/\/ironsky.pl\/sklep\/#website"},"primaryImageOfPage":{"@id":"https:\/\/ironsky.pl\/sklep\/produkt\/samolot-z-balsy-guillows-dhc-2-beave-rozpietosc-610mm\/#primaryimage"},"image":{"@id":"https:\/\/ironsky.pl\/sklep\/produkt\/samolot-z-balsy-guillows-dhc-2-beave-rozpietosc-610mm\/#primaryimage"},"thumbnailUrl":"https:\/\/ironsky.pl\/sklep\/wp-content\/uploads\/2024\/09\/3742_1.jpg","datePublished":"2024-09-16T18:17:25+00:00","dateModified":"2026-03-05T14:53:05+00:00","description":"Samolot z balsy Guillow's DHC-2 Beave rozpi\u0119to\u015b\u0107 610mm - \u2705 sklep z dronami i fachowym doradztwem. \u2705 Tutaj kupisz produkty DJI, Yuneec, Parrot, Syma i wiele innych, a tak\u017ce kursy i licencje na operatora drona.","breadcrumb":{"@id":"https:\/\/ironsky.pl\/sklep\/produkt\/samolot-z-balsy-guillows-dhc-2-beave-rozpietosc-610mm\/#breadcrumb"},"inLanguage":"pl-PL","potentialAction":[{"@type":"ReadAction","target":["https:\/\/ironsky.pl\/sklep\/produkt\/samolot-z-balsy-guillows-dhc-2-beave-rozpietosc-610mm\/"]}]},{"@type":"ImageObject","inLanguage":"pl-PL","@id":"https:\/\/ironsky.pl\/sklep\/produkt\/samolot-z-balsy-guillows-dhc-2-beave-rozpietosc-610mm\/#primaryimage","url":"https:\/\/ironsky.pl\/sklep\/wp-content\/uploads\/2024\/09\/3742_1.jpg","contentUrl":"https:\/\/ironsky.pl\/sklep\/wp-content\/uploads\/2024\/09\/3742_1.jpg","width":800,"height":799},{"@type":"BreadcrumbList","@id":"https:\/\/ironsky.pl\/sklep\/produkt\/samolot-z-balsy-guillows-dhc-2-beave-rozpietosc-610mm\/#breadcrumb","itemListElement":[{"@type":"ListItem","position":1,"name":"Strona g\u0142\u00f3wna","item":"https:\/\/ironsky.pl\/sklep\/"},{"@type":"ListItem","position":2,"name":"Wszystkie produkty","item":"https:\/\/ironsky.pl\/sklep\/produkty\/"},{"@type":"ListItem","position":3,"name":"Samolot z balsy Guillow&#8217;s DHC-2 Beave rozpi\u0119to\u015b\u0107 610mm"}]},{"@type":"WebSite","@id":"https:\/\/ironsky.pl\/sklep\/#website","url":"https:\/\/ironsky.pl\/sklep\/","name":"IRONSKY.PL Sklep z Dronami","description":"IRONSKY.PL Sklep z Dronami","potentialAction":[{"@type":"SearchAction","target":{"@type":"EntryPoint","urlTemplate":"https:\/\/ironsky.pl\/sklep\/?s={search_term_string}"},"query-input":{"@type":"PropertyValueSpecification","valueRequired":true,"valueName":"search_term_string"}}],"inLanguage":"pl-PL"}]}},"_links":{"self":[{"href":"https:\/\/ironsky.pl\/sklep\/wp-json\/wp\/v2\/product\/27343","targetHints":{"allow":["GET"]}}],"collection":[{"href":"https:\/\/ironsky.pl\/sklep\/wp-json\/wp\/v2\/product"}],"about":[{"href":"https:\/\/ironsky.pl\/sklep\/wp-json\/wp\/v2\/types\/product"}],"replies":[{"embeddable":true,"href":"https:\/\/ironsky.pl\/sklep\/wp-json\/wp\/v2\/comments?post=27343"}],"wp:featuredmedia":[{"embeddable":true,"href":"https:\/\/ironsky.pl\/sklep\/wp-json\/wp\/v2\/media\/27344"}],"wp:attachment":[{"href":"https:\/\/ironsky.pl\/sklep\/wp-json\/wp\/v2\/media?parent=27343"}],"wp:term":[{"taxonomy":"product_brand","embeddable":true,"href":"https:\/\/ironsky.pl\/sklep\/wp-json\/wp\/v2\/product_brand?post=27343"},{"taxonomy":"product_cat","embeddable":true,"href":"https:\/\/ironsky.pl\/sklep\/wp-json\/wp\/v2\/product_cat?post=27343"},{"taxonomy":"product_tag","embeddable":true,"href":"https:\/\/ironsky.pl\/sklep\/wp-json\/wp\/v2\/product_tag?post=27343"}],"curies":[{"name":"wp","href":"https:\/\/api.w.org\/{rel}","templated":true}]}}