{"id":27074,"date":"2024-09-16T19:48:24","date_gmt":"2024-09-16T17:48:24","guid":{"rendered":"http:\/\/gvshalph.pro-linuxpl.com\/ironskyprodukty\/produkt\/namiot-bezcieniowy-puluz-pu5044b-40cm-led\/"},"modified":"2026-03-05T15:52:54","modified_gmt":"2026-03-05T14:52:54","slug":"namiot-bezcieniowy-puluz-pu5044b-40cm-led","status":"publish","type":"product","link":"https:\/\/ironsky.pl\/sklep\/produkt\/namiot-bezcieniowy-puluz-pu5044b-40cm-led\/","title":{"rendered":"Namiot bezcieniowy Puluz PU5044B 40cm LED"},"content":{"rendered":"<h3>Namiot bezcieniowy Puluz PU5044B 40cm LED<\/h3>\n<p>Namiot bezcieniowy Puluz PU5044B to doskona\u0142e rozwi\u0105zanie dla profesjonalnych fotograf\u00f3w, pragn\u0105cych uzyska\u0107 najwy\u017cszej jako\u015bci zdj\u0119cia produkt\u00f3w. Oferuj\u0105c trzy r\u00f3\u017cne tryby o\u015bwietlenia (\u015bwiat\u0142o bia\u0142e, mi\u0119kkie oraz ciep\u0142e) oraz 10-stopniow\u0105 regulacj\u0119 jasno\u015bci (od 1% do 100%), zapewnia znacznie wi\u0119ksz\u0105 jasno\u015b\u0107 ni\u017c standardowe namioty. Brak migotania i efektu stroboskopowego efektu, \u017ce zdj\u0119cia prezentuj\u0105 si\u0119 jeszcze bardziej profesjonalne. Do zestawu do\u0142\u0105czony jest tak\u017ce dyfuzor \u015bwiat\u0142a, dzi\u0119ki kt\u00f3remu fotografie b\u0119d\u0105 wygl\u0105da\u0142y naturalniej.<\/p>\n<p>\n<img decoding=\"async\" src=\"https:\/\/assets.innpro.pl\/7767\/9018\/1.jpg\" border=\"0\" \/>\n<\/p>\n<h3>Profesjonalne \u015bwiat\u0142o LED<\/h3>\n<p>Wbudowane 160 diod LED o jasno\u015bci 25 lm oraz temperaturze barwowej od 3200K do 6500K zapewniaj\u0105 doskona\u0142e odwzorowanie kolor\u00f3w. Profesjonalna, srebrna folia refleksyjna wewn\u0105trz namiotu r\u00f3wnomiernie rozprasza \u015bwiat\u0142o, eliminuj\u0105c cienie i tworz\u0105c idealne warunki do fotografowania.<\/p>\n<p>\n<img decoding=\"async\" src=\"https:\/\/assets.innpro.pl\/7767\/9018\/5.jpg\" border=\"0\" \/>\n<\/p>\n<h3>Przeno\u015bny i sk\u0142adany<\/h3>\n<p>Wci\u0105\u017c borykasz si\u0119 z du\u017cym i niepor\u0119cznym sprz\u0119tem fotograficznym? Namiot bezcieniowy Puluz PU5044B rozwi\u0105zuje wszystkie Twoje problemy! Dzi\u0119ki praktycznej torbie mo\u017cesz go wygodnie przenosi\u0107, a monta\u017c zajmuje zaledwie kilka sekund i nie wymaga dodatkowych narz\u0119dzi. Jego kompaktowa, sk\u0142adana konstrukcja sprawia, \u017ce mo\u017cesz zabra\u0107 go ze sob\u0105 wsz\u0119dzie.<\/p>\n<p>\n<img decoding=\"async\" src=\"https:\/\/assets.innpro.pl\/7767\/9018\/2.jpg\" border=\"0\" \/>\n<\/p>\n<h3>Fotografowanie pod wieloma k\u0105tami<\/h3>\n<p>Namiot bezcieniowy Puluz umo\u017cliwia elastyczne fotografowanie pod r\u00f3\u017cnymi k\u0105tami. Mo\u017cesz wybra\u0107 dowolny k\u0105t do zdj\u0119\u0107, korzystaj\u0105c z pe\u0142nego okna przedniego lub okna g\u00f3rnego, co zapewnia pe\u0142n\u0105 swobod\u0119 tw\u00f3rcz\u0105 i r\u00f3\u017cnorodno\u015b\u0107 uj\u0119\u0107.<\/p>\n<p>\n<img decoding=\"async\" src=\"https:\/\/assets.innpro.pl\/7767\/9018\/6.jpg\" border=\"0\" \/>\n<\/p>\n<h3>Mi\u0119kki materia\u0142 rozpraszaj\u0105cy \u015bwiat\u0142o<\/h3>\n<p>Do namiotu do\u0142\u0105czona jest mi\u0119kka tkanina rozpraszaj\u0105ca \u015bwiat\u0142o, kt\u00f3ra idealnie nadaje si\u0119 do fotografowania produkt\u00f3w o wysokim wsp\u00f3\u0142czynniku odbicia \u015bwiat\u0142a. Dzi\u0119ki temu pozwala on na subtelne oddanie kontur\u00f3w przedmiot\u00f3w.<\/p>\n<p>\n<img decoding=\"async\" src=\"https:\/\/assets.innpro.pl\/7767\/9018\/3.jpg\" border=\"0\" \/>\n<\/p>\n<h3>Wielobarwne t\u0142a<\/h3>\n<p>Puluz PU5044B oferuje sze\u015b\u0107 wymiennych te\u0142 w r\u00f3\u017cnych kolorach, co pozwala na dopasowanie t\u0142a do fotografowanego obiektu i uzyskanie idealnych efekt\u00f3w. Dzi\u0119ki temu mo\u017cesz tworzy\u0107 r\u00f3\u017cnorodne kompozycje i uzyska\u0107 profesjonalne zdj\u0119cia bez konieczno\u015bci dodatkowej obr\u00f3bki.<\/p>\n<p>\n<img decoding=\"async\" src=\"https:\/\/assets.innpro.pl\/7767\/9018\/7.jpg\" border=\"0\" \/>\n<\/p>\n<h3>W zestawie:<\/h3>\n<ul class=\"list-disc pl-5\">\n<li>Namiot bezcieniowy x1<\/li>\n<li>Torba transportowa x1<\/li>\n<li>Czarne t\u0142o z PVC x1<\/li>\n<li>Bia\u0142e t\u0142o z PVC x1<\/li>\n<li>Pomara\u0144czowe t\u0142o z PVC x1<\/li>\n<li>Czerwone t\u0142o z PVC x1<\/li>\n<li>Niebieskie t\u0142o z PVC x1<\/li>\n<li>Zielone t\u0142o z PVC x1<\/li>\n<li>Dyfuzor \u015bwiat\u0142a x1<\/li>\n<\/ul>\n<div class=\"table-wrapper\">\n<p>\u00a0<\/p>\n<h3><\/h3>\n<table>\n<tbody>\n<tr>\n<th>Producent<\/th>\n<td>Puluz<\/td>\n<\/tr>\n<tr>\n<th>Model<\/th>\n<td>PU5044B<\/td>\n<\/tr>\n<tr>\n<th>Materia\u0142<\/th>\n<td>Tkanina Oxford, folia aluminiowa, PVC, ABS, PE<\/td>\n<\/tr>\n<tr>\n<th>Liczba koralik\u00f3w lampy<\/th>\n<td>160<\/td>\n<\/tr>\n<tr>\n<th>Jasno\u015b\u0107 lampy<\/th>\n<td>25 lm<\/td>\n<\/tr>\n<tr>\n<th>Zakres \u015bciemniania<\/th>\n<td>3200k-6500k<\/td>\n<\/tr>\n<tr>\n<th>\u015aciemnianie<\/th>\n<td>10 tryb\u00f3w<\/td>\n<\/tr>\n<tr>\n<th>CRI<\/th>\n<td>\u226690<\/td>\n<\/tr>\n<tr>\n<th>Interfejs<\/th>\n<td>USB typu C<\/td>\n<\/tr>\n<tr>\n<th>Pob\u00f3r mocy<\/th>\n<td>1.8-20W<\/td>\n<\/tr>\n<tr>\n<th>Rozmiar pier\u015bcienia \u015bwietlnego<\/th>\n<td>30 cm<\/td>\n<\/tr>\n<tr>\n<th>Rozmiar namiotu<\/th>\n<td>40 x 40 cm<\/td>\n<\/tr>\n<\/tbody>\n<\/table>\n<\/div>\n","protected":false},"excerpt":{"rendered":"<p>Namiot bezcieniowy Puluz PU5044B 40cm LED Namiot bezcieniowy Puluz PU5044B to doskona\u0142e rozwi\u0105zanie dla profesjonalnych fotograf\u00f3w, pragn\u0105cych uzyska\u0107 najwy\u017cszej jako\u015bci<\/p>\n","protected":false},"featured_media":27075,"comment_status":"closed","ping_status":"open","template":"","meta":{"_acf_changed":false},"product_brand":[],"product_cat":[1128,1147,1146],"product_tag":[],"class_list":{"0":"post-27074","1":"product","2":"type-product","3":"status-publish","4":"has-post-thumbnail","6":"product_cat-foto-wideo","7":"product_cat-namioty-bezcieniowe","8":"product_cat-wyposazenie-studia","9":"pa_box-height-1837","10":"pa_box-length-1364","11":"pa_box-width-5472","12":"pa_dodatkowe-panele-nie","13":"pa_gross-weight-5473","14":"pa_liczba-diod-3079","15":"pa_maks-temperatura-barwowa-k-6500-6500-k","16":"pa_min-temperatura-barwowa-k-3200-3200-k","17":"pa_moc-w-20-20-w","18":"pa_net-weight-5471","19":"pa_tla-w-zestawie-tak","20":"pa_wysokosc-1918","21":"pa_wysokosc-cm-1919","23":"first","24":"outofstock","25":"taxable","26":"shipping-taxable","27":"purchasable","28":"product-type-simple"},"acf":[],"yoast_head":"<!-- This site is optimized with the Yoast SEO plugin v27.2 - https:\/\/yoast.com\/product\/yoast-seo-wordpress\/ -->\n<title>Namiot bezcieniowy Puluz PU5044B 40cm LED - IRONSKY.PL Sklep z Dronami<\/title>\n<meta name=\"description\" content=\"Namiot bezcieniowy Puluz PU5044B 40cm LED - \u2705 sklep z dronami i fachowym doradztwem. \u2705 Tutaj kupisz produkty DJI, Yuneec, Parrot, Syma i wiele innych, a tak\u017ce kursy i licencje na operatora drona.\" \/>\n<meta name=\"robots\" content=\"index, follow, max-snippet:-1, max-image-preview:large, max-video-preview:-1\" \/>\n<link rel=\"canonical\" href=\"https:\/\/ironsky.pl\/sklep\/produkt\/namiot-bezcieniowy-puluz-pu5044b-40cm-led\/\" \/>\n<meta property=\"og:locale\" content=\"pl_PL\" \/>\n<meta property=\"og:type\" content=\"article\" \/>\n<meta property=\"og:title\" content=\"Namiot bezcieniowy Puluz PU5044B 40cm LED - IRONSKY.PL Sklep z Dronami\" \/>\n<meta property=\"og:description\" content=\"Namiot bezcieniowy Puluz PU5044B 40cm LED - \u2705 sklep z dronami i fachowym doradztwem. \u2705 Tutaj kupisz produkty DJI, Yuneec, Parrot, Syma i wiele innych, a tak\u017ce kursy i licencje na operatora drona.\" \/>\n<meta property=\"og:url\" content=\"https:\/\/ironsky.pl\/sklep\/produkt\/namiot-bezcieniowy-puluz-pu5044b-40cm-led\/\" \/>\n<meta property=\"og:site_name\" content=\"IRONSKY.PL Sklep z Dronami\" \/>\n<meta property=\"article:modified_time\" content=\"2026-03-05T14:52:54+00:00\" \/>\n<meta property=\"og:image\" content=\"https:\/\/ironsky.pl\/sklep\/wp-content\/uploads\/2024\/09\/44284_1.jpg\" \/>\n\t<meta property=\"og:image:width\" content=\"800\" \/>\n\t<meta property=\"og:image:height\" content=\"800\" \/>\n\t<meta property=\"og:image:type\" content=\"image\/jpeg\" \/>\n<meta name=\"twitter:card\" content=\"summary_large_image\" \/>\n<meta name=\"twitter:label1\" content=\"Szacowany czas czytania\" \/>\n\t<meta name=\"twitter:data1\" content=\"2 minuty\" \/>\n<script type=\"application\/ld+json\" class=\"yoast-schema-graph\">{\"@context\":\"https:\/\/schema.org\",\"@graph\":[{\"@type\":\"WebPage\",\"@id\":\"https:\/\/ironsky.pl\/sklep\/produkt\/namiot-bezcieniowy-puluz-pu5044b-40cm-led\/\",\"url\":\"https:\/\/ironsky.pl\/sklep\/produkt\/namiot-bezcieniowy-puluz-pu5044b-40cm-led\/\",\"name\":\"Namiot bezcieniowy Puluz PU5044B 40cm LED - IRONSKY.PL Sklep z Dronami\",\"isPartOf\":{\"@id\":\"https:\/\/ironsky.pl\/sklep\/#website\"},\"primaryImageOfPage\":{\"@id\":\"https:\/\/ironsky.pl\/sklep\/produkt\/namiot-bezcieniowy-puluz-pu5044b-40cm-led\/#primaryimage\"},\"image\":{\"@id\":\"https:\/\/ironsky.pl\/sklep\/produkt\/namiot-bezcieniowy-puluz-pu5044b-40cm-led\/#primaryimage\"},\"thumbnailUrl\":\"https:\/\/ironsky.pl\/sklep\/wp-content\/uploads\/2024\/09\/44284_1.jpg\",\"datePublished\":\"2024-09-16T17:48:24+00:00\",\"dateModified\":\"2026-03-05T14:52:54+00:00\",\"description\":\"Namiot bezcieniowy Puluz PU5044B 40cm LED - \u2705 sklep z dronami i fachowym doradztwem. \u2705 Tutaj kupisz produkty DJI, Yuneec, Parrot, Syma i wiele innych, a tak\u017ce kursy i licencje na operatora drona.\",\"breadcrumb\":{\"@id\":\"https:\/\/ironsky.pl\/sklep\/produkt\/namiot-bezcieniowy-puluz-pu5044b-40cm-led\/#breadcrumb\"},\"inLanguage\":\"pl-PL\",\"potentialAction\":[{\"@type\":\"ReadAction\",\"target\":[\"https:\/\/ironsky.pl\/sklep\/produkt\/namiot-bezcieniowy-puluz-pu5044b-40cm-led\/\"]}]},{\"@type\":\"ImageObject\",\"inLanguage\":\"pl-PL\",\"@id\":\"https:\/\/ironsky.pl\/sklep\/produkt\/namiot-bezcieniowy-puluz-pu5044b-40cm-led\/#primaryimage\",\"url\":\"https:\/\/ironsky.pl\/sklep\/wp-content\/uploads\/2024\/09\/44284_1.jpg\",\"contentUrl\":\"https:\/\/ironsky.pl\/sklep\/wp-content\/uploads\/2024\/09\/44284_1.jpg\",\"width\":800,\"height\":800},{\"@type\":\"BreadcrumbList\",\"@id\":\"https:\/\/ironsky.pl\/sklep\/produkt\/namiot-bezcieniowy-puluz-pu5044b-40cm-led\/#breadcrumb\",\"itemListElement\":[{\"@type\":\"ListItem\",\"position\":1,\"name\":\"Strona g\u0142\u00f3wna\",\"item\":\"https:\/\/ironsky.pl\/sklep\/\"},{\"@type\":\"ListItem\",\"position\":2,\"name\":\"Wszystkie produkty\",\"item\":\"https:\/\/ironsky.pl\/sklep\/produkty\/\"},{\"@type\":\"ListItem\",\"position\":3,\"name\":\"Namiot bezcieniowy Puluz PU5044B 40cm LED\"}]},{\"@type\":\"WebSite\",\"@id\":\"https:\/\/ironsky.pl\/sklep\/#website\",\"url\":\"https:\/\/ironsky.pl\/sklep\/\",\"name\":\"IRONSKY.PL Sklep z Dronami\",\"description\":\"IRONSKY.PL Sklep z Dronami\",\"potentialAction\":[{\"@type\":\"SearchAction\",\"target\":{\"@type\":\"EntryPoint\",\"urlTemplate\":\"https:\/\/ironsky.pl\/sklep\/?s={search_term_string}\"},\"query-input\":{\"@type\":\"PropertyValueSpecification\",\"valueRequired\":true,\"valueName\":\"search_term_string\"}}],\"inLanguage\":\"pl-PL\"}]}<\/script>\n<!-- \/ Yoast SEO plugin. -->","yoast_head_json":{"title":"Namiot bezcieniowy Puluz PU5044B 40cm LED - IRONSKY.PL Sklep z Dronami","description":"Namiot bezcieniowy Puluz PU5044B 40cm LED - \u2705 sklep z dronami i fachowym doradztwem. \u2705 Tutaj kupisz produkty DJI, Yuneec, Parrot, Syma i wiele innych, a tak\u017ce kursy i licencje na operatora drona.","robots":{"index":"index","follow":"follow","max-snippet":"max-snippet:-1","max-image-preview":"max-image-preview:large","max-video-preview":"max-video-preview:-1"},"canonical":"https:\/\/ironsky.pl\/sklep\/produkt\/namiot-bezcieniowy-puluz-pu5044b-40cm-led\/","og_locale":"pl_PL","og_type":"article","og_title":"Namiot bezcieniowy Puluz PU5044B 40cm LED - IRONSKY.PL Sklep z Dronami","og_description":"Namiot bezcieniowy Puluz PU5044B 40cm LED - \u2705 sklep z dronami i fachowym doradztwem. \u2705 Tutaj kupisz produkty DJI, Yuneec, Parrot, Syma i wiele innych, a tak\u017ce kursy i licencje na operatora drona.","og_url":"https:\/\/ironsky.pl\/sklep\/produkt\/namiot-bezcieniowy-puluz-pu5044b-40cm-led\/","og_site_name":"IRONSKY.PL Sklep z Dronami","article_modified_time":"2026-03-05T14:52:54+00:00","og_image":[{"width":800,"height":800,"url":"https:\/\/ironsky.pl\/sklep\/wp-content\/uploads\/2024\/09\/44284_1.jpg","type":"image\/jpeg"}],"twitter_card":"summary_large_image","twitter_misc":{"Szacowany czas czytania":"2 minuty"},"schema":{"@context":"https:\/\/schema.org","@graph":[{"@type":"WebPage","@id":"https:\/\/ironsky.pl\/sklep\/produkt\/namiot-bezcieniowy-puluz-pu5044b-40cm-led\/","url":"https:\/\/ironsky.pl\/sklep\/produkt\/namiot-bezcieniowy-puluz-pu5044b-40cm-led\/","name":"Namiot bezcieniowy Puluz PU5044B 40cm LED - IRONSKY.PL Sklep z Dronami","isPartOf":{"@id":"https:\/\/ironsky.pl\/sklep\/#website"},"primaryImageOfPage":{"@id":"https:\/\/ironsky.pl\/sklep\/produkt\/namiot-bezcieniowy-puluz-pu5044b-40cm-led\/#primaryimage"},"image":{"@id":"https:\/\/ironsky.pl\/sklep\/produkt\/namiot-bezcieniowy-puluz-pu5044b-40cm-led\/#primaryimage"},"thumbnailUrl":"https:\/\/ironsky.pl\/sklep\/wp-content\/uploads\/2024\/09\/44284_1.jpg","datePublished":"2024-09-16T17:48:24+00:00","dateModified":"2026-03-05T14:52:54+00:00","description":"Namiot bezcieniowy Puluz PU5044B 40cm LED - \u2705 sklep z dronami i fachowym doradztwem. \u2705 Tutaj kupisz produkty DJI, Yuneec, Parrot, Syma i wiele innych, a tak\u017ce kursy i licencje na operatora drona.","breadcrumb":{"@id":"https:\/\/ironsky.pl\/sklep\/produkt\/namiot-bezcieniowy-puluz-pu5044b-40cm-led\/#breadcrumb"},"inLanguage":"pl-PL","potentialAction":[{"@type":"ReadAction","target":["https:\/\/ironsky.pl\/sklep\/produkt\/namiot-bezcieniowy-puluz-pu5044b-40cm-led\/"]}]},{"@type":"ImageObject","inLanguage":"pl-PL","@id":"https:\/\/ironsky.pl\/sklep\/produkt\/namiot-bezcieniowy-puluz-pu5044b-40cm-led\/#primaryimage","url":"https:\/\/ironsky.pl\/sklep\/wp-content\/uploads\/2024\/09\/44284_1.jpg","contentUrl":"https:\/\/ironsky.pl\/sklep\/wp-content\/uploads\/2024\/09\/44284_1.jpg","width":800,"height":800},{"@type":"BreadcrumbList","@id":"https:\/\/ironsky.pl\/sklep\/produkt\/namiot-bezcieniowy-puluz-pu5044b-40cm-led\/#breadcrumb","itemListElement":[{"@type":"ListItem","position":1,"name":"Strona g\u0142\u00f3wna","item":"https:\/\/ironsky.pl\/sklep\/"},{"@type":"ListItem","position":2,"name":"Wszystkie produkty","item":"https:\/\/ironsky.pl\/sklep\/produkty\/"},{"@type":"ListItem","position":3,"name":"Namiot bezcieniowy Puluz PU5044B 40cm LED"}]},{"@type":"WebSite","@id":"https:\/\/ironsky.pl\/sklep\/#website","url":"https:\/\/ironsky.pl\/sklep\/","name":"IRONSKY.PL Sklep z Dronami","description":"IRONSKY.PL Sklep z Dronami","potentialAction":[{"@type":"SearchAction","target":{"@type":"EntryPoint","urlTemplate":"https:\/\/ironsky.pl\/sklep\/?s={search_term_string}"},"query-input":{"@type":"PropertyValueSpecification","valueRequired":true,"valueName":"search_term_string"}}],"inLanguage":"pl-PL"}]}},"_links":{"self":[{"href":"https:\/\/ironsky.pl\/sklep\/wp-json\/wp\/v2\/product\/27074","targetHints":{"allow":["GET"]}}],"collection":[{"href":"https:\/\/ironsky.pl\/sklep\/wp-json\/wp\/v2\/product"}],"about":[{"href":"https:\/\/ironsky.pl\/sklep\/wp-json\/wp\/v2\/types\/product"}],"replies":[{"embeddable":true,"href":"https:\/\/ironsky.pl\/sklep\/wp-json\/wp\/v2\/comments?post=27074"}],"wp:featuredmedia":[{"embeddable":true,"href":"https:\/\/ironsky.pl\/sklep\/wp-json\/wp\/v2\/media\/27075"}],"wp:attachment":[{"href":"https:\/\/ironsky.pl\/sklep\/wp-json\/wp\/v2\/media?parent=27074"}],"wp:term":[{"taxonomy":"product_brand","embeddable":true,"href":"https:\/\/ironsky.pl\/sklep\/wp-json\/wp\/v2\/product_brand?post=27074"},{"taxonomy":"product_cat","embeddable":true,"href":"https:\/\/ironsky.pl\/sklep\/wp-json\/wp\/v2\/product_cat?post=27074"},{"taxonomy":"product_tag","embeddable":true,"href":"https:\/\/ironsky.pl\/sklep\/wp-json\/wp\/v2\/product_tag?post=27074"}],"curies":[{"name":"wp","href":"https:\/\/api.w.org\/{rel}","templated":true}]}}