{"id":26559,"date":"2024-09-16T19:39:55","date_gmt":"2024-09-16T17:39:55","guid":{"rendered":"http:\/\/gvshalph.pro-linuxpl.com\/ironskyprodukty\/produkt\/reczny-fltr-dioptrii-freewell\/"},"modified":"2026-03-05T15:52:32","modified_gmt":"2026-03-05T14:52:32","slug":"reczny-fltr-dioptrii-freewell","status":"publish","type":"product","link":"https:\/\/ironsky.pl\/sklep\/produkt\/reczny-fltr-dioptrii-freewell\/","title":{"rendered":"R\u0119czny fltr dioptrii Freewell"},"content":{"rendered":"<h3>R\u0119czny fltr dioptrii Freewell<\/h3>\n<\/p>\n<p>Filtr dioptrii Freewell z serii Prism to wyj\u0105tkowe narz\u0119dzie dla fotograf\u00f3w i filmowc\u00f3w, pozwalaj\u0105ce na r\u0119czne manipulowanie \u015bwiat\u0142em i g\u0142\u0119bi\u0105 ostro\u015bci, aby osi\u0105gn\u0105\u0107 artystyczny efekt refrakcji. Dzi\u0119ki niemu mo\u017cesz bawi\u0107 si\u0119 \u015bwiat\u0142em w kadrze, tworz\u0105c eteryczne rozmycia lub dramatyczne akcenty, kt\u00f3re dodadz\u0105 tr\u00f3jwymiarowo\u015bci i g\u0142\u0119bi Twoim obrazom. Zastosowanie filtra dioptrii pozwala na precyzyjne uwydatnienie detali lub cz\u0119\u015bci kadru, jednocze\u015bnie zachowuj\u0105c niewyra\u017ane t\u0142o lub inne elementy kompozycji, co jest szczeg\u00f3lnie efektowne w ogniskowych od 35mm do 85mm przy du\u017cych przys\u0142onach. Ten r\u0119czny filtr, o wymiarach 150mm, staje si\u0119 nie tylko narz\u0119dziem do poprawy jako\u015bci zdj\u0119\u0107, ale r\u00f3wnie\u017c bram\u0105 do eksperymentowania z kreatywnymi technikami wizualnymi w fotografii i filmie.<\/p>\n<\/p>\n<p>\n<img decoding=\"async\" src=\"https:\/\/assets.innpro.pl\/5286\/6190\/1.jpg\" border=\"0\" \/>\n<\/p>\n<h3>W zestawie<\/h3>\n<p>Filtr dioptrii 150mm r\u0119czny<\/p>\n<p>Etui na filtr<\/p>\n<p>\u015aciereczka do czyszczenia<\/p>\n<div class=\"table-wrapper\">\n<p>\u00a0<\/p>\n<h3><\/h3>\n<table>\n<tbody>\n<tr>\n<th>Producent<\/th>\n<td>Freewell<\/td>\n<\/tr>\n<tr>\n<th>Kod producenta<\/th>\n<td>FW-PR-HSD<\/td>\n<\/tr>\n<tr>\n<th>Rozmiar <\/th>\n<td>150 mm<\/td>\n<\/tr>\n<tr>\n<th>Ogniskowa<\/th>\n<td>35-85 mm<\/td>\n<\/tr>\n<tr>\n<th>Teleobiektyw i przys\u0142ona<\/th>\n<td>2,8 \/ 2 \/ 1,4<\/td>\n<\/tr>\n<tr>\n<th><\/th>\n<td><\/td>\n<\/tr>\n<\/tbody>\n<\/table>\n<\/div>\n","protected":false},"excerpt":{"rendered":"<p>R\u0119czny fltr dioptrii Freewell Filtr dioptrii Freewell z serii Prism to wyj\u0105tkowe narz\u0119dzie dla fotograf\u00f3w i filmowc\u00f3w, pozwalaj\u0105ce na r\u0119czne<\/p>\n","protected":false},"featured_media":26560,"comment_status":"closed","ping_status":"open","template":"","meta":{"_acf_changed":false},"product_brand":[],"product_cat":[1132,1133,1128],"product_tag":[],"class_list":{"0":"post-26559","1":"product","2":"type-product","3":"status-publish","4":"has-post-thumbnail","6":"product_cat-filtry-foto","7":"product_cat-do-lustrzanek","8":"product_cat-foto-wideo","9":"pa_box-height-2818","10":"pa_box-length-4774","11":"pa_box-width-1325","12":"pa_gross-weight-4818","13":"pa_net-weight-3468","14":"pa_obiektyw-mm-4838","15":"pa_zestaw-nie","17":"first","18":"outofstock","19":"taxable","20":"shipping-taxable","21":"purchasable","22":"product-type-simple"},"acf":[],"yoast_head":"<!-- This site is optimized with the Yoast SEO plugin v27.2 - https:\/\/yoast.com\/product\/yoast-seo-wordpress\/ -->\n<title>R\u0119czny fltr dioptrii Freewell - IRONSKY.PL Sklep z Dronami<\/title>\n<meta name=\"description\" content=\"R\u0119czny fltr dioptrii Freewell - \u2705 sklep z dronami i fachowym doradztwem. \u2705 Tutaj kupisz produkty DJI, Yuneec, Parrot, Syma i wiele innych, a tak\u017ce kursy i licencje na operatora drona.\" \/>\n<meta name=\"robots\" content=\"index, follow, max-snippet:-1, max-image-preview:large, max-video-preview:-1\" \/>\n<link rel=\"canonical\" href=\"https:\/\/ironsky.pl\/sklep\/produkt\/reczny-fltr-dioptrii-freewell\/\" \/>\n<meta property=\"og:locale\" content=\"pl_PL\" \/>\n<meta property=\"og:type\" content=\"article\" \/>\n<meta property=\"og:title\" content=\"R\u0119czny fltr dioptrii Freewell - IRONSKY.PL Sklep z Dronami\" \/>\n<meta property=\"og:description\" content=\"R\u0119czny fltr dioptrii Freewell - \u2705 sklep z dronami i fachowym doradztwem. \u2705 Tutaj kupisz produkty DJI, Yuneec, Parrot, Syma i wiele innych, a tak\u017ce kursy i licencje na operatora drona.\" \/>\n<meta property=\"og:url\" content=\"https:\/\/ironsky.pl\/sklep\/produkt\/reczny-fltr-dioptrii-freewell\/\" \/>\n<meta property=\"og:site_name\" content=\"IRONSKY.PL Sklep z Dronami\" \/>\n<meta property=\"article:modified_time\" content=\"2026-03-05T14:52:32+00:00\" \/>\n<meta property=\"og:image\" content=\"https:\/\/ironsky.pl\/sklep\/wp-content\/uploads\/2024\/09\/41456_1.jpg\" \/>\n\t<meta property=\"og:image:width\" content=\"800\" \/>\n\t<meta property=\"og:image:height\" content=\"800\" \/>\n\t<meta property=\"og:image:type\" content=\"image\/jpeg\" \/>\n<meta name=\"twitter:card\" content=\"summary_large_image\" \/>\n<meta name=\"twitter:label1\" content=\"Szacowany czas czytania\" \/>\n\t<meta name=\"twitter:data1\" content=\"1 minuta\" \/>\n<script type=\"application\/ld+json\" class=\"yoast-schema-graph\">{\"@context\":\"https:\/\/schema.org\",\"@graph\":[{\"@type\":\"WebPage\",\"@id\":\"https:\/\/ironsky.pl\/sklep\/produkt\/reczny-fltr-dioptrii-freewell\/\",\"url\":\"https:\/\/ironsky.pl\/sklep\/produkt\/reczny-fltr-dioptrii-freewell\/\",\"name\":\"R\u0119czny fltr dioptrii Freewell - IRONSKY.PL Sklep z Dronami\",\"isPartOf\":{\"@id\":\"https:\/\/ironsky.pl\/sklep\/#website\"},\"primaryImageOfPage\":{\"@id\":\"https:\/\/ironsky.pl\/sklep\/produkt\/reczny-fltr-dioptrii-freewell\/#primaryimage\"},\"image\":{\"@id\":\"https:\/\/ironsky.pl\/sklep\/produkt\/reczny-fltr-dioptrii-freewell\/#primaryimage\"},\"thumbnailUrl\":\"https:\/\/ironsky.pl\/sklep\/wp-content\/uploads\/2024\/09\/41456_1.jpg\",\"datePublished\":\"2024-09-16T17:39:55+00:00\",\"dateModified\":\"2026-03-05T14:52:32+00:00\",\"description\":\"R\u0119czny fltr dioptrii Freewell - \u2705 sklep z dronami i fachowym doradztwem. \u2705 Tutaj kupisz produkty DJI, Yuneec, Parrot, Syma i wiele innych, a tak\u017ce kursy i licencje na operatora drona.\",\"breadcrumb\":{\"@id\":\"https:\/\/ironsky.pl\/sklep\/produkt\/reczny-fltr-dioptrii-freewell\/#breadcrumb\"},\"inLanguage\":\"pl-PL\",\"potentialAction\":[{\"@type\":\"ReadAction\",\"target\":[\"https:\/\/ironsky.pl\/sklep\/produkt\/reczny-fltr-dioptrii-freewell\/\"]}]},{\"@type\":\"ImageObject\",\"inLanguage\":\"pl-PL\",\"@id\":\"https:\/\/ironsky.pl\/sklep\/produkt\/reczny-fltr-dioptrii-freewell\/#primaryimage\",\"url\":\"https:\/\/ironsky.pl\/sklep\/wp-content\/uploads\/2024\/09\/41456_1.jpg\",\"contentUrl\":\"https:\/\/ironsky.pl\/sklep\/wp-content\/uploads\/2024\/09\/41456_1.jpg\",\"width\":800,\"height\":800},{\"@type\":\"BreadcrumbList\",\"@id\":\"https:\/\/ironsky.pl\/sklep\/produkt\/reczny-fltr-dioptrii-freewell\/#breadcrumb\",\"itemListElement\":[{\"@type\":\"ListItem\",\"position\":1,\"name\":\"Strona g\u0142\u00f3wna\",\"item\":\"https:\/\/ironsky.pl\/sklep\/\"},{\"@type\":\"ListItem\",\"position\":2,\"name\":\"Wszystkie produkty\",\"item\":\"https:\/\/ironsky.pl\/sklep\/produkty\/\"},{\"@type\":\"ListItem\",\"position\":3,\"name\":\"R\u0119czny fltr dioptrii Freewell\"}]},{\"@type\":\"WebSite\",\"@id\":\"https:\/\/ironsky.pl\/sklep\/#website\",\"url\":\"https:\/\/ironsky.pl\/sklep\/\",\"name\":\"IRONSKY.PL Sklep z Dronami\",\"description\":\"IRONSKY.PL Sklep z Dronami\",\"potentialAction\":[{\"@type\":\"SearchAction\",\"target\":{\"@type\":\"EntryPoint\",\"urlTemplate\":\"https:\/\/ironsky.pl\/sklep\/?s={search_term_string}\"},\"query-input\":{\"@type\":\"PropertyValueSpecification\",\"valueRequired\":true,\"valueName\":\"search_term_string\"}}],\"inLanguage\":\"pl-PL\"}]}<\/script>\n<!-- \/ Yoast SEO plugin. -->","yoast_head_json":{"title":"R\u0119czny fltr dioptrii Freewell - IRONSKY.PL Sklep z Dronami","description":"R\u0119czny fltr dioptrii Freewell - \u2705 sklep z dronami i fachowym doradztwem. \u2705 Tutaj kupisz produkty DJI, Yuneec, Parrot, Syma i wiele innych, a tak\u017ce kursy i licencje na operatora drona.","robots":{"index":"index","follow":"follow","max-snippet":"max-snippet:-1","max-image-preview":"max-image-preview:large","max-video-preview":"max-video-preview:-1"},"canonical":"https:\/\/ironsky.pl\/sklep\/produkt\/reczny-fltr-dioptrii-freewell\/","og_locale":"pl_PL","og_type":"article","og_title":"R\u0119czny fltr dioptrii Freewell - IRONSKY.PL Sklep z Dronami","og_description":"R\u0119czny fltr dioptrii Freewell - \u2705 sklep z dronami i fachowym doradztwem. \u2705 Tutaj kupisz produkty DJI, Yuneec, Parrot, Syma i wiele innych, a tak\u017ce kursy i licencje na operatora drona.","og_url":"https:\/\/ironsky.pl\/sklep\/produkt\/reczny-fltr-dioptrii-freewell\/","og_site_name":"IRONSKY.PL Sklep z Dronami","article_modified_time":"2026-03-05T14:52:32+00:00","og_image":[{"width":800,"height":800,"url":"https:\/\/ironsky.pl\/sklep\/wp-content\/uploads\/2024\/09\/41456_1.jpg","type":"image\/jpeg"}],"twitter_card":"summary_large_image","twitter_misc":{"Szacowany czas czytania":"1 minuta"},"schema":{"@context":"https:\/\/schema.org","@graph":[{"@type":"WebPage","@id":"https:\/\/ironsky.pl\/sklep\/produkt\/reczny-fltr-dioptrii-freewell\/","url":"https:\/\/ironsky.pl\/sklep\/produkt\/reczny-fltr-dioptrii-freewell\/","name":"R\u0119czny fltr dioptrii Freewell - IRONSKY.PL Sklep z Dronami","isPartOf":{"@id":"https:\/\/ironsky.pl\/sklep\/#website"},"primaryImageOfPage":{"@id":"https:\/\/ironsky.pl\/sklep\/produkt\/reczny-fltr-dioptrii-freewell\/#primaryimage"},"image":{"@id":"https:\/\/ironsky.pl\/sklep\/produkt\/reczny-fltr-dioptrii-freewell\/#primaryimage"},"thumbnailUrl":"https:\/\/ironsky.pl\/sklep\/wp-content\/uploads\/2024\/09\/41456_1.jpg","datePublished":"2024-09-16T17:39:55+00:00","dateModified":"2026-03-05T14:52:32+00:00","description":"R\u0119czny fltr dioptrii Freewell - \u2705 sklep z dronami i fachowym doradztwem. \u2705 Tutaj kupisz produkty DJI, Yuneec, Parrot, Syma i wiele innych, a tak\u017ce kursy i licencje na operatora drona.","breadcrumb":{"@id":"https:\/\/ironsky.pl\/sklep\/produkt\/reczny-fltr-dioptrii-freewell\/#breadcrumb"},"inLanguage":"pl-PL","potentialAction":[{"@type":"ReadAction","target":["https:\/\/ironsky.pl\/sklep\/produkt\/reczny-fltr-dioptrii-freewell\/"]}]},{"@type":"ImageObject","inLanguage":"pl-PL","@id":"https:\/\/ironsky.pl\/sklep\/produkt\/reczny-fltr-dioptrii-freewell\/#primaryimage","url":"https:\/\/ironsky.pl\/sklep\/wp-content\/uploads\/2024\/09\/41456_1.jpg","contentUrl":"https:\/\/ironsky.pl\/sklep\/wp-content\/uploads\/2024\/09\/41456_1.jpg","width":800,"height":800},{"@type":"BreadcrumbList","@id":"https:\/\/ironsky.pl\/sklep\/produkt\/reczny-fltr-dioptrii-freewell\/#breadcrumb","itemListElement":[{"@type":"ListItem","position":1,"name":"Strona g\u0142\u00f3wna","item":"https:\/\/ironsky.pl\/sklep\/"},{"@type":"ListItem","position":2,"name":"Wszystkie produkty","item":"https:\/\/ironsky.pl\/sklep\/produkty\/"},{"@type":"ListItem","position":3,"name":"R\u0119czny fltr dioptrii Freewell"}]},{"@type":"WebSite","@id":"https:\/\/ironsky.pl\/sklep\/#website","url":"https:\/\/ironsky.pl\/sklep\/","name":"IRONSKY.PL Sklep z Dronami","description":"IRONSKY.PL Sklep z Dronami","potentialAction":[{"@type":"SearchAction","target":{"@type":"EntryPoint","urlTemplate":"https:\/\/ironsky.pl\/sklep\/?s={search_term_string}"},"query-input":{"@type":"PropertyValueSpecification","valueRequired":true,"valueName":"search_term_string"}}],"inLanguage":"pl-PL"}]}},"_links":{"self":[{"href":"https:\/\/ironsky.pl\/sklep\/wp-json\/wp\/v2\/product\/26559","targetHints":{"allow":["GET"]}}],"collection":[{"href":"https:\/\/ironsky.pl\/sklep\/wp-json\/wp\/v2\/product"}],"about":[{"href":"https:\/\/ironsky.pl\/sklep\/wp-json\/wp\/v2\/types\/product"}],"replies":[{"embeddable":true,"href":"https:\/\/ironsky.pl\/sklep\/wp-json\/wp\/v2\/comments?post=26559"}],"wp:featuredmedia":[{"embeddable":true,"href":"https:\/\/ironsky.pl\/sklep\/wp-json\/wp\/v2\/media\/26560"}],"wp:attachment":[{"href":"https:\/\/ironsky.pl\/sklep\/wp-json\/wp\/v2\/media?parent=26559"}],"wp:term":[{"taxonomy":"product_brand","embeddable":true,"href":"https:\/\/ironsky.pl\/sklep\/wp-json\/wp\/v2\/product_brand?post=26559"},{"taxonomy":"product_cat","embeddable":true,"href":"https:\/\/ironsky.pl\/sklep\/wp-json\/wp\/v2\/product_cat?post=26559"},{"taxonomy":"product_tag","embeddable":true,"href":"https:\/\/ironsky.pl\/sklep\/wp-json\/wp\/v2\/product_tag?post=26559"}],"curies":[{"name":"wp","href":"https:\/\/api.w.org\/{rel}","templated":true}]}}