{"id":26256,"date":"2024-09-16T19:33:45","date_gmt":"2024-09-16T17:33:45","guid":{"rendered":"http:\/\/gvshalph.pro-linuxpl.com\/ironskyprodukty\/produkt\/trojramienny-uchwyt-z-przyssawka-telesin-do-telefonow-i-kamer-sportowych\/"},"modified":"2026-03-05T15:52:17","modified_gmt":"2026-03-05T14:52:17","slug":"trojramienny-uchwyt-z-przyssawka-telesin-do-telefonow-i-kamer-sportowych","status":"publish","type":"product","link":"https:\/\/ironsky.pl\/sklep\/produkt\/trojramienny-uchwyt-z-przyssawka-telesin-do-telefonow-i-kamer-sportowych\/","title":{"rendered":"Tr\u00f3jramienny uchwyt z przyssawk\u0105 Telesin do telefon\u00f3w i kamer sportowych"},"content":{"rendered":"<h3>Tr\u00f3jramienny uchwyt z przyssawk\u0105 Telesin do telefon\u00f3w i kamer sportowych<\/h3>\n<p>Tw\u00f3rz nagrania z nowej perspektywy. Uchwyt Telesin wykorzystuje 3 ramiona z przyssawkami, co gwarantuje stabilno\u015b\u0107. TE-TSB-001 z powodzeniem przyczepisz do p\u0142askich powierzchni, a szeroka kompatybilno\u015b\u0107 pozwala przymocowa\u0107 do niego r\u00f3\u017cne urz\u0105dzenia. Dzi\u0119ki obrotowej g\u0142owicy i regulacji wysoko\u015bci z \u0142atwo\u015bci\u0105 ustawisz optymalny k\u0105t nagrywania. Dodatkowo monta\u017c uchwytu jest prosty i zajmie tylko chwil\u0119 dzi\u0119ki gwintowi \u00bc\u201d. <\/p>\n<p><img decoding=\"async\" src=\"https:\/\/b2b.innpro.pl\/data\/include\/cms\/Telesin\/TE-TSB-001\/1.jpg\" alt=\"Telesin\/TE-TSB-001\/1\"><\/p>\n<h3>Kilka mo\u017cliwo\u015bci monta\u017cu<\/h3>\n<p>Uchwy\u0107 wyj\u0105tkowe, dynamiczne momenty z ciekawej perspektywy dzi\u0119ki Telesin TE-TSB-001. Uchwyt wykorzystuje 3 przyssawki, kt\u00f3re zapewniaj\u0105 niezr\u00f3wnan\u0105 stabilno\u015b\u0107. Z powodzeniem przymocujesz je do g\u0142adkiej, p\u0142askiej powierzchni \u2013 np. maski\/szyby\/drzwiach samochodu lub szklanych drzwi. <\/p>\n<p><img decoding=\"async\" src=\"https:\/\/b2b.innpro.pl\/data\/include\/cms\/Telesin\/TE-TSB-001\/2.jpg\" alt=\"Telesin\/TE-TSB-001\/2\"><\/p>\n<h3>Dopracowana konstrukcja<\/h3>\n<p>Uchwyt zapewnia ud\u017awig do 1.5 kg, a gumowe wyko\u0144czenie przyssawek chroni powierzchnie przed zarysowaniem. Co wi\u0119cej, zastosowanie stopu aluminium zapewnia stabilno\u015b\u0107 i wytrzyma\u0142o\u015b\u0107 produktu. Ponadto ka\u017cde rami\u0119 uchwytu mo\u017cesz odczepi\u0107 i korzysta\u0107 z nich niezale\u017cnie. <\/p>\n<p><img decoding=\"async\" src=\"https:\/\/b2b.innpro.pl\/data\/include\/cms\/Telesin\/TE-TSB-001\/3.jpg\" alt=\"Telesin\/TE-TSB-001\/3\"><\/p>\n<h3>Mo\u017cliwo\u015b\u0107 regulacji i szeroka kompatybilno\u015b\u0107<\/h3>\n<p>G\u0142owica uchwytu podlega regulacji w zakresie 360\u00b0, dzi\u0119ki czemu dostosujesz k\u0105t nagrywania do w\u0142asnych potrzeb. Co wi\u0119cej, Telesin TE-TSB-001 jest kompatybilny z kamerami insta360, Go Pro, Osmo Action, Canon, Sony itp. oraz smartfonami.<\/p>\n<p><img decoding=\"async\" src=\"https:\/\/b2b.innpro.pl\/data\/include\/cms\/Telesin\/TE-TSB-001\/4.jpg\" alt=\"Telesin\/TE-TSB-001\/4\"><\/p>\n<h3>W zestawie<\/h3>\n<ul>\n<li>g\u0142owica <\/li>\n<li>p\u0142ytka stabilizuj\u0105ca<\/li>\n<li>przyssawka x3<\/li>\n<li>instrukcja obs\u0142ugi<\/li>\n<\/ul>\n<div class=\"table-wrapper\">\n<table>\n<tbody>\n<tr>\n<th>Producent<\/th>\n<td>Telesin<\/td>\n<\/tr>\n<tr>\n<th>Model<\/th>\n<td>TE-TSB-001<\/td>\n<\/tr>\n<tr>\n<th>Kolor<\/th>\n<td>czarny<\/td>\n<\/tr>\n<tr>\n<th>Materia\u0142<\/th>\n<td>stal nierdzewna 316, stop aluminium<\/td>\n<\/tr>\n<tr>\n<th>Wymiary<\/th>\n<td>273 \u00d7 245 \u00d7 228 mm<\/td>\n<\/tr>\n<tr>\n<th>Kompatybilno\u015b\u0107<\/th>\n<td>Canon, Sony, DSLR, MILC, GoPro series, insta360, Yi, DJI Osmo action, DJI Action 2, smartfony<\/td>\n<\/tr>\n<tr>\n<th>Maksymalne obci\u0105\u017cenie<\/th>\n<td>1.5 kg<\/td>\n<\/tr>\n<tr>\n<th>Gwint<\/th>\n<td>1\/4\u201d<\/td>\n<\/tr>\n<\/tbody>\n<\/table>\n<\/div>\n","protected":false},"excerpt":{"rendered":"<p>Tr\u00f3jramienny uchwyt z przyssawk\u0105 Telesin do telefon\u00f3w i kamer sportowych Tw\u00f3rz nagrania z nowej perspektywy. Uchwyt Telesin wykorzystuje 3 ramiona<\/p>\n","protected":false},"featured_media":26257,"comment_status":"closed","ping_status":"open","template":"","meta":{"_acf_changed":false},"product_brand":[],"product_cat":[1128,1139,1140,1141,1138],"product_tag":[],"class_list":{"0":"post-26256","1":"product","2":"type-product","3":"status-publish","4":"has-post-thumbnail","6":"product_cat-foto-wideo","7":"product_cat-selfie-stick","8":"product_cat-statywy","9":"product_cat-uchwyty-do-mocowania-kamer-i-aparatow","10":"product_cat-wysiegniki","11":"pa_box-height-1459","12":"pa_box-length-1332","13":"pa_box-width-1624","14":"pa_gross-weight-2650","15":"pa_hs-code-1775","16":"pa_net-weight-2301","17":"pa_przeznaczenie-do-kamer-do-telefonow","18":"pa_rodzaj-uchwyt","20":"first","21":"outofstock","22":"taxable","23":"shipping-taxable","24":"purchasable","25":"product-type-simple"},"acf":[],"yoast_head":"<!-- This site is optimized with the Yoast SEO plugin v27.2 - https:\/\/yoast.com\/product\/yoast-seo-wordpress\/ -->\n<title>Tr\u00f3jramienny uchwyt z przyssawk\u0105 Telesin do telefon\u00f3w i kamer sportowych - IRONSKY.PL Sklep z Dronami<\/title>\n<meta name=\"description\" content=\"Tr\u00f3jramienny uchwyt z przyssawk\u0105 Telesin do telefon\u00f3w i kamer sportowych - \u2705 sklep z dronami i fachowym doradztwem. \u2705 Tutaj kupisz produkty DJI, Yuneec, Parrot, Syma i wiele innych, a tak\u017ce kursy i licencje na operatora drona.\" \/>\n<meta name=\"robots\" content=\"index, follow, max-snippet:-1, max-image-preview:large, max-video-preview:-1\" \/>\n<link rel=\"canonical\" href=\"https:\/\/ironsky.pl\/sklep\/produkt\/trojramienny-uchwyt-z-przyssawka-telesin-do-telefonow-i-kamer-sportowych\/\" \/>\n<meta property=\"og:locale\" content=\"pl_PL\" \/>\n<meta property=\"og:type\" content=\"article\" \/>\n<meta property=\"og:title\" content=\"Tr\u00f3jramienny uchwyt z przyssawk\u0105 Telesin do telefon\u00f3w i kamer sportowych - IRONSKY.PL Sklep z Dronami\" \/>\n<meta property=\"og:description\" content=\"Tr\u00f3jramienny uchwyt z przyssawk\u0105 Telesin do telefon\u00f3w i kamer sportowych - \u2705 sklep z dronami i fachowym doradztwem. \u2705 Tutaj kupisz produkty DJI, Yuneec, Parrot, Syma i wiele innych, a tak\u017ce kursy i licencje na operatora drona.\" \/>\n<meta property=\"og:url\" content=\"https:\/\/ironsky.pl\/sklep\/produkt\/trojramienny-uchwyt-z-przyssawka-telesin-do-telefonow-i-kamer-sportowych\/\" \/>\n<meta property=\"og:site_name\" content=\"IRONSKY.PL Sklep z Dronami\" \/>\n<meta property=\"article:modified_time\" content=\"2026-03-05T14:52:17+00:00\" \/>\n<meta property=\"og:image\" content=\"https:\/\/ironsky.pl\/sklep\/wp-content\/uploads\/2024\/09\/37414_1.jpg\" \/>\n\t<meta property=\"og:image:width\" content=\"800\" \/>\n\t<meta property=\"og:image:height\" content=\"800\" \/>\n\t<meta property=\"og:image:type\" content=\"image\/jpeg\" \/>\n<meta name=\"twitter:card\" content=\"summary_large_image\" \/>\n<meta name=\"twitter:label1\" content=\"Szacowany czas czytania\" \/>\n\t<meta name=\"twitter:data1\" content=\"1 minuta\" \/>\n<script type=\"application\/ld+json\" class=\"yoast-schema-graph\">{\"@context\":\"https:\/\/schema.org\",\"@graph\":[{\"@type\":\"WebPage\",\"@id\":\"https:\/\/ironsky.pl\/sklep\/produkt\/trojramienny-uchwyt-z-przyssawka-telesin-do-telefonow-i-kamer-sportowych\/\",\"url\":\"https:\/\/ironsky.pl\/sklep\/produkt\/trojramienny-uchwyt-z-przyssawka-telesin-do-telefonow-i-kamer-sportowych\/\",\"name\":\"Tr\u00f3jramienny uchwyt z przyssawk\u0105 Telesin do telefon\u00f3w i kamer sportowych - IRONSKY.PL Sklep z Dronami\",\"isPartOf\":{\"@id\":\"https:\/\/ironsky.pl\/sklep\/#website\"},\"primaryImageOfPage\":{\"@id\":\"https:\/\/ironsky.pl\/sklep\/produkt\/trojramienny-uchwyt-z-przyssawka-telesin-do-telefonow-i-kamer-sportowych\/#primaryimage\"},\"image\":{\"@id\":\"https:\/\/ironsky.pl\/sklep\/produkt\/trojramienny-uchwyt-z-przyssawka-telesin-do-telefonow-i-kamer-sportowych\/#primaryimage\"},\"thumbnailUrl\":\"https:\/\/ironsky.pl\/sklep\/wp-content\/uploads\/2024\/09\/37414_1.jpg\",\"datePublished\":\"2024-09-16T17:33:45+00:00\",\"dateModified\":\"2026-03-05T14:52:17+00:00\",\"description\":\"Tr\u00f3jramienny uchwyt z przyssawk\u0105 Telesin do telefon\u00f3w i kamer sportowych - \u2705 sklep z dronami i fachowym doradztwem. \u2705 Tutaj kupisz produkty DJI, Yuneec, Parrot, Syma i wiele innych, a tak\u017ce kursy i licencje na operatora drona.\",\"breadcrumb\":{\"@id\":\"https:\/\/ironsky.pl\/sklep\/produkt\/trojramienny-uchwyt-z-przyssawka-telesin-do-telefonow-i-kamer-sportowych\/#breadcrumb\"},\"inLanguage\":\"pl-PL\",\"potentialAction\":[{\"@type\":\"ReadAction\",\"target\":[\"https:\/\/ironsky.pl\/sklep\/produkt\/trojramienny-uchwyt-z-przyssawka-telesin-do-telefonow-i-kamer-sportowych\/\"]}]},{\"@type\":\"ImageObject\",\"inLanguage\":\"pl-PL\",\"@id\":\"https:\/\/ironsky.pl\/sklep\/produkt\/trojramienny-uchwyt-z-przyssawka-telesin-do-telefonow-i-kamer-sportowych\/#primaryimage\",\"url\":\"https:\/\/ironsky.pl\/sklep\/wp-content\/uploads\/2024\/09\/37414_1.jpg\",\"contentUrl\":\"https:\/\/ironsky.pl\/sklep\/wp-content\/uploads\/2024\/09\/37414_1.jpg\",\"width\":800,\"height\":800},{\"@type\":\"BreadcrumbList\",\"@id\":\"https:\/\/ironsky.pl\/sklep\/produkt\/trojramienny-uchwyt-z-przyssawka-telesin-do-telefonow-i-kamer-sportowych\/#breadcrumb\",\"itemListElement\":[{\"@type\":\"ListItem\",\"position\":1,\"name\":\"Strona g\u0142\u00f3wna\",\"item\":\"https:\/\/ironsky.pl\/sklep\/\"},{\"@type\":\"ListItem\",\"position\":2,\"name\":\"Wszystkie produkty\",\"item\":\"https:\/\/ironsky.pl\/sklep\/produkty\/\"},{\"@type\":\"ListItem\",\"position\":3,\"name\":\"Tr\u00f3jramienny uchwyt z przyssawk\u0105 Telesin do telefon\u00f3w i kamer sportowych\"}]},{\"@type\":\"WebSite\",\"@id\":\"https:\/\/ironsky.pl\/sklep\/#website\",\"url\":\"https:\/\/ironsky.pl\/sklep\/\",\"name\":\"IRONSKY.PL Sklep z Dronami\",\"description\":\"IRONSKY.PL Sklep z Dronami\",\"potentialAction\":[{\"@type\":\"SearchAction\",\"target\":{\"@type\":\"EntryPoint\",\"urlTemplate\":\"https:\/\/ironsky.pl\/sklep\/?s={search_term_string}\"},\"query-input\":{\"@type\":\"PropertyValueSpecification\",\"valueRequired\":true,\"valueName\":\"search_term_string\"}}],\"inLanguage\":\"pl-PL\"}]}<\/script>\n<!-- \/ Yoast SEO plugin. -->","yoast_head_json":{"title":"Tr\u00f3jramienny uchwyt z przyssawk\u0105 Telesin do telefon\u00f3w i kamer sportowych - IRONSKY.PL Sklep z Dronami","description":"Tr\u00f3jramienny uchwyt z przyssawk\u0105 Telesin do telefon\u00f3w i kamer sportowych - \u2705 sklep z dronami i fachowym doradztwem. \u2705 Tutaj kupisz produkty DJI, Yuneec, Parrot, Syma i wiele innych, a tak\u017ce kursy i licencje na operatora drona.","robots":{"index":"index","follow":"follow","max-snippet":"max-snippet:-1","max-image-preview":"max-image-preview:large","max-video-preview":"max-video-preview:-1"},"canonical":"https:\/\/ironsky.pl\/sklep\/produkt\/trojramienny-uchwyt-z-przyssawka-telesin-do-telefonow-i-kamer-sportowych\/","og_locale":"pl_PL","og_type":"article","og_title":"Tr\u00f3jramienny uchwyt z przyssawk\u0105 Telesin do telefon\u00f3w i kamer sportowych - IRONSKY.PL Sklep z Dronami","og_description":"Tr\u00f3jramienny uchwyt z przyssawk\u0105 Telesin do telefon\u00f3w i kamer sportowych - \u2705 sklep z dronami i fachowym doradztwem. \u2705 Tutaj kupisz produkty DJI, Yuneec, Parrot, Syma i wiele innych, a tak\u017ce kursy i licencje na operatora drona.","og_url":"https:\/\/ironsky.pl\/sklep\/produkt\/trojramienny-uchwyt-z-przyssawka-telesin-do-telefonow-i-kamer-sportowych\/","og_site_name":"IRONSKY.PL Sklep z Dronami","article_modified_time":"2026-03-05T14:52:17+00:00","og_image":[{"width":800,"height":800,"url":"https:\/\/ironsky.pl\/sklep\/wp-content\/uploads\/2024\/09\/37414_1.jpg","type":"image\/jpeg"}],"twitter_card":"summary_large_image","twitter_misc":{"Szacowany czas czytania":"1 minuta"},"schema":{"@context":"https:\/\/schema.org","@graph":[{"@type":"WebPage","@id":"https:\/\/ironsky.pl\/sklep\/produkt\/trojramienny-uchwyt-z-przyssawka-telesin-do-telefonow-i-kamer-sportowych\/","url":"https:\/\/ironsky.pl\/sklep\/produkt\/trojramienny-uchwyt-z-przyssawka-telesin-do-telefonow-i-kamer-sportowych\/","name":"Tr\u00f3jramienny uchwyt z przyssawk\u0105 Telesin do telefon\u00f3w i kamer sportowych - IRONSKY.PL Sklep z Dronami","isPartOf":{"@id":"https:\/\/ironsky.pl\/sklep\/#website"},"primaryImageOfPage":{"@id":"https:\/\/ironsky.pl\/sklep\/produkt\/trojramienny-uchwyt-z-przyssawka-telesin-do-telefonow-i-kamer-sportowych\/#primaryimage"},"image":{"@id":"https:\/\/ironsky.pl\/sklep\/produkt\/trojramienny-uchwyt-z-przyssawka-telesin-do-telefonow-i-kamer-sportowych\/#primaryimage"},"thumbnailUrl":"https:\/\/ironsky.pl\/sklep\/wp-content\/uploads\/2024\/09\/37414_1.jpg","datePublished":"2024-09-16T17:33:45+00:00","dateModified":"2026-03-05T14:52:17+00:00","description":"Tr\u00f3jramienny uchwyt z przyssawk\u0105 Telesin do telefon\u00f3w i kamer sportowych - \u2705 sklep z dronami i fachowym doradztwem. \u2705 Tutaj kupisz produkty DJI, Yuneec, Parrot, Syma i wiele innych, a tak\u017ce kursy i licencje na operatora drona.","breadcrumb":{"@id":"https:\/\/ironsky.pl\/sklep\/produkt\/trojramienny-uchwyt-z-przyssawka-telesin-do-telefonow-i-kamer-sportowych\/#breadcrumb"},"inLanguage":"pl-PL","potentialAction":[{"@type":"ReadAction","target":["https:\/\/ironsky.pl\/sklep\/produkt\/trojramienny-uchwyt-z-przyssawka-telesin-do-telefonow-i-kamer-sportowych\/"]}]},{"@type":"ImageObject","inLanguage":"pl-PL","@id":"https:\/\/ironsky.pl\/sklep\/produkt\/trojramienny-uchwyt-z-przyssawka-telesin-do-telefonow-i-kamer-sportowych\/#primaryimage","url":"https:\/\/ironsky.pl\/sklep\/wp-content\/uploads\/2024\/09\/37414_1.jpg","contentUrl":"https:\/\/ironsky.pl\/sklep\/wp-content\/uploads\/2024\/09\/37414_1.jpg","width":800,"height":800},{"@type":"BreadcrumbList","@id":"https:\/\/ironsky.pl\/sklep\/produkt\/trojramienny-uchwyt-z-przyssawka-telesin-do-telefonow-i-kamer-sportowych\/#breadcrumb","itemListElement":[{"@type":"ListItem","position":1,"name":"Strona g\u0142\u00f3wna","item":"https:\/\/ironsky.pl\/sklep\/"},{"@type":"ListItem","position":2,"name":"Wszystkie produkty","item":"https:\/\/ironsky.pl\/sklep\/produkty\/"},{"@type":"ListItem","position":3,"name":"Tr\u00f3jramienny uchwyt z przyssawk\u0105 Telesin do telefon\u00f3w i kamer sportowych"}]},{"@type":"WebSite","@id":"https:\/\/ironsky.pl\/sklep\/#website","url":"https:\/\/ironsky.pl\/sklep\/","name":"IRONSKY.PL Sklep z Dronami","description":"IRONSKY.PL Sklep z Dronami","potentialAction":[{"@type":"SearchAction","target":{"@type":"EntryPoint","urlTemplate":"https:\/\/ironsky.pl\/sklep\/?s={search_term_string}"},"query-input":{"@type":"PropertyValueSpecification","valueRequired":true,"valueName":"search_term_string"}}],"inLanguage":"pl-PL"}]}},"_links":{"self":[{"href":"https:\/\/ironsky.pl\/sklep\/wp-json\/wp\/v2\/product\/26256","targetHints":{"allow":["GET"]}}],"collection":[{"href":"https:\/\/ironsky.pl\/sklep\/wp-json\/wp\/v2\/product"}],"about":[{"href":"https:\/\/ironsky.pl\/sklep\/wp-json\/wp\/v2\/types\/product"}],"replies":[{"embeddable":true,"href":"https:\/\/ironsky.pl\/sklep\/wp-json\/wp\/v2\/comments?post=26256"}],"wp:featuredmedia":[{"embeddable":true,"href":"https:\/\/ironsky.pl\/sklep\/wp-json\/wp\/v2\/media\/26257"}],"wp:attachment":[{"href":"https:\/\/ironsky.pl\/sklep\/wp-json\/wp\/v2\/media?parent=26256"}],"wp:term":[{"taxonomy":"product_brand","embeddable":true,"href":"https:\/\/ironsky.pl\/sklep\/wp-json\/wp\/v2\/product_brand?post=26256"},{"taxonomy":"product_cat","embeddable":true,"href":"https:\/\/ironsky.pl\/sklep\/wp-json\/wp\/v2\/product_cat?post=26256"},{"taxonomy":"product_tag","embeddable":true,"href":"https:\/\/ironsky.pl\/sklep\/wp-json\/wp\/v2\/product_tag?post=26256"}],"curies":[{"name":"wp","href":"https:\/\/api.w.org\/{rel}","templated":true}]}}