{"id":26030,"date":"2024-09-16T19:30:14","date_gmt":"2024-09-16T17:30:14","guid":{"rendered":"http:\/\/gvshalph.pro-linuxpl.com\/ironskyprodukty\/produkt\/kolorowa-lampa-fotograficzna-led-puluz-z-pilotem-pu460b\/"},"modified":"2026-03-05T15:52:09","modified_gmt":"2026-03-05T14:52:09","slug":"kolorowa-lampa-fotograficzna-led-puluz-z-pilotem-pu460b","status":"publish","type":"product","link":"https:\/\/ironsky.pl\/sklep\/produkt\/kolorowa-lampa-fotograficzna-led-puluz-z-pilotem-pu460b\/","title":{"rendered":"Kolorowa lampa fotograficzna LED PULUZ z pilotem (PU460B)"},"content":{"rendered":"<h3>Kolorowa lampa fotograficzna LED PULUZ z pilotem (PU460B) <\/h3>\n<p>Zapewnij sobie odpowiednie o\u015bwietlenie podczas robienia zdj\u0119\u0107 lub nagrywania. Lampa fotograficzna Puluz PU460B zosta\u0142a wyposa\u017cona w wysokiej klasy diody LED i umo\u017cliwia regulacj\u0119 koloru, jasno\u015bci i temperatury barwowej \u015bwiat\u0142a. Na jej wygodn\u0105 obs\u0142ug\u0119 pozwalaj\u0105 wbudowane przyciski oraz wchodz\u0105cy w sk\u0142ad zestawu pilot. Co wi\u0119cej, urz\u0105dzenie dzia\u0142a bezprzewodowo \u2013 akumulator o pojemno\u015bci 2600 mAh gwarantuje d\u0142ugi czas pracy. Lampa wyr\u00f3\u017cnia si\u0119 tak\u017ce wysokim wsp\u00f3\u0142czynnikiem oddawania barw (CRI 95+), a dzi\u0119ki otworowi 1\/4&#8221; mo\u017cesz na przyk\u0142ad zamontowa\u0107 j\u0105 na statywie.<\/p>\n<p><img decoding=\"async\" src=\"https:\/\/b2b.innpro.pl\/data\/include\/cms\/02Puluz\/PU460B\/6.jpg\" alt=\"02Puluz\/PU460B\/6\"><\/p>\n<h3>O\u015bwietlenie, jakiego potrzebujesz<\/h3>\n<p>Lampa Puluz PU460B generuje wysokiej jako\u015bci \u015bwiat\u0142o o wsp\u00f3\u0142czynniku oddawania barw na poziomie CRI 95+. Dzi\u0119ki temu gwarantuje zachwycaj\u0105ce, naturalne efekty. Mo\u017cesz te\u017c dostosowa\u0107 kolor oraz temperatur\u0119 barwow\u0105 o\u015bwietlenia w zakresie 3200-5600K. Dost\u0119pna jest r\u00f3wnie\u017c 12-stopniowa regulacja jego jasno\u015bci (do 1000 lm). K\u0105t padania \u015bwiat\u0142a zapewniany przez lamp\u0119 wynosi 120\u00b0, a jej \u017cywotno\u015b\u0107 si\u0119ga 50 000 godzin.<\/p>\n<p><img decoding=\"async\" src=\"https:\/\/b2b.innpro.pl\/data\/include\/cms\/02Puluz\/PU460B\/1.jpg\" alt=\"02Puluz\/PU460B\/1\"><\/p>\n<h3>D\u0142ugi czas pracy<\/h3>\n<p>Po\u017cegnaj pl\u0105cz\u0105ce si\u0119 kable i ciesz si\u0119 swobod\u0105. Lampa PU460B dzia\u0142a bezprzewodowo \u2013 zosta\u0142a wyposa\u017cona w wydajny akumulator 7,4 V o pojemno\u015bci 2600 mAh. Dzi\u0119ki temu mo\u017ce pracowa\u0107 od 2 do nawet 32 godzin na jednym \u0142adowaniu! Aby na\u0142adowa\u0107 urz\u0105dzenie, wykorzystaj kabel USB wchodz\u0105cy w sk\u0142ad zestawu.<\/p>\n<p><img decoding=\"async\" src=\"https:\/\/b2b.innpro.pl\/data\/include\/cms\/02Puluz\/PU460B\/3.jpg\" alt=\"02Puluz\/PU460B\/3\"><\/p>\n<h3>Przemy\u015blana konstrukcja<\/h3>\n<p>Do wykonania lampy zastosowano trwa\u0142e, wysokiej jako\u015bci materia\u0142y, co przek\u0142ada si\u0119 na jej wytrzyma\u0142o\u015b\u0107 i odporno\u015b\u0107 na uszkodzenia. Port \u0142adowania urz\u0105dzenia zosta\u0142 wyposa\u017cony w specjaln\u0105 zatyczk\u0119, kt\u00f3ra chroni go przed wod\u0105, a umieszczone w \u0142atwo dost\u0119pnym miejscu przyciski umo\u017cliwiaj\u0105 wygodn\u0105 zmian\u0119 parametr\u00f3w \u015bwiat\u0142a. Model PU460B ma r\u00f3wnie\u017c wbudowany otw\u00f3r 1\/4&#8221;, kt\u00f3ry pozwala na jego monta\u017c na statywie. Mo\u017cesz te\u017c na przyk\u0142ad zawiesi\u0107 lamp\u0119 na smyczy.<\/p>\n<p><img decoding=\"async\" src=\"https:\/\/b2b.innpro.pl\/data\/include\/cms\/02Puluz\/PU460B\/5.jpg\" alt=\"02Puluz\/PU460B\/5\"><\/p>\n<h3>Pilot zdalnego sterowania w zestawie<\/h3>\n<p>W sk\u0142ad zestawu wchodzi tak\u017ce praktyczny pilot, kt\u00f3ry pozwala na wygodne, zdalne sterowanie lamp\u0105. Za jego pomoc\u0105 z \u0142atwo\u015bci\u0105 obs\u0142u\u017cysz j\u0105 na odleg\u0142o\u015b\u0107 \u2013 w\u0142\u0105czysz j\u0105 lub wy\u0142\u0105czysz, dostosujesz jasno\u015b\u0107 lub zmienisz kolor \u015bwiat\u0142a. To idealna opcja dla fotograf\u00f3w i nie tylko!<\/p>\n<p><img decoding=\"async\" src=\"https:\/\/b2b.innpro.pl\/data\/include\/cms\/02Puluz\/PU460B\/7.jpg\" alt=\"02Puluz\/PU460B\/7\"><\/p>\n<h3>W zestawie<\/h3>\n<ul>\n<li>Lampa fotograficzna LED<\/li>\n<li>Pilot zdalnego sterowania<\/li>\n<li>Kabel USB<\/li>\n<li>Instrukcja obs\u0142ugi<\/li>\n<li>Torba transportowa<\/li>\n<\/ul>\n<div class=\"table-wrapper\">\n<table>\n<tbody>\n<tr>\n<th>Producent<\/th>\n<td>Puluz<\/td>\n<\/tr>\n<tr>\n<th>Model<\/th>\n<td>PU460B<\/td>\n<\/tr>\n<tr>\n<th>Moc<\/th>\n<td>10 W<\/td>\n<\/tr>\n<tr>\n<th>Pojemno\u015b\u0107 akumulatora<\/th>\n<td>2600 mAh<\/td>\n<\/tr>\n<tr>\n<th>Liczba dost\u0119pnych kolor\u00f3w \u015bwiat\u0142a<\/th>\n<td>9<\/td>\n<\/tr>\n<tr>\n<th>Jasno\u015b\u0107<\/th>\n<td>Do 1000 lm<\/td>\n<\/tr>\n<tr>\n<th>K\u0105t padania \u015bwiat\u0142a<\/th>\n<td>120\u00b0<\/td>\n<\/tr>\n<tr>\n<th>Temperatura barwowa<\/th>\n<td>3200-5600K<\/td>\n<\/tr>\n<tr>\n<th>CRI<\/th>\n<td>RA > 95<\/td>\n<\/tr>\n<tr>\n<th>Zasi\u0119g zdalnego sterowania (bez przeszk\u00f3d)<\/th>\n<td>3-5 m<\/td>\n<\/tr>\n<tr>\n<th>Wymiary<\/th>\n<td>550 x 33 x 28 mm<\/td>\n<\/tr>\n<tr>\n<th>Waga<\/th>\n<td>331 g<\/td>\n<\/tr>\n<\/tbody>\n<\/table>\n<\/div>\n","protected":false},"excerpt":{"rendered":"<p>Kolorowa lampa fotograficzna LED PULUZ z pilotem (PU460B) Zapewnij sobie odpowiednie o\u015bwietlenie podczas robienia zdj\u0119\u0107 lub nagrywania. Lampa fotograficzna Puluz<\/p>\n","protected":false},"featured_media":26031,"comment_status":"closed","ping_status":"open","template":"","meta":{"_acf_changed":false},"product_brand":[],"product_cat":[1128,1151,1146],"product_tag":[],"class_list":{"0":"post-26030","1":"product","2":"type-product","3":"status-publish","4":"has-post-thumbnail","6":"product_cat-foto-wideo","7":"product_cat-lampy-studyjne","8":"product_cat-wyposazenie-studia","9":"pa_box-height-1837","10":"pa_box-length-3075","11":"pa_box-width-1729","12":"pa_gross-weight-2334","13":"pa_hs-code-1900","14":"pa_net-weight-3180","16":"first","17":"outofstock","18":"taxable","19":"shipping-taxable","20":"purchasable","21":"product-type-simple"},"acf":[],"yoast_head":"<!-- This site is optimized with the Yoast SEO plugin v27.2 - https:\/\/yoast.com\/product\/yoast-seo-wordpress\/ -->\n<title>Kolorowa lampa fotograficzna LED PULUZ z pilotem (PU460B) - IRONSKY.PL Sklep z Dronami<\/title>\n<meta name=\"description\" content=\"Kolorowa lampa fotograficzna LED PULUZ z pilotem (PU460B) - \u2705 sklep z dronami i fachowym doradztwem. \u2705 Tutaj kupisz produkty DJI, Yuneec, Parrot, Syma i wiele innych, a tak\u017ce kursy i licencje na operatora drona.\" \/>\n<meta name=\"robots\" content=\"index, follow, max-snippet:-1, max-image-preview:large, max-video-preview:-1\" \/>\n<link rel=\"canonical\" href=\"https:\/\/ironsky.pl\/sklep\/produkt\/kolorowa-lampa-fotograficzna-led-puluz-z-pilotem-pu460b\/\" \/>\n<meta property=\"og:locale\" content=\"pl_PL\" \/>\n<meta property=\"og:type\" content=\"article\" \/>\n<meta property=\"og:title\" content=\"Kolorowa lampa fotograficzna LED PULUZ z pilotem (PU460B) - IRONSKY.PL Sklep z Dronami\" \/>\n<meta property=\"og:description\" content=\"Kolorowa lampa fotograficzna LED PULUZ z pilotem (PU460B) - \u2705 sklep z dronami i fachowym doradztwem. \u2705 Tutaj kupisz produkty DJI, Yuneec, Parrot, Syma i wiele innych, a tak\u017ce kursy i licencje na operatora drona.\" \/>\n<meta property=\"og:url\" content=\"https:\/\/ironsky.pl\/sklep\/produkt\/kolorowa-lampa-fotograficzna-led-puluz-z-pilotem-pu460b\/\" \/>\n<meta property=\"og:site_name\" content=\"IRONSKY.PL Sklep z Dronami\" \/>\n<meta property=\"article:modified_time\" content=\"2026-03-05T14:52:09+00:00\" \/>\n<meta property=\"og:image\" content=\"https:\/\/ironsky.pl\/sklep\/wp-content\/uploads\/2024\/09\/36885_1.jpg\" \/>\n\t<meta property=\"og:image:width\" content=\"800\" \/>\n\t<meta property=\"og:image:height\" content=\"800\" \/>\n\t<meta property=\"og:image:type\" content=\"image\/jpeg\" \/>\n<meta name=\"twitter:card\" content=\"summary_large_image\" \/>\n<meta name=\"twitter:label1\" content=\"Szacowany czas czytania\" \/>\n\t<meta name=\"twitter:data1\" content=\"2 minuty\" \/>\n<script type=\"application\/ld+json\" class=\"yoast-schema-graph\">{\"@context\":\"https:\/\/schema.org\",\"@graph\":[{\"@type\":\"WebPage\",\"@id\":\"https:\/\/ironsky.pl\/sklep\/produkt\/kolorowa-lampa-fotograficzna-led-puluz-z-pilotem-pu460b\/\",\"url\":\"https:\/\/ironsky.pl\/sklep\/produkt\/kolorowa-lampa-fotograficzna-led-puluz-z-pilotem-pu460b\/\",\"name\":\"Kolorowa lampa fotograficzna LED PULUZ z pilotem (PU460B) - IRONSKY.PL Sklep z Dronami\",\"isPartOf\":{\"@id\":\"https:\/\/ironsky.pl\/sklep\/#website\"},\"primaryImageOfPage\":{\"@id\":\"https:\/\/ironsky.pl\/sklep\/produkt\/kolorowa-lampa-fotograficzna-led-puluz-z-pilotem-pu460b\/#primaryimage\"},\"image\":{\"@id\":\"https:\/\/ironsky.pl\/sklep\/produkt\/kolorowa-lampa-fotograficzna-led-puluz-z-pilotem-pu460b\/#primaryimage\"},\"thumbnailUrl\":\"https:\/\/ironsky.pl\/sklep\/wp-content\/uploads\/2024\/09\/36885_1.jpg\",\"datePublished\":\"2024-09-16T17:30:14+00:00\",\"dateModified\":\"2026-03-05T14:52:09+00:00\",\"description\":\"Kolorowa lampa fotograficzna LED PULUZ z pilotem (PU460B) - \u2705 sklep z dronami i fachowym doradztwem. \u2705 Tutaj kupisz produkty DJI, Yuneec, Parrot, Syma i wiele innych, a tak\u017ce kursy i licencje na operatora drona.\",\"breadcrumb\":{\"@id\":\"https:\/\/ironsky.pl\/sklep\/produkt\/kolorowa-lampa-fotograficzna-led-puluz-z-pilotem-pu460b\/#breadcrumb\"},\"inLanguage\":\"pl-PL\",\"potentialAction\":[{\"@type\":\"ReadAction\",\"target\":[\"https:\/\/ironsky.pl\/sklep\/produkt\/kolorowa-lampa-fotograficzna-led-puluz-z-pilotem-pu460b\/\"]}]},{\"@type\":\"ImageObject\",\"inLanguage\":\"pl-PL\",\"@id\":\"https:\/\/ironsky.pl\/sklep\/produkt\/kolorowa-lampa-fotograficzna-led-puluz-z-pilotem-pu460b\/#primaryimage\",\"url\":\"https:\/\/ironsky.pl\/sklep\/wp-content\/uploads\/2024\/09\/36885_1.jpg\",\"contentUrl\":\"https:\/\/ironsky.pl\/sklep\/wp-content\/uploads\/2024\/09\/36885_1.jpg\",\"width\":800,\"height\":800},{\"@type\":\"BreadcrumbList\",\"@id\":\"https:\/\/ironsky.pl\/sklep\/produkt\/kolorowa-lampa-fotograficzna-led-puluz-z-pilotem-pu460b\/#breadcrumb\",\"itemListElement\":[{\"@type\":\"ListItem\",\"position\":1,\"name\":\"Strona g\u0142\u00f3wna\",\"item\":\"https:\/\/ironsky.pl\/sklep\/\"},{\"@type\":\"ListItem\",\"position\":2,\"name\":\"Wszystkie produkty\",\"item\":\"https:\/\/ironsky.pl\/sklep\/produkty\/\"},{\"@type\":\"ListItem\",\"position\":3,\"name\":\"Kolorowa lampa fotograficzna LED PULUZ z pilotem (PU460B)\"}]},{\"@type\":\"WebSite\",\"@id\":\"https:\/\/ironsky.pl\/sklep\/#website\",\"url\":\"https:\/\/ironsky.pl\/sklep\/\",\"name\":\"IRONSKY.PL Sklep z Dronami\",\"description\":\"IRONSKY.PL Sklep z Dronami\",\"potentialAction\":[{\"@type\":\"SearchAction\",\"target\":{\"@type\":\"EntryPoint\",\"urlTemplate\":\"https:\/\/ironsky.pl\/sklep\/?s={search_term_string}\"},\"query-input\":{\"@type\":\"PropertyValueSpecification\",\"valueRequired\":true,\"valueName\":\"search_term_string\"}}],\"inLanguage\":\"pl-PL\"}]}<\/script>\n<!-- \/ Yoast SEO plugin. -->","yoast_head_json":{"title":"Kolorowa lampa fotograficzna LED PULUZ z pilotem (PU460B) - IRONSKY.PL Sklep z Dronami","description":"Kolorowa lampa fotograficzna LED PULUZ z pilotem (PU460B) - \u2705 sklep z dronami i fachowym doradztwem. \u2705 Tutaj kupisz produkty DJI, Yuneec, Parrot, Syma i wiele innych, a tak\u017ce kursy i licencje na operatora drona.","robots":{"index":"index","follow":"follow","max-snippet":"max-snippet:-1","max-image-preview":"max-image-preview:large","max-video-preview":"max-video-preview:-1"},"canonical":"https:\/\/ironsky.pl\/sklep\/produkt\/kolorowa-lampa-fotograficzna-led-puluz-z-pilotem-pu460b\/","og_locale":"pl_PL","og_type":"article","og_title":"Kolorowa lampa fotograficzna LED PULUZ z pilotem (PU460B) - IRONSKY.PL Sklep z Dronami","og_description":"Kolorowa lampa fotograficzna LED PULUZ z pilotem (PU460B) - \u2705 sklep z dronami i fachowym doradztwem. \u2705 Tutaj kupisz produkty DJI, Yuneec, Parrot, Syma i wiele innych, a tak\u017ce kursy i licencje na operatora drona.","og_url":"https:\/\/ironsky.pl\/sklep\/produkt\/kolorowa-lampa-fotograficzna-led-puluz-z-pilotem-pu460b\/","og_site_name":"IRONSKY.PL Sklep z Dronami","article_modified_time":"2026-03-05T14:52:09+00:00","og_image":[{"width":800,"height":800,"url":"https:\/\/ironsky.pl\/sklep\/wp-content\/uploads\/2024\/09\/36885_1.jpg","type":"image\/jpeg"}],"twitter_card":"summary_large_image","twitter_misc":{"Szacowany czas czytania":"2 minuty"},"schema":{"@context":"https:\/\/schema.org","@graph":[{"@type":"WebPage","@id":"https:\/\/ironsky.pl\/sklep\/produkt\/kolorowa-lampa-fotograficzna-led-puluz-z-pilotem-pu460b\/","url":"https:\/\/ironsky.pl\/sklep\/produkt\/kolorowa-lampa-fotograficzna-led-puluz-z-pilotem-pu460b\/","name":"Kolorowa lampa fotograficzna LED PULUZ z pilotem (PU460B) - IRONSKY.PL Sklep z Dronami","isPartOf":{"@id":"https:\/\/ironsky.pl\/sklep\/#website"},"primaryImageOfPage":{"@id":"https:\/\/ironsky.pl\/sklep\/produkt\/kolorowa-lampa-fotograficzna-led-puluz-z-pilotem-pu460b\/#primaryimage"},"image":{"@id":"https:\/\/ironsky.pl\/sklep\/produkt\/kolorowa-lampa-fotograficzna-led-puluz-z-pilotem-pu460b\/#primaryimage"},"thumbnailUrl":"https:\/\/ironsky.pl\/sklep\/wp-content\/uploads\/2024\/09\/36885_1.jpg","datePublished":"2024-09-16T17:30:14+00:00","dateModified":"2026-03-05T14:52:09+00:00","description":"Kolorowa lampa fotograficzna LED PULUZ z pilotem (PU460B) - \u2705 sklep z dronami i fachowym doradztwem. \u2705 Tutaj kupisz produkty DJI, Yuneec, Parrot, Syma i wiele innych, a tak\u017ce kursy i licencje na operatora drona.","breadcrumb":{"@id":"https:\/\/ironsky.pl\/sklep\/produkt\/kolorowa-lampa-fotograficzna-led-puluz-z-pilotem-pu460b\/#breadcrumb"},"inLanguage":"pl-PL","potentialAction":[{"@type":"ReadAction","target":["https:\/\/ironsky.pl\/sklep\/produkt\/kolorowa-lampa-fotograficzna-led-puluz-z-pilotem-pu460b\/"]}]},{"@type":"ImageObject","inLanguage":"pl-PL","@id":"https:\/\/ironsky.pl\/sklep\/produkt\/kolorowa-lampa-fotograficzna-led-puluz-z-pilotem-pu460b\/#primaryimage","url":"https:\/\/ironsky.pl\/sklep\/wp-content\/uploads\/2024\/09\/36885_1.jpg","contentUrl":"https:\/\/ironsky.pl\/sklep\/wp-content\/uploads\/2024\/09\/36885_1.jpg","width":800,"height":800},{"@type":"BreadcrumbList","@id":"https:\/\/ironsky.pl\/sklep\/produkt\/kolorowa-lampa-fotograficzna-led-puluz-z-pilotem-pu460b\/#breadcrumb","itemListElement":[{"@type":"ListItem","position":1,"name":"Strona g\u0142\u00f3wna","item":"https:\/\/ironsky.pl\/sklep\/"},{"@type":"ListItem","position":2,"name":"Wszystkie produkty","item":"https:\/\/ironsky.pl\/sklep\/produkty\/"},{"@type":"ListItem","position":3,"name":"Kolorowa lampa fotograficzna LED PULUZ z pilotem (PU460B)"}]},{"@type":"WebSite","@id":"https:\/\/ironsky.pl\/sklep\/#website","url":"https:\/\/ironsky.pl\/sklep\/","name":"IRONSKY.PL Sklep z Dronami","description":"IRONSKY.PL Sklep z Dronami","potentialAction":[{"@type":"SearchAction","target":{"@type":"EntryPoint","urlTemplate":"https:\/\/ironsky.pl\/sklep\/?s={search_term_string}"},"query-input":{"@type":"PropertyValueSpecification","valueRequired":true,"valueName":"search_term_string"}}],"inLanguage":"pl-PL"}]}},"_links":{"self":[{"href":"https:\/\/ironsky.pl\/sklep\/wp-json\/wp\/v2\/product\/26030","targetHints":{"allow":["GET"]}}],"collection":[{"href":"https:\/\/ironsky.pl\/sklep\/wp-json\/wp\/v2\/product"}],"about":[{"href":"https:\/\/ironsky.pl\/sklep\/wp-json\/wp\/v2\/types\/product"}],"replies":[{"embeddable":true,"href":"https:\/\/ironsky.pl\/sklep\/wp-json\/wp\/v2\/comments?post=26030"}],"wp:featuredmedia":[{"embeddable":true,"href":"https:\/\/ironsky.pl\/sklep\/wp-json\/wp\/v2\/media\/26031"}],"wp:attachment":[{"href":"https:\/\/ironsky.pl\/sklep\/wp-json\/wp\/v2\/media?parent=26030"}],"wp:term":[{"taxonomy":"product_brand","embeddable":true,"href":"https:\/\/ironsky.pl\/sklep\/wp-json\/wp\/v2\/product_brand?post=26030"},{"taxonomy":"product_cat","embeddable":true,"href":"https:\/\/ironsky.pl\/sklep\/wp-json\/wp\/v2\/product_cat?post=26030"},{"taxonomy":"product_tag","embeddable":true,"href":"https:\/\/ironsky.pl\/sklep\/wp-json\/wp\/v2\/product_tag?post=26030"}],"curies":[{"name":"wp","href":"https:\/\/api.w.org\/{rel}","templated":true}]}}